Sid Gifari From Gifari Industries - BD Cyber Security Team
Home
/
usr
/
local
/
apache
/
domlogs
/
millwino
/
✏️
Editing: zd2game.pk.millwin.org-ssl_log
202.83.161.170 - - [18/Apr/2026:04:16:34 +0000] "GET /readme.txt HTTP/2" 200 46 "-" "Mozilla/5.0 (Windows NT 10.0; Win64; x64) AppleWebKit/537.36 (KHTML, like Gecko) Chrome/147.0.0.0 Safari/537.36"
202.83.161.170 - - [18/Apr/2026:04:16:34 +0000] "GET /favicon.ico HTTP/2" 404 796 "https://zd2game.pk/readme.txt" "Mozilla/5.0 (Windows NT 10.0; Win64; x64) AppleWebKit/537.36 (KHTML, like Gecko) Chrome/147.0.0.0 Safari/537.36"
66.249.69.67 - - [18/Apr/2026:04:16:40 +0000] "GET /readme.txt HTTP/1.1" 200 46 "-" "Mozilla/5.0 (Linux; Android 6.0.1; Nexus 5X Build/MMB29P) AppleWebKit/537.36 (KHTML, like Gecko) Chrome/99.0.4844.84 Mobile Safari/537.36 (compatible; Googlebot/2.1; +http://www.google.com/bot.html)"
185.244.36.210 - - [18/Apr/2026:04:16:40 +0000] "POST /wp-cron.php?doing_wp_cron=1776485800.8975090980529785156250 HTTP/1.1" 200 0 "-" "WordPress/6.9.4; https://zd2game.pk"
202.83.161.170 - - [18/Apr/2026:04:16:40 +0000] "GET / HTTP/2" 200 26422 "-" "Mozilla/5.0 (Windows NT 10.0; Win64; x64) AppleWebKit/537.36 (KHTML, like Gecko) Chrome/147.0.0.0 Safari/537.36"
202.83.161.170 - - [18/Apr/2026:04:16:41 +0000] "GET /wp-content/plugins/ultimate-blocks/dist/blocks.style.build.css?ver=3.5.4 HTTP/2" 200 12651 "https://zd2game.pk/" "Mozilla/5.0 (Windows NT 10.0; Win64; x64) AppleWebKit/537.36 (KHTML, like Gecko) Chrome/147.0.0.0 Safari/537.36"
202.83.161.170 - - [18/Apr/2026:04:16:41 +0000] "GET /wp-content/plugins/ultimate-blocks/src/extensions/style.css?ver=6.9.4 HTTP/2" 200 93 "https://zd2game.pk/" "Mozilla/5.0 (Windows NT 10.0; Win64; x64) AppleWebKit/537.36 (KHTML, like Gecko) Chrome/147.0.0.0 Safari/537.36"
202.83.161.170 - - [18/Apr/2026:04:16:41 +0000] "GET /wp-content/uploads/2026/04/Untitled-design.jpg HTTP/2" 200 7326 "https://zd2game.pk/" "Mozilla/5.0 (Windows NT 10.0; Win64; x64) AppleWebKit/537.36 (KHTML, like Gecko) Chrome/147.0.0.0 Safari/537.36"
202.83.161.170 - - [18/Apr/2026:04:16:41 +0000] "GET /wp-content/uploads/2026/04/cropped-Untitled-design.jpg HTTP/2" 200 2302 "https://zd2game.pk/" "Mozilla/5.0 (Windows NT 10.0; Win64; x64) AppleWebKit/537.36 (KHTML, like Gecko) Chrome/147.0.0.0 Safari/537.36"
202.83.161.170 - - [18/Apr/2026:04:16:41 +0000] "GET /wp-content/themes/generatepress/assets/css/main.min.css?ver=3.6.1 HTTP/2" 200 4410 "https://zd2game.pk/" "Mozilla/5.0 (Windows NT 10.0; Win64; x64) AppleWebKit/537.36 (KHTML, like Gecko) Chrome/147.0.0.0 Safari/537.36"
202.83.161.170 - - [18/Apr/2026:04:16:41 +0000] "GET /wp-content/uploads/2026/04/Screenshot-2026-03-29-at-9.02.47-PM.webp HTTP/2" 200 83448 "https://zd2game.pk/" "Mozilla/5.0 (Windows NT 10.0; Win64; x64) AppleWebKit/537.36 (KHTML, like Gecko) Chrome/147.0.0.0 Safari/537.36"
202.83.161.170 - - [18/Apr/2026:04:16:41 +0000] "GET /wp-content/themes/generatepress/assets/js/menu.min.js?ver=3.6.1 HTTP/2" 200 1678 "https://zd2game.pk/" "Mozilla/5.0 (Windows NT 10.0; Win64; x64) AppleWebKit/537.36 (KHTML, like Gecko) Chrome/147.0.0.0 Safari/537.36"
202.83.161.170 - - [18/Apr/2026:04:16:41 +0000] "GET /wp-content/uploads/2026/04/cropped-ZD2Game.pk_-32x32.jpg HTTP/2" 200 946 "https://zd2game.pk/" "Mozilla/5.0 (Windows NT 10.0; Win64; x64) AppleWebKit/537.36 (KHTML, like Gecko) Chrome/147.0.0.0 Safari/537.36"
202.83.161.170 - - [18/Apr/2026:04:16:41 +0000] "GET /wp-includes/js/wp-emoji-release.min.js?ver=6.9.4 HTTP/2" 200 4949 "https://zd2game.pk/" "Mozilla/5.0 (Windows NT 10.0; Win64; x64) AppleWebKit/537.36 (KHTML, like Gecko) Chrome/147.0.0.0 Safari/537.36"
185.244.36.210 - - [18/Apr/2026:04:21:55 +0000] "POST /wp-cron.php?doing_wp_cron=1776486115.8723371028900146484375 HTTP/1.1" 200 0 "-" "WordPress/6.9.4; https://zd2game.pk"
5.189.152.128 - - [18/Apr/2026:04:21:55 +0000] "GET /wp-login.php HTTP/2" 200 1865 "-" "Mozilla/4.0 (compatible; MSIE 7.0; Windows NT 6.1; Trident/7.0; SLCC2; .NET CLR 2.0.50727; .NET CLR 3.5.30729; .NET CLR 3.0.30729; .NET4.0C; .NET4.0E; Media Center PC 6.0; InfoPath.3; BRI/2)"
5.189.152.128 - - [18/Apr/2026:04:21:56 +0000] "POST /wp-login.php HTTP/2" 200 2002 "https://zd2game.pk/wp-login.php" "Mozilla/4.0 (compatible; MSIE 7.0; Windows NT 6.1; Trident/7.0; SLCC2; .NET CLR 2.0.50727; .NET CLR 3.5.30729; .NET CLR 3.0.30729; .NET4.0C; .NET4.0E; Media Center PC 6.0; InfoPath.3; BRI/2)"
185.244.36.210 - - [18/Apr/2026:04:28:01 +0000] "POST /wp-cron.php?doing_wp_cron=1776486481.7981770038604736328125 HTTP/1.1" 200 0 "-" "WordPress/6.9.4; https://zd2game.pk"
108.160.151.113 - - [18/Apr/2026:04:28:21 +0000] "GET /wp-login.php HTTP/2" 200 1865 "-" "Mozilla/5.0 (Macintosh; Intel Mac OS X 10_10_5) AppleWebKit/603.2.5 (KHTML, like Gecko) Version/10.1.1 Safari/603.2.5"
108.160.151.113 - - [18/Apr/2026:04:28:22 +0000] "POST /wp-login.php HTTP/2" 200 2002 "https://zd2game.pk/wp-login.php" "Mozilla/5.0 (Macintosh; Intel Mac OS X 10_10_5) AppleWebKit/603.2.5 (KHTML, like Gecko) Version/10.1.1 Safari/603.2.5"
136.243.92.189 - - [18/Apr/2026:04:38:36 +0000] "POST /xmlrpc.php HTTP/2" 200 205 "-" "Mozilla/4.0 (compatible; MSIE 7.0; Windows NT 6.1; Win64; x64; Trident/7.0; .NET CLR 2.0.50727; SLCC2; .NET4.0C; .NET4.0E; .NET CLR 3.5.30729; .NET CLR 3.0.30729)"
14.194.98.252 - - [18/Apr/2026:04:40:33 +0000] "GET /wp-login.php HTTP/2" 200 1865 "-" "Mozilla/5.0 (Windows NT 10.0; WOW64; Trident/7.0; rv:11.0) like Gecko"
14.194.98.252 - - [18/Apr/2026:04:40:34 +0000] "POST /wp-login.php HTTP/2" 200 2002 "https://zd2game.pk/wp-login.php" "Mozilla/5.0 (Windows NT 10.0; WOW64; Trident/7.0; rv:11.0) like Gecko"
185.244.36.210 - - [18/Apr/2026:04:45:55 +0000] "POST /wp-cron.php?doing_wp_cron=1776487555.1680800914764404296875 HTTP/1.1" 200 0 "-" "WordPress/6.9.4; https://zd2game.pk"
185.244.36.210 - - [18/Apr/2026:04:51:40 +0000] "POST /wp-cron.php?doing_wp_cron=1776487899.9719870090484619140625 HTTP/1.1" 200 0 "-" "WordPress/6.9.4; https://zd2game.pk"
185.244.36.210 - - [18/Apr/2026:05:15:56 +0000] "POST /wp-cron.php?doing_wp_cron=1776489356.7720348834991455078125 HTTP/1.1" 200 0 "-" "WordPress/6.9.4; https://zd2game.pk"
185.244.36.210 - - [18/Apr/2026:04:14:06 +0000] "POST /wp-cron.php?doing_wp_cron=1776485646.8422799110412597656250 HTTP/1.1" 200 0 "-" "WordPress/6.9.4; https://zd2game.pk"
14.194.98.252 - - [18/Apr/2026:04:14:05 +0000] "POST /xmlrpc.php HTTP/2" 200 205 "-" "Mozilla/5.0 (Windows NT 6.1; Win64; x64) AppleWebKit/537.36 (KHTML, like Gecko) Chrome/58.0.3029.110 Safari/537.36 Edge/16.16299"
185.244.36.210 - - [18/Apr/2026:04:15:10 +0000] "POST /wp-cron.php?doing_wp_cron=1776485710.1038839817047119140625 HTTP/1.1" 200 0 "-" "WordPress/6.9.4; https://zd2game.pk"
146.59.53.69 - - [18/Apr/2026:04:15:09 +0000] "GET /wp-login.php HTTP/2" 200 1865 "-" "Mozilla/5.0 (Windows NT 10.0; WOW64; Trident/7.0; MDDSJS; rv:11.0) like Gecko"
146.59.53.69 - - [18/Apr/2026:04:15:10 +0000] "POST /wp-login.php HTTP/2" 200 2002 "https://zd2game.pk/wp-login.php" "Mozilla/5.0 (Windows NT 10.0; WOW64; Trident/7.0; MDDSJS; rv:11.0) like Gecko"
66.249.69.68 - - [18/Apr/2026:04:16:41 +0000] "GET /readme.txt HTTP/1.1" 200 46 "-" "Mozilla/5.0 (compatible; Googlebot/2.1; +http://www.google.com/bot.html)"
185.244.36.210 - - [18/Apr/2026:04:30:40 +0000] "POST /wp-cron.php?doing_wp_cron=1776486640.6143898963928222656250 HTTP/1.1" 200 0 "-" "WordPress/6.9.4; https://zd2game.pk"
185.244.36.210 - - [18/Apr/2026:04:38:37 +0000] "POST /wp-cron.php?doing_wp_cron=1776487117.4496340751647949218750 HTTP/1.1" 200 0 "-" "WordPress/6.9.4; https://zd2game.pk"
185.244.36.210 - - [18/Apr/2026:04:39:56 +0000] "POST /wp-cron.php?doing_wp_cron=1776487196.7602269649505615234375 HTTP/1.1" 200 0 "-" "WordPress/6.9.4; https://zd2game.pk"
34.23.42.151 - - [18/Apr/2026:04:51:38 +0000] "GET /wp-login.php HTTP/2" 200 1865 "-" "Mozilla/5.0 (Macintosh; Intel Mac OS X 10_12_5) AppleWebKit/603.2.4 (KHTML, like Gecko) Version/10.1.1 Safari/603.2.4"
34.23.42.151 - - [18/Apr/2026:04:51:40 +0000] "POST /wp-login.php HTTP/2" 200 2002 "https://zd2game.pk/wp-login.php" "Mozilla/5.0 (Macintosh; Intel Mac OS X 10_12_5) AppleWebKit/603.2.4 (KHTML, like Gecko) Version/10.1.1 Safari/603.2.4"
185.244.36.210 - - [18/Apr/2026:05:04:12 +0000] "POST /wp-cron.php?doing_wp_cron=1776488652.4765009880065917968750 HTTP/1.1" 200 0 "-" "WordPress/6.9.4; https://zd2game.pk"
34.75.78.49 - - [18/Apr/2026:05:04:11 +0000] "GET /wp-login.php HTTP/2" 200 1865 "-" "Mozilla/5.0 (Windows NT 10.0) AppleWebKit/537.36 (KHTML, like Gecko) Chrome/67.0.3396.79 Safari/537.36"
34.75.78.49 - - [18/Apr/2026:05:04:13 +0000] "POST /wp-login.php HTTP/2" 200 2002 "https://zd2game.pk/wp-login.php" "Mozilla/5.0 (Windows NT 10.0) AppleWebKit/537.36 (KHTML, like Gecko) Chrome/67.0.3396.79 Safari/537.36"
185.244.36.210 - - [18/Apr/2026:05:09:58 +0000] "POST /wp-cron.php?doing_wp_cron=1776488998.0402030944824218750000 HTTP/1.1" 200 0 "-" "WordPress/6.9.4; https://zd2game.pk"
50.171.242.197 - - [18/Apr/2026:05:09:55 +0000] "GET /wp-login.php HTTP/2" 200 1865 "-" "Mozilla/5.0 (Windows NT 6.3; Win64; x64; Trident/7.0; Touch; LCJB; rv:11.0) like Gecko"
50.171.242.197 - - [18/Apr/2026:05:09:59 +0000] "POST /wp-login.php HTTP/2" 200 2002 "https://zd2game.pk/wp-login.php" "Mozilla/5.0 (Windows NT 6.3; Win64; x64; Trident/7.0; Touch; LCJB; rv:11.0) like Gecko"
185.244.36.210 - - [18/Apr/2026:05:16:56 +0000] "POST /wp-cron.php?doing_wp_cron=1776489416.5200390815734863281250 HTTP/1.1" 200 0 "-" "WordPress/6.9.4; https://zd2game.pk"
185.244.36.210 - - [18/Apr/2026:05:25:46 +0000] "POST /wp-cron.php?doing_wp_cron=1776489946.9128060340881347656250 HTTP/1.1" 200 0 "-" "WordPress/6.9.4; https://zd2game.pk"
91.192.194.31 - - [18/Apr/2026:05:36:09 +0000] "GET /wp-login.php HTTP/2" 200 1865 "-" "Mozilla/5.0 (Windows NT 6.1; WOW64; Trident/7.0; MAARJS; rv:11.0) like Gecko"
91.192.194.31 - - [18/Apr/2026:05:36:11 +0000] "POST /wp-login.php HTTP/2" 200 2002 "https://zd2game.pk/wp-login.php" "Mozilla/5.0 (Windows NT 6.1; WOW64; Trident/7.0; MAARJS; rv:11.0) like Gecko"
185.244.36.210 - - [18/Apr/2026:05:40:06 +0000] "POST /wp-cron.php?doing_wp_cron=1776490806.6439230442047119140625 HTTP/1.1" 200 0 "-" "WordPress/6.9.4; https://zd2game.pk"
37.157.193.125 - - [18/Apr/2026:05:40:05 +0000] "POST /xmlrpc.php HTTP/2" 200 205 "-" "Mozilla/5.0 (Windows NT 6.3; WOW64; Trident/7.0; Touch; MATBJS; rv:11.0) like Gecko"
212.227.125.241 - - [18/Apr/2026:05:41:23 +0000] "GET /wp-login.php HTTP/2" 200 1865 "-" "Mozilla/5.0 (Windows NT 6.1; WOW64; Trident/7.0; EIE10;ENCAMSN; rv:11.0) like Gecko"
212.227.125.241 - - [18/Apr/2026:05:41:24 +0000] "POST /wp-login.php HTTP/2" 200 2002 "https://zd2game.pk/wp-login.php" "Mozilla/5.0 (Windows NT 6.1; WOW64; Trident/7.0; EIE10;ENCAMSN; rv:11.0) like Gecko"
50.171.242.197 - - [18/Apr/2026:05:48:13 +0000] "GET /wp-login.php HTTP/2" 200 1865 "-" "Mozilla/5.0 (Macintosh; Intel Mac OS X 10_13_6) AppleWebKit/605.1.15 (KHTML, like Gecko) Version/11.1.2 Safari/605.1.15"
50.171.242.197 - - [18/Apr/2026:05:48:15 +0000] "POST /wp-login.php HTTP/2" 200 2002 "https://zd2game.pk/wp-login.php" "Mozilla/5.0 (Macintosh; Intel Mac OS X 10_13_6) AppleWebKit/605.1.15 (KHTML, like Gecko) Version/11.1.2 Safari/605.1.15"
185.244.36.210 - - [18/Apr/2026:05:55:14 +0000] "POST /wp-cron.php?doing_wp_cron=1776491714.1229519844055175781250 HTTP/1.1" 200 0 "-" "WordPress/6.9.4; https://zd2game.pk"
78.188.115.67 - - [18/Apr/2026:05:55:13 +0000] "GET /wp-login.php HTTP/2" 200 1865 "-" "Mozilla/5.0 (Macintosh; Intel Mac OS X 10_11_6) AppleWebKit/602.4.8 (KHTML, like Gecko) Version/10.0.3 Safari/602.4.8"
185.244.36.210 - - [18/Apr/2026:05:57:09 +0000] "POST /wp-cron.php?doing_wp_cron=1776491829.2611749172210693359375 HTTP/1.1" 200 0 "-" "WordPress/6.9.4; https://zd2game.pk"
185.244.36.210 - - [18/Apr/2026:05:58:28 +0000] "POST /wp-cron.php?doing_wp_cron=1776491908.2094089984893798828125 HTTP/1.1" 200 0 "-" "WordPress/6.9.4; https://zd2game.pk"
34.23.42.151 - - [18/Apr/2026:06:00:47 +0000] "POST /xmlrpc.php HTTP/2" 200 205 "-" "Mozilla/5.0 (Windows NT 10.0; Win64; x64) AppleWebKit/537.36 (KHTML, like Gecko) Chrome/63.0.3239.132 Safari/537.36 OPR/50.0.2762.58"
91.227.37.60 - - [18/Apr/2026:06:08:30 +0000] "GET /wp-login.php HTTP/2" 200 1865 "-" "Mozilla/4.0 (compatible; MSIE 7.0; Windows NT 6.2; Win64; x64; Trident/7.0; .NET4.0C; .NET4.0E; .NET CLR 2.0.50727; .NET CLR 3.0.30729; .NET CLR 3.5.30729)"
91.227.37.60 - - [18/Apr/2026:06:08:33 +0000] "POST /wp-login.php HTTP/2" 200 2002 "https://zd2game.pk/wp-login.php" "Mozilla/4.0 (compatible; MSIE 7.0; Windows NT 6.2; Win64; x64; Trident/7.0; .NET4.0C; .NET4.0E; .NET CLR 2.0.50727; .NET CLR 3.0.30729; .NET CLR 3.5.30729)"
185.244.36.210 - - [18/Apr/2026:06:11:08 +0000] "POST /wp-cron.php?doing_wp_cron=1776492668.6756629943847656250000 HTTP/1.1" 200 0 "-" "WordPress/6.9.4; https://zd2game.pk"
104.28.155.33 - - [18/Apr/2026:06:11:07 +0000] "POST /wp-login.php HTTP/1.1" 200 2240 "-" "Mozilla/5.0 (Windows NT 10.0; Win64; rv:143.0) Gecko/20100101 Firefox/143.0"
185.244.36.210 - - [18/Apr/2026:06:13:24 +0000] "POST /wp-cron.php?doing_wp_cron=1776492804.1745719909667968750000 HTTP/1.1" 200 0 "-" "WordPress/6.9.4; https://zd2game.pk"
51.77.152.49 - - [18/Apr/2026:06:13:23 +0000] "POST /xmlrpc.php HTTP/2" 200 205 "-" "Mozilla/5.0 (Windows NT 10.0; Win64; x64) AppleWebKit/537.36 (KHTML, like Gecko) Chrome/65.0.3325.181 Safari/537.36 OPR/52.0.2871.99"
65.21.34.173 - - [18/Apr/2026:05:16:56 +0000] "GET /wp-login.php HTTP/2" 200 1865 "-" "Mozilla/5.0 (Windows NT 6.1; Win64; x64) AppleWebKit/537.36 (KHTML, like Gecko) Chrome/65.0.3325.146 Safari/537.36"
65.21.34.173 - - [18/Apr/2026:05:16:57 +0000] "POST /wp-login.php HTTP/2" 200 2002 "https://zd2game.pk/wp-login.php" "Mozilla/5.0 (Windows NT 6.1; Win64; x64) AppleWebKit/537.36 (KHTML, like Gecko) Chrome/65.0.3325.146 Safari/537.36"
185.244.36.210 - - [18/Apr/2026:05:23:36 +0000] "POST /wp-cron.php?doing_wp_cron=1776489816.4592890739440917968750 HTTP/1.1" 200 0 "-" "WordPress/6.9.4; https://zd2game.pk"
213.133.103.134 - - [18/Apr/2026:05:25:45 +0000] "POST /xmlrpc.php HTTP/2" 200 205 "-" "Mozilla/5.0 (Windows NT 6.3; Win64; x64; Trident/7.0; MAGWJS; rv:11.0) like Gecko"
185.244.36.210 - - [18/Apr/2026:05:28:20 +0000] "POST /wp-cron.php?doing_wp_cron=1776490099.9660348892211914062500 HTTP/1.1" 200 0 "-" "WordPress/6.9.4; https://zd2game.pk"
185.244.36.210 - - [18/Apr/2026:05:30:26 +0000] "POST /wp-cron.php?doing_wp_cron=1776490226.7855110168457031250000 HTTP/1.1" 200 0 "-" "WordPress/6.9.4; https://zd2game.pk"
152.42.181.146 - - [18/Apr/2026:05:30:26 +0000] "GET /wp-login.php HTTP/2" 200 1865 "-" "Mozilla/5.0 (Windows NT 6.2; Win64; x64) AppleWebKit/537.36 (KHTML, like Gecko) Chrome/58.0.3029.110 Safari/537.36 Edge/16.16299"
185.244.36.210 - - [18/Apr/2026:05:36:09 +0000] "POST /wp-cron.php?doing_wp_cron=1776490569.6556899547576904296875 HTTP/1.1" 200 0 "-" "WordPress/6.9.4; https://zd2game.pk"
185.244.36.210 - - [18/Apr/2026:05:41:24 +0000] "POST /wp-cron.php?doing_wp_cron=1776490884.4712018966674804687500 HTTP/1.1" 200 0 "-" "WordPress/6.9.4; https://zd2game.pk"
185.244.36.210 - - [18/Apr/2026:05:48:13 +0000] "POST /wp-cron.php?doing_wp_cron=1776491293.8913331031799316406250 HTTP/1.1" 200 0 "-" "WordPress/6.9.4; https://zd2game.pk"
104.28.155.33 - - [18/Apr/2026:05:57:08 +0000] "GET /wp-login.php HTTP/1.1" 200 2102 "-" "Mozilla/5.0 (Macintosh; Intel Mac OS X 10_15_7) AppleWebKit/605.1.15 Version/17.0 Safari/605.1.15"
104.28.155.33 - - [18/Apr/2026:05:57:09 +0000] "GET /?author=1 HTTP/1.1" 301 0 "-" "Mozilla/5.0 (Windows NT 10.0; Win64; rv:143.0) Gecko/20100101 Firefox/143.0"
104.28.155.33 - - [18/Apr/2026:05:57:10 +0000] "GET /?rest_route=/wp/v2/users HTTP/1.1" 200 315 "-" "Mozilla/5.0 (Macintosh; Intel Mac OS X 10_15_7) AppleWebKit/605.1.15 Version/17.0 Safari/605.1.15"
185.244.36.210 - - [18/Apr/2026:06:00:48 +0000] "POST /wp-cron.php?doing_wp_cron=1776492048.6525270938873291015625 HTTP/1.1" 200 0 "-" "WordPress/6.9.4; https://zd2game.pk"
185.244.36.210 - - [18/Apr/2026:06:01:28 +0000] "POST /wp-cron.php?doing_wp_cron=1776492088.3733680248260498046875 HTTP/1.1" 200 0 "-" "WordPress/6.9.4; https://zd2game.pk"
66.102.135.126 - - [18/Apr/2026:06:01:27 +0000] "GET /wp-login.php HTTP/2" 200 1865 "-" "Mozilla/5.0 (Windows NT 10.0; WOW64; Trident/7.0; LCJB; rv:11.0) like Gecko"
66.102.135.126 - - [18/Apr/2026:06:01:29 +0000] "POST /wp-login.php HTTP/2" 200 2002 "https://zd2game.pk/wp-login.php" "Mozilla/5.0 (Windows NT 10.0; WOW64; Trident/7.0; LCJB; rv:11.0) like Gecko"
185.244.36.210 - - [18/Apr/2026:06:06:50 +0000] "POST /wp-cron.php?doing_wp_cron=1776492410.6808319091796875000000 HTTP/1.1" 200 0 "-" "WordPress/6.9.4; https://zd2game.pk"
185.244.36.210 - - [18/Apr/2026:06:08:28 +0000] "POST /wp-cron.php?doing_wp_cron=1776492508.5645930767059326171875 HTTP/1.1" 200 0 "-" "WordPress/6.9.4; https://zd2game.pk"
185.244.36.210 - - [18/Apr/2026:06:27:54 +0000] "POST /wp-cron.php?doing_wp_cron=1776493674.5756568908691406250000 HTTP/1.1" 200 0 "-" "WordPress/6.9.4; https://zd2game.pk"
104.28.155.33 - - [18/Apr/2026:06:27:53 +0000] "POST /wp-login.php HTTP/1.1" 200 2240 "-" "Mozilla/5.0 (Windows NT 10.0; Win64; x64) AppleWebKit/537.36 Chrome/129.0.0.0 Safari/537.36"
185.244.36.210 - - [18/Apr/2026:06:36:33 +0000] "POST /wp-cron.php?doing_wp_cron=1776494193.6139969825744628906250 HTTP/1.1" 200 0 "-" "WordPress/6.9.4; https://zd2game.pk"
185.244.36.210 - - [18/Apr/2026:06:16:03 +0000] "POST /wp-cron.php?doing_wp_cron=1776492963.5948939323425292968750 HTTP/1.1" 200 0 "-" "WordPress/6.9.4; https://zd2game.pk"
46.36.201.106 - - [18/Apr/2026:06:16:03 +0000] "GET /wp-login.php HTTP/2" 200 1865 "-" "Mozilla/5.0 (Windows NT 6.1; WOW64; Trident/7.0; CTL_11; rv:11.0) like Gecko"
46.36.201.106 - - [18/Apr/2026:06:16:03 +0000] "POST /wp-login.php HTTP/2" 200 2002 "https://zd2game.pk/wp-login.php" "Mozilla/5.0 (Windows NT 6.1; WOW64; Trident/7.0; CTL_11; rv:11.0) like Gecko"
185.244.36.210 - - [18/Apr/2026:06:19:18 +0000] "POST /wp-cron.php?doing_wp_cron=1776493158.8950600624084472656250 HTTP/1.1" 200 0 "-" "WordPress/6.9.4; https://zd2game.pk"
213.133.103.134 - - [18/Apr/2026:06:19:17 +0000] "POST /xmlrpc.php HTTP/2" 200 205 "-" "Mozilla/5.0 (Windows NT 6.1; WOW64; rv:61.0) Gecko/20100101 Firefox/61.0"
104.28.155.33 - - [18/Apr/2026:06:19:25 +0000] "POST /wp-login.php HTTP/1.1" 200 2240 "-" "Mozilla/5.0 (Macintosh; Intel Mac OS X 10_15_7) AppleWebKit/605.1.15 Version/17.0 Safari/605.1.15"
185.244.36.210 - - [18/Apr/2026:06:38:44 +0000] "POST /wp-cron.php?doing_wp_cron=1776494324.1953890323638916015625 HTTP/1.1" 200 0 "-" "WordPress/6.9.4; https://zd2game.pk"
159.100.13.237 - - [18/Apr/2026:06:38:43 +0000] "GET /wp-login.php HTTP/2" 200 1865 "-" "Mozilla/5.0 (Macintosh; Intel Mac OS X 10_11_6) AppleWebKit/604.3.5 (KHTML, like Gecko) Version/11.0.1 Safari/604.3.5"
159.100.13.237 - - [18/Apr/2026:06:38:44 +0000] "POST /wp-login.php HTTP/2" 200 2002 "https://zd2game.pk/wp-login.php" "Mozilla/5.0 (Macintosh; Intel Mac OS X 10_11_6) AppleWebKit/604.3.5 (KHTML, like Gecko) Version/11.0.1 Safari/604.3.5"
185.244.36.210 - - [18/Apr/2026:06:45:06 +0000] "POST /wp-cron.php?doing_wp_cron=1776494706.5675408840179443359375 HTTP/1.1" 200 0 "-" "WordPress/6.9.4; https://zd2game.pk"
135.181.92.122 - - [18/Apr/2026:06:45:58 +0000] "GET /wp-login.php HTTP/2" 200 1865 "-" "Mozilla/4.0 (compatible; MSIE 7.0; Windows NT 6.2; Win64; x64; Trident/7.0; .NET4.0C; .NET4.0E; .NET CLR 2.0.50727; .NET CLR 3.0.30729; .NET CLR 3.5.30729; Tablet PC 2.0)"
135.181.92.122 - - [18/Apr/2026:06:46:01 +0000] "POST /wp-login.php HTTP/2" 200 2002 "https://zd2game.pk/wp-login.php" "Mozilla/4.0 (compatible; MSIE 7.0; Windows NT 6.2; Win64; x64; Trident/7.0; .NET4.0C; .NET4.0E; .NET CLR 2.0.50727; .NET CLR 3.0.30729; .NET CLR 3.5.30729; Tablet PC 2.0)"
185.244.36.210 - - [18/Apr/2026:06:51:13 +0000] "POST /wp-cron.php?doing_wp_cron=1776495073.1768379211425781250000 HTTP/1.1" 200 0 "-" "WordPress/6.9.4; https://zd2game.pk"
185.244.36.210 - - [18/Apr/2026:06:52:57 +0000] "POST /wp-cron.php?doing_wp_cron=1776495177.1464669704437255859375 HTTP/1.1" 200 0 "-" "WordPress/6.9.4; https://zd2game.pk"
104.28.155.33 - - [18/Apr/2026:06:53:33 +0000] "POST /wp-login.php HTTP/1.1" 200 2240 "-" "Mozilla/5.0 (Windows NT 10.0; Win64; x64) AppleWebKit/537.36 Chrome/129.0.0.0 Safari/537.36"
185.244.36.210 - - [18/Apr/2026:06:56:33 +0000] "POST /wp-cron.php?doing_wp_cron=1776495393.6326489448547363281250 HTTP/1.1" 200 0 "-" "WordPress/6.9.4; https://zd2game.pk"
185.244.36.210 - - [18/Apr/2026:06:59:12 +0000] "POST /wp-cron.php?doing_wp_cron=1776495552.8614048957824707031250 HTTP/1.1" 200 0 "-" "WordPress/6.9.4; https://zd2game.pk"
185.244.36.210 - - [18/Apr/2026:07:03:04 +0000] "POST /wp-cron.php?doing_wp_cron=1776495784.0017030239105224609375 HTTP/1.1" 200 0 "-" "WordPress/6.9.4; https://zd2game.pk"
161.97.77.0 - - [18/Apr/2026:07:03:03 +0000] "POST /xmlrpc.php HTTP/2" 200 205 "-" "Mozilla/5.0 (Windows NT 6.3; WOW64; Trident/7.0; MASPJS; rv:11.0) like Gecko"
185.193.67.122 - - [18/Apr/2026:07:07:47 +0000] "GET /wp-login.php HTTP/2" 200 1865 "-" "Mozilla/5.0 (Windows NT 10.0; WOW64; Trident/7.0; yie11; rv:11.0) like Gecko"
185.244.36.210 - - [18/Apr/2026:07:08:29 +0000] "POST /wp-cron.php?doing_wp_cron=1776496109.7102620601654052734375 HTTP/1.1" 200 0 "-" "WordPress/6.9.4; https://zd2game.pk"
104.28.155.33 - - [18/Apr/2026:06:36:32 +0000] "POST /wp-login.php HTTP/1.1" 200 2240 "-" "Mozilla/5.0 (Windows NT 10.0; Win64; x64) AppleWebKit/537.36 Chrome/129.0.0.0 Safari/537.36"
104.28.155.33 - - [18/Apr/2026:06:45:05 +0000] "POST /wp-login.php HTTP/1.1" 200 2240 "-" "Mozilla/5.0 (Macintosh; Intel Mac OS X 10_15_7) AppleWebKit/605.1.15 Version/17.0 Safari/605.1.15"
185.244.36.210 - - [18/Apr/2026:06:45:58 +0000] "POST /wp-cron.php?doing_wp_cron=1776494758.7466421127319335937500 HTTP/1.1" 200 0 "-" "WordPress/6.9.4; https://zd2game.pk"
91.192.194.31 - - [18/Apr/2026:06:51:12 +0000] "POST /xmlrpc.php HTTP/2" 200 205 "-" "Mozilla/5.0 (Windows NT 6.1; WOW64) AppleWebKit/537.36 (KHTML, like Gecko) Chrome/67.0.3396.87 Safari/537.36"
164.132.57.252 - - [18/Apr/2026:06:52:56 +0000] "GET /wp-login.php HTTP/2" 200 1865 "-" "Mozilla/5.0 (Windows NT 6.3; WOW64; Trident/7.0; MALNJS; rv:11.0) like Gecko"
164.132.57.252 - - [18/Apr/2026:06:52:57 +0000] "POST /wp-login.php HTTP/2" 200 2002 "https://zd2game.pk/wp-login.php" "Mozilla/5.0 (Windows NT 6.3; WOW64; Trident/7.0; MALNJS; rv:11.0) like Gecko"
103.230.156.120 - - [18/Apr/2026:06:56:33 +0000] "POST /xmlrpc.php HTTP/2" 200 205 "-" "Mozilla/5.0 (Windows NT 6.1; Trident/7.0; MALC; rv:11.0) like Gecko"
95.181.239.18 - - [18/Apr/2026:06:59:12 +0000] "GET /wp-login.php HTTP/1.1" 200 2102 "-" "Mozilla/5.0 (Macintosh; Intel Mac OS X 10_15_7) AppleWebKit/605.1.15 Version/17.0 Safari/605.1.15"
95.181.239.18 - - [18/Apr/2026:06:59:13 +0000] "GET /?author=1 HTTP/1.1" 301 0 "-" "Mozilla/5.0 (Macintosh; Intel Mac OS X 10_15_7) AppleWebKit/605.1.15 Version/17.0 Safari/605.1.15"
95.181.239.18 - - [18/Apr/2026:06:59:13 +0000] "GET /?rest_route=/wp/v2/users HTTP/1.1" 200 315 "-" "Mozilla/5.0 (Windows NT 10.0; Win64; rv:143.0) Gecko/20100101 Firefox/143.0"
185.244.36.210 - - [18/Apr/2026:07:01:53 +0000] "POST /wp-cron.php?doing_wp_cron=1776495713.4492208957672119140625 HTTP/1.1" 200 0 "-" "WordPress/6.9.4; https://zd2game.pk"
104.28.155.33 - - [18/Apr/2026:07:01:53 +0000] "POST /wp-login.php HTTP/1.1" 200 2240 "-" "Mozilla/5.0 (Macintosh; Intel Mac OS X 10_15_7) AppleWebKit/605.1.15 Version/17.0 Safari/605.1.15"
185.244.36.210 - - [18/Apr/2026:07:07:48 +0000] "POST /wp-cron.php?doing_wp_cron=1776496068.1633200645446777343750 HTTP/1.1" 200 0 "-" "WordPress/6.9.4; https://zd2game.pk"
95.181.239.18 - - [18/Apr/2026:07:08:28 +0000] "POST /wp-login.php HTTP/1.1" 200 2240 "-" "Mozilla/5.0 (Windows NT 10.0; Win64; x64) AppleWebKit/537.36 Chrome/129.0.0.0 Safari/537.36"
95.181.239.18 - - [18/Apr/2026:07:14:49 +0000] "POST /wp-login.php HTTP/1.1" 200 2240 "-" "Mozilla/5.0 (Windows NT 10.0; Win64; x64) AppleWebKit/537.36 Chrome/129.0.0.0 Safari/537.36"
91.192.194.31 - - [18/Apr/2026:07:15:48 +0000] "POST /xmlrpc.php HTTP/2" 200 205 "-" "Mozilla/4.0 (compatible; MSIE 7.0; Windows NT 6.2; WOW64; Trident/7.0; .NET4.0C; .NET4.0E; .NET CLR 2.0.50727; .NET CLR 3.0.30729; .NET CLR 3.5.30729; InfoPath.3)"
185.244.36.210 - - [18/Apr/2026:07:19:09 +0000] "POST /wp-cron.php?doing_wp_cron=1776496749.5470190048217773437500 HTTP/1.1" 200 0 "-" "WordPress/6.9.4; https://zd2game.pk"
104.28.155.33 - - [18/Apr/2026:07:19:07 +0000] "POST /wp-login.php HTTP/1.1" 200 2240 "-" "Mozilla/5.0 (Windows NT 10.0; Win64; rv:143.0) Gecko/20100101 Firefox/143.0"
185.244.36.210 - - [18/Apr/2026:07:21:17 +0000] "POST /wp-cron.php?doing_wp_cron=1776496877.8940670490264892578125 HTTP/1.1" 200 0 "-" "WordPress/6.9.4; https://zd2game.pk"
185.244.36.210 - - [18/Apr/2026:07:24:24 +0000] "POST /wp-cron.php?doing_wp_cron=1776497064.0919129848480224609375 HTTP/1.1" 200 0 "-" "WordPress/6.9.4; https://zd2game.pk"
104.28.155.33 - - [18/Apr/2026:07:27:49 +0000] "POST /wp-login.php HTTP/1.1" 200 2240 "-" "Mozilla/5.0 (Windows NT 10.0; Win64; x64) AppleWebKit/537.36 Chrome/129.0.0.0 Safari/537.36"
185.244.36.210 - - [18/Apr/2026:07:27:56 +0000] "POST /wp-cron.php?doing_wp_cron=1776497276.6576590538024902343750 HTTP/1.1" 200 0 "-" "WordPress/6.9.4; https://zd2game.pk"
185.244.36.210 - - [18/Apr/2026:07:10:42 +0000] "POST /wp-cron.php?doing_wp_cron=1776496242.2588338851928710937500 HTTP/1.1" 200 0 "-" "WordPress/6.9.4; https://zd2game.pk"
104.28.155.33 - - [18/Apr/2026:07:10:41 +0000] "POST /wp-login.php HTTP/1.1" 200 2240 "-" "Mozilla/5.0 (Windows NT 10.0; Win64; x64) AppleWebKit/537.36 Chrome/129.0.0.0 Safari/537.36"
185.244.36.210 - - [18/Apr/2026:07:14:50 +0000] "POST /wp-cron.php?doing_wp_cron=1776496490.2472250461578369140625 HTTP/1.1" 200 0 "-" "WordPress/6.9.4; https://zd2game.pk"
185.244.36.210 - - [18/Apr/2026:07:15:49 +0000] "POST /wp-cron.php?doing_wp_cron=1776496549.6718590259552001953125 HTTP/1.1" 200 0 "-" "WordPress/6.9.4; https://zd2game.pk"
185.244.36.210 - - [18/Apr/2026:07:16:31 +0000] "POST /wp-cron.php?doing_wp_cron=1776496591.8518979549407958984375 HTTP/1.1" 200 0 "-" "WordPress/6.9.4; https://zd2game.pk"
95.181.239.18 - - [18/Apr/2026:07:21:16 +0000] "POST /wp-login.php HTTP/1.1" 200 2240 "-" "Mozilla/5.0 (Macintosh; Intel Mac OS X 10_15_7) AppleWebKit/605.1.15 Version/17.0 Safari/605.1.15"
185.244.36.210 - - [18/Apr/2026:07:27:50 +0000] "POST /wp-cron.php?doing_wp_cron=1776497270.1467130184173583984375 HTTP/1.1" 200 0 "-" "WordPress/6.9.4; https://zd2game.pk"
192.36.109.78 - - [18/Apr/2026:07:32:59 +0000] "GET /register/ HTTP/1.1" 200 28051 "-" "Mozilla/5.0 (Windows NT 10.0; Win64; x64) AppleWebKit/537.36 (KHTML, like Gecko) Chrome/122.0.0.0 Safari/537.3"
95.181.239.18 - - [18/Apr/2026:07:27:55 +0000] "POST /wp-login.php HTTP/1.1" 200 2240 "-" "Mozilla/5.0 (Macintosh; Intel Mac OS X 10_15_7) AppleWebKit/605.1.15 Version/17.0 Safari/605.1.15"
192.36.109.73 - - [18/Apr/2026:07:32:58 +0000] "GET / HTTP/1.1" 200 29627 "http://zd2game.pk/" "Mozilla/5.0 (Windows NT 10.0; Win64; x64) AppleWebKit/537.36 (KHTML, like Gecko) Chrome/122.0.0.0 Safari/537.3"
192.36.109.96 - - [18/Apr/2026:07:32:58 +0000] "GET /download/ HTTP/1.1" 200 28024 "-" "Mozilla/5.0 (Windows NT 10.0; Win64; x64) AppleWebKit/537.36 (KHTML, like Gecko) Chrome/122.0.0.0 Safari/537.3"
185.244.36.210 - - [18/Apr/2026:07:36:06 +0000] "POST /wp-cron.php?doing_wp_cron=1776497766.3749539852142333984375 HTTP/1.1" 200 0 "-" "WordPress/6.9.4; https://zd2game.pk"
104.28.155.33 - - [18/Apr/2026:07:36:05 +0000] "POST /wp-login.php HTTP/1.1" 200 2240 "-" "Mozilla/5.0 (Windows NT 10.0; Win64; rv:143.0) Gecko/20100101 Firefox/143.0"
185.244.36.210 - - [18/Apr/2026:07:42:16 +0000] "POST /wp-cron.php?doing_wp_cron=1776498136.5813701152801513671875 HTTP/1.1" 200 0 "-" "WordPress/6.9.4; https://zd2game.pk"
95.181.239.18 - - [18/Apr/2026:07:42:15 +0000] "POST /wp-login.php HTTP/1.1" 200 2240 "-" "Mozilla/5.0 (Windows NT 10.0; Win64; rv:143.0) Gecko/20100101 Firefox/143.0"
104.28.155.33 - - [18/Apr/2026:07:44:30 +0000] "POST /wp-login.php HTTP/1.1" 200 2240 "-" "Mozilla/5.0 (Windows NT 10.0; Win64; x64) AppleWebKit/537.36 Chrome/129.0.0.0 Safari/537.36"
185.244.36.210 - - [18/Apr/2026:07:48:33 +0000] "POST /wp-cron.php?doing_wp_cron=1776498513.4705190658569335937500 HTTP/1.1" 200 0 "-" "WordPress/6.9.4; https://zd2game.pk"
95.181.239.18 - - [18/Apr/2026:07:48:32 +0000] "POST /wp-login.php HTTP/1.1" 200 2240 "-" "Mozilla/5.0 (Windows NT 10.0; Win64; x64) AppleWebKit/537.36 Chrome/129.0.0.0 Safari/537.36"
185.244.36.210 - - [18/Apr/2026:07:55:56 +0000] "POST /wp-cron.php?doing_wp_cron=1776498956.5971679687500000000000 HTTP/1.1" 200 0 "-" "WordPress/6.9.4; https://zd2game.pk"
203.18.218.151 - - [18/Apr/2026:07:56:42 +0000] "GET / HTTP/1.1" 200 29627 "-" "Mozilla/5.0 (Windows NT 10.0; Win64; x64; rv:123.0) Gecko/20100101 Firefox/123.0"
185.244.36.210 - - [18/Apr/2026:07:57:16 +0000] "POST /wp-cron.php?doing_wp_cron=1776499036.1744170188903808593750 HTTP/1.1" 200 0 "-" "WordPress/6.9.4; https://zd2game.pk"
34.75.78.49 - - [18/Apr/2026:07:59:58 +0000] "GET /wp-login.php HTTP/2" 200 1865 "-" "Mozilla/5.0 (Windows NT 6.1; WOW64; Trident/7.0; MANM; MANM; rv:11.0) like Gecko"
34.75.78.49 - - [18/Apr/2026:08:00:03 +0000] "POST /wp-login.php HTTP/2" 200 2002 "https://zd2game.pk/wp-login.php" "Mozilla/5.0 (Windows NT 6.1; WOW64; Trident/7.0; MANM; MANM; rv:11.0) like Gecko"
104.28.155.33 - - [18/Apr/2026:08:01:13 +0000] "POST /wp-login.php HTTP/1.1" 200 2240 "-" "Mozilla/5.0 (Macintosh; Intel Mac OS X 10_15_7) AppleWebKit/605.1.15 Version/17.0 Safari/605.1.15"
95.181.239.18 - - [18/Apr/2026:08:01:30 +0000] "POST /wp-login.php HTTP/1.1" 200 2240 "-" "Mozilla/5.0 (Windows NT 10.0; Win64; rv:143.0) Gecko/20100101 Firefox/143.0"
185.244.36.210 - - [18/Apr/2026:08:04:06 +0000] "POST /wp-cron.php?doing_wp_cron=1776499446.2782609462738037109375 HTTP/1.1" 200 0 "-" "WordPress/6.9.4; https://zd2game.pk"
5.78.119.23 - - [18/Apr/2026:08:04:05 +0000] "POST /xmlrpc.php HTTP/2" 200 205 "-" "Mozilla/5.0 (Macintosh; Intel Mac OS X 10_10_5) AppleWebKit/602.3.12 (KHTML, like Gecko) Version/10.0.2 Safari/602.3.12"
192.210.186.8 - - [18/Apr/2026:08:05:22 +0000] "GET / HTTP/1.1" 200 97835 "-" "Mozilla/5.0 (Windows NT 10.0; Win64; x64) AppleWebKit/537.36 (KHTML, like Gecko) Chrome/88.0.4240.193 Safari/537.36"
192.210.186.8 - - [18/Apr/2026:08:05:24 +0000] "GET //wp-includes/wlwmanifest.xml HTTP/1.1" 301 0 "-" "Mozilla/5.0 (Windows NT 10.0; Win64; x64) AppleWebKit/537.36 (KHTML, like Gecko) Chrome/88.0.4240.193 Safari/537.36"
192.210.186.8 - - [18/Apr/2026:08:05:25 +0000] "GET //xmlrpc.php?rsd HTTP/1.1" 200 774 "-" "Mozilla/5.0 (Windows NT 10.0; Win64; x64) AppleWebKit/537.36 (KHTML, like Gecko) Chrome/88.0.4240.193 Safari/537.36"
192.210.186.8 - - [18/Apr/2026:08:05:29 +0000] "GET //wp-login.php HTTP/1.1" 200 5837 "-" "Mozilla/5.0 (Windows NT 10.0; Win64; x64) AppleWebKit/537.36 (KHTML, like Gecko) Chrome/88.0.4240.193 Safari/537.36"
192.210.186.8 - - [18/Apr/2026:08:05:35 +0000] "GET //?author=1 HTTP/1.1" 301 0 "-" "Mozilla/5.0 (Windows NT 10.0; Win64; x64) AppleWebKit/537.36 (KHTML, like Gecko) Chrome/88.0.4240.193 Safari/537.36"
192.210.186.8 - - [18/Apr/2026:08:05:39 +0000] "GET //?author=2 HTTP/1.1" 301 0 "-" "Mozilla/5.0 (Windows NT 10.0; Win64; x64) AppleWebKit/537.36 (KHTML, like Gecko) Chrome/88.0.4240.193 Safari/537.36"
192.210.186.8 - - [18/Apr/2026:08:05:41 +0000] "GET //?author=3 HTTP/1.1" 301 0 "-" "Mozilla/5.0 (Windows NT 10.0; Win64; x64) AppleWebKit/537.36 (KHTML, like Gecko) Chrome/88.0.4240.193 Safari/537.36"
192.210.186.8 - - [18/Apr/2026:08:05:43 +0000] "GET //wp-json/wp/v2/users/ HTTP/1.1" 200 725 "-" "Mozilla/5.0 (Windows NT 10.0; Win64; x64) AppleWebKit/537.36 (KHTML, like Gecko) Chrome/88.0.4240.193 Safari/537.36"
185.244.36.210 - - [18/Apr/2026:08:06:02 +0000] "POST /wp-cron.php?doing_wp_cron=1776499562.1867780685424804687500 HTTP/1.1" 200 0 "-" "WordPress/6.9.4; https://zd2game.pk"
192.210.186.8 - - [18/Apr/2026:08:05:44 +0000] "POST //xmlrpc.php HTTP/1.1" 200 403 "-" "Mozilla/5.0 (Windows NT 10.0; Win64; x64) AppleWebKit/537.36 (KHTML, like Gecko) Chrome/88.0.4240.193 Safari/537.36"
192.210.186.8 - - [18/Apr/2026:08:06:02 +0000] "POST //xmlrpc.php HTTP/1.1" 200 403 "-" "Mozilla/5.0 (Windows NT 10.0; Win64; x64) AppleWebKit/537.36 (KHTML, like Gecko) Chrome/88.0.4240.193 Safari/537.36"
192.210.186.8 - - [18/Apr/2026:08:06:32 +0000] "POST //xmlrpc.php HTTP/1.1" 200 401 "-" "Mozilla/5.0 (Windows NT 10.0; Win64; x64) AppleWebKit/537.36 (KHTML, like Gecko) Chrome/88.0.4240.193 Safari/537.36"
192.210.186.8 - - [18/Apr/2026:08:07:02 +0000] "POST //xmlrpc.php HTTP/1.1" 200 401 "-" "Mozilla/5.0 (Windows NT 10.0; Win64; x64) AppleWebKit/537.36 (KHTML, like Gecko) Chrome/88.0.4240.193 Safari/537.36"
185.244.36.210 - - [18/Apr/2026:08:08:02 +0000] "POST /wp-cron.php?doing_wp_cron=1776499682.5543909072875976562500 HTTP/1.1" 200 0 "-" "WordPress/6.9.4; https://zd2game.pk"
192.210.186.8 - - [18/Apr/2026:08:07:33 +0000] "POST //xmlrpc.php HTTP/1.1" 200 403 "-" "Mozilla/5.0 (Windows NT 10.0; Win64; x64) AppleWebKit/537.36 (KHTML, like Gecko) Chrome/88.0.4240.193 Safari/537.36"
192.210.186.8 - - [18/Apr/2026:08:08:02 +0000] "POST //xmlrpc.php HTTP/1.1" 200 401 "-" "Mozilla/5.0 (Windows NT 10.0; Win64; x64) AppleWebKit/537.36 (KHTML, like Gecko) Chrome/88.0.4240.193 Safari/537.36"
192.210.186.8 - - [18/Apr/2026:08:08:32 +0000] "POST //xmlrpc.php HTTP/1.1" 200 401 "-" "Mozilla/5.0 (Windows NT 10.0; Win64; x64) AppleWebKit/537.36 (KHTML, like Gecko) Chrome/88.0.4240.193 Safari/537.36"
192.210.186.8 - - [18/Apr/2026:08:09:02 +0000] "POST //xmlrpc.php HTTP/1.1" 200 401 "-" "Mozilla/5.0 (Windows NT 10.0; Win64; x64) AppleWebKit/537.36 (KHTML, like Gecko) Chrome/88.0.4240.193 Safari/537.36"
192.210.186.8 - - [18/Apr/2026:08:09:32 +0000] "POST //xmlrpc.php HTTP/1.1" 200 401 "-" "Mozilla/5.0 (Windows NT 10.0; Win64; x64) AppleWebKit/537.36 (KHTML, like Gecko) Chrome/88.0.4240.193 Safari/537.36"
192.210.186.8 - - [18/Apr/2026:08:10:03 +0000] "POST //xmlrpc.php HTTP/1.1" 200 401 "-" "Mozilla/5.0 (Windows NT 10.0; Win64; x64) AppleWebKit/537.36 (KHTML, like Gecko) Chrome/88.0.4240.193 Safari/537.36"
185.244.36.210 - - [18/Apr/2026:08:11:03 +0000] "POST /wp-cron.php?doing_wp_cron=1776499863.0470039844512939453125 HTTP/1.1" 200 0 "-" "WordPress/6.9.4; https://zd2game.pk"
192.210.186.8 - - [18/Apr/2026:08:10:32 +0000] "POST //xmlrpc.php HTTP/1.1" 200 401 "-" "Mozilla/5.0 (Windows NT 10.0; Win64; x64) AppleWebKit/537.36 (KHTML, like Gecko) Chrome/88.0.4240.193 Safari/537.36"
192.210.186.8 - - [18/Apr/2026:08:11:03 +0000] "POST //xmlrpc.php HTTP/1.1" 200 401 "-" "Mozilla/5.0 (Windows NT 10.0; Win64; x64) AppleWebKit/537.36 (KHTML, like Gecko) Chrome/88.0.4240.193 Safari/537.36"
192.210.186.8 - - [18/Apr/2026:08:11:32 +0000] "POST //xmlrpc.php HTTP/1.1" 200 401 "-" "Mozilla/5.0 (Windows NT 10.0; Win64; x64) AppleWebKit/537.36 (KHTML, like Gecko) Chrome/88.0.4240.193 Safari/537.36"
192.210.186.8 - - [18/Apr/2026:08:12:02 +0000] "POST //xmlrpc.php HTTP/1.1" 200 401 "-" "Mozilla/5.0 (Windows NT 10.0; Win64; x64) AppleWebKit/537.36 (KHTML, like Gecko) Chrome/88.0.4240.193 Safari/537.36"
185.244.36.210 - - [18/Apr/2026:08:13:02 +0000] "POST /wp-cron.php?doing_wp_cron=1776499982.8571929931640625000000 HTTP/1.1" 200 0 "-" "WordPress/6.9.4; https://zd2game.pk"
192.210.186.8 - - [18/Apr/2026:08:12:32 +0000] "POST //xmlrpc.php HTTP/1.1" 200 401 "-" "Mozilla/5.0 (Windows NT 10.0; Win64; x64) AppleWebKit/537.36 (KHTML, like Gecko) Chrome/88.0.4240.193 Safari/537.36"
192.210.186.8 - - [18/Apr/2026:08:13:03 +0000] "POST //xmlrpc.php HTTP/1.1" 200 401 "-" "Mozilla/5.0 (Windows NT 10.0; Win64; x64) AppleWebKit/537.36 (KHTML, like Gecko) Chrome/88.0.4240.193 Safari/537.36"
185.244.36.210 - - [18/Apr/2026:08:14:02 +0000] "POST /wp-cron.php?doing_wp_cron=1776500042.7626729011535644531250 HTTP/1.1" 200 0 "-" "WordPress/6.9.4; https://zd2game.pk"
185.244.36.210 - - [18/Apr/2026:07:44:31 +0000] "POST /wp-cron.php?doing_wp_cron=1776498271.4767580032348632812500 HTTP/1.1" 200 0 "-" "WordPress/6.9.4; https://zd2game.pk"
185.244.36.210 - - [18/Apr/2026:07:52:44 +0000] "POST /wp-cron.php?doing_wp_cron=1776498764.9627649784088134765625 HTTP/1.1" 200 0 "-" "WordPress/6.9.4; https://zd2game.pk"
104.28.155.33 - - [18/Apr/2026:07:52:44 +0000] "POST /wp-login.php HTTP/1.1" 200 2240 "-" "Mozilla/5.0 (Windows NT 10.0; Win64; x64) AppleWebKit/537.36 Chrome/129.0.0.0 Safari/537.36"
185.244.36.210 - - [18/Apr/2026:07:54:50 +0000] "POST /wp-cron.php?doing_wp_cron=1776498890.7587540149688720703125 HTTP/1.1" 200 0 "-" "WordPress/6.9.4; https://zd2game.pk"
95.181.239.18 - - [18/Apr/2026:07:54:50 +0000] "POST /wp-login.php HTTP/1.1" 200 2240 "-" "Mozilla/5.0 (Windows NT 10.0; Win64; rv:143.0) Gecko/20100101 Firefox/143.0"
203.18.218.151 - - [18/Apr/2026:07:55:56 +0000] "GET / HTTP/1.1" 200 29627 "-" "Mozilla/5.0 (Windows NT 10.0; Win64; x64; rv:123.0) Gecko/20100101 Firefox/123.0"
203.18.218.151 - - [18/Apr/2026:07:56:15 +0000] "GET / HTTP/1.1" 200 29627 "-" "Mozilla/5.0 (X11; Linux x86_64) AppleWebKit/537.36 Chrome/122.0.0.0 Safari/537.36"
203.18.218.151 - - [18/Apr/2026:07:57:14 +0000] "GET / HTTP/1.1" 200 29627 "-" "Mozilla/5.0 (X11; Linux x86_64) AppleWebKit/537.36 Chrome/122.0.0.0 Safari/537.36"
185.244.36.210 - - [18/Apr/2026:07:59:58 +0000] "POST /wp-cron.php?doing_wp_cron=1776499198.7561020851135253906250 HTTP/1.1" 200 0 "-" "WordPress/6.9.4; https://zd2game.pk"
185.244.36.210 - - [18/Apr/2026:08:01:14 +0000] "POST /wp-cron.php?doing_wp_cron=1776499274.5375070571899414062500 HTTP/1.1" 200 0 "-" "WordPress/6.9.4; https://zd2game.pk"
185.244.36.210 - - [18/Apr/2026:08:07:02 +0000] "POST /wp-cron.php?doing_wp_cron=1776499622.7582490444183349609375 HTTP/1.1" 200 0 "-" "WordPress/6.9.4; https://zd2game.pk"
95.181.239.18 - - [18/Apr/2026:08:08:10 +0000] "POST /wp-login.php HTTP/1.1" 200 2240 "-" "Mozilla/5.0 (Windows NT 10.0; Win64; x64) AppleWebKit/537.36 Chrome/129.0.0.0 Safari/537.36"
185.244.36.210 - - [18/Apr/2026:08:09:02 +0000] "POST /wp-cron.php?doing_wp_cron=1776499742.6809089183807373046875 HTTP/1.1" 200 0 "-" "WordPress/6.9.4; https://zd2game.pk"
104.28.155.33 - - [18/Apr/2026:08:09:43 +0000] "POST /wp-login.php HTTP/1.1" 200 2240 "-" "Mozilla/5.0 (Windows NT 10.0; Win64; rv:143.0) Gecko/20100101 Firefox/143.0"
185.244.36.210 - - [18/Apr/2026:08:10:02 +0000] "POST /wp-cron.php?doing_wp_cron=1776499802.9582240581512451171875 HTTP/1.1" 200 0 "-" "WordPress/6.9.4; https://zd2game.pk"
185.244.36.210 - - [18/Apr/2026:08:12:02 +0000] "POST /wp-cron.php?doing_wp_cron=1776499922.8072800636291503906250 HTTP/1.1" 200 0 "-" "WordPress/6.9.4; https://zd2game.pk"
95.181.239.18 - - [18/Apr/2026:08:14:37 +0000] "POST /wp-login.php HTTP/1.1" 200 2240 "-" "Mozilla/5.0 (Windows NT 10.0; Win64; rv:143.0) Gecko/20100101 Firefox/143.0"
185.244.36.210 - - [18/Apr/2026:08:16:02 +0000] "POST /wp-cron.php?doing_wp_cron=1776500162.5398728847503662109375 HTTP/1.1" 200 0 "-" "WordPress/6.9.4; https://zd2game.pk"
192.210.186.8 - - [18/Apr/2026:08:13:32 +0000] "POST //xmlrpc.php HTTP/1.1" 200 401 "-" "Mozilla/5.0 (Windows NT 10.0; Win64; x64) AppleWebKit/537.36 (KHTML, like Gecko) Chrome/88.0.4240.193 Safari/537.36"
192.210.186.8 - - [18/Apr/2026:08:14:02 +0000] "POST //xmlrpc.php HTTP/1.1" 200 401 "-" "Mozilla/5.0 (Windows NT 10.0; Win64; x64) AppleWebKit/537.36 (KHTML, like Gecko) Chrome/88.0.4240.193 Safari/537.36"
185.244.36.210 - - [18/Apr/2026:08:15:03 +0000] "POST /wp-cron.php?doing_wp_cron=1776500103.3768739700317382812500 HTTP/1.1" 200 0 "-" "WordPress/6.9.4; https://zd2game.pk"
192.210.186.8 - - [18/Apr/2026:08:14:33 +0000] "POST //xmlrpc.php HTTP/1.1" 200 401 "-" "Mozilla/5.0 (Windows NT 10.0; Win64; x64) AppleWebKit/537.36 (KHTML, like Gecko) Chrome/88.0.4240.193 Safari/537.36"
192.210.186.8 - - [18/Apr/2026:08:15:03 +0000] "POST //xmlrpc.php HTTP/1.1" 200 401 "-" "Mozilla/5.0 (Windows NT 10.0; Win64; x64) AppleWebKit/537.36 (KHTML, like Gecko) Chrome/88.0.4240.193 Safari/537.36"
192.210.186.8 - - [18/Apr/2026:08:15:32 +0000] "POST //xmlrpc.php HTTP/1.1" 200 401 "-" "Mozilla/5.0 (Windows NT 10.0; Win64; x64) AppleWebKit/537.36 (KHTML, like Gecko) Chrome/88.0.4240.193 Safari/537.36"
192.210.186.8 - - [18/Apr/2026:08:16:02 +0000] "POST //xmlrpc.php HTTP/1.1" 200 401 "-" "Mozilla/5.0 (Windows NT 10.0; Win64; x64) AppleWebKit/537.36 (KHTML, like Gecko) Chrome/88.0.4240.193 Safari/537.36"
192.210.186.8 - - [18/Apr/2026:08:16:32 +0000] "POST //xmlrpc.php HTTP/1.1" 200 401 "-" "Mozilla/5.0 (Windows NT 10.0; Win64; x64) AppleWebKit/537.36 (KHTML, like Gecko) Chrome/88.0.4240.193 Safari/537.36"
192.210.186.8 - - [18/Apr/2026:08:17:03 +0000] "POST //xmlrpc.php HTTP/1.1" 200 401 "-" "Mozilla/5.0 (Windows NT 10.0; Win64; x64) AppleWebKit/537.36 (KHTML, like Gecko) Chrome/88.0.4240.193 Safari/537.36"
192.210.186.8 - - [18/Apr/2026:08:17:32 +0000] "POST //xmlrpc.php HTTP/1.1" 200 401 "-" "Mozilla/5.0 (Windows NT 10.0; Win64; x64) AppleWebKit/537.36 (KHTML, like Gecko) Chrome/88.0.4240.193 Safari/537.36"
192.210.186.8 - - [18/Apr/2026:08:18:03 +0000] "POST //xmlrpc.php HTTP/1.1" 200 401 "-" "Mozilla/5.0 (Windows NT 10.0; Win64; x64) AppleWebKit/537.36 (KHTML, like Gecko) Chrome/88.0.4240.193 Safari/537.36"
192.210.186.8 - - [18/Apr/2026:08:18:32 +0000] "POST //xmlrpc.php HTTP/1.1" 200 401 "-" "Mozilla/5.0 (Windows NT 10.0; Win64; x64) AppleWebKit/537.36 (KHTML, like Gecko) Chrome/88.0.4240.193 Safari/537.36"
192.210.186.8 - - [18/Apr/2026:08:19:02 +0000] "POST //xmlrpc.php HTTP/1.1" 200 401 "-" "Mozilla/5.0 (Windows NT 10.0; Win64; x64) AppleWebKit/537.36 (KHTML, like Gecko) Chrome/88.0.4240.193 Safari/537.36"
192.210.186.8 - - [18/Apr/2026:08:19:33 +0000] "POST //xmlrpc.php HTTP/1.1" 200 401 "-" "Mozilla/5.0 (Windows NT 10.0; Win64; x64) AppleWebKit/537.36 (KHTML, like Gecko) Chrome/88.0.4240.193 Safari/537.36"
192.210.186.8 - - [18/Apr/2026:08:20:02 +0000] "POST //xmlrpc.php HTTP/1.1" 200 401 "-" "Mozilla/5.0 (Windows NT 10.0; Win64; x64) AppleWebKit/537.36 (KHTML, like Gecko) Chrome/88.0.4240.193 Safari/537.36"
192.210.186.8 - - [18/Apr/2026:08:20:32 +0000] "POST //xmlrpc.php HTTP/1.1" 200 401 "-" "Mozilla/5.0 (Windows NT 10.0; Win64; x64) AppleWebKit/537.36 (KHTML, like Gecko) Chrome/88.0.4240.193 Safari/537.36"
185.244.36.210 - - [18/Apr/2026:08:19:02 +0000] "POST /wp-cron.php?doing_wp_cron=1776500342.8416690826416015625000 HTTP/1.1" 200 0 "-" "WordPress/6.9.4; https://zd2game.pk"
185.244.36.210 - - [18/Apr/2026:08:26:10 +0000] "POST /wp-cron.php?doing_wp_cron=1776500770.6786201000213623046875 HTTP/1.1" 200 0 "-" "WordPress/6.9.4; https://zd2game.pk"
185.244.36.210 - - [18/Apr/2026:08:28:57 +0000] "POST /wp-cron.php?doing_wp_cron=1776500937.3532938957214355468750 HTTP/1.1" 200 0 "-" "WordPress/6.9.4; https://zd2game.pk"
95.181.239.18 - - [18/Apr/2026:08:29:19 +0000] "POST /wp-login.php HTTP/1.1" 200 2240 "-" "Mozilla/5.0 (Windows NT 10.0; Win64; x64) AppleWebKit/537.36 Chrome/129.0.0.0 Safari/537.36"
185.244.36.210 - - [18/Apr/2026:08:34:33 +0000] "POST /wp-cron.php?doing_wp_cron=1776501273.0497210025787353515625 HTTP/1.1" 200 0 "-" "WordPress/6.9.4; https://zd2game.pk"
95.181.239.18 - - [18/Apr/2026:08:36:34 +0000] "POST /wp-login.php HTTP/1.1" 200 2240 "-" "Mozilla/5.0 (Windows NT 10.0; Win64; rv:143.0) Gecko/20100101 Firefox/143.0"
185.244.36.210 - - [18/Apr/2026:08:42:56 +0000] "POST /wp-cron.php?doing_wp_cron=1776501776.2481250762939453125000 HTTP/1.1" 200 0 "-" "WordPress/6.9.4; https://zd2game.pk"
45.148.10.245 - - [18/Apr/2026:08:43:20 +0000] "GET / HTTP/1.1" 301 0 "-" "Mozilla/5.0 (Windows NT 10.0; Win64; x64) AppleWebKit/537.36 (KHTML, like Gecko) Chrome/120.0.0.0 Safari/537.36"
45.148.10.245 - - [18/Apr/2026:08:43:20 +0000] "GET / HTTP/1.1" 200 29627 "https://www.zd2game.pk.millwin.org/" "Mozilla/5.0 (Windows NT 10.0; Win64; x64) AppleWebKit/537.36 (KHTML, like Gecko) Chrome/120.0.0.0 Safari/537.36"
95.181.239.18 - - [18/Apr/2026:08:43:34 +0000] "POST /wp-login.php HTTP/1.1" 200 2240 "-" "Mozilla/5.0 (Windows NT 10.0; Win64; rv:143.0) Gecko/20100101 Firefox/143.0"
185.244.36.210 - - [18/Apr/2026:08:46:53 +0000] "POST /wp-cron.php?doing_wp_cron=1776502013.6508541107177734375000 HTTP/1.1" 200 0 "-" "WordPress/6.9.4; https://zd2game.pk"
174.34.135.144 - - [18/Apr/2026:08:46:52 +0000] "POST /xmlrpc.php HTTP/2" 200 205 "-" "Mozilla/5.0 (Windows NT 6.3; WOW64; Trident/7.0; Touch; MATBJS; rv:11.0) like Gecko"
95.181.239.18 - - [18/Apr/2026:08:50:38 +0000] "POST /wp-login.php HTTP/1.1" 200 2240 "-" "Mozilla/5.0 (Windows NT 10.0; Win64; rv:143.0) Gecko/20100101 Firefox/143.0"
185.244.36.210 - - [18/Apr/2026:08:55:35 +0000] "POST /wp-cron.php?doing_wp_cron=1776502535.4841179847717285156250 HTTP/1.1" 200 0 "-" "WordPress/6.9.4; https://zd2game.pk"
203.86.234.32 - - [18/Apr/2026:08:55:34 +0000] "POST / HTTP/1.1" 200 29627 "-" "Mozilla/5.0 (Windows NT 10.0; Win64; x64) AppleWebKit/537.36 (KHTML, like Gecko) Chrome/141.0.0.0 Safari/537.36"
203.86.234.32 - - [18/Apr/2026:08:55:35 +0000] "POST /index.php HTTP/1.1" 200 29627 "-" "Mozilla/5.0 (Windows NT 10.0; Win64; x64) AppleWebKit/537.36 (KHTML, like Gecko) Chrome/141.0.0.0 Safari/537.36"
203.86.234.32 - - [18/Apr/2026:08:55:37 +0000] "POST /admin HTTP/1.1" 302 0 "-" "Mozilla/5.0 (Windows NT 10.0; Win64; x64) AppleWebKit/537.36 (KHTML, like Gecko) Chrome/141.0.0.0 Safari/537.36"
203.86.234.32 - - [18/Apr/2026:08:55:37 +0000] "GET /wp-admin/ HTTP/1.1" 302 0 "https://zd2game.pk:443/admin" "Mozilla/5.0 (Windows NT 10.0; Win64; x64) AppleWebKit/537.36 (KHTML, like Gecko) Chrome/141.0.0.0 Safari/537.36"
203.86.234.32 - - [18/Apr/2026:08:55:38 +0000] "GET /wp-login.php?redirect_to=https%3A%2F%2Fzd2game.pk%2Fwp-admin%2F&reauth=1 HTTP/1.1" 200 2102 "https://zd2game.pk/wp-admin/" "Mozilla/5.0 (Windows NT 10.0; Win64; x64) AppleWebKit/537.36 (KHTML, like Gecko) Chrome/141.0.0.0 Safari/537.36"
203.86.234.32 - - [18/Apr/2026:08:55:39 +0000] "POST /api HTTP/1.1" 404 21079 "-" "Mozilla/5.0 (Windows NT 10.0; Win64; x64) AppleWebKit/537.36 (KHTML, like Gecko) Chrome/141.0.0.0 Safari/537.36"
95.181.239.18 - - [18/Apr/2026:08:57:41 +0000] "POST /wp-login.php HTTP/1.1" 200 2240 "-" "Mozilla/5.0 (Macintosh; Intel Mac OS X 10_15_7) AppleWebKit/605.1.15 Version/17.0 Safari/605.1.15"
172.245.126.174 - - [18/Apr/2026:08:16:43 +0000] "POST /xmlrpc.php HTTP/2" 200 205 "-" "Mozilla/4.0 (compatible; MSIE 7.0; Windows NT 10.0; WOW64; Trident/7.0; .NET4.0C; .NET4.0E; .NET CLR 2.0.50727; .NET CLR 3.0.30729; .NET CLR 3.5.30729)"
185.244.36.210 - - [18/Apr/2026:08:17:03 +0000] "POST /wp-cron.php?doing_wp_cron=1776500223.1447091102600097656250 HTTP/1.1" 200 0 "-" "WordPress/6.9.4; https://zd2game.pk"
185.244.36.210 - - [18/Apr/2026:08:18:03 +0000] "POST /wp-cron.php?doing_wp_cron=1776500283.0864350795745849609375 HTTP/1.1" 200 0 "-" "WordPress/6.9.4; https://zd2game.pk"
104.28.155.33 - - [18/Apr/2026:08:18:06 +0000] "POST /wp-login.php HTTP/1.1" 200 2240 "-" "Mozilla/5.0 (Macintosh; Intel Mac OS X 10_15_7) AppleWebKit/605.1.15 Version/17.0 Safari/605.1.15"
185.244.36.210 - - [18/Apr/2026:08:20:02 +0000] "POST /wp-cron.php?doing_wp_cron=1776500402.6817250251770019531250 HTTP/1.1" 200 0 "-" "WordPress/6.9.4; https://zd2game.pk"
91.192.194.31 - - [18/Apr/2026:08:20:38 +0000] "GET /wp-login.php HTTP/2" 200 1865 "-" "Mozilla/4.0 (compatible; MSIE 7.0; Windows NT 10.0; WOW64; Trident/7.0; .NET4.0C; .NET4.0E)"
91.192.194.31 - - [18/Apr/2026:08:20:40 +0000] "POST /wp-login.php HTTP/2" 200 2002 "https://zd2game.pk/wp-login.php" "Mozilla/4.0 (compatible; MSIE 7.0; Windows NT 10.0; WOW64; Trident/7.0; .NET4.0C; .NET4.0E)"
185.244.36.210 - - [18/Apr/2026:08:21:02 +0000] "POST /wp-cron.php?doing_wp_cron=1776500462.8963611125946044921875 HTTP/1.1" 200 0 "-" "WordPress/6.9.4; https://zd2game.pk"
95.181.239.18 - - [18/Apr/2026:08:21:20 +0000] "POST /wp-login.php HTTP/1.1" 200 2240 "-" "Mozilla/5.0 (Windows NT 10.0; Win64; rv:143.0) Gecko/20100101 Firefox/143.0"
104.28.155.33 - - [18/Apr/2026:08:26:10 +0000] "POST /wp-login.php HTTP/1.1" 200 2240 "-" "Mozilla/5.0 (Windows NT 10.0; Win64; rv:143.0) Gecko/20100101 Firefox/143.0"
85.202.160.65 - - [18/Apr/2026:08:28:56 +0000] "POST /xmlrpc.php HTTP/2" 200 205 "-" "Mozilla/5.0 (X11; CrOS x86_64 10452.99.0) AppleWebKit/537.36 (KHTML, like Gecko) Chrome/66.0.3359.203 Safari/537.36"
104.28.155.33 - - [18/Apr/2026:08:34:31 +0000] "POST /wp-login.php HTTP/1.1" 200 2240 "-" "Mozilla/5.0 (Windows NT 10.0; Win64; rv:143.0) Gecko/20100101 Firefox/143.0"
185.244.36.210 - - [18/Apr/2026:08:36:35 +0000] "POST /wp-cron.php?doing_wp_cron=1776501395.1692390441894531250000 HTTP/1.1" 200 0 "-" "WordPress/6.9.4; https://zd2game.pk"
185.244.36.210 - - [18/Apr/2026:08:40:50 +0000] "POST /wp-cron.php?doing_wp_cron=1776501650.7684071063995361328125 HTTP/1.1" 200 0 "-" "WordPress/6.9.4; https://zd2game.pk"
125.212.221.88 - - [18/Apr/2026:08:40:50 +0000] "POST /xmlrpc.php HTTP/2" 200 205 "-" "Mozilla/5.0 (Windows NT 6.1; WOW64; Trident/7.0; EIE10;ENUSMSE; rv:11.0) like Gecko"
104.28.155.33 - - [18/Apr/2026:08:42:55 +0000] "POST /wp-login.php HTTP/1.1" 200 2240 "-" "Mozilla/5.0 (Windows NT 10.0; Win64; rv:143.0) Gecko/20100101 Firefox/143.0"
185.244.36.210 - - [18/Apr/2026:08:50:39 +0000] "POST /wp-cron.php?doing_wp_cron=1776502239.4708991050720214843750 HTTP/1.1" 200 0 "-" "WordPress/6.9.4; https://zd2game.pk"
185.244.36.210 - - [18/Apr/2026:08:51:12 +0000] "POST /wp-cron.php?doing_wp_cron=1776502272.3715670108795166015625 HTTP/1.1" 200 0 "-" "WordPress/6.9.4; https://zd2game.pk"
104.28.155.33 - - [18/Apr/2026:08:51:30 +0000] "POST /wp-login.php HTTP/1.1" 200 2240 "-" "Mozilla/5.0 (Windows NT 10.0; Win64; rv:143.0) Gecko/20100101 Firefox/143.0"
185.244.36.210 - - [18/Apr/2026:08:52:46 +0000] "POST /wp-cron.php?doing_wp_cron=1776502366.5682370662689208984375 HTTP/1.1" 200 0 "-" "WordPress/6.9.4; https://zd2game.pk"
