95.65.89.221 - - [18/Apr/2026:08:52:45 +0000] "POST /xmlrpc.php HTTP/2" 200 205 "-" "Mozilla/5.0 (compatible; MSIE 9.0; Windows NT 10.0; WOW64; Trident/7.0)"
185.244.36.210 - - [18/Apr/2026:08:57:42 +0000] "POST /wp-cron.php?doing_wp_cron=1776502662.3661479949951171875000 HTTP/1.1" 200 0 "-" "WordPress/6.9.4; https://zd2game.pk"
159.100.13.237 - - [18/Apr/2026:08:58:36 +0000] "POST /xmlrpc.php HTTP/2" 200 205 "-" "Mozilla/4.0 (compatible; MSIE 7.0; Windows NT 6.2; WOW64; Trident/7.0; .NET4.0C; .NET4.0E)"
104.28.155.33 - - [18/Apr/2026:08:59:54 +0000] "POST /wp-login.php HTTP/1.1" 200 2240 "-" "Mozilla/5.0 (Windows NT 10.0; Win64; x64) AppleWebKit/537.36 Chrome/129.0.0.0 Safari/537.36"
91.227.37.60 - - [18/Apr/2026:09:03:58 +0000] "GET /wp-login.php HTTP/2" 200 1865 "-" "Mozilla/5.0 (Macintosh; Intel Mac OS X 10_13_1) AppleWebKit/604.3.1 (KHTML, like Gecko) Version/11.0.1 Safari/604.3.1"
91.227.37.60 - - [18/Apr/2026:09:04:04 +0000] "POST /wp-login.php HTTP/2" 200 2002 "https://zd2game.pk/wp-login.php" "Mozilla/5.0 (Macintosh; Intel Mac OS X 10_13_1) AppleWebKit/604.3.1 (KHTML, like Gecko) Version/11.0.1 Safari/604.3.1"
95.181.239.18 - - [18/Apr/2026:09:04:53 +0000] "POST /wp-login.php HTTP/1.1" 200 2240 "-" "Mozilla/5.0 (Windows NT 10.0; Win64; x64) AppleWebKit/537.36 Chrome/129.0.0.0 Safari/537.36"
104.28.155.33 - - [18/Apr/2026:09:08:28 +0000] "POST /wp-login.php HTTP/1.1" 200 2240 "-" "Mozilla/5.0 (Windows NT 10.0; Win64; x64) AppleWebKit/537.36 Chrome/129.0.0.0 Safari/537.36"
66.249.69.67 - - [18/Apr/2026:09:15:22 +0000] "GET / HTTP/1.1" 200 24837 "-" "Mozilla/5.0 (compatible; Googlebot/2.1; +http://www.google.com/bot.html)"
185.244.36.210 - - [18/Apr/2026:09:16:48 +0000] "POST /wp-cron.php?doing_wp_cron=1776503808.0866320133209228515625 HTTP/1.1" 200 0 "-" "WordPress/6.9.4; https://zd2game.pk"
104.28.155.33 - - [18/Apr/2026:09:16:47 +0000] "POST /wp-login.php HTTP/1.1" 200 2240 "-" "Mozilla/5.0 (Windows NT 10.0; Win64; x64) AppleWebKit/537.36 Chrome/129.0.0.0 Safari/537.36"
185.244.36.210 - - [18/Apr/2026:09:19:50 +0000] "POST /wp-cron.php?doing_wp_cron=1776503990.1668128967285156250000 HTTP/1.1" 200 0 "-" "WordPress/6.9.4; https://zd2game.pk"
185.244.36.210 - - [18/Apr/2026:09:24:49 +0000] "POST /wp-cron.php?doing_wp_cron=1776504289.3866579532623291015625 HTTP/1.1" 200 0 "-" "WordPress/6.9.4; https://zd2game.pk"
104.28.155.33 - - [18/Apr/2026:09:25:17 +0000] "POST /wp-login.php HTTP/1.1" 200 2240 "-" "Mozilla/5.0 (Windows NT 10.0; Win64; x64) AppleWebKit/537.36 Chrome/129.0.0.0 Safari/537.36"
68.178.173.85 - - [18/Apr/2026:09:31:30 +0000] "POST /xmlrpc.php HTTP/2" 200 205 "-" "Mozilla/5.0 (Windows NT 6.1; rv:61.0) Gecko/20100101 Firefox/61.0"
185.244.36.210 - - [18/Apr/2026:09:33:42 +0000] "POST /wp-cron.php?doing_wp_cron=1776504822.5490150451660156250000 HTTP/1.1" 200 0 "-" "WordPress/6.9.4; https://zd2game.pk"
95.181.239.18 - - [18/Apr/2026:09:35:03 +0000] "POST /wp-login.php HTTP/1.1" 200 2240 "-" "Mozilla/5.0 (Windows NT 10.0; Win64; rv:143.0) Gecko/20100101 Firefox/143.0"
95.181.239.18 - - [18/Apr/2026:09:42:49 +0000] "POST /wp-login.php HTTP/1.1" 200 2240 "-" "Mozilla/5.0 (Windows NT 10.0; Win64; x64) AppleWebKit/537.36 Chrome/129.0.0.0 Safari/537.36"
185.244.36.210 - - [18/Apr/2026:09:44:28 +0000] "POST /wp-cron.php?doing_wp_cron=1776505468.3436861038208007812500 HTTP/1.1" 200 0 "-" "WordPress/6.9.4; https://zd2game.pk"
106.63.26.6 - - [18/Apr/2026:09:46:50 +0000] "GET /wp-content/uploads/2026/04/cropped-ZD2Game.pk_-192x192.jpg HTTP/1.1" 200 4451 "-" "Mozilla/5.0 (Macintosh; Intel Mac OS X 10_15_7) AppleWebKit/537.36 (KHTML, like Gecko) Chrome/120.0.0.0 Safari/537.36 Edg/120.0.0.0"
185.244.36.210 - - [18/Apr/2026:09:48:21 +0000] "POST /wp-cron.php?doing_wp_cron=1776505701.4397449493408203125000 HTTP/1.1" 200 0 "-" "WordPress/6.9.4; https://zd2game.pk"
106.63.26.132 - - [18/Apr/2026:09:48:42 +0000] "GET /sitemap.xml HTTP/1.1" 301 0 "-" "Mozilla/5.0 (Macintosh; Intel Mac OS X 10_15_7) AppleWebKit/537.36 (KHTML, like Gecko) Chrome/120.0.0.0 Safari/537.36 Edg/120.0.0.0"
106.63.26.132 - - [18/Apr/2026:09:48:43 +0000] "GET /sitemap_index.xml HTTP/1.1" 200 289 "https://zd2game.pk/sitemap.xml" "Mozilla/5.0 (Macintosh; Intel Mac OS X 10_15_7) AppleWebKit/537.36 (KHTML, like Gecko) Chrome/120.0.0.0 Safari/537.36 Edg/120.0.0.0"
185.244.36.210 - - [18/Apr/2026:08:58:37 +0000] "POST /wp-cron.php?doing_wp_cron=1776502717.8652560710906982421875 HTTP/1.1" 200 0 "-" "WordPress/6.9.4; https://zd2game.pk"
185.244.36.210 - - [18/Apr/2026:08:59:54 +0000] "POST /wp-cron.php?doing_wp_cron=1776502794.7917299270629882812500 HTTP/1.1" 200 0 "-" "WordPress/6.9.4; https://zd2game.pk"
185.244.36.210 - - [18/Apr/2026:09:03:59 +0000] "POST /wp-cron.php?doing_wp_cron=1776503039.0538859367370605468750 HTTP/1.1" 200 0 "-" "WordPress/6.9.4; https://zd2game.pk"
185.244.36.210 - - [18/Apr/2026:09:08:29 +0000] "POST /wp-cron.php?doing_wp_cron=1776503309.7705819606781005859375 HTTP/1.1" 200 0 "-" "WordPress/6.9.4; https://zd2game.pk"
185.244.36.210 - - [18/Apr/2026:09:12:13 +0000] "POST /wp-cron.php?doing_wp_cron=1776503533.4735798835754394531250 HTTP/1.1" 200 0 "-" "WordPress/6.9.4; https://zd2game.pk"
95.181.239.18 - - [18/Apr/2026:09:12:12 +0000] "POST /wp-login.php HTTP/1.1" 200 2240 "-" "Mozilla/5.0 (Windows NT 10.0; Win64; rv:143.0) Gecko/20100101 Firefox/143.0"
185.244.36.210 - - [18/Apr/2026:09:15:23 +0000] "POST /wp-cron.php?doing_wp_cron=1776503723.1033198833465576171875 HTTP/1.1" 200 0 "-" "WordPress/6.9.4; https://zd2game.pk"
95.181.239.18 - - [18/Apr/2026:09:19:48 +0000] "POST /wp-login.php HTTP/1.1" 200 2240 "-" "Mozilla/5.0 (Windows NT 10.0; Win64; x64) AppleWebKit/537.36 Chrome/129.0.0.0 Safari/537.36"
66.102.135.126 - - [18/Apr/2026:09:24:47 +0000] "POST /xmlrpc.php HTTP/2" 200 205 "-" "Mozilla/5.0 (Windows NT 6.1; WOW64; rv:61.0) Gecko/20100101 Firefox/61.0"
185.244.36.210 - - [18/Apr/2026:09:25:18 +0000] "POST /wp-cron.php?doing_wp_cron=1776504318.9406139850616455078125 HTTP/1.1" 200 0 "-" "WordPress/6.9.4; https://zd2game.pk"
185.244.36.210 - - [18/Apr/2026:09:27:28 +0000] "POST /wp-cron.php?doing_wp_cron=1776504448.8199589252471923828125 HTTP/1.1" 200 0 "-" "WordPress/6.9.4; https://zd2game.pk"
95.181.239.18 - - [18/Apr/2026:09:27:28 +0000] "POST /wp-login.php HTTP/1.1" 200 2240 "-" "Mozilla/5.0 (Windows NT 10.0; Win64; rv:143.0) Gecko/20100101 Firefox/143.0"
185.244.36.210 - - [18/Apr/2026:09:31:31 +0000] "POST /wp-cron.php?doing_wp_cron=1776504691.8458390235900878906250 HTTP/1.1" 200 0 "-" "WordPress/6.9.4; https://zd2game.pk"
104.28.155.33 - - [18/Apr/2026:09:33:41 +0000] "POST /wp-login.php HTTP/1.1" 200 2240 "-" "Mozilla/5.0 (Macintosh; Intel Mac OS X 10_15_7) AppleWebKit/605.1.15 Version/17.0 Safari/605.1.15"
185.244.36.210 - - [18/Apr/2026:09:35:04 +0000] "POST /wp-cron.php?doing_wp_cron=1776504904.4382910728454589843750 HTTP/1.1" 200 0 "-" "WordPress/6.9.4; https://zd2game.pk"
185.244.36.210 - - [18/Apr/2026:09:42:03 +0000] "POST /wp-cron.php?doing_wp_cron=1776505323.3080210685729980468750 HTTP/1.1" 200 0 "-" "WordPress/6.9.4; https://zd2game.pk"
104.28.155.33 - - [18/Apr/2026:09:42:02 +0000] "POST /wp-login.php HTTP/1.1" 200 2240 "-" "Mozilla/5.0 (Macintosh; Intel Mac OS X 10_15_7) AppleWebKit/605.1.15 Version/17.0 Safari/605.1.15"
5.104.84.136 - - [18/Apr/2026:09:44:27 +0000] "POST /xmlrpc.php HTTP/2" 200 205 "-" "Mozilla/5.0 (Windows NT 6.1; WOW64; Trident/7.0; apetito Gruppe; rv:11.0) like Gecko"
106.63.26.140 - - [18/Apr/2026:09:46:48 +0000] "GET / HTTP/1.1" 200 27660 "http://zd2game.pk/" "Mozilla/5.0 (Macintosh; Intel Mac OS X 10_15_7) AppleWebKit/537.36 (KHTML, like Gecko) Chrome/120.0.0.0 Safari/537.36 Edg/120.0.0.0"
106.63.26.155 - - [18/Apr/2026:09:48:21 +0000] "GET / HTTP/1.1" 200 92566 "-" "Mozilla/5.0 (Macintosh; Intel Mac OS X 10_15_7) AppleWebKit/537.36 (KHTML, like Gecko) Chrome/120.0.0.0 Safari/537.36 Edg/120.0.0.0"
106.63.26.28 - - [18/Apr/2026:09:48:39 +0000] "GET /wp-content/uploads/2026/04/cropped-ZD2Game.pk_-192x192.jpg HTTP/1.1" 200 4451 "-" "Mozilla/5.0 (Macintosh; Intel Mac OS X 10_15_7) AppleWebKit/537.36 (KHTML, like Gecko) Chrome/120.0.0.0 Safari/537.36 Edg/120.0.0.0"
106.63.26.149 - - [18/Apr/2026:09:48:41 +0000] "GET /robots.txt HTTP/1.1" 200 110 "-" "Mozilla/5.0 (Macintosh; Intel Mac OS X 10_15_7) AppleWebKit/537.36 (KHTML, like Gecko) Chrome/120.0.0.0 Safari/537.36 Edg/120.0.0.0"
185.244.36.210 - - [18/Apr/2026:09:48:51 +0000] "POST /wp-cron.php?doing_wp_cron=1776505731.7738769054412841796875 HTTP/1.1" 200 0 "-" "WordPress/6.9.4; https://zd2game.pk"
106.63.26.21 - - [18/Apr/2026:09:48:51 +0000] "GET /config.json HTTP/1.1" 404 19103 "-" "Mozilla/5.0 (Macintosh; Intel Mac OS X 10_7_0) AppleWebKit/535.11 (KHTML, like Gecko) Chrome/17.0.963.56 Safari/535.11"
106.63.26.133 - - [18/Apr/2026:09:49:22 +0000] "GET /wp-content/plugins/*\",\"/readme.txt HTTP/1.1" 404 19103 "-" "Mozilla/5.0 (X11; Linux x86_64; rv:1.9.6.20) Gecko/6767-04-04 10:44:55.809082 Firefox/3.8"
106.63.26.20 - - [18/Apr/2026:09:49:38 +0000] "GET /wp-content/plugins/ultimate-blocks/readme.txt HTTP/1.1" 200 6776 "-" "Mozilla/5.0 (X11; Linux x86_64; rv:1.9.6.20) Gecko/6767-04-04 10:44:55.809082 Firefox/3.8"
106.63.26.28 - - [18/Apr/2026:09:49:52 +0000] "GET /wp-content/themes/generatepress/readme.txt HTTP/1.1" 200 6153 "-" "Mozilla/5.0 (X11; Linux x86_64; rv:1.9.6.20) Gecko/6767-04-04 10:44:55.809082 Firefox/3.8"
104.28.155.33 - - [18/Apr/2026:09:50:30 +0000] "POST /wp-login.php HTTP/1.1" 200 2240 "-" "Mozilla/5.0 (Windows NT 10.0; Win64; x64) AppleWebKit/537.36 Chrome/129.0.0.0 Safari/537.36"
95.181.239.18 - - [18/Apr/2026:09:50:40 +0000] "POST /wp-login.php HTTP/1.1" 200 2240 "-" "Mozilla/5.0 (Windows NT 10.0; Win64; rv:143.0) Gecko/20100101 Firefox/143.0"
124.109.40.50 - - [18/Apr/2026:09:52:43 +0000] "GET /readme.txt HTTP/2" 200 46 "-" "Mozilla/5.0 (Windows NT 10.0; Win64; x64) AppleWebKit/537.36 (KHTML, like Gecko) Chrome/147.0.0.0 Safari/537.36 Edg/147.0.0.0"
124.109.40.50 - - [18/Apr/2026:09:52:44 +0000] "GET /favicon.ico HTTP/2" 404 796 "https://zd2game.pk/readme.txt" "Mozilla/5.0 (Windows NT 10.0; Win64; x64) AppleWebKit/537.36 (KHTML, like Gecko) Chrome/147.0.0.0 Safari/537.36 Edg/147.0.0.0"
185.244.36.210 - - [18/Apr/2026:09:58:35 +0000] "POST /wp-cron.php?doing_wp_cron=1776506315.1427268981933593750000 HTTP/1.1" 200 0 "-" "WordPress/6.9.4; https://zd2game.pk"
95.181.239.18 - - [18/Apr/2026:09:58:34 +0000] "POST /wp-login.php HTTP/1.1" 200 2240 "-" "Mozilla/5.0 (Windows NT 10.0; Win64; x64) AppleWebKit/537.36 Chrome/129.0.0.0 Safari/537.36"
185.244.36.210 - - [18/Apr/2026:10:00:22 +0000] "POST /wp-cron.php?doing_wp_cron=1776506422.5540149211883544921875 HTTP/1.1" 200 0 "-" "WordPress/6.9.4; https://zd2game.pk"
34.23.42.151 - - [18/Apr/2026:10:00:21 +0000] "POST /xmlrpc.php HTTP/2" 200 205 "-" "Mozilla/5.0 (Macintosh; Intel Mac OS X 10_12_3) AppleWebKit/602.4.8 (KHTML, like Gecko) Version/10.0.3 Safari/602.4.8"
213.133.103.134 - - [18/Apr/2026:10:05:45 +0000] "GET /wp-login.php HTTP/2" 200 1865 "-" "Mozilla/5.0 (Windows NT 10.0) AppleWebKit/537.36 (KHTML, like Gecko) Chrome/67.0.3396.79 Safari/537.36"
213.133.103.134 - - [18/Apr/2026:10:05:48 +0000] "POST /wp-login.php HTTP/2" 200 2002 "https://zd2game.pk/wp-login.php" "Mozilla/5.0 (Windows NT 10.0) AppleWebKit/537.36 (KHTML, like Gecko) Chrome/67.0.3396.79 Safari/537.36"
185.244.36.210 - - [18/Apr/2026:10:06:39 +0000] "POST /wp-cron.php?doing_wp_cron=1776506799.9064729213714599609375 HTTP/1.1" 200 0 "-" "WordPress/6.9.4; https://zd2game.pk"
185.244.36.210 - - [18/Apr/2026:10:07:32 +0000] "POST /wp-cron.php?doing_wp_cron=1776506852.1851520538330078125000 HTTP/1.1" 200 0 "-" "WordPress/6.9.4; https://zd2game.pk"
104.28.155.33 - - [18/Apr/2026:10:07:30 +0000] "POST /wp-login.php HTTP/1.1" 200 2240 "-" "Mozilla/5.0 (Windows NT 10.0; Win64; rv:143.0) Gecko/20100101 Firefox/143.0"
185.244.36.210 - - [18/Apr/2026:10:13:09 +0000] "POST /wp-cron.php?doing_wp_cron=1776507189.8441729545593261718750 HTTP/1.1" 200 0 "-" "WordPress/6.9.4; https://zd2game.pk"
34.23.42.151 - - [18/Apr/2026:10:13:09 +0000] "GET /wp-login.php HTTP/2" 200 1865 "-" "Mozilla/5.0 (Windows NT 6.3; Win64; x64; Trident/7.0; Touch; LCJB; rv:11.0) like Gecko"
34.23.42.151 - - [18/Apr/2026:10:13:11 +0000] "POST /wp-login.php HTTP/2" 200 2002 "https://zd2game.pk/wp-login.php" "Mozilla/5.0 (Windows NT 6.3; Win64; x64; Trident/7.0; Touch; LCJB; rv:11.0) like Gecko"
185.244.36.210 - - [18/Apr/2026:09:49:22 +0000] "POST /wp-cron.php?doing_wp_cron=1776505762.9796340465545654296875 HTTP/1.1" 200 0 "-" "WordPress/6.9.4; https://zd2game.pk"
185.244.36.210 - - [18/Apr/2026:09:50:09 +0000] "POST /wp-cron.php?doing_wp_cron=1776505809.5899519920349121093750 HTTP/1.1" 200 0 "-" "WordPress/6.9.4; https://zd2game.pk"
124.109.40.50 - - [18/Apr/2026:09:55:32 +0000] "GET /readme.txt HTTP/1.1" 200 46 "-" "WhatsApp/2.2613.101 W"
185.244.36.210 - - [18/Apr/2026:09:59:04 +0000] "POST /wp-cron.php?doing_wp_cron=1776506344.5402960777282714843750 HTTP/1.1" 200 0 "-" "WordPress/6.9.4; https://zd2game.pk"
104.28.155.33 - - [18/Apr/2026:09:59:03 +0000] "POST /wp-login.php HTTP/1.1" 200 2240 "-" "Mozilla/5.0 (Windows NT 10.0; Win64; rv:143.0) Gecko/20100101 Firefox/143.0"
185.244.36.210 - - [18/Apr/2026:10:05:02 +0000] "POST /wp-cron.php?doing_wp_cron=1776506702.7814369201660156250000 HTTP/1.1" 200 0 "-" "WordPress/6.9.4; https://zd2game.pk"
95.181.239.18 - - [18/Apr/2026:10:06:39 +0000] "POST /wp-login.php HTTP/1.1" 200 2240 "-" "Mozilla/5.0 (Macintosh; Intel Mac OS X 10_15_7) AppleWebKit/605.1.15 Version/17.0 Safari/605.1.15"
185.244.36.210 - - [18/Apr/2026:10:14:51 +0000] "POST /wp-cron.php?doing_wp_cron=1776507291.1988739967346191406250 HTTP/1.1" 200 0 "-" "WordPress/6.9.4; https://zd2game.pk"
95.181.239.18 - - [18/Apr/2026:10:14:50 +0000] "POST /wp-login.php HTTP/1.1" 200 2240 "-" "Mozilla/5.0 (Windows NT 10.0; Win64; x64) AppleWebKit/537.36 Chrome/129.0.0.0 Safari/537.36"
185.244.36.210 - - [18/Apr/2026:10:16:12 +0000] "POST /wp-cron.php?doing_wp_cron=1776507372.7956531047821044921875 HTTP/1.1" 200 0 "-" "WordPress/6.9.4; https://zd2game.pk"
45.159.228.113 - - [18/Apr/2026:10:20:09 +0000] "GET /wp-login.php HTTP/2" 200 1865 "-" "Mozilla/5.0 (Windows NT 6.1; Win64; x64) AppleWebKit/537.36 (KHTML, like Gecko) Chrome/65.0.3325.146 Safari/537.36"
45.159.228.113 - - [18/Apr/2026:10:20:10 +0000] "POST /wp-login.php HTTP/2" 200 2002 "https://zd2game.pk/wp-login.php" "Mozilla/5.0 (Windows NT 6.1; Win64; x64) AppleWebKit/537.36 (KHTML, like Gecko) Chrome/65.0.3325.146 Safari/537.36"
185.244.36.210 - - [18/Apr/2026:10:21:11 +0000] "POST /wp-cron.php?doing_wp_cron=1776507671.0704669952392578125000 HTTP/1.1" 200 0 "-" "WordPress/6.9.4; https://zd2game.pk"
213.133.103.134 - - [18/Apr/2026:10:21:51 +0000] "POST /xmlrpc.php HTTP/2" 200 205 "-" "Mozilla/5.0 (Windows NT 10.0; Win64; x64) AppleWebKit/537.36 (KHTML, like Gecko) Chrome/64.0.3282.186 Safari/537.36 OPR/51.0.2830.55"
104.28.155.33 - - [18/Apr/2026:10:24:33 +0000] "POST /wp-login.php HTTP/1.1" 200 2240 "-" "Mozilla/5.0 (Windows NT 10.0; Win64; x64) AppleWebKit/537.36 Chrome/129.0.0.0 Safari/537.36"
185.244.36.210 - - [18/Apr/2026:10:25:08 +0000] "POST /wp-cron.php?doing_wp_cron=1776507908.6695070266723632812500 HTTP/1.1" 200 0 "-" "WordPress/6.9.4; https://zd2game.pk"
95.181.239.18 - - [18/Apr/2026:10:32:06 +0000] "POST /wp-login.php HTTP/1.1" 200 2240 "-" "Mozilla/5.0 (Windows NT 10.0; Win64; rv:143.0) Gecko/20100101 Firefox/143.0"
104.28.155.33 - - [18/Apr/2026:10:33:07 +0000] "POST /wp-login.php HTTP/1.1" 200 2240 "-" "Mozilla/5.0 (Macintosh; Intel Mac OS X 10_15_7) AppleWebKit/605.1.15 Version/17.0 Safari/605.1.15"
185.244.36.210 - - [18/Apr/2026:10:43:06 +0000] "POST /wp-cron.php?doing_wp_cron=1776508986.6622550487518310546875 HTTP/1.1" 200 0 "-" "WordPress/6.9.4; https://zd2game.pk"
185.244.36.210 - - [18/Apr/2026:11:00:24 +0000] "POST /wp-cron.php?doing_wp_cron=1776510024.4101760387420654296875 HTTP/1.1" 200 0 "-" "WordPress/6.9.4; https://zd2game.pk"
167.99.144.69 - - [18/Apr/2026:11:03:27 +0000] "GET /favicon.ico HTTP/1.1" 403 787 "https://cpcontacts.zd2game.pk/" "Mozilla/5.0 (X11; Linux x86_64; rv:142.0) Gecko/20100101 Firefox/142.0"
185.244.36.210 - - [18/Apr/2026:11:06:17 +0000] "POST /wp-cron.php?doing_wp_cron=1776510377.3826470375061035156250 HTTP/1.1" 200 0 "-" "WordPress/6.9.4; https://zd2game.pk"
104.28.155.33 - - [18/Apr/2026:10:16:12 +0000] "POST /wp-login.php HTTP/1.1" 200 2240 "-" "Mozilla/5.0 (Windows NT 10.0; Win64; x64) AppleWebKit/537.36 Chrome/129.0.0.0 Safari/537.36"
185.244.36.210 - - [18/Apr/2026:10:20:09 +0000] "POST /wp-cron.php?doing_wp_cron=1776507609.8905251026153564453125 HTTP/1.1" 200 0 "-" "WordPress/6.9.4; https://zd2game.pk"
185.244.36.210 - - [18/Apr/2026:10:23:30 +0000] "POST /wp-cron.php?doing_wp_cron=1776507810.5011110305786132812500 HTTP/1.1" 200 0 "-" "WordPress/6.9.4; https://zd2game.pk"
95.181.239.18 - - [18/Apr/2026:10:23:29 +0000] "POST /wp-login.php HTTP/1.1" 200 2240 "-" "Mozilla/5.0 (Macintosh; Intel Mac OS X 10_15_7) AppleWebKit/605.1.15 Version/17.0 Safari/605.1.15"
185.244.36.210 - - [18/Apr/2026:10:24:34 +0000] "POST /wp-cron.php?doing_wp_cron=1776507874.1947040557861328125000 HTTP/1.1" 200 0 "-" "WordPress/6.9.4; https://zd2game.pk"
185.244.36.210 - - [18/Apr/2026:10:32:07 +0000] "POST /wp-cron.php?doing_wp_cron=1776508327.0941400527954101562500 HTTP/1.1" 200 0 "-" "WordPress/6.9.4; https://zd2game.pk"
185.244.36.210 - - [18/Apr/2026:10:33:07 +0000] "POST /wp-cron.php?doing_wp_cron=1776508387.9666988849639892578125 HTTP/1.1" 200 0 "-" "WordPress/6.9.4; https://zd2game.pk"
185.244.36.210 - - [18/Apr/2026:10:34:55 +0000] "POST /wp-cron.php?doing_wp_cron=1776508495.8149440288543701171875 HTTP/1.1" 200 0 "-" "WordPress/6.9.4; https://zd2game.pk"
134.68.51.7 - - [18/Apr/2026:10:34:55 +0000] "GET /wp-login.php HTTP/2" 200 1865 "-" "Mozilla/5.0 (Windows NT 6.2; Win64; x64) AppleWebKit/537.36 (KHTML, like Gecko) Chrome/58.0.3029.110 Safari/537.36 Edge/16.16299"
134.68.51.7 - - [18/Apr/2026:10:34:56 +0000] "POST /wp-login.php HTTP/2" 200 2002 "https://zd2game.pk/wp-login.php" "Mozilla/5.0 (Windows NT 6.2; Win64; x64) AppleWebKit/537.36 (KHTML, like Gecko) Chrome/58.0.3029.110 Safari/537.36 Edge/16.16299"
185.244.36.210 - - [18/Apr/2026:10:41:38 +0000] "POST /wp-cron.php?doing_wp_cron=1776508898.2465379238128662109375 HTTP/1.1" 200 0 "-" "WordPress/6.9.4; https://zd2game.pk"
104.28.155.33 - - [18/Apr/2026:10:41:37 +0000] "POST /wp-login.php HTTP/1.1" 200 2240 "-" "Mozilla/5.0 (Windows NT 10.0; Win64; x64) AppleWebKit/537.36 Chrome/129.0.0.0 Safari/537.36"
185.244.36.210 - - [18/Apr/2026:10:42:17 +0000] "POST /wp-cron.php?doing_wp_cron=1776508937.8042559623718261718750 HTTP/1.1" 200 0 "-" "WordPress/6.9.4; https://zd2game.pk"
95.181.239.18 - - [18/Apr/2026:10:42:16 +0000] "POST /wp-login.php HTTP/1.1" 200 2240 "-" "Mozilla/5.0 (Windows NT 10.0; Win64; rv:143.0) Gecko/20100101 Firefox/143.0"
50.171.242.197 - - [18/Apr/2026:10:43:06 +0000] "POST /xmlrpc.php HTTP/2" 200 205 "-" "Mozilla/5.0 (Windows NT 6.3; Win64; x64; Trident/7.0; Touch; MATBJS; rv:11.0) like Gecko"
185.244.36.210 - - [18/Apr/2026:10:50:11 +0000] "POST /wp-cron.php?doing_wp_cron=1776509411.6874051094055175781250 HTTP/1.1" 200 0 "-" "WordPress/6.9.4; https://zd2game.pk"
104.28.155.33 - - [18/Apr/2026:10:50:11 +0000] "POST /wp-login.php HTTP/1.1" 200 2240 "-" "Mozilla/5.0 (Windows NT 10.0; Win64; rv:143.0) Gecko/20100101 Firefox/143.0"
185.244.36.210 - - [18/Apr/2026:10:51:12 +0000] "POST /wp-cron.php?doing_wp_cron=1776509472.2881290912628173828125 HTTP/1.1" 200 0 "-" "WordPress/6.9.4; https://zd2game.pk"
95.181.239.18 - - [18/Apr/2026:10:51:11 +0000] "POST /wp-login.php HTTP/1.1" 200 2240 "-" "Mozilla/5.0 (Macintosh; Intel Mac OS X 10_15_7) AppleWebKit/605.1.15 Version/17.0 Safari/605.1.15"
95.181.239.18 - - [18/Apr/2026:11:00:24 +0000] "POST /wp-login.php HTTP/1.1" 200 2240 "-" "Mozilla/5.0 (Windows NT 10.0; Win64; rv:143.0) Gecko/20100101 Firefox/143.0"
167.99.144.69 - - [18/Apr/2026:11:03:25 +0000] "GET / HTTP/1.1" 403 787 "-" "Mozilla/5.0 (X11; Linux x86_64; rv:142.0) Gecko/20100101 Firefox/142.0"
95.181.239.18 - - [18/Apr/2026:11:09:33 +0000] "POST /wp-login.php HTTP/1.1" 200 2240 "-" "Mozilla/5.0 (Windows NT 10.0; Win64; rv:143.0) Gecko/20100101 Firefox/143.0"
149.57.180.49 - - [18/Apr/2026:11:06:16 +0000] "GET / HTTP/1.1" 200 27660 "-" "Mozilla/5.0 (X11; Linux i686; rv:109.0) Gecko/20100101 Firefox/120.0"
185.244.36.210 - - [18/Apr/2026:11:09:33 +0000] "POST /wp-cron.php?doing_wp_cron=1776510573.6666920185089111328125 HTTP/1.1" 200 0 "-" "WordPress/6.9.4; https://zd2game.pk"
185.244.36.210 - - [18/Apr/2026:11:18:35 +0000] "POST /wp-cron.php?doing_wp_cron=1776511115.0895950794219970703125 HTTP/1.1" 200 0 "-" "WordPress/6.9.4; https://zd2game.pk"
185.244.36.210 - - [18/Apr/2026:11:27:37 +0000] "POST /wp-cron.php?doing_wp_cron=1776511657.8695540428161621093750 HTTP/1.1" 200 0 "-" "WordPress/6.9.4; https://zd2game.pk"
95.181.239.18 - - [18/Apr/2026:11:27:37 +0000] "POST /wp-login.php HTTP/1.1" 200 2240 "-" "Mozilla/5.0 (Windows NT 10.0; Win64; x64) AppleWebKit/537.36 Chrome/129.0.0.0 Safari/537.36"
38.7.152.34 - - [18/Apr/2026:11:27:45 +0000] "POST /xmlrpc.php HTTP/2" 200 205 "-" "Mozilla/5.0 (Windows NT 6.2; ARM; Trident/7.0; Touch; rv:11.0; WPDesktop; NOKIA; Lumia 1520) like Gecko"
62.77.224.108 - - [18/Apr/2026:11:41:05 +0000] "POST /xmlrpc.php HTTP/2" 200 0 "-" "Mozilla/4.0 (compatible; MSIE 7.0; Windows NT 6.2; WOW64; Trident/7.0; .NET4.0C; .NET4.0E; .NET CLR 2.0.50727; .NET CLR 3.0.30729; .NET CLR 3.5.30729; InfoPath.2)"
185.244.36.210 - - [18/Apr/2026:11:47:26 +0000] "POST /wp-cron.php?doing_wp_cron=1776512846.3963439464569091796875 HTTP/1.1" 200 0 "-" "WordPress/6.9.4; https://zd2game.pk"
103.100.38.132 - - [18/Apr/2026:11:47:25 +0000] "POST /xmlrpc.php HTTP/2" 200 205 "-" "Mozilla/4.0 (compatible; MSIE 7.0; Windows NT 6.1; WOW64; Trident/7.0; SLCC2; .NET CLR 2.0.50727; .NET CLR 3.5.30729; .NET CLR 3.0.30729; .NET4.0C; .NET4.0E)"
91.227.37.60 - - [18/Apr/2026:11:58:16 +0000] "POST /xmlrpc.php HTTP/2" 200 205 "-" "Mozilla/5.0 (Windows NT 10.0; Win64; x64) AppleWebKit/537.36 (KHTML, like Gecko) Chrome/67.0.3396.87 Safari/537.36"
185.244.36.210 - - [18/Apr/2026:12:04:59 +0000] "POST /wp-cron.php?doing_wp_cron=1776513899.9870259761810302734375 HTTP/1.1" 200 0 "-" "WordPress/6.9.4; https://zd2game.pk"
185.244.36.210 - - [18/Apr/2026:12:13:38 +0000] "POST /wp-cron.php?doing_wp_cron=1776514418.9805810451507568359375 HTTP/1.1" 200 0 "-" "WordPress/6.9.4; https://zd2game.pk"
185.244.36.210 - - [18/Apr/2026:12:15:31 +0000] "POST /wp-cron.php?doing_wp_cron=1776514531.2771608829498291015625 HTTP/1.1" 200 0 "-" "WordPress/6.9.4; https://zd2game.pk"
66.102.135.126 - - [18/Apr/2026:12:26:41 +0000] "GET /wp-login.php HTTP/2" 200 1865 "-" "Mozilla/5.0 (Windows NT 6.1; WOW64; Trident/7.0; MATP; MATP; rv:11.0) like Gecko"
66.102.135.126 - - [18/Apr/2026:12:26:46 +0000] "POST /wp-login.php HTTP/2" 200 2002 "https://zd2game.pk/wp-login.php" "Mozilla/5.0 (Windows NT 6.1; WOW64; Trident/7.0; MATP; MATP; rv:11.0) like Gecko"
185.244.36.210 - - [18/Apr/2026:12:27:36 +0000] "POST /wp-cron.php?doing_wp_cron=1776515256.9140079021453857421875 HTTP/1.1" 200 0 "-" "WordPress/6.9.4; https://zd2game.pk"
159.100.13.237 - - [18/Apr/2026:12:27:36 +0000] "POST /xmlrpc.php HTTP/2" 200 205 "-" "Mozilla/5.0 (Windows NT 6.1; WOW64; Trident/7.0; ATT-IE11; rv:11.0) like Gecko"
199.244.88.229 - - [18/Apr/2026:12:39:18 +0000] "GET / HTTP/2" 200 27660 "http://zd2game.pk" "Mozilla/5.0 (X11; Linux x86_64) AppleWebKit/537.36 (KHTML, like Gecko) Chrome/105.0.0.0 Safari/537.36"
125.212.221.88 - - [18/Apr/2026:12:52:57 +0000] "POST /xmlrpc.php HTTP/2" 200 205 "-" "Mozilla/5.0 (Windows NT 5.1; Win64; x64) AppleWebKit/537.36 (KHTML, like Gecko) Chrome/58.0.3029.110 Safari/537.36 Edge/16.16299"
185.244.36.210 - - [18/Apr/2026:12:59:09 +0000] "POST /wp-cron.php?doing_wp_cron=1776517149.5807590484619140625000 HTTP/1.1" 200 0 "-" "WordPress/6.9.4; https://zd2game.pk"
103.35.120.190 - - [18/Apr/2026:12:59:09 +0000] "POST /xmlrpc.php HTTP/2" 200 205 "-" "Mozilla/5.0 (Windows NT 6.3; rv:60.0) Gecko/20100101 Firefox/60.0"
185.244.36.210 - - [18/Apr/2026:13:03:23 +0000] "POST /wp-cron.php?doing_wp_cron=1776517403.6548221111297607421875 HTTP/1.1" 200 0 "-" "WordPress/6.9.4; https://zd2game.pk"
82.165.124.144 - - [18/Apr/2026:13:03:23 +0000] "GET /wp-login.php HTTP/2" 200 1865 "-" "Mozilla/5.0 (Windows NT 6.3; Win64; x64; rv:60.0) Gecko/20100101 Firefox/60.0"
95.181.239.18 - - [18/Apr/2026:11:18:34 +0000] "POST /wp-login.php HTTP/1.1" 200 2240 "-" "Mozilla/5.0 (Windows NT 10.0; Win64; x64) AppleWebKit/537.36 Chrome/129.0.0.0 Safari/537.36"
185.244.36.210 - - [18/Apr/2026:11:48:27 +0000] "POST /wp-cron.php?doing_wp_cron=1776512907.4852271080017089843750 HTTP/1.1" 200 0 "-" "WordPress/6.9.4; https://zd2game.pk"
185.244.36.210 - - [18/Apr/2026:11:58:17 +0000] "POST /wp-cron.php?doing_wp_cron=1776513497.2249579429626464843750 HTTP/1.1" 200 0 "-" "WordPress/6.9.4; https://zd2game.pk"
185.193.67.122 - - [18/Apr/2026:12:04:59 +0000] "GET /wp-login.php HTTP/2" 200 1865 "-" "Mozilla/5.0 (Windows NT 10.0; WOW64; Trident/7.0; LCTE; rv:11.0) like Gecko"
185.193.67.122 - - [18/Apr/2026:12:05:00 +0000] "POST /wp-login.php HTTP/2" 200 2002 "https://zd2game.pk/wp-login.php" "Mozilla/5.0 (Windows NT 10.0; WOW64; Trident/7.0; LCTE; rv:11.0) like Gecko"
34.75.78.49 - - [18/Apr/2026:12:15:30 +0000] "POST /xmlrpc.php HTTP/2" 200 205 "-" "Mozilla/5.0 (Windows NT 10.0; Win64; x64) AppleWebKit/537.36 (KHTML, like Gecko) Chrome/65.0.3325.181 Safari/537.36"
185.244.36.210 - - [18/Apr/2026:12:26:42 +0000] "POST /wp-cron.php?doing_wp_cron=1776515202.1193070411682128906250 HTTP/1.1" 200 0 "-" "WordPress/6.9.4; https://zd2game.pk"
202.83.161.170 - - [18/Apr/2026:12:29:40 +0000] "GET /readme.txt HTTP/2" 200 46 "-" "Mozilla/5.0 (Windows NT 10.0; Win64; x64) AppleWebKit/537.36 (KHTML, like Gecko) Chrome/147.0.0.0 Safari/537.36"
202.83.161.170 - - [18/Apr/2026:12:29:40 +0000] "GET /favicon.ico HTTP/2" 404 796 "https://zd2game.pk/readme.txt" "Mozilla/5.0 (Windows NT 10.0; Win64; x64) AppleWebKit/537.36 (KHTML, like Gecko) Chrome/147.0.0.0 Safari/537.36"
185.244.36.210 - - [18/Apr/2026:12:52:57 +0000] "POST /wp-cron.php?doing_wp_cron=1776516777.4427900314331054687500 HTTP/1.1" 200 0 "-" "WordPress/6.9.4; https://zd2game.pk"
185.244.36.210 - - [18/Apr/2026:13:00:48 +0000] "POST /wp-cron.php?doing_wp_cron=1776517248.9816539287567138671875 HTTP/1.1" 200 0 "-" "WordPress/6.9.4; https://zd2game.pk"
103.230.156.120 - - [18/Apr/2026:13:19:02 +0000] "POST /xmlrpc.php HTTP/2" 200 205 "-" "Mozilla/5.0 (Macintosh; Intel Mac OS X 10_11_6) AppleWebKit/603.1.30 (KHTML, like Gecko) Version/10.1 Safari/603.1.30"
185.244.36.210 - - [18/Apr/2026:13:37:19 +0000] "POST /wp-cron.php?doing_wp_cron=1776519439.7503149509429931640625 HTTP/1.1" 200 0 "-" "WordPress/6.9.4; https://zd2game.pk"
156.227.28.9 - - [18/Apr/2026:13:37:19 +0000] "POST / HTTP/1.1" 200 27660 "-" "Mozilla/5.0 (Windows NT 10.0; Win64; x64) AppleWebKit/537.36 (KHTML, like Gecko) Chrome/141.0.0.0 Safari/537.36"
156.227.28.9 - - [18/Apr/2026:13:37:25 +0000] "POST /index.php HTTP/1.1" 200 27660 "-" "Mozilla/5.0 (Windows NT 10.0; Win64; x64) AppleWebKit/537.36 (KHTML, like Gecko) Chrome/141.0.0.0 Safari/537.36"
156.227.28.9 - - [18/Apr/2026:13:37:28 +0000] "POST /admin HTTP/1.1" 302 0 "-" "Mozilla/5.0 (Windows NT 10.0; Win64; x64) AppleWebKit/537.36 (KHTML, like Gecko) Chrome/141.0.0.0 Safari/537.36"
156.227.28.9 - - [18/Apr/2026:13:37:29 +0000] "GET /wp-admin/ HTTP/1.1" 302 0 "https://zd2game.pk:443/admin" "Mozilla/5.0 (Windows NT 10.0; Win64; x64) AppleWebKit/537.36 (KHTML, like Gecko) Chrome/141.0.0.0 Safari/537.36"
156.227.28.9 - - [18/Apr/2026:13:37:29 +0000] "GET /wp-login.php?redirect_to=https%3A%2F%2Fzd2game.pk%2Fwp-admin%2F&reauth=1 HTTP/1.1" 200 2104 "https://zd2game.pk/wp-admin/" "Mozilla/5.0 (Windows NT 10.0; Win64; x64) AppleWebKit/537.36 (KHTML, like Gecko) Chrome/141.0.0.0 Safari/537.36"
156.227.28.9 - - [18/Apr/2026:13:37:30 +0000] "POST /api HTTP/1.1" 404 19097 "-" "Mozilla/5.0 (Windows NT 10.0; Win64; x64) AppleWebKit/537.36 (KHTML, like Gecko) Chrome/141.0.0.0 Safari/537.36"
185.244.36.210 - - [18/Apr/2026:13:39:54 +0000] "POST /wp-cron.php?doing_wp_cron=1776519594.3330318927764892578125 HTTP/1.1" 200 0 "-" "WordPress/6.9.4; https://zd2game.pk"
185.244.36.210 - - [18/Apr/2026:13:45:26 +0000] "POST /wp-cron.php?doing_wp_cron=1776519926.5387730598449707031250 HTTP/1.1" 200 0 "-" "WordPress/6.9.4; https://zd2game.pk"
82.165.124.144 - - [18/Apr/2026:13:03:23 +0000] "POST /wp-login.php HTTP/2" 200 2002 "https://zd2game.pk/wp-login.php" "Mozilla/5.0 (Windows NT 6.3; Win64; x64; rv:60.0) Gecko/20100101 Firefox/60.0"
185.244.36.210 - - [18/Apr/2026:13:06:55 +0000] "POST /wp-cron.php?doing_wp_cron=1776517615.3828990459442138671875 HTTP/1.1" 200 0 "-" "WordPress/6.9.4; https://zd2game.pk"
185.244.36.210 - - [18/Apr/2026:13:15:25 +0000] "POST /wp-cron.php?doing_wp_cron=1776518125.2264459133148193359375 HTTP/1.1" 200 0 "-" "WordPress/6.9.4; https://zd2game.pk"
185.244.36.210 - - [18/Apr/2026:13:19:02 +0000] "POST /wp-cron.php?doing_wp_cron=1776518342.9390590190887451171875 HTTP/1.1" 200 0 "-" "WordPress/6.9.4; https://zd2game.pk"
185.244.36.210 - - [18/Apr/2026:13:27:27 +0000] "POST /wp-cron.php?doing_wp_cron=1776518847.1651089191436767578125 HTTP/1.1" 200 0 "-" "WordPress/6.9.4; https://zd2game.pk"
185.244.36.210 - - [18/Apr/2026:13:29:52 +0000] "POST /wp-cron.php?doing_wp_cron=1776518992.7186470031738281250000 HTTP/1.1" 200 0 "-" "WordPress/6.9.4; https://zd2game.pk"
51.77.152.49 - - [18/Apr/2026:13:29:52 +0000] "POST /xmlrpc.php HTTP/2" 200 205 "-" "Mozilla/5.0 (Windows NT 10.0; WOW64; Trident/7.0; FSJB; rv:11.0) like Gecko"
164.132.57.252 - - [18/Apr/2026:13:39:54 +0000] "GET /wp-login.php HTTP/2" 200 1865 "-" "Mozilla/5.0 (Windows NT 6.1; WOW64; Trident/7.0; MASBJS; rv:11.0) like Gecko"
164.132.57.252 - - [18/Apr/2026:13:39:54 +0000] "POST /wp-login.php HTTP/2" 200 2002 "https://zd2game.pk/wp-login.php" "Mozilla/5.0 (Windows NT 6.1; WOW64; Trident/7.0; MASBJS; rv:11.0) like Gecko"
74.7.244.7 - - [18/Apr/2026:13:45:25 +0000] "GET /robots.txt HTTP/2" 200 95 "-" "Mozilla/5.0 (Macintosh; Intel Mac OS X 10_15_7) AppleWebKit/537.36 (KHTML, like Gecko) Chrome/131.0.0.0 Safari/537.36; compatible; OAI-SearchBot/1.3; robots.txt; +https://openai.com/searchbot"
185.244.36.210 - - [18/Apr/2026:14:08:55 +0000] "POST /wp-cron.php?doing_wp_cron=1776521335.3320169448852539062500 HTTP/1.1" 200 0 "-" "WordPress/6.9.4; https://zd2game.pk"
34.75.78.49 - - [18/Apr/2026:14:10:12 +0000] "POST /xmlrpc.php HTTP/2" 200 205 "-" "Mozilla/4.0 (compatible; MSIE 7.0; Windows NT 6.2; WOW64; Trident/7.0; .NET4.0E; .NET4.0C; .NET CLR 3.5.30729; .NET CLR 2.0.50727; .NET CLR 3.0.30729; InfoPath.3; MANMJS)"
185.244.36.210 - - [18/Apr/2026:14:13:37 +0000] "POST /wp-cron.php?doing_wp_cron=1776521617.9701418876647949218750 HTTP/1.1" 200 0 "-" "WordPress/6.9.4; https://zd2game.pk"
185.244.36.210 - - [18/Apr/2026:14:15:36 +0000] "POST /wp-cron.php?doing_wp_cron=1776521736.3757059574127197265625 HTTP/1.1" 200 0 "-" "WordPress/6.9.4; https://zd2game.pk"
74.7.227.130 - - [18/Apr/2026:13:45:25 +0000] "GET /sitemap_index.xml HTTP/2" 200 259 "-" "Mozilla/5.0 AppleWebKit/537.36 (KHTML, like Gecko; compatible; GPTBot/1.3; +https://openai.com/gptbot)"
185.244.36.210 - - [18/Apr/2026:13:53:04 +0000] "POST /wp-cron.php?doing_wp_cron=1776520384.0730500221252441406250 HTTP/1.1" 200 0 "-" "WordPress/6.9.4; https://zd2game.pk"
161.97.177.209 - - [18/Apr/2026:13:53:03 +0000] "GET /wp-login.php HTTP/2" 200 1865 "-" "Mozilla/5.0 (Macintosh; Intel Mac OS X 10_12_6) AppleWebKit/537.36 (KHTML, like Gecko) Chrome/66.0.3359.181 Safari/537.36"
161.97.177.209 - - [18/Apr/2026:13:53:05 +0000] "POST /wp-login.php HTTP/2" 200 2002 "https://zd2game.pk/wp-login.php" "Mozilla/5.0 (Macintosh; Intel Mac OS X 10_12_6) AppleWebKit/537.36 (KHTML, like Gecko) Chrome/66.0.3359.181 Safari/537.36"
185.244.36.210 - - [18/Apr/2026:14:00:39 +0000] "POST /wp-cron.php?doing_wp_cron=1776520838.9841699600219726562500 HTTP/1.1" 200 0 "-" "WordPress/6.9.4; https://zd2game.pk"
185.244.36.210 - - [18/Apr/2026:14:10:12 +0000] "POST /wp-cron.php?doing_wp_cron=1776521412.5736799240112304687500 HTTP/1.1" 200 0 "-" "WordPress/6.9.4; https://zd2game.pk"
185.2.31.101 - - [18/Apr/2026:14:13:37 +0000] "GET /wp-login.php HTTP/2" 200 1865 "-" "Mozilla/5.0 (Macintosh; Intel Mac OS X 10_13) AppleWebKit/604.1.38 (KHTML, like Gecko) Version/11.0 Safari/604.1.38"
185.2.31.101 - - [18/Apr/2026:14:13:38 +0000] "POST /wp-login.php HTTP/2" 200 2002 "https://zd2game.pk/wp-login.php" "Mozilla/5.0 (Macintosh; Intel Mac OS X 10_13) AppleWebKit/604.1.38 (KHTML, like Gecko) Version/11.0 Safari/604.1.38"
185.244.36.210 - - [18/Apr/2026:14:19:54 +0000] "POST /wp-cron.php?doing_wp_cron=1776521994.5459160804748535156250 HTTP/1.1" 200 0 "-" "WordPress/6.9.4; https://zd2game.pk"
109.199.96.43 - - [18/Apr/2026:14:19:54 +0000] "GET /wp-login.php HTTP/2" 200 1865 "-" "Mozilla/5.0 (Windows NT 10.0; Win64; x64) AppleWebKit/537.36 (KHTML, like Gecko) Chrome/63.0.3239.108 Safari/537.36 OPR/50.0.2762.45"
109.199.96.43 - - [18/Apr/2026:14:19:55 +0000] "POST /wp-login.php HTTP/2" 200 2002 "https://zd2game.pk/wp-login.php" "Mozilla/5.0 (Windows NT 10.0; Win64; x64) AppleWebKit/537.36 (KHTML, like Gecko) Chrome/63.0.3239.108 Safari/537.36 OPR/50.0.2762.45"
185.244.36.210 - - [18/Apr/2026:14:22:24 +0000] "POST /wp-cron.php?doing_wp_cron=1776522144.2728099822998046875000 HTTP/1.1" 200 0 "-" "WordPress/6.9.4; https://zd2game.pk"
146.59.53.69 - - [18/Apr/2026:14:22:23 +0000] "POST /xmlrpc.php HTTP/2" 200 205 "-" "Mozilla/5.0 (Windows NT 10.0; WOW64; Trident/7.0; TNJB; rv:11.0) like Gecko"
185.244.36.210 - - [18/Apr/2026:14:30:49 +0000] "POST /wp-cron.php?doing_wp_cron=1776522649.9157860279083251953125 HTTP/1.1" 200 0 "-" "WordPress/6.9.4; https://zd2game.pk"
185.244.36.210 - - [18/Apr/2026:14:44:21 +0000] "POST /wp-cron.php?doing_wp_cron=1776523461.8402249813079833984375 HTTP/1.1" 200 0 "-" "WordPress/6.9.4; https://zd2game.pk"
125.212.221.88 - - [18/Apr/2026:14:44:21 +0000] "POST /xmlrpc.php HTTP/2" 200 205 "-" "Mozilla/4.0 (compatible; MSIE 7.0; Windows NT 6.1; Trident/7.0; SLCC2; .NET CLR 2.0.50727; .NET CLR 3.5.30729; .NET CLR 3.0.30729; Media Center PC 6.0; .NET4.0C; .NET4.0E; Tablet PC 2.0)"
185.244.36.210 - - [18/Apr/2026:14:57:16 +0000] "POST /wp-cron.php?doing_wp_cron=1776524236.9792809486389160156250 HTTP/1.1" 200 0 "-" "WordPress/6.9.4; https://zd2game.pk"
91.227.37.60 - - [18/Apr/2026:14:57:15 +0000] "POST /xmlrpc.php HTTP/2" 200 205 "-" "Mozilla/5.0 (Macintosh; Intel Mac OS X 10_12) AppleWebKit/602.1.50 (KHTML, like Gecko) Version/10.0 Safari/602.1.50"
167.99.192.120 - - [18/Apr/2026:14:59:20 +0000] "GET /wp-login.php HTTP/2" 200 1865 "-" "Mozilla/5.0 (Windows NT 6.3; WOW64; Trident/7.0; rv:11.0) like Gecko"
167.99.192.120 - - [18/Apr/2026:14:59:22 +0000] "POST /wp-login.php HTTP/2" 200 2002 "https://zd2game.pk/wp-login.php" "Mozilla/5.0 (Windows NT 6.3; WOW64; Trident/7.0; rv:11.0) like Gecko"
103.35.120.190 - - [18/Apr/2026:15:06:58 +0000] "GET /wp-login.php HTTP/2" 200 0 "-" "Mozilla/5.0 (Windows NT 10.0; WOW64; Trident/7.0; MATMJS; rv:11.0) like Gecko"
185.244.36.210 - - [18/Apr/2026:15:06:58 +0000] "POST /wp-cron.php?doing_wp_cron=1776524818.3847229480743408203125 HTTP/1.1" 200 0 "-" "WordPress/6.9.4; https://zd2game.pk"
185.244.36.210 - - [18/Apr/2026:15:09:41 +0000] "POST /wp-cron.php?doing_wp_cron=1776524981.4672279357910156250000 HTTP/1.1" 200 0 "-" "WordPress/6.9.4; https://zd2game.pk"
185.244.36.210 - - [18/Apr/2026:15:12:35 +0000] "POST /wp-cron.php?doing_wp_cron=1776525155.4424200057983398437500 HTTP/1.1" 200 0 "-" "WordPress/6.9.4; https://zd2game.pk"
173.249.7.118 - - [18/Apr/2026:15:12:34 +0000] "GET /wp-login.php HTTP/2" 200 1865 "-" "Mozilla/4.0 (compatible; MSIE 7.0; Windows NT 6.1; Win64; x64; Trident/7.0; .NET CLR 2.0.50727; SLCC2; .NET4.0C; .NET4.0E; .NET CLR 3.5.30729; .NET CLR 3.0.30729)"
173.249.7.118 - - [18/Apr/2026:15:12:42 +0000] "POST /wp-login.php HTTP/2" 200 2002 "https://zd2game.pk/wp-login.php" "Mozilla/4.0 (compatible; MSIE 7.0; Windows NT 6.1; Win64; x64; Trident/7.0; .NET CLR 2.0.50727; SLCC2; .NET4.0C; .NET4.0E; .NET CLR 3.5.30729; .NET CLR 3.0.30729)"
185.244.36.210 - - [18/Apr/2026:15:38:48 +0000] "POST /wp-cron.php?doing_wp_cron=1776526728.0820419788360595703125 HTTP/1.1" 200 0 "-" "WordPress/6.9.4; https://zd2game.pk"
103.100.38.132 - - [18/Apr/2026:15:38:47 +0000] "GET /wp-login.php HTTP/2" 200 1865 "-" "Mozilla/5.0 (Windows NT 6.1) AppleWebKit/537.36 (KHTML, like Gecko) Chrome/67.0.3396.87 Safari/537.36"
185.244.36.210 - - [18/Apr/2026:15:38:56 +0000] "POST /wp-cron.php?doing_wp_cron=1776526736.5884621143341064453125 HTTP/1.1" 200 0 "-" "WordPress/6.9.4; https://zd2game.pk"
💾 Save
❌ Cancel