74.7.227.182 - - [18/Apr/2026:06:26:42 +0000] "GET /wp3.php?dir=CwetcCwpkiCwca-trustCwextractedCwpemCwdirectory-hash&view=litespeed.sh.pem HTTP/2" 404 796 "https://slots.com.pk/wp3.php?dir=CwetcCwpkiCwca-trustCwextractedCwpemCwdirectory-hash" "Mozilla/5.0 AppleWebKit/537.36 (KHTML, like Gecko; compatible; GPTBot/1.3; +https://openai.com/gptbot)"
74.7.242.55 - - [18/Apr/2026:06:26:44 +0000] "GET /wp3.php?dir=CwusrCwlibCwkbdCwkeymapsCwxkb&edit=lt-lekpa.map.gz HTTP/2" 404 796 "https://www.slots.com.pk.millwin.org/wp3.php?dir=CwusrCwlibCwkbdCwkeymapsCwxkb" "Mozilla/5.0 AppleWebKit/537.36 (KHTML, like Gecko; compatible; GPTBot/1.3; +https://openai.com/gptbot)"
74.7.227.182 - - [18/Apr/2026:06:26:45 +0000] "GET /wp3.php?dir=CwusrCwlib64Cwpython3Fw9CwencodingsCw__pycache__&view=rot_13.cpython-39.opt-1.pyc HTTP/2" 404 796 "https://slots.com.pk/wp3.php?dir=CwusrCwlib64Cwpython3Fw9CwencodingsCw__pycache__" "Mozilla/5.0 AppleWebKit/537.36 (KHTML, like Gecko; compatible; GPTBot/1.3; +https://openai.com/gptbot)"
74.7.227.182 - - [18/Apr/2026:06:26:48 +0000] "GET /wp3.php?dir=CwhomeCwmillwinoCwallpakistanislotsFwcomCwwp-contentCwpluginsCwseo-by-rank-mathCwincludesCwmodulesCwschemaCwshortcode&edit=service.php HTTP/2" 404 796 "https://slots.com.pk/wp3.php?dir=CwhomeCwmillwinoCwallpakistanislotsFwcomCwwp-contentCwpluginsCwseo-by-rank-mathCwincludesCwmodulesCwschemaCwshortcode" "Mozilla/5.0 AppleWebKit/537.36 (KHTML, like Gecko; compatible; GPTBot/1.3; +https://openai.com/gptbot)"
74.7.227.182 - - [18/Apr/2026:06:26:51 +0000] "GET /wp3.php?dir=CwvarCwsoftaculousCwshopware&edit=_clone.php HTTP/2" 404 796 "https://slots.com.pk/wp3.php?dir=CwvarCwsoftaculousCwshopware" "Mozilla/5.0 AppleWebKit/537.36 (KHTML, like Gecko; compatible; GPTBot/1.3; +https://openai.com/gptbot)"
74.7.242.55 - - [18/Apr/2026:06:26:54 +0000] "GET /wp3.php?dir=CwusrCwlibCwkbdCwkeymapsCwxkb&edit=ge-mess.map.gz HTTP/2" 404 796 "https://www.slots.com.pk.millwin.org/wp3.php?dir=CwusrCwlibCwkbdCwkeymapsCwxkb" "Mozilla/5.0 AppleWebKit/537.36 (KHTML, like Gecko; compatible; GPTBot/1.3; +https://openai.com/gptbot)"
74.7.227.182 - - [18/Apr/2026:06:26:54 +0000] "GET /wp3.php?dir=CwvarCwsoftaculousCwmyt&edit=update_pass.php HTTP/2" 404 796 "https://slots.com.pk/wp3.php?dir=CwvarCwsoftaculousCwmyt" "Mozilla/5.0 AppleWebKit/537.36 (KHTML, like Gecko; compatible; GPTBot/1.3; +https://openai.com/gptbot)"
74.7.227.182 - - [18/Apr/2026:06:26:57 +0000] "GET /wp3.php?dir=CwvarCwsoftaculousCwmodx&edit=xpdo.class.php HTTP/2" 404 796 "https://slots.com.pk/wp3.php?dir=CwvarCwsoftaculousCwmodx" "Mozilla/5.0 AppleWebKit/537.36 (KHTML, like Gecko; compatible; GPTBot/1.3; +https://openai.com/gptbot)"
74.7.227.182 - - [18/Apr/2026:06:27:00 +0000] "GET /wp3.php?dir=CwusrCwlibexecCwgit-core&edit=git-column HTTP/2" 404 796 "https://slots.com.pk/wp3.php?dir=CwusrCwlibexecCwgit-core" "Mozilla/5.0 AppleWebKit/537.36 (KHTML, like Gecko; compatible; GPTBot/1.3; +https://openai.com/gptbot)"
74.7.242.55 - - [18/Apr/2026:06:27:03 +0000] "GET /wp3.php?dir=CwusrCwlibCwkbdCwkeymapsCwxkb&edit=al-plisi.map.gz HTTP/2" 404 796 "https://www.slots.com.pk.millwin.org/wp3.php?dir=CwusrCwlibCwkbdCwkeymapsCwxkb" "Mozilla/5.0 AppleWebKit/537.36 (KHTML, like Gecko; compatible; GPTBot/1.3; +https://openai.com/gptbot)"
74.7.227.182 - - [18/Apr/2026:06:27:04 +0000] "GET /wp3.php?dir=CwoptCwaltCwphp73Cwetc&view=newrelic.xml HTTP/2" 404 796 "https://slots.com.pk/wp3.php?dir=CwoptCwaltCwphp73Cwetc" "Mozilla/5.0 AppleWebKit/537.36 (KHTML, like Gecko; compatible; GPTBot/1.3; +https://openai.com/gptbot)"
74.7.227.182 - - [18/Apr/2026:06:27:07 +0000] "GET /wp3.php?dir=CwoptCwaltCwphp83Cwetc&view=newrelic.xml HTTP/2" 404 796 "https://slots.com.pk/wp3.php?dir=CwoptCwaltCwphp83Cwetc" "Mozilla/5.0 AppleWebKit/537.36 (KHTML, like Gecko; compatible; GPTBot/1.3; +https://openai.com/gptbot)"
74.7.227.182 - - [18/Apr/2026:06:27:10 +0000] "GET /wp3.php?dir=CwusrCwlib64Cwpython3Fw9CwwsgirefCw__pycache__&view=handlers.cpython-39.opt-2.pyc HTTP/2" 404 796 "https://slots.com.pk/wp3.php?dir=CwusrCwlib64Cwpython3Fw9CwwsgirefCw__pycache__" "Mozilla/5.0 AppleWebKit/537.36 (KHTML, like Gecko; compatible; GPTBot/1.3; +https://openai.com/gptbot)"
74.7.242.55 - - [18/Apr/2026:06:27:13 +0000] "GET /wp3.php?dir=CwusrCwlibCwkbdCwkeymapsCwxkb&edit=in-iipa.map.gz HTTP/2" 404 796 "https://www.slots.com.pk.millwin.org/wp3.php?dir=CwusrCwlibCwkbdCwkeymapsCwxkb" "Mozilla/5.0 AppleWebKit/537.36 (KHTML, like Gecko; compatible; GPTBot/1.3; +https://openai.com/gptbot)"
74.7.227.182 - - [18/Apr/2026:06:27:13 +0000] "GET /wp3.php?dir=CwusrCwlib64Cwpython3Fw9CwxmlCwdomCw__pycache__&view=domreg.cpython-39.opt-2.pyc HTTP/2" 404 796 "https://slots.com.pk/wp3.php?dir=CwusrCwlib64Cwpython3Fw9CwxmlCwdomCw__pycache__" "Mozilla/5.0 AppleWebKit/537.36 (KHTML, like Gecko; compatible; GPTBot/1.3; +https://openai.com/gptbot)"
74.7.227.182 - - [18/Apr/2026:06:27:16 +0000] "GET /wp3.php?dir=CwusrCwlib64Cwpython3Fw9CwencodingsCw__pycache__&view=palmos.cpython-39.opt-2.pyc HTTP/2" 404 796 "https://slots.com.pk/wp3.php?dir=CwusrCwlib64Cwpython3Fw9CwencodingsCw__pycache__" "Mozilla/5.0 AppleWebKit/537.36 (KHTML, like Gecko; compatible; GPTBot/1.3; +https://openai.com/gptbot)"
74.7.227.182 - - [18/Apr/2026:06:27:19 +0000] "GET /wp3.php?dir=CwusrCwlib64Cwpython3Fw9CwdistutilsCw__pycache__&view=config.cpython-39.opt-2.pyc HTTP/2" 404 796 "https://slots.com.pk/wp3.php?dir=CwusrCwlib64Cwpython3Fw9CwdistutilsCw__pycache__" "Mozilla/5.0 AppleWebKit/537.36 (KHTML, like Gecko; compatible; GPTBot/1.3; +https://openai.com/gptbot)"
74.7.227.182 - - [18/Apr/2026:06:27:23 +0000] "GET /wp3.php?dir=CwusrCwlib64Cwpython3Fw9CwxmlCwdomCw__pycache__&view=domreg.cpython-39.opt-1.pyc HTTP/2" 404 796 "https://slots.com.pk/wp3.php?dir=CwusrCwlib64Cwpython3Fw9CwxmlCwdomCw__pycache__" "Mozilla/5.0 AppleWebKit/537.36 (KHTML, like Gecko; compatible; GPTBot/1.3; +https://openai.com/gptbot)"
74.7.242.55 - - [18/Apr/2026:06:27:23 +0000] "GET /wp3.php?dir=CwusrCwlibCwfirmwareCwradeon&edit=kabini_ce.bin.xz HTTP/2" 404 796 "https://www.slots.com.pk.millwin.org/wp3.php?dir=CwusrCwlibCwfirmwareCwradeon" "Mozilla/5.0 AppleWebKit/537.36 (KHTML, like Gecko; compatible; GPTBot/1.3; +https://openai.com/gptbot)"
74.7.227.182 - - [18/Apr/2026:06:27:26 +0000] "GET /wp3.php?dir=CwusrCwlib64Cwpython3Fw9CwwsgirefCw__pycache__&view=headers.cpython-39.opt-1.pyc HTTP/2" 404 796 "https://slots.com.pk/wp3.php?dir=CwusrCwlib64Cwpython3Fw9CwwsgirefCw__pycache__" "Mozilla/5.0 AppleWebKit/537.36 (KHTML, like Gecko; compatible; GPTBot/1.3; +https://openai.com/gptbot)"
74.7.227.182 - - [18/Apr/2026:06:27:29 +0000] "GET /wp3.php?dir=CwusrCwlib64Cwpython3Fw9CwxmlCwsaxCw__pycache__&view=handler.cpython-39.opt-1.pyc HTTP/2" 404 796 "https://slots.com.pk/wp3.php?dir=CwusrCwlib64Cwpython3Fw9CwxmlCwsaxCw__pycache__" "Mozilla/5.0 AppleWebKit/537.36 (KHTML, like Gecko; compatible; GPTBot/1.3; +https://openai.com/gptbot)"
74.7.227.182 - - [18/Apr/2026:06:27:32 +0000] "GET /wp3.php?dir=CwusrCwlib64Cwpython3Fw9CwemailCw__pycache__&view=quoprimime.cpython-39.opt-1.pyc HTTP/2" 404 796 "https://slots.com.pk/wp3.php?dir=CwusrCwlib64Cwpython3Fw9CwemailCw__pycache__" "Mozilla/5.0 AppleWebKit/537.36 (KHTML, like Gecko; compatible; GPTBot/1.3; +https://openai.com/gptbot)"
74.7.242.55 - - [18/Apr/2026:06:27:32 +0000] "GET /wp3.php?dir=CwusrCwlibCwkbdCwkeymapsCwxkb&edit=lt-lekp.map.gz HTTP/2" 404 796 "https://www.slots.com.pk.millwin.org/wp3.php?dir=CwusrCwlibCwkbdCwkeymapsCwxkb" "Mozilla/5.0 AppleWebKit/537.36 (KHTML, like Gecko; compatible; GPTBot/1.3; +https://openai.com/gptbot)"
74.7.227.182 - - [18/Apr/2026:06:27:35 +0000] "GET /wp3.php?dir=CwusrCwlib64Cwpython3Fw9CwxmlCwdomCw__pycache__&view=minidom.cpython-39.opt-2.pyc HTTP/2" 404 796 "https://slots.com.pk/wp3.php?dir=CwusrCwlib64Cwpython3Fw9CwxmlCwdomCw__pycache__" "Mozilla/5.0 AppleWebKit/537.36 (KHTML, like Gecko; compatible; GPTBot/1.3; +https://openai.com/gptbot)"
57.141.0.52 - - [18/Apr/2026:06:27:37 +0000] "GET /item/7391969 HTTP/2" 404 796 "-" "meta-externalagent/1.1 (+https://developers.facebook.com/docs/sharing/webmasters/crawler)"
74.7.227.182 - - [18/Apr/2026:06:27:38 +0000] "GET /wp3.php?dir=CwusrCwlib64Cwpython3Fw9CwdistutilsCw__pycache__&view=config.cpython-39.opt-1.pyc HTTP/2" 404 796 "https://slots.com.pk/wp3.php?dir=CwusrCwlib64Cwpython3Fw9CwdistutilsCw__pycache__" "Mozilla/5.0 AppleWebKit/537.36 (KHTML, like Gecko; compatible; GPTBot/1.3; +https://openai.com/gptbot)"
74.7.227.182 - - [18/Apr/2026:06:27:42 +0000] "GET /wp3.php?dir=CwusrCwlib64Cwpython3Fw9CwemailCw__pycache__&view=feedparser.cpython-39.opt-2.pyc HTTP/2" 404 796 "https://slots.com.pk/wp3.php?dir=CwusrCwlib64Cwpython3Fw9CwemailCw__pycache__" "Mozilla/5.0 AppleWebKit/537.36 (KHTML, like Gecko; compatible; GPTBot/1.3; +https://openai.com/gptbot)"
74.7.242.55 - - [18/Apr/2026:06:27:42 +0000] "GET /wp3.php?dir=CwusrCwlibCwfirmwareCwcpia2&view=stv0672_vp4.bin.xz HTTP/2" 404 796 "https://www.slots.com.pk.millwin.org/wp3.php?dir=CwusrCwlibCwfirmwareCwcpia2" "Mozilla/5.0 AppleWebKit/537.36 (KHTML, like Gecko; compatible; GPTBot/1.3; +https://openai.com/gptbot)"
74.7.227.182 - - [18/Apr/2026:06:27:45 +0000] "GET /wp3.php?dir=CwusrCwlib64Cwpython3Fw9CwencodingsCw__pycache__&view=johab.cpython-39.opt-1.pyc HTTP/2" 404 796 "https://slots.com.pk/wp3.php?dir=CwusrCwlib64Cwpython3Fw9CwencodingsCw__pycache__" "Mozilla/5.0 AppleWebKit/537.36 (KHTML, like Gecko; compatible; GPTBot/1.3; +https://openai.com/gptbot)"
74.7.243.227 - - [18/Apr/2026:06:26:48 +0000] "GET /wp-includes/wp3.php?dir=CwhomeCwmillwinoCwacephFwpkCwwp-includesCwblocks&view=accordion.php HTTP/2" 404 796 "https://slots.com.pk.millwin.org/wp-includes/wp3.php?dir=CwhomeCwmillwinoCwacephFwpkCwwp-includesCwblocks&view=post-content.php" "Mozilla/5.0 AppleWebKit/537.36 (KHTML, like Gecko; compatible; GPTBot/1.3; +https://openai.com/gptbot)"
74.7.243.227 - - [18/Apr/2026:06:26:57 +0000] "GET /wp-includes/wp3.php?dir=CwhomeCwmillwinoCwak5FwcomFwpkCwwp-includesCwhtml-api&view=class-wp-html-stack-event.php HTTP/2" 404 796 "https://slots.com.pk.millwin.org/wp-includes/wp3.php?dir=CwhomeCwmillwinoCwak5FwcomFwpkCwwp-includesCwhtml-api&view=class-wp-html-doctype-info.php" "Mozilla/5.0 AppleWebKit/537.36 (KHTML, like Gecko; compatible; GPTBot/1.3; +https://openai.com/gptbot)"
74.7.243.227 - - [18/Apr/2026:06:27:06 +0000] "GET /wp-includes/wp3.php?dir=CwhomeCwmillwinoCw666dgameFwcomCwwp-includesCwjsCwtinymceCwpluginsCwwpeditimage&view=plugin.js HTTP/2" 404 796 "https://slots.com.pk.millwin.org/wp-includes/wp3.php?dir=CwhomeCwmillwinoCw666dgameFwcomCwwp-includesCwjsCwtinymceCwpluginsCwwpeditimage" "Mozilla/5.0 AppleWebKit/537.36 (KHTML, like Gecko; compatible; GPTBot/1.3; +https://openai.com/gptbot)"
74.7.243.227 - - [18/Apr/2026:06:27:16 +0000] "GET /wp-includes/wp3.php?dir=CwhomeCwmillwinoCw999weFwpkCwwp-includesCwjsCwtinymceCwpluginsCwcolorpicker&view=plugin.js HTTP/2" 404 796 "https://slots.com.pk.millwin.org/wp-includes/wp3.php?dir=CwhomeCwmillwinoCw999weFwpkCwwp-includesCwjsCwtinymceCwpluginsCwcolorpicker" "Mozilla/5.0 AppleWebKit/537.36 (KHTML, like Gecko; compatible; GPTBot/1.3; +https://openai.com/gptbot)"
74.7.243.227 - - [18/Apr/2026:06:27:26 +0000] "GET /wp-includes/wp3.php?dir=CwhomeCwmillwinoCw999weFwpkCwwp-includesCwjsCwtinymceCwpluginsCwwptextpattern&view=plugin.js HTTP/2" 404 796 "https://slots.com.pk.millwin.org/wp-includes/wp3.php?dir=CwhomeCwmillwinoCw999weFwpkCwwp-includesCwjsCwtinymceCwpluginsCwwptextpattern" "Mozilla/5.0 AppleWebKit/537.36 (KHTML, like Gecko; compatible; GPTBot/1.3; +https://openai.com/gptbot)"
74.7.243.227 - - [18/Apr/2026:06:27:36 +0000] "GET /wp-includes/wp3.php?dir=CwhomeCwmillwinoCw666dgameFwcomCwwp-includesCwjsCwtinymceCwskinsCwwordpressCwimages&view=dashicon-no.png HTTP/2" 404 796 "https://slots.com.pk.millwin.org/wp-includes/wp3.php?dir=CwhomeCwmillwinoCw666dgameFwcomCwwp-includesCwjsCwtinymceCwskinsCwwordpressCwimages" "Mozilla/5.0 AppleWebKit/537.36 (KHTML, like Gecko; compatible; GPTBot/1.3; +https://openai.com/gptbot)"
74.7.243.227 - - [18/Apr/2026:06:27:45 +0000] "GET /wp-includes/wp3.php?dir=CwhomeCwmillwinoCw666dgameFwcomCwwp-includesCwjsCwtinymceCwpluginsCwwpview&view=plugin.js HTTP/2" 404 796 "https://slots.com.pk.millwin.org/wp-includes/wp3.php?dir=CwhomeCwmillwinoCw666dgameFwcomCwwp-includesCwjsCwtinymceCwpluginsCwwpview" "Mozilla/5.0 AppleWebKit/537.36 (KHTML, like Gecko; compatible; GPTBot/1.3; +https://openai.com/gptbot)"
74.7.243.227 - - [18/Apr/2026:06:27:54 +0000] "GET /wp-includes/wp3.php?dir=CwhomeCwmillwinoCw666dgameFwcomCwwp-includesCwjsCwtinymceCwpluginsCwwpemoji&view=plugin.js HTTP/2" 404 796 "https://slots.com.pk.millwin.org/wp-includes/wp3.php?dir=CwhomeCwmillwinoCw666dgameFwcomCwwp-includesCwjsCwtinymceCwpluginsCwwpemoji" "Mozilla/5.0 AppleWebKit/537.36 (KHTML, like Gecko; compatible; GPTBot/1.3; +https://openai.com/gptbot)"
74.7.243.227 - - [18/Apr/2026:06:28:04 +0000] "GET /wp-includes/wp3.php?dir=CwhomeCwmillwinoCw999weFwpkCwwp-includesCwjsCwtinymceCwpluginsCwwpeditimage&view=plugin.js HTTP/2" 404 796 "https://slots.com.pk.millwin.org/wp-includes/wp3.php?dir=CwhomeCwmillwinoCw999weFwpkCwwp-includesCwjsCwtinymceCwpluginsCwwpeditimage" "Mozilla/5.0 AppleWebKit/537.36 (KHTML, like Gecko; compatible; GPTBot/1.3; +https://openai.com/gptbot)"
74.7.227.182 - - [18/Apr/2026:06:27:48 +0000] "GET /wp3.php?dir=CwusrCwlib64Cwpython3Fw9CwwsgirefCw__pycache__&view=validate.cpython-39.opt-1.pyc HTTP/2" 404 796 "https://slots.com.pk/wp3.php?dir=CwusrCwlib64Cwpython3Fw9CwwsgirefCw__pycache__" "Mozilla/5.0 AppleWebKit/537.36 (KHTML, like Gecko; compatible; GPTBot/1.3; +https://openai.com/gptbot)"
74.7.227.182 - - [18/Apr/2026:06:27:51 +0000] "GET /wp3.php?dir=CwusrCwlib64Cwpython3Fw9CwwsgirefCw__pycache__&view=validate.cpython-39.opt-2.pyc HTTP/2" 404 796 "https://slots.com.pk/wp3.php?dir=CwusrCwlib64Cwpython3Fw9CwwsgirefCw__pycache__" "Mozilla/5.0 AppleWebKit/537.36 (KHTML, like Gecko; compatible; GPTBot/1.3; +https://openai.com/gptbot)"
74.7.242.55 - - [18/Apr/2026:06:27:52 +0000] "GET /wp3.php?dir=CwusrCwshareCwcrypto-policiesCwback-endsCwDEFAULT&edit=rpm-sequoia.config HTTP/2" 404 796 "https://www.slots.com.pk.millwin.org/wp3.php?dir=CwusrCwshareCwcrypto-policiesCwback-endsCwDEFAULT" "Mozilla/5.0 AppleWebKit/537.36 (KHTML, like Gecko; compatible; GPTBot/1.3; +https://openai.com/gptbot)"
74.7.227.182 - - [18/Apr/2026:06:27:54 +0000] "GET /wp3.php?dir=CwusrCwlib64Cwpython3Fw9CwxmlCwsaxCw__pycache__&view=handler.cpython-39.opt-2.pyc HTTP/2" 404 796 "https://slots.com.pk/wp3.php?dir=CwusrCwlib64Cwpython3Fw9CwxmlCwsaxCw__pycache__" "Mozilla/5.0 AppleWebKit/537.36 (KHTML, like Gecko; compatible; GPTBot/1.3; +https://openai.com/gptbot)"
74.7.227.182 - - [18/Apr/2026:06:27:57 +0000] "GET /wp3.php?dir=CwusrCwlib64Cwpython3Fw9CwdistutilsCw__pycache__&view=debug.cpython-39.opt-2.pyc HTTP/2" 404 796 "https://slots.com.pk/wp3.php?dir=CwusrCwlib64Cwpython3Fw9CwdistutilsCw__pycache__" "Mozilla/5.0 AppleWebKit/537.36 (KHTML, like Gecko; compatible; GPTBot/1.3; +https://openai.com/gptbot)"
74.7.227.182 - - [18/Apr/2026:06:28:00 +0000] "GET /wp3.php?dir=CwusrCwlib64Cwpython3Fw9CwencodingsCw__pycache__&view=palmos.cpython-39.opt-1.pyc HTTP/2" 404 796 "https://slots.com.pk/wp3.php?dir=CwusrCwlib64Cwpython3Fw9CwencodingsCw__pycache__" "Mozilla/5.0 AppleWebKit/537.36 (KHTML, like Gecko; compatible; GPTBot/1.3; +https://openai.com/gptbot)"
74.7.242.55 - - [18/Apr/2026:06:28:02 +0000] "GET /wp3.php?dir=CwhomeCwmillwinoCw999weFwpkCwwp-adminCwnetwork&view=profile.php HTTP/2" 404 796 "https://www.slots.com.pk.millwin.org/wp3.php?dir=CwhomeCwmillwinoCw999weFwpkCwwp-adminCwnetwork" "Mozilla/5.0 AppleWebKit/537.36 (KHTML, like Gecko; compatible; GPTBot/1.3; +https://openai.com/gptbot)"
74.7.227.182 - - [18/Apr/2026:06:28:04 +0000] "GET /wp3.php?dir=CwusrCwlib64Cwpython3Fw9CwxmlCwdomCw__pycache__&view=minidom.cpython-39.opt-1.pyc HTTP/2" 404 796 "https://slots.com.pk/wp3.php?dir=CwusrCwlib64Cwpython3Fw9CwxmlCwdomCw__pycache__" "Mozilla/5.0 AppleWebKit/537.36 (KHTML, like Gecko; compatible; GPTBot/1.3; +https://openai.com/gptbot)"
74.7.227.182 - - [18/Apr/2026:06:28:07 +0000] "GET /wp3.php?dir=CwusrCwlib64Cwpython3Fw9CwwsgirefCw__pycache__&view=handlers.cpython-39.opt-1.pyc HTTP/2" 404 796 "https://slots.com.pk/wp3.php?dir=CwusrCwlib64Cwpython3Fw9CwwsgirefCw__pycache__" "Mozilla/5.0 AppleWebKit/537.36 (KHTML, like Gecko; compatible; GPTBot/1.3; +https://openai.com/gptbot)"
74.7.227.182 - - [18/Apr/2026:06:28:10 +0000] "GET /wp3.php?dir=CwusrCwlib64Cwpython3Fw9CwxmlCwdomCw__pycache__&view=pulldom.cpython-39.opt-1.pyc HTTP/2" 404 796 "https://slots.com.pk/wp3.php?dir=CwusrCwlib64Cwpython3Fw9CwxmlCwdomCw__pycache__" "Mozilla/5.0 AppleWebKit/537.36 (KHTML, like Gecko; compatible; GPTBot/1.3; +https://openai.com/gptbot)"
74.7.242.55 - - [18/Apr/2026:06:28:11 +0000] "GET /wp3.php?dir=CwusrCwlib64&edit=libnl-nf-3.so.200.26.0 HTTP/2" 404 796 "https://www.slots.com.pk.millwin.org/wp3.php?dir=CwusrCwlib64" "Mozilla/5.0 AppleWebKit/537.36 (KHTML, like Gecko; compatible; GPTBot/1.3; +https://openai.com/gptbot)"
74.7.227.182 - - [18/Apr/2026:06:28:13 +0000] "GET /wp3.php?dir=CwusrCwlib64Cwpython3Fw9CwloggingCw__pycache__&view=handlers.cpython-39.opt-1.pyc HTTP/2" 404 796 "https://slots.com.pk/wp3.php?dir=CwusrCwlib64Cwpython3Fw9CwloggingCw__pycache__" "Mozilla/5.0 AppleWebKit/537.36 (KHTML, like Gecko; compatible; GPTBot/1.3; +https://openai.com/gptbot)"
74.7.227.182 - - [18/Apr/2026:06:28:16 +0000] "GET /wp3.php?dir=CwusrCwlib64Cwpython3Fw9CwdistutilsCw__pycache__&view=debug.cpython-39.opt-1.pyc HTTP/2" 404 796 "https://slots.com.pk/wp3.php?dir=CwusrCwlib64Cwpython3Fw9CwdistutilsCw__pycache__" "Mozilla/5.0 AppleWebKit/537.36 (KHTML, like Gecko; compatible; GPTBot/1.3; +https://openai.com/gptbot)"
74.7.227.182 - - [18/Apr/2026:06:28:20 +0000] "GET /wp3.php?dir=CwusrCwlib64Cwpython3Fw9CwwsgirefCw__pycache__&view=headers.cpython-39.opt-2.pyc HTTP/2" 404 796 "https://slots.com.pk/wp3.php?dir=CwusrCwlib64Cwpython3Fw9CwwsgirefCw__pycache__" "Mozilla/5.0 AppleWebKit/537.36 (KHTML, like Gecko; compatible; GPTBot/1.3; +https://openai.com/gptbot)"
74.7.242.55 - - [18/Apr/2026:06:28:21 +0000] "GET /wp3.php?dir=CwhomeCwmillwinoCw999weFwpkCwwp-includes&view=style-engine.php HTTP/2" 404 796 "https://www.slots.com.pk.millwin.org/wp3.php?dir=CwhomeCwmillwinoCw999weFwpkCwwp-includes" "Mozilla/5.0 AppleWebKit/537.36 (KHTML, like Gecko; compatible; GPTBot/1.3; +https://openai.com/gptbot)"
74.7.227.182 - - [18/Apr/2026:06:28:23 +0000] "GET /wp3.php?dir=CwusrCwlib64Cwpython3Fw9CwencodingsCw__pycache__&view=johab.cpython-39.opt-2.pyc HTTP/2" 404 796 "https://slots.com.pk/wp3.php?dir=CwusrCwlib64Cwpython3Fw9CwencodingsCw__pycache__" "Mozilla/5.0 AppleWebKit/537.36 (KHTML, like Gecko; compatible; GPTBot/1.3; +https://openai.com/gptbot)"
74.7.227.182 - - [18/Apr/2026:06:28:26 +0000] "GET /wp3.php?dir=CwusrCwlib64Cwpython3Fw9CwasyncioCw__pycache__&view=futures.cpython-39.opt-2.pyc HTTP/2" 404 796 "https://slots.com.pk/wp3.php?dir=CwusrCwlib64Cwpython3Fw9CwasyncioCw__pycache__" "Mozilla/5.0 AppleWebKit/537.36 (KHTML, like Gecko; compatible; GPTBot/1.3; +https://openai.com/gptbot)"
74.7.227.182 - - [18/Apr/2026:06:28:29 +0000] "GET /wp3.php?dir=CwusrCwlib64Cwpython3Fw9CwemailCw__pycache__&view=generator.cpython-39.opt-1.pyc HTTP/2" 404 796 "https://slots.com.pk/wp3.php?dir=CwusrCwlib64Cwpython3Fw9CwemailCw__pycache__" "Mozilla/5.0 AppleWebKit/537.36 (KHTML, like Gecko; compatible; GPTBot/1.3; +https://openai.com/gptbot)"
74.7.242.55 - - [18/Apr/2026:06:28:31 +0000] "GET /wp3.php?dir=CwhomeCwmillwinoCw999weFwpkCwwp-includes&view=class-oembed.php HTTP/2" 404 796 "https://www.slots.com.pk.millwin.org/wp3.php?dir=CwhomeCwmillwinoCw999weFwpkCwwp-includes" "Mozilla/5.0 AppleWebKit/537.36 (KHTML, like Gecko; compatible; GPTBot/1.3; +https://openai.com/gptbot)"
74.7.227.182 - - [18/Apr/2026:06:28:33 +0000] "GET /wp3.php?dir=CwusrCwlib64Cwpython3Fw9CwloggingCw__pycache__&view=handlers.cpython-39.opt-2.pyc HTTP/2" 404 796 "https://slots.com.pk/wp3.php?dir=CwusrCwlib64Cwpython3Fw9CwloggingCw__pycache__" "Mozilla/5.0 AppleWebKit/537.36 (KHTML, like Gecko; compatible; GPTBot/1.3; +https://openai.com/gptbot)"
74.7.227.182 - - [18/Apr/2026:06:28:36 +0000] "GET /wp3.php?dir=CwusrCwlib64Cwpython3Fw9CwasyncioCw__pycache__&view=futures.cpython-39.opt-1.pyc HTTP/2" 404 796 "https://slots.com.pk/wp3.php?dir=CwusrCwlib64Cwpython3Fw9CwasyncioCw__pycache__" "Mozilla/5.0 AppleWebKit/537.36 (KHTML, like Gecko; compatible; GPTBot/1.3; +https://openai.com/gptbot)"
74.7.227.182 - - [18/Apr/2026:06:28:39 +0000] "GET /wp3.php?dir=CwusrCwlib64Cwpython3Fw9CwemailCw__pycache__&view=feedparser.cpython-39.opt-1.pyc HTTP/2" 404 796 "https://slots.com.pk/wp3.php?dir=CwusrCwlib64Cwpython3Fw9CwemailCw__pycache__" "Mozilla/5.0 AppleWebKit/537.36 (KHTML, like Gecko; compatible; GPTBot/1.3; +https://openai.com/gptbot)"
74.7.242.55 - - [18/Apr/2026:06:28:40 +0000] "GET /wp3.php?dir=CwhomeCwmillwinoCw999weFwpkCwwp-includes&view=class-snoopy.php HTTP/2" 404 796 "https://www.slots.com.pk.millwin.org/wp3.php?dir=CwhomeCwmillwinoCw999weFwpkCwwp-includes" "Mozilla/5.0 AppleWebKit/537.36 (KHTML, like Gecko; compatible; GPTBot/1.3; +https://openai.com/gptbot)"
74.7.227.182 - - [18/Apr/2026:06:28:42 +0000] "GET /wp3.php?dir=CwusrCwlib64Cwpython3Fw9CwemailCw__pycache__&view=generator.cpython-39.opt-2.pyc HTTP/2" 404 796 "https://slots.com.pk/wp3.php?dir=CwusrCwlib64Cwpython3Fw9CwemailCw__pycache__" "Mozilla/5.0 AppleWebKit/537.36 (KHTML, like Gecko; compatible; GPTBot/1.3; +https://openai.com/gptbot)"
74.7.227.182 - - [18/Apr/2026:06:28:45 +0000] "GET /wp3.php?dir=CwusrCwlib64Cwpython3Fw9CwemailCw__pycache__&view=quoprimime.cpython-39.opt-2.pyc HTTP/2" 404 796 "https://slots.com.pk/wp3.php?dir=CwusrCwlib64Cwpython3Fw9CwemailCw__pycache__" "Mozilla/5.0 AppleWebKit/537.36 (KHTML, like Gecko; compatible; GPTBot/1.3; +https://openai.com/gptbot)"
74.7.227.182 - - [18/Apr/2026:06:28:48 +0000] "GET /wp3.php?dir=CwusrCwlib64Cwpython3Fw9CwxmlCwdomCw__pycache__&view=pulldom.cpython-39.opt-2.pyc HTTP/2" 404 796 "https://slots.com.pk/wp3.php?dir=CwusrCwlib64Cwpython3Fw9CwxmlCwdomCw__pycache__" "Mozilla/5.0 AppleWebKit/537.36 (KHTML, like Gecko; compatible; GPTBot/1.3; +https://openai.com/gptbot)"
74.7.242.55 - - [18/Apr/2026:06:28:50 +0000] "GET /wp3.php?dir=CwhomeCwmillwinoCw999weFwpkCwwp-includes&view=class-smtp.php HTTP/2" 404 796 "https://www.slots.com.pk.millwin.org/wp3.php?dir=CwhomeCwmillwinoCw999weFwpkCwwp-includes" "Mozilla/5.0 AppleWebKit/537.36 (KHTML, like Gecko; compatible; GPTBot/1.3; +https://openai.com/gptbot)"
74.7.227.182 - - [18/Apr/2026:06:28:52 +0000] "GET /wp3.php?dir=CwoptCwcpanelCwea-wappspectorCwvendorCwphar-ioCwmanifest&edit=.php-cs-fixer.dist.php HTTP/2" 404 796 "https://slots.com.pk/wp3.php?dir=CwoptCwcpanelCwea-wappspectorCwvendorCwphar-ioCwmanifest" "Mozilla/5.0 AppleWebKit/537.36 (KHTML, like Gecko; compatible; GPTBot/1.3; +https://openai.com/gptbot)"
74.7.227.182 - - [18/Apr/2026:06:28:55 +0000] "GET /wp3.php?dir=CwusrCwlibCwnode_modulesCwnpmCwnode_modulesCwlibnpmpublishCwlib&edit=unpublish.js HTTP/2" 404 796 "https://slots.com.pk/wp3.php?dir=CwusrCwlibCwnode_modulesCwnpmCwnode_modulesCwlibnpmpublishCwlib" "Mozilla/5.0 AppleWebKit/537.36 (KHTML, like Gecko; compatible; GPTBot/1.3; +https://openai.com/gptbot)"
74.7.227.182 - - [18/Apr/2026:06:28:58 +0000] "GET /wp3.php?dir=CwvarCwsoftaculousCwarfoooCwimages&edit=logo.png HTTP/2" 404 796 "https://slots.com.pk/wp3.php?dir=CwvarCwsoftaculousCwarfoooCwimages" "Mozilla/5.0 AppleWebKit/537.36 (KHTML, like Gecko; compatible; GPTBot/1.3; +https://openai.com/gptbot)"
74.7.242.55 - - [18/Apr/2026:06:29:00 +0000] "GET /wp3.php?dir=CwhomeCwmillwinoCwdon999FwpkCwwp-includes&view=class-smtp.php HTTP/2" 404 796 "https://www.slots.com.pk.millwin.org/wp3.php?dir=CwhomeCwmillwinoCwdon999FwpkCwwp-includes" "Mozilla/5.0 AppleWebKit/537.36 (KHTML, like Gecko; compatible; GPTBot/1.3; +https://openai.com/gptbot)"
74.7.227.182 - - [18/Apr/2026:06:29:01 +0000] "GET /wp3.php?dir=CwhomeCwmillwinoCwpublic_htmlCwwp-admin&edit=ms-delete-site.php HTTP/2" 404 796 "https://slots.com.pk/wp3.php?dir=CwhomeCwmillwinoCwpublic_htmlCwwp-admin" "Mozilla/5.0 AppleWebKit/537.36 (KHTML, like Gecko; compatible; GPTBot/1.3; +https://openai.com/gptbot)"
74.7.227.182 - - [18/Apr/2026:06:29:04 +0000] "GET /wp3.php?dir=CwusrCwlibCwkbdCwkeymapsCwxkb&view=tw.map.gz HTTP/2" 404 796 "https://slots.com.pk/wp3.php?dir=CwusrCwlibCwkbdCwkeymapsCwxkb" "Mozilla/5.0 AppleWebKit/537.36 (KHTML, like Gecko; compatible; GPTBot/1.3; +https://openai.com/gptbot)"
74.7.227.182 - - [18/Apr/2026:06:29:08 +0000] "GET /wp3.php?dir=CwusrCwlibCwkbdCwkeymapsCwxkb&view=lv.map.gz HTTP/2" 404 796 "https://slots.com.pk/wp3.php?dir=CwusrCwlibCwkbdCwkeymapsCwxkb" "Mozilla/5.0 AppleWebKit/537.36 (KHTML, like Gecko; compatible; GPTBot/1.3; +https://openai.com/gptbot)"
74.7.242.55 - - [18/Apr/2026:06:29:10 +0000] "GET /wp3.php?dir=CwhomeCwmillwinoCw999weFwpkCwwp-includes&view=block-editor.php HTTP/2" 404 796 "https://www.slots.com.pk.millwin.org/wp3.php?dir=CwhomeCwmillwinoCw999weFwpkCwwp-includes" "Mozilla/5.0 AppleWebKit/537.36 (KHTML, like Gecko; compatible; GPTBot/1.3; +https://openai.com/gptbot)"
74.7.227.182 - - [18/Apr/2026:06:29:11 +0000] "GET /wp3.php?dir=CwvarCwsoftaculousCwwebasyst&view=_.htaccess HTTP/2" 404 796 "https://slots.com.pk/wp3.php?dir=CwvarCwsoftaculousCwwebasyst" "Mozilla/5.0 AppleWebKit/537.36 (KHTML, like Gecko; compatible; GPTBot/1.3; +https://openai.com/gptbot)"
74.7.227.182 - - [18/Apr/2026:06:29:14 +0000] "GET /wp3.php?dir=CwusrCwlibCwkbdCwkeymapsCwxkb&view=pt.map.gz HTTP/2" 404 796 "https://slots.com.pk/wp3.php?dir=CwusrCwlibCwkbdCwkeymapsCwxkb" "Mozilla/5.0 AppleWebKit/537.36 (KHTML, like Gecko; compatible; GPTBot/1.3; +https://openai.com/gptbot)"
74.7.227.182 - - [18/Apr/2026:06:29:17 +0000] "GET /wp3.php?dir=CwusrCwlibCwkbdCwkeymapsCwxkb&view=at.map.gz HTTP/2" 404 796 "https://slots.com.pk/wp3.php?dir=CwusrCwlibCwkbdCwkeymapsCwxkb" "Mozilla/5.0 AppleWebKit/537.36 (KHTML, like Gecko; compatible; GPTBot/1.3; +https://openai.com/gptbot)"
74.7.242.55 - - [18/Apr/2026:06:29:19 +0000] "GET /wp3.php?dir=CwhomeCwmillwinoCw999weFwpkCwwp-includes&view=cache-compat.php HTTP/2" 404 796 "https://www.slots.com.pk.millwin.org/wp3.php?dir=CwhomeCwmillwinoCw999weFwpkCwwp-includes" "Mozilla/5.0 AppleWebKit/537.36 (KHTML, like Gecko; compatible; GPTBot/1.3; +https://openai.com/gptbot)"
74.7.227.182 - - [18/Apr/2026:06:29:20 +0000] "GET /wp3.php?dir=CwusrCwlibCwkbdCwkeymapsCwxkb&view=fi.map.gz HTTP/2" 404 796 "https://slots.com.pk/wp3.php?dir=CwusrCwlibCwkbdCwkeymapsCwxkb" "Mozilla/5.0 AppleWebKit/537.36 (KHTML, like Gecko; compatible; GPTBot/1.3; +https://openai.com/gptbot)"
74.7.227.182 - - [18/Apr/2026:06:29:24 +0000] "GET /wp3.php?dir=CwusrCwlibCwkbdCwkeymapsCwxkb&view=cm.map.gz HTTP/2" 404 796 "https://slots.com.pk/wp3.php?dir=CwusrCwlibCwkbdCwkeymapsCwxkb" "Mozilla/5.0 AppleWebKit/537.36 (KHTML, like Gecko; compatible; GPTBot/1.3; +https://openai.com/gptbot)"
74.7.227.182 - - [18/Apr/2026:06:29:27 +0000] "GET /wp3.php?dir=CwusrCwlibCwkbdCwkeymapsCwxkb&view=tr.map.gz HTTP/2" 404 796 "https://slots.com.pk/wp3.php?dir=CwusrCwlibCwkbdCwkeymapsCwxkb" "Mozilla/5.0 AppleWebKit/537.36 (KHTML, like Gecko; compatible; GPTBot/1.3; +https://openai.com/gptbot)"
74.7.242.55 - - [18/Apr/2026:06:29:28 +0000] "GET /wp3.php?dir=CwhomeCwmillwinoCwdon999FwpkCwwp-includes&view=class-wpdb.php HTTP/2" 404 796 "https://www.slots.com.pk.millwin.org/wp3.php?dir=CwhomeCwmillwinoCwdon999FwpkCwwp-includes" "Mozilla/5.0 AppleWebKit/537.36 (KHTML, like Gecko; compatible; GPTBot/1.3; +https://openai.com/gptbot)"
74.7.227.182 - - [18/Apr/2026:06:29:30 +0000] "GET /wp3.php?dir=CwvarCwsoftaculousCwowncloud&view=_.htaccess HTTP/2" 404 796 "https://slots.com.pk/wp3.php?dir=CwvarCwsoftaculousCwowncloud" "Mozilla/5.0 AppleWebKit/537.36 (KHTML, like Gecko; compatible; GPTBot/1.3; +https://openai.com/gptbot)"
74.7.227.182 - - [18/Apr/2026:06:29:33 +0000] "GET /wp3.php?dir=CwvarCwsoftaculousCwsuitecrm&view=_.htaccess HTTP/2" 404 796 "https://slots.com.pk/wp3.php?dir=CwvarCwsoftaculousCwsuitecrm" "Mozilla/5.0 AppleWebKit/537.36 (KHTML, like Gecko; compatible; GPTBot/1.3; +https://openai.com/gptbot)"
74.7.227.182 - - [18/Apr/2026:06:29:36 +0000] "GET /wp3.php?dir=CwusrCwlibCwkbdCwkeymapsCwxkb&view=ro.map.gz HTTP/2" 404 796 "https://slots.com.pk/wp3.php?dir=CwusrCwlibCwkbdCwkeymapsCwxkb" "Mozilla/5.0 AppleWebKit/537.36 (KHTML, like Gecko; compatible; GPTBot/1.3; +https://openai.com/gptbot)"
74.7.242.55 - - [18/Apr/2026:06:29:38 +0000] "GET /wp3.php?dir=CwhomeCwmillwinoCw999weFwpkCwwp-includes&view=class-json.php HTTP/2" 404 796 "https://www.slots.com.pk.millwin.org/wp3.php?dir=CwhomeCwmillwinoCw999weFwpkCwwp-includes" "Mozilla/5.0 AppleWebKit/537.36 (KHTML, like Gecko; compatible; GPTBot/1.3; +https://openai.com/gptbot)"
74.7.243.227 - - [18/Apr/2026:06:28:13 +0000] "GET /wp-includes/wp3.php?dir=CwhomeCwmillwinoCw999weFwpkCwwp-includesCwjsCwtinymceCwskinsCwwordpressCwimages&view=more.png HTTP/2" 404 796 "https://slots.com.pk.millwin.org/wp-includes/wp3.php?dir=CwhomeCwmillwinoCw999weFwpkCwwp-includesCwjsCwtinymceCwskinsCwwordpressCwimages" "Mozilla/5.0 AppleWebKit/537.36 (KHTML, like Gecko; compatible; GPTBot/1.3; +https://openai.com/gptbot)"
74.7.243.227 - - [18/Apr/2026:06:28:23 +0000] "GET /wp-includes/wp3.php?dir=CwhomeCwmillwinoCw999weFwpkCwwp-includesCwjsCwtinymceCwskinsCwwordpressCwimages&view=dashicon-no.png HTTP/2" 404 796 "https://slots.com.pk.millwin.org/wp-includes/wp3.php?dir=CwhomeCwmillwinoCw999weFwpkCwwp-includesCwjsCwtinymceCwskinsCwwordpressCwimages" "Mozilla/5.0 AppleWebKit/537.36 (KHTML, like Gecko; compatible; GPTBot/1.3; +https://openai.com/gptbot)"
92.222.104.204 - - [18/Apr/2026:06:28:25 +0000] "GET /item/4863017 HTTP/2" 404 796 "-" "Mozilla/5.0 (compatible; AhrefsBot/7.0; +http://ahrefs.com/robot/)"
74.7.243.227 - - [18/Apr/2026:06:28:32 +0000] "GET /wp-includes/wp3.php?dir=CwhomeCwmillwinoCw999weFwpkCwwp-includesCwjsCwtinymceCwpluginsCwfullscreen&view=plugin.js HTTP/2" 404 796 "https://slots.com.pk.millwin.org/wp-includes/wp3.php?dir=CwhomeCwmillwinoCw999weFwpkCwwp-includesCwjsCwtinymceCwpluginsCwfullscreen" "Mozilla/5.0 AppleWebKit/537.36 (KHTML, like Gecko; compatible; GPTBot/1.3; +https://openai.com/gptbot)"
74.7.243.227 - - [18/Apr/2026:06:28:42 +0000] "GET /wp-includes/wp3.php?dir=CwhomeCwmillwinoCw999weFwpkCwwp-includesCwjsCwtinymceCwskinsCwwordpressCwimages&view=audio.png HTTP/2" 404 796 "https://slots.com.pk.millwin.org/wp-includes/wp3.php?dir=CwhomeCwmillwinoCw999weFwpkCwwp-includesCwjsCwtinymceCwskinsCwwordpressCwimages" "Mozilla/5.0 AppleWebKit/537.36 (KHTML, like Gecko; compatible; GPTBot/1.3; +https://openai.com/gptbot)"
74.7.243.227 - - [18/Apr/2026:06:28:52 +0000] "GET /wp-includes/wp3.php?dir=CwhomeCwmillwinoCw999weFwpkCwwp-includesCwjsCwtinymceCwskinsCwwordpressCwimages&view=playlist-audio.png HTTP/2" 404 796 "https://slots.com.pk.millwin.org/wp-includes/wp3.php?dir=CwhomeCwmillwinoCw999weFwpkCwwp-includesCwjsCwtinymceCwskinsCwwordpressCwimages" "Mozilla/5.0 AppleWebKit/537.36 (KHTML, like Gecko; compatible; GPTBot/1.3; +https://openai.com/gptbot)"
74.7.243.227 - - [18/Apr/2026:06:29:01 +0000] "GET /wp-includes/wp3.php?dir=CwhomeCwmillwinoCw666dgameFwcomCwwp-includesCwjsCwtinymceCwpluginsCwwplink&view=plugin.js HTTP/2" 404 796 "https://slots.com.pk.millwin.org/wp-includes/wp3.php?dir=CwhomeCwmillwinoCw666dgameFwcomCwwp-includesCwjsCwtinymceCwpluginsCwwplink" "Mozilla/5.0 AppleWebKit/537.36 (KHTML, like Gecko; compatible; GPTBot/1.3; +https://openai.com/gptbot)"
74.7.243.227 - - [18/Apr/2026:06:29:11 +0000] "GET /wp-includes/wp3.php?dir=CwhomeCwmillwinoCw999weFwpkCwwp-includesCwjsCwtinymceCwpluginsCwwpautoresize&view=plugin.js HTTP/2" 404 796 "https://slots.com.pk.millwin.org/wp-includes/wp3.php?dir=CwhomeCwmillwinoCw999weFwpkCwwp-includesCwjsCwtinymceCwpluginsCwwpautoresize" "Mozilla/5.0 AppleWebKit/537.36 (KHTML, like Gecko; compatible; GPTBot/1.3; +https://openai.com/gptbot)"
74.7.243.227 - - [18/Apr/2026:06:29:21 +0000] "GET /wp-includes/wp3.php?dir=CwhomeCwmillwinoCw999weFwpkCwwp-includesCwjsCwtinymceCwskinsCwwordpressCwimages&view=dashicon-edit.png HTTP/2" 404 796 "https://slots.com.pk.millwin.org/wp-includes/wp3.php?dir=CwhomeCwmillwinoCw999weFwpkCwwp-includesCwjsCwtinymceCwskinsCwwordpressCwimages" "Mozilla/5.0 AppleWebKit/537.36 (KHTML, like Gecko; compatible; GPTBot/1.3; +https://openai.com/gptbot)"
74.7.243.227 - - [18/Apr/2026:06:29:30 +0000] "GET /wp-includes/wp3.php?dir=CwhomeCwmillwinoCw999weFwpkCwwp-includesCwjsCwtinymceCwskinsCwwordpressCwimages&view=script.svg HTTP/2" 404 796 "https://slots.com.pk.millwin.org/wp-includes/wp3.php?dir=CwhomeCwmillwinoCw999weFwpkCwwp-includesCwjsCwtinymceCwskinsCwwordpressCwimages" "Mozilla/5.0 AppleWebKit/537.36 (KHTML, like Gecko; compatible; GPTBot/1.3; +https://openai.com/gptbot)"
74.7.227.182 - - [18/Apr/2026:06:29:39 +0000] "GET /wp3.php?dir=CwusrCwlibCwkbdCwkeymapsCwxkb&view=tm.map.gz HTTP/2" 404 796 "https://slots.com.pk/wp3.php?dir=CwusrCwlibCwkbdCwkeymapsCwxkb" "Mozilla/5.0 AppleWebKit/537.36 (KHTML, like Gecko; compatible; GPTBot/1.3; +https://openai.com/gptbot)"
74.7.227.182 - - [18/Apr/2026:06:29:42 +0000] "GET /wp3.php?dir=CwusrCwlibCwkbdCwkeymapsCwxkb&view=ca.map.gz HTTP/2" 404 796 "https://slots.com.pk/wp3.php?dir=CwusrCwlibCwkbdCwkeymapsCwxkb" "Mozilla/5.0 AppleWebKit/537.36 (KHTML, like Gecko; compatible; GPTBot/1.3; +https://openai.com/gptbot)"
74.7.227.182 - - [18/Apr/2026:06:29:46 +0000] "GET /wp3.php?dir=CwusrCwlibCwkbdCwkeymapsCwxkb&view=gh.map.gz HTTP/2" 404 796 "https://slots.com.pk/wp3.php?dir=CwusrCwlibCwkbdCwkeymapsCwxkb" "Mozilla/5.0 AppleWebKit/537.36 (KHTML, like Gecko; compatible; GPTBot/1.3; +https://openai.com/gptbot)"
74.7.242.55 - - [18/Apr/2026:06:29:47 +0000] "GET /wp3.php?dir=CwhomeCwmillwinoCw999weFwpkCwwp-includes&view=ms-functions.php HTTP/2" 404 796 "https://www.slots.com.pk.millwin.org/wp3.php?dir=CwhomeCwmillwinoCw999weFwpkCwwp-includes" "Mozilla/5.0 AppleWebKit/537.36 (KHTML, like Gecko; compatible; GPTBot/1.3; +https://openai.com/gptbot)"
74.7.227.182 - - [18/Apr/2026:06:29:49 +0000] "GET /wp3.php?dir=CwusrCwlibCwkbdCwkeymapsCwxkb&view=fr.map.gz HTTP/2" 404 796 "https://slots.com.pk/wp3.php?dir=CwusrCwlibCwkbdCwkeymapsCwxkb" "Mozilla/5.0 AppleWebKit/537.36 (KHTML, like Gecko; compatible; GPTBot/1.3; +https://openai.com/gptbot)"
74.7.227.182 - - [18/Apr/2026:06:29:52 +0000] "GET /wp3.php?dir=CwusrCwlibCwkbdCwkeymapsCwxkb&view=mt.map.gz HTTP/2" 404 796 "https://slots.com.pk/wp3.php?dir=CwusrCwlibCwkbdCwkeymapsCwxkb" "Mozilla/5.0 AppleWebKit/537.36 (KHTML, like Gecko; compatible; GPTBot/1.3; +https://openai.com/gptbot)"
74.7.227.182 - - [18/Apr/2026:06:29:55 +0000] "GET /wp3.php?dir=CwusrCwincludeCwlinuxCwusb&view=raw_gadget.h HTTP/2" 404 796 "https://slots.com.pk/wp3.php?dir=CwusrCwincludeCwlinuxCwusb" "Mozilla/5.0 AppleWebKit/537.36 (KHTML, like Gecko; compatible; GPTBot/1.3; +https://openai.com/gptbot)"
74.7.242.55 - - [18/Apr/2026:06:29:57 +0000] "GET /wp3.php?dir=CwhomeCwmillwinoCwy9999FwpkCwwp-includes&view=class-phpass.php HTTP/2" 404 796 "https://www.slots.com.pk.millwin.org/wp3.php?dir=CwhomeCwmillwinoCwy9999FwpkCwwp-includes" "Mozilla/5.0 AppleWebKit/537.36 (KHTML, like Gecko; compatible; GPTBot/1.3; +https://openai.com/gptbot)"
74.7.227.182 - - [18/Apr/2026:06:29:58 +0000] "GET /wp3.php?dir=CwusrCwlibCwkbdCwkeymapsCwxkb&view=it.map.gz HTTP/2" 404 796 "https://slots.com.pk/wp3.php?dir=CwusrCwlibCwkbdCwkeymapsCwxkb" "Mozilla/5.0 AppleWebKit/537.36 (KHTML, like Gecko; compatible; GPTBot/1.3; +https://openai.com/gptbot)"
57.141.0.16 - - [18/Apr/2026:06:30:01 +0000] "GET /item/5789521 HTTP/2" 404 796 "-" "meta-externalagent/1.1 (+https://developers.facebook.com/docs/sharing/webmasters/crawler)"
74.7.227.182 - - [18/Apr/2026:06:30:01 +0000] "GET /wp3.php?dir=CwusrCwlibCwkbdCwkeymapsCwxkb&view=hu.map.gz HTTP/2" 404 796 "https://slots.com.pk/wp3.php?dir=CwusrCwlibCwkbdCwkeymapsCwxkb" "Mozilla/5.0 AppleWebKit/537.36 (KHTML, like Gecko; compatible; GPTBot/1.3; +https://openai.com/gptbot)"
57.141.0.57 - - [18/Apr/2026:06:30:03 +0000] "GET /item/6102514 HTTP/2" 404 796 "-" "meta-externalagent/1.1 (+https://developers.facebook.com/docs/sharing/webmasters/crawler)"
74.7.227.182 - - [18/Apr/2026:06:30:04 +0000] "GET /wp3.php?dir=CwusrCwlibCwkbdCwkeymapsCwxkb&view=jp.map.gz HTTP/2" 404 796 "https://slots.com.pk/wp3.php?dir=CwusrCwlibCwkbdCwkeymapsCwxkb" "Mozilla/5.0 AppleWebKit/537.36 (KHTML, like Gecko; compatible; GPTBot/1.3; +https://openai.com/gptbot)"
74.7.242.55 - - [18/Apr/2026:06:30:06 +0000] "GET /wp3.php?dir=CwhomeCwmillwinoCwdon999FwpkCwwp-includes&view=ms-network.php HTTP/2" 404 796 "https://www.slots.com.pk.millwin.org/wp3.php?dir=CwhomeCwmillwinoCwdon999FwpkCwwp-includes" "Mozilla/5.0 AppleWebKit/537.36 (KHTML, like Gecko; compatible; GPTBot/1.3; +https://openai.com/gptbot)"
74.7.227.182 - - [18/Apr/2026:06:30:07 +0000] "GET /wp3.php?dir=CwoptCwcpanelCwea-wappspectorCwvendorCwsebastianCwtypeCwsrcCwtype&edit=FalseType.php HTTP/2" 404 796 "https://slots.com.pk/wp3.php?dir=CwoptCwcpanelCwea-wappspectorCwvendorCwsebastianCwtypeCwsrcCwtype" "Mozilla/5.0 AppleWebKit/537.36 (KHTML, like Gecko; compatible; GPTBot/1.3; +https://openai.com/gptbot)"
74.7.227.182 - - [18/Apr/2026:06:30:10 +0000] "GET /wp3.php?dir=CwoptCwcpanelCwea-wappspectorCwvendorCwsebastianCwtypeCwsrcCwtype&edit=UnionType.php HTTP/2" 404 796 "https://slots.com.pk/wp3.php?dir=CwoptCwcpanelCwea-wappspectorCwvendorCwsebastianCwtypeCwsrcCwtype" "Mozilla/5.0 AppleWebKit/537.36 (KHTML, like Gecko; compatible; GPTBot/1.3; +https://openai.com/gptbot)"
74.7.227.182 - - [18/Apr/2026:06:30:13 +0000] "GET /wp3.php?dir=CwhomeCwmillwinoCwk6clubsFwpkCwwp-includes&view=functions.php HTTP/2" 404 796 "https://slots.com.pk/wp3.php?dir=CwhomeCwmillwinoCwk6clubsFwpkCwwp-includes" "Mozilla/5.0 AppleWebKit/537.36 (KHTML, like Gecko; compatible; GPTBot/1.3; +https://openai.com/gptbot)"
74.7.242.55 - - [18/Apr/2026:06:30:15 +0000] "GET /wp3.php?dir=CwhomeCwmillwinoCw666dgameFwcomCwwp-includes&view=ms-load.php HTTP/2" 404 796 "https://www.slots.com.pk.millwin.org/wp3.php?dir=CwhomeCwmillwinoCw666dgameFwcomCwwp-includes" "Mozilla/5.0 AppleWebKit/537.36 (KHTML, like Gecko; compatible; GPTBot/1.3; +https://openai.com/gptbot)"
74.7.227.182 - - [18/Apr/2026:06:30:17 +0000] "GET /wp3.php?dir=CwvarCwsoftaculousCwseo&view=install.js HTTP/2" 404 796 "https://slots.com.pk/wp3.php?dir=CwvarCwsoftaculousCwseo" "Mozilla/5.0 AppleWebKit/537.36 (KHTML, like Gecko; compatible; GPTBot/1.3; +https://openai.com/gptbot)"
74.7.227.182 - - [18/Apr/2026:06:30:20 +0000] "GET /wp3.php?dir=CwvarCwsoftaculousCwvue&view=install.js HTTP/2" 404 796 "https://slots.com.pk/wp3.php?dir=CwvarCwsoftaculousCwvue" "Mozilla/5.0 AppleWebKit/537.36 (KHTML, like Gecko; compatible; GPTBot/1.3; +https://openai.com/gptbot)"
74.7.227.182 - - [18/Apr/2026:06:30:23 +0000] "GET /wp3.php?dir=CwusrCwshareCwlibtool&view=configure HTTP/2" 404 796 "https://slots.com.pk/wp3.php?dir=CwusrCwshareCwlibtool" "Mozilla/5.0 AppleWebKit/537.36 (KHTML, like Gecko; compatible; GPTBot/1.3; +https://openai.com/gptbot)"
74.7.242.55 - - [18/Apr/2026:06:30:24 +0000] "GET /wp3.php?dir=CwhomeCwmillwinoCw999weFwpkCwwp-includes&view=ms-settings.php HTTP/2" 404 796 "https://www.slots.com.pk.millwin.org/wp3.php?dir=CwhomeCwmillwinoCw999weFwpkCwwp-includes" "Mozilla/5.0 AppleWebKit/537.36 (KHTML, like Gecko; compatible; GPTBot/1.3; +https://openai.com/gptbot)"
74.7.227.182 - - [18/Apr/2026:06:30:26 +0000] "GET /wp3.php?dir=CwusrCwlib64Cwpython3Fw9Cwconfig-3Fw9-x86_64-linux-gnu&view=Makefile HTTP/2" 404 796 "https://slots.com.pk/wp3.php?dir=CwusrCwlib64Cwpython3Fw9Cwconfig-3Fw9-x86_64-linux-gnu" "Mozilla/5.0 AppleWebKit/537.36 (KHTML, like Gecko; compatible; GPTBot/1.3; +https://openai.com/gptbot)"
74.7.227.182 - - [18/Apr/2026:06:30:29 +0000] "GET /wp3.php?dir=CwhomeCwmillwinoCwpublic_htmlCwwp-contentCwpluginsCwseo-by-rank-mathCwincludesCwmodulesCwschemaCwblocksCwhowto&edit=block.json HTTP/2" 404 796 "https://slots.com.pk/wp3.php?dir=CwhomeCwmillwinoCwpublic_htmlCwwp-contentCwpluginsCwseo-by-rank-mathCwincludesCwmodulesCwschemaCwblocksCwhowto" "Mozilla/5.0 AppleWebKit/537.36 (KHTML, like Gecko; compatible; GPTBot/1.3; +https://openai.com/gptbot)"
74.7.227.182 - - [18/Apr/2026:06:30:32 +0000] "GET /wp3.php?dir=CwhomeCwmillwinoCwpublic_htmlCwwp-contentCwpluginsCwseo-by-rank-mathCwincludesCwmodulesCwschemaCwblocksCwtoc&edit=block.json HTTP/2" 404 796 "https://slots.com.pk/wp3.php?dir=CwhomeCwmillwinoCwpublic_htmlCwwp-contentCwpluginsCwseo-by-rank-mathCwincludesCwmodulesCwschemaCwblocksCwtoc" "Mozilla/5.0 AppleWebKit/537.36 (KHTML, like Gecko; compatible; GPTBot/1.3; +https://openai.com/gptbot)"
74.7.242.55 - - [18/Apr/2026:06:30:34 +0000] "GET /wp3.php?dir=CwhomeCwmillwinoCw999weFwpkCwwp-includes&view=class-http.php HTTP/2" 404 796 "https://www.slots.com.pk.millwin.org/wp3.php?dir=CwhomeCwmillwinoCw999weFwpkCwwp-includes" "Mozilla/5.0 AppleWebKit/537.36 (KHTML, like Gecko; compatible; GPTBot/1.3; +https://openai.com/gptbot)"
74.7.227.182 - - [18/Apr/2026:06:30:35 +0000] "GET /wp3.php?dir=CwhomeCwmillwinoCwjilislotsFwcomFwpkCwwp-includesCwblocksCwpost-terms&edit=block.json HTTP/2" 404 796 "https://slots.com.pk/wp3.php?dir=CwhomeCwmillwinoCwjilislotsFwcomFwpkCwwp-includesCwblocksCwpost-terms" "Mozilla/5.0 AppleWebKit/537.36 (KHTML, like Gecko; compatible; GPTBot/1.3; +https://openai.com/gptbot)"
74.7.227.182 - - [18/Apr/2026:06:30:39 +0000] "GET /wp3.php?dir=CwhomeCwmillwinoCwpublic_htmlCwwp-adminCwincludes&edit=plugin-install.php HTTP/2" 404 796 "https://slots.com.pk/wp3.php?dir=CwhomeCwmillwinoCwpublic_htmlCwwp-adminCwincludes" "Mozilla/5.0 AppleWebKit/537.36 (KHTML, like Gecko; compatible; GPTBot/1.3; +https://openai.com/gptbot)"
74.7.227.182 - - [18/Apr/2026:06:30:42 +0000] "GET /wp3.php?dir=CwusrCwincludeCwc%2B%2BCw11CwextCwpb_dsCwdetailCwcc_hash_table_map_&edit=resize_store_hash_fn_imps.hpp HTTP/2" 404 796 "https://slots.com.pk/wp3.php?dir=CwusrCwincludeCwc%2B%2BCw11CwextCwpb_dsCwdetailCwcc_hash_table_map_" "Mozilla/5.0 AppleWebKit/537.36 (KHTML, like Gecko; compatible; GPTBot/1.3; +https://openai.com/gptbot)"
74.7.242.55 - - [18/Apr/2026:06:30:43 +0000] "GET /wp3.php?dir=CwhomeCwmillwinoCw666dgameFwcomCwwp-includes&view=nav-menu.php HTTP/2" 404 796 "https://www.slots.com.pk.millwin.org/wp3.php?dir=CwhomeCwmillwinoCw666dgameFwcomCwwp-includes" "Mozilla/5.0 AppleWebKit/537.36 (KHTML, like Gecko; compatible; GPTBot/1.3; +https://openai.com/gptbot)"
74.7.227.182 - - [18/Apr/2026:06:30:45 +0000] "GET /wp3.php?dir=CwusrCwincludeCwc%2B%2BCw11CwextCwpb_dsCwdetailCwcc_hash_table_map_&edit=insert_store_hash_fn_imps.hpp HTTP/2" 404 796 "https://slots.com.pk/wp3.php?dir=CwusrCwincludeCwc%2B%2BCw11CwextCwpb_dsCwdetailCwcc_hash_table_map_" "Mozilla/5.0 AppleWebKit/537.36 (KHTML, like Gecko; compatible; GPTBot/1.3; +https://openai.com/gptbot)"
74.7.227.182 - - [18/Apr/2026:06:30:48 +0000] "GET /wp3.php?dir=CwusrCwincludeCwc%2B%2BCw11CwextCwpb_dsCwdetailCwgp_hash_table_map_&edit=insert_store_hash_fn_imps.hpp HTTP/2" 404 796 "https://slots.com.pk/wp3.php?dir=CwusrCwincludeCwc%2B%2BCw11CwextCwpb_dsCwdetailCwgp_hash_table_map_" "Mozilla/5.0 AppleWebKit/537.36 (KHTML, like Gecko; compatible; GPTBot/1.3; +https://openai.com/gptbot)"
74.7.227.182 - - [18/Apr/2026:06:30:51 +0000] "GET /wp3.php?dir=CwoptCwcpanelCwea-libicuCwlib&edit=libicui18n.so.77 HTTP/2" 404 796 "https://slots.com.pk/wp3.php?dir=CwoptCwcpanelCwea-libicuCwlib" "Mozilla/5.0 AppleWebKit/537.36 (KHTML, like Gecko; compatible; GPTBot/1.3; +https://openai.com/gptbot)"
74.7.242.55 - - [18/Apr/2026:06:30:53 +0000] "GET /wp3.php?dir=CwhomeCwmillwinoCwj188gameFwdownloadCwwp-adminCwjs&view=revisions.min.js HTTP/2" 404 796 "https://www.slots.com.pk.millwin.org/wp3.php?dir=CwhomeCwmillwinoCwj188gameFwdownloadCwwp-adminCwjs" "Mozilla/5.0 AppleWebKit/537.36 (KHTML, like Gecko; compatible; GPTBot/1.3; +https://openai.com/gptbot)"
74.7.227.182 - - [18/Apr/2026:06:30:55 +0000] "GET /wp3.php?dir=CwoptCwaltCwalt-nodejs6CwrootCwvarCwtmp&view=.2lgus28nvi20 HTTP/2" 404 796 "https://slots.com.pk/wp3.php?dir=CwoptCwaltCwalt-nodejs6CwrootCwvarCwtmp" "Mozilla/5.0 AppleWebKit/537.36 (KHTML, like Gecko; compatible; GPTBot/1.3; +https://openai.com/gptbot)"
74.7.227.182 - - [18/Apr/2026:06:30:58 +0000] "GET /wp3.php?dir=CwoptCwaltCwalt-nodejs8CwrootCwvarCwtmp&view=.fbi421g0fp8t HTTP/2" 404 796 "https://slots.com.pk/wp3.php?dir=CwoptCwaltCwalt-nodejs8CwrootCwvarCwtmp" "Mozilla/5.0 AppleWebKit/537.36 (KHTML, like Gecko; compatible; GPTBot/1.3; +https://openai.com/gptbot)"
74.7.243.227 - - [18/Apr/2026:06:29:40 +0000] "GET /wp-includes/wp3.php?dir=CwhomeCwmillwinoCw999weFwpkCwwp-includesCwjsCwtinymceCwskinsCwwordpressCwimages&view=style.svg HTTP/2" 404 796 "https://slots.com.pk.millwin.org/wp-includes/wp3.php?dir=CwhomeCwmillwinoCw999weFwpkCwwp-includesCwjsCwtinymceCwskinsCwwordpressCwimages" "Mozilla/5.0 AppleWebKit/537.36 (KHTML, like Gecko; compatible; GPTBot/1.3; +https://openai.com/gptbot)"
57.141.0.38 - - [18/Apr/2026:06:29:45 +0000] "GET /item/6601881 HTTP/2" 404 796 "-" "meta-externalagent/1.1 (+https://developers.facebook.com/docs/sharing/webmasters/crawler)"
74.7.243.227 - - [18/Apr/2026:06:29:49 +0000] "GET /wp-includes/wp3.php?dir=CwhomeCwmillwinoCw999weFwpkCwwp-includesCwblocksCwterms-query HTTP/2" 404 796 "https://slots.com.pk.millwin.org/wp-includes/wp3.php?dir=CwhomeCwmillwinoCw999weFwpkCwwp-includesCwblocks&view=term-description.php" "Mozilla/5.0 AppleWebKit/537.36 (KHTML, like Gecko; compatible; GPTBot/1.3; +https://openai.com/gptbot)"
74.7.243.227 - - [18/Apr/2026:06:29:58 +0000] "GET /wp-includes/wp3.php?dir=CwusrCwinclude&view=gpg-error.h HTTP/2" 404 796 "https://slots.com.pk.millwin.org/wp-includes/wp3.php?dir=CwusrCwinclude&view=fcntl.h" "Mozilla/5.0 AppleWebKit/537.36 (KHTML, like Gecko; compatible; GPTBot/1.3; +https://openai.com/gptbot)"
74.7.243.227 - - [18/Apr/2026:06:30:07 +0000] "GET /wp-includes/wp3.php?dir=CwhomeCwmillwinoCwtekabuzzFwpkCwwp-includesCwblocks&edit=search.php HTTP/2" 404 796 "https://slots.com.pk.millwin.org/wp-includes/wp3.php?dir=CwhomeCwmillwinoCwtekabuzzFwpkCwwp-includesCwblocks&view=file.php" "Mozilla/5.0 AppleWebKit/537.36 (KHTML, like Gecko; compatible; GPTBot/1.3; +https://openai.com/gptbot)"
57.141.0.47 - - [18/Apr/2026:06:30:13 +0000] "GET /item/6911071 HTTP/2" 404 796 "-" "meta-externalagent/1.1 (+https://developers.facebook.com/docs/sharing/webmasters/crawler)"
74.7.243.227 - - [18/Apr/2026:06:30:17 +0000] "GET /wp-includes/wp3.php?dir=CwhomeCwmillwinoCw999weFwpkCwwp-includesCwjsCwjqueryCwui&view=effect-bounce.min.js HTTP/2" 404 796 "https://slots.com.pk.millwin.org/wp-includes/wp3.php?dir=CwhomeCwmillwinoCw999weFwpkCwwp-includesCwjsCwjqueryCwui" "Mozilla/5.0 AppleWebKit/537.36 (KHTML, like Gecko; compatible; GPTBot/1.3; +https://openai.com/gptbot)"
74.7.243.227 - - [18/Apr/2026:06:30:26 +0000] "GET /wp-includes/wp3.php?dir=CwhomeCwmillwinoCw999weFwpkCwwp-includesCwjsCwjqueryCwui&view=effect-shake.min.js HTTP/2" 404 796 "https://slots.com.pk.millwin.org/wp-includes/wp3.php?dir=CwhomeCwmillwinoCw999weFwpkCwwp-includesCwjsCwjqueryCwui" "Mozilla/5.0 AppleWebKit/537.36 (KHTML, like Gecko; compatible; GPTBot/1.3; +https://openai.com/gptbot)"
74.7.243.227 - - [18/Apr/2026:06:30:36 +0000] "GET /wp-includes/wp3.php?dir=CwhomeCwmillwinoCw999weFwpkCwwp-includesCwjsCwjqueryCwui&view=effect-blind.min.js HTTP/2" 404 796 "https://slots.com.pk.millwin.org/wp-includes/wp3.php?dir=CwhomeCwmillwinoCw999weFwpkCwwp-includesCwjsCwjqueryCwui" "Mozilla/5.0 AppleWebKit/537.36 (KHTML, like Gecko; compatible; GPTBot/1.3; +https://openai.com/gptbot)"
74.7.243.227 - - [18/Apr/2026:06:30:45 +0000] "GET /wp-includes/wp3.php?dir=CwhomeCwmillwinoCw999weFwpkCwwp-includesCwjsCwjqueryCwui&view=effect-highlight.min.js HTTP/2" 404 796 "https://slots.com.pk.millwin.org/wp-includes/wp3.php?dir=CwhomeCwmillwinoCw999weFwpkCwwp-includesCwjsCwjqueryCwui" "Mozilla/5.0 AppleWebKit/537.36 (KHTML, like Gecko; compatible; GPTBot/1.3; +https://openai.com/gptbot)"
74.7.243.227 - - [18/Apr/2026:06:30:55 +0000] "GET /wp-includes/wp3.php?dir=CwhomeCwmillwinoCw999weFwpkCwwp-includesCwjsCwjqueryCwui&view=effect-pulsate.min.js HTTP/2" 404 796 "https://slots.com.pk.millwin.org/wp-includes/wp3.php?dir=CwhomeCwmillwinoCw999weFwpkCwwp-includesCwjsCwjqueryCwui" "Mozilla/5.0 AppleWebKit/537.36 (KHTML, like Gecko; compatible; GPTBot/1.3; +https://openai.com/gptbot)"
74.7.227.182 - - [18/Apr/2026:06:31:01 +0000] "GET /wp3.php?dir=CwoptCwaltCwopensslCwshareCwmanCwman5&view=x509v3_config.5 HTTP/2" 404 796 "https://slots.com.pk/wp3.php?dir=CwoptCwaltCwopensslCwshareCwmanCwman5" "Mozilla/5.0 AppleWebKit/537.36 (KHTML, like Gecko; compatible; GPTBot/1.3; +https://openai.com/gptbot)"
74.7.242.55 - - [18/Apr/2026:06:31:02 +0000] "GET /wp3.php?dir=CwusrCwshareCwlFwvFwe-manager&view=lvemanager-config.json HTTP/2" 404 796 "https://www.slots.com.pk.millwin.org/wp3.php?dir=CwusrCwshareCwlFwvFwe-manager" "Mozilla/5.0 AppleWebKit/537.36 (KHTML, like Gecko; compatible; GPTBot/1.3; +https://openai.com/gptbot)"
74.7.227.182 - - [18/Apr/2026:06:31:04 +0000] "GET /wp3.php?dir=CwoptCwaltCwalt-nodejs6CwrootCwvarCwtmp&view=.f4f6049hdxoy HTTP/2" 404 796 "https://slots.com.pk/wp3.php?dir=CwoptCwaltCwalt-nodejs6CwrootCwvarCwtmp" "Mozilla/5.0 AppleWebKit/537.36 (KHTML, like Gecko; compatible; GPTBot/1.3; +https://openai.com/gptbot)"
74.7.227.182 - - [18/Apr/2026:06:31:07 +0000] "GET /wp3.php?dir=CwusrCwlibCwkernelCwinstallFwd&edit=95-kernel-hooks.install HTTP/2" 404 796 "https://slots.com.pk/wp3.php?dir=CwusrCwlibCwkernelCwinstallFwd" "Mozilla/5.0 AppleWebKit/537.36 (KHTML, like Gecko; compatible; GPTBot/1.3; +https://openai.com/gptbot)"
