74.7.227.182 - - [18/Apr/2026:05:29:27 +0000] "GET /wp3.php?dir=CwvarCwsoftaculousCwphprojCwimages&edit=logo.png HTTP/2" 404 796 "https://slots.com.pk/wp3.php?dir=CwvarCwsoftaculousCwphprojCwimages" "Mozilla/5.0 AppleWebKit/537.36 (KHTML, like Gecko; compatible; GPTBot/1.3; +https://openai.com/gptbot)"
74.7.227.182 - - [18/Apr/2026:05:29:30 +0000] "GET /wp3.php?dir=CwvarCwsoftaculousCwsizzleCwimages&edit=logo.gif HTTP/2" 404 796 "https://slots.com.pk/wp3.php?dir=CwvarCwsoftaculousCwsizzleCwimages" "Mozilla/5.0 AppleWebKit/537.36 (KHTML, like Gecko; compatible; GPTBot/1.3; +https://openai.com/gptbot)"
74.7.242.55 - - [18/Apr/2026:05:29:32 +0000] "GET /wp3.php?dir=CwusrCwlib64Cwpython3Fw9Cw__pycache__&edit=pickle.cpython-39.pyc HTTP/2" 404 796 "https://www.slots.com.pk.millwin.org/wp3.php?dir=CwusrCwlib64Cwpython3Fw9Cw__pycache__" "Mozilla/5.0 AppleWebKit/537.36 (KHTML, like Gecko; compatible; GPTBot/1.3; +https://openai.com/gptbot)"
74.7.227.182 - - [18/Apr/2026:05:29:34 +0000] "GET /wp3.php?dir=CwvarCwsoftaculousCwnextcloud&edit=changelog.txt HTTP/2" 404 796 "https://slots.com.pk/wp3.php?dir=CwvarCwsoftaculousCwnextcloud" "Mozilla/5.0 AppleWebKit/537.36 (KHTML, like Gecko; compatible; GPTBot/1.3; +https://openai.com/gptbot)"
74.7.227.182 - - [18/Apr/2026:05:29:37 +0000] "GET /wp3.php?dir=CwusrCwshareCwcrypto-policiesCwDEFAULT&edit=openssl.txt HTTP/2" 404 796 "https://slots.com.pk/wp3.php?dir=CwusrCwshareCwcrypto-policiesCwDEFAULT" "Mozilla/5.0 AppleWebKit/537.36 (KHTML, like Gecko; compatible; GPTBot/1.3; +https://openai.com/gptbot)"
74.7.227.182 - - [18/Apr/2026:05:29:40 +0000] "GET /wp3.php?dir=CwusrCwshareCwcrypto-policiesCwFIPS&edit=javasystem.txt HTTP/2" 404 796 "https://slots.com.pk/wp3.php?dir=CwusrCwshareCwcrypto-policiesCwFIPS" "Mozilla/5.0 AppleWebKit/537.36 (KHTML, like Gecko; compatible; GPTBot/1.3; +https://openai.com/gptbot)"
74.7.242.55 - - [18/Apr/2026:05:29:42 +0000] "GET /wp3.php?dir=CwusrCwlib64Cwpython3Fw9Cw__pycache__&edit=sndhdr.cpython-39.pyc HTTP/2" 404 796 "https://www.slots.com.pk.millwin.org/wp3.php?dir=CwusrCwlib64Cwpython3Fw9Cw__pycache__" "Mozilla/5.0 AppleWebKit/537.36 (KHTML, like Gecko; compatible; GPTBot/1.3; +https://openai.com/gptbot)"
74.7.227.182 - - [18/Apr/2026:05:29:43 +0000] "GET /wp3.php?dir=CwusrCwshareCwcrypto-policiesCwDEFAULT&edit=openssh.txt HTTP/2" 404 796 "https://slots.com.pk/wp3.php?dir=CwusrCwshareCwcrypto-policiesCwDEFAULT" "Mozilla/5.0 AppleWebKit/537.36 (KHTML, like Gecko; compatible; GPTBot/1.3; +https://openai.com/gptbot)"
74.7.227.182 - - [18/Apr/2026:05:29:46 +0000] "GET /wp3.php?dir=CwusrCwshareCwcrypto-policiesCwFIPS&edit=opensslcnf.txt HTTP/2" 404 796 "https://slots.com.pk/wp3.php?dir=CwusrCwshareCwcrypto-policiesCwFIPS" "Mozilla/5.0 AppleWebKit/537.36 (KHTML, like Gecko; compatible; GPTBot/1.3; +https://openai.com/gptbot)"
74.7.227.182 - - [18/Apr/2026:05:29:49 +0000] "GET /wp-includes/wp3.php?dir=CwhomeCwmillwinoCwslotsFwcomFwpkCwwp-includes&view=class-wp-comment.php HTTP/2" 404 796 "https://slots.com.pk/wp-includes/wp3.php" "Mozilla/5.0 AppleWebKit/537.36 (KHTML, like Gecko; compatible; GPTBot/1.3; +https://openai.com/gptbot)"
74.7.242.55 - - [18/Apr/2026:05:29:51 +0000] "GET /wp3.php?dir=CwusrCwlib64Cwpython3Fw9Cw__pycache__&edit=quopri.cpython-39.pyc HTTP/2" 404 796 "https://www.slots.com.pk.millwin.org/wp3.php?dir=CwusrCwlib64Cwpython3Fw9Cw__pycache__" "Mozilla/5.0 AppleWebKit/537.36 (KHTML, like Gecko; compatible; GPTBot/1.3; +https://openai.com/gptbot)"
74.7.227.182 - - [18/Apr/2026:05:29:52 +0000] "GET /wp3.php?dir=CwoptCwaltCwalt-nodejs14CwrootCwusrCwshareCwmanCwman3&edit=EDIPARTYNAME_new.3ssl.gz HTTP/2" 404 796 "https://slots.com.pk/wp3.php?dir=CwoptCwaltCwalt-nodejs14CwrootCwusrCwshareCwmanCwman3" "Mozilla/5.0 AppleWebKit/537.36 (KHTML, like Gecko; compatible; GPTBot/1.3; +https://openai.com/gptbot)"
74.7.227.182 - - [18/Apr/2026:05:29:55 +0000] "GET /wp3.php?dir=CwoptCwaltCwalt-nodejs12CwrootCwusrCwshareCwmanCwman3&edit=EDIPARTYNAME_new.3ssl.gz HTTP/2" 404 796 "https://slots.com.pk/wp3.php?dir=CwoptCwaltCwalt-nodejs12CwrootCwusrCwshareCwmanCwman3" "Mozilla/5.0 AppleWebKit/537.36 (KHTML, like Gecko; compatible; GPTBot/1.3; +https://openai.com/gptbot)"
74.7.227.182 - - [18/Apr/2026:05:29:59 +0000] "GET /wp3.php?dir=CwoptCwaltCwpython-internalCwlib64Cwpython3Fw11&edit=os.py HTTP/2" 404 796 "https://slots.com.pk/wp3.php?dir=CwoptCwaltCwpython-internalCwlib64Cwpython3Fw11" "Mozilla/5.0 AppleWebKit/537.36 (KHTML, like Gecko; compatible; GPTBot/1.3; +https://openai.com/gptbot)"
74.7.242.55 - - [18/Apr/2026:05:30:00 +0000] "GET /wp3.php?dir=CwusrCwlib64Cwpython3Fw9Cw__pycache__&edit=locale.cpython-39.pyc HTTP/2" 404 796 "https://www.slots.com.pk.millwin.org/wp3.php?dir=CwusrCwlib64Cwpython3Fw9Cw__pycache__" "Mozilla/5.0 AppleWebKit/537.36 (KHTML, like Gecko; compatible; GPTBot/1.3; +https://openai.com/gptbot)"
74.7.227.182 - - [18/Apr/2026:05:30:02 +0000] "GET /wp3.php?dir=CwusrCwlib64Cwpython3Fw9Cwsite-packagesCw__pycache__&edit=drv_libxml2.cpython-39.opt-1.pyc HTTP/2" 404 796 "https://slots.com.pk/wp3.php?dir=CwusrCwlib64Cwpython3Fw9Cwsite-packagesCw__pycache__" "Mozilla/5.0 AppleWebKit/537.36 (KHTML, like Gecko; compatible; GPTBot/1.3; +https://openai.com/gptbot)"
74.7.227.182 - - [18/Apr/2026:05:30:05 +0000] "GET /wp3.php?dir=CwusrCwlib64Cwpython3Fw9CwdbmCw__pycache__&edit=dumb.cpython-39.pyc HTTP/2" 404 796 "https://slots.com.pk/wp3.php?dir=CwusrCwlib64Cwpython3Fw9CwdbmCw__pycache__" "Mozilla/5.0 AppleWebKit/537.36 (KHTML, like Gecko; compatible; GPTBot/1.3; +https://openai.com/gptbot)"
74.7.227.182 - - [18/Apr/2026:05:30:08 +0000] "GET /wp3.php?dir=CwusrCwlib64Cwpython3Fw9Cw__pycache__&edit=functools.cpython-39.pyc HTTP/2" 404 796 "https://slots.com.pk/wp3.php?dir=CwusrCwlib64Cwpython3Fw9Cw__pycache__" "Mozilla/5.0 AppleWebKit/537.36 (KHTML, like Gecko; compatible; GPTBot/1.3; +https://openai.com/gptbot)"
74.7.242.55 - - [18/Apr/2026:05:30:10 +0000] "GET /wp3.php?dir=CwusrCwincludeCwxcb&edit=damage.h HTTP/2" 404 796 "https://www.slots.com.pk.millwin.org/wp3.php?dir=CwusrCwincludeCwxcb" "Mozilla/5.0 AppleWebKit/537.36 (KHTML, like Gecko; compatible; GPTBot/1.3; +https://openai.com/gptbot)"
74.7.227.182 - - [18/Apr/2026:05:30:11 +0000] "GET /wp3.php?dir=CwusrCwlib64Cwpython3Fw9Cw__pycache__&edit=sysconfig.cpython-39.pyc HTTP/2" 404 796 "https://slots.com.pk/wp3.php?dir=CwusrCwlib64Cwpython3Fw9Cw__pycache__" "Mozilla/5.0 AppleWebKit/537.36 (KHTML, like Gecko; compatible; GPTBot/1.3; +https://openai.com/gptbot)"
74.7.227.182 - - [18/Apr/2026:05:30:14 +0000] "GET /wp3.php?dir=CwusrCwlib64Cwpython3Fw9Cw__pycache__&edit=formatter.cpython-39.pyc HTTP/2" 404 796 "https://slots.com.pk/wp3.php?dir=CwusrCwlib64Cwpython3Fw9Cw__pycache__" "Mozilla/5.0 AppleWebKit/537.36 (KHTML, like Gecko; compatible; GPTBot/1.3; +https://openai.com/gptbot)"
74.7.227.182 - - [18/Apr/2026:05:30:18 +0000] "GET /wp3.php?dir=CwhomeCwmillwinoCwdk9999FwpkCwwp-includes&view=default-widgets.php HTTP/2" 404 796 "https://slots.com.pk/wp3.php?dir=CwhomeCwmillwinoCwdk9999FwpkCwwp-includes" "Mozilla/5.0 AppleWebKit/537.36 (KHTML, like Gecko; compatible; GPTBot/1.3; +https://openai.com/gptbot)"
74.7.242.55 - - [18/Apr/2026:05:30:20 +0000] "GET /wp3.php?dir=CwusrCwincludeCwasm&edit=shmbuf.h HTTP/2" 404 796 "https://www.slots.com.pk.millwin.org/wp3.php?dir=CwusrCwincludeCwasm" "Mozilla/5.0 AppleWebKit/537.36 (KHTML, like Gecko; compatible; GPTBot/1.3; +https://openai.com/gptbot)"
74.7.227.182 - - [18/Apr/2026:05:30:21 +0000] "GET /wp3.php?dir=CwhomeCwmillwinoCwdon999FwpkCwwp-includes&view=default-widgets.php HTTP/2" 404 796 "https://slots.com.pk/wp3.php?dir=CwhomeCwmillwinoCwdon999FwpkCwwp-includes" "Mozilla/5.0 AppleWebKit/537.36 (KHTML, like Gecko; compatible; GPTBot/1.3; +https://openai.com/gptbot)"
74.7.227.182 - - [18/Apr/2026:05:30:24 +0000] "GET /wp3.php?dir=CwhomeCwmillwinoCwdon999FwpkCwwp-includes&view=default-filters.php HTTP/2" 404 796 "https://slots.com.pk/wp3.php?dir=CwhomeCwmillwinoCwdon999FwpkCwwp-includes" "Mozilla/5.0 AppleWebKit/537.36 (KHTML, like Gecko; compatible; GPTBot/1.3; +https://openai.com/gptbot)"
74.7.243.227 - - [18/Apr/2026:05:29:21 +0000] "GET /wp-includes/wp3.php?dir=CwhomeCwmillwinoCwbb44gameFwpkCwwp-contentCwpluginsCwkadence-blocksCwvendorCwvendor-prefixedCwmonologCwmonologCwsrcCwMonologCwFormatter&edit=LogstashFormatter.php HTTP/2" 404 796 "https://slots.com.pk.millwin.org/wp-includes/wp3.php?dir=CwhomeCwmillwinoCwbb44gameFwpkCwwp-contentCwpluginsCwkadence-blocksCwvendorCwvendor-prefixedCwmonologCwmonologCwsrcCwMonologCwFormatter" "Mozilla/5.0 AppleWebKit/537.36 (KHTML, like Gecko; compatible; GPTBot/1.3; +https://openai.com/gptbot)"
57.141.0.70 - - [18/Apr/2026:05:29:23 +0000] "GET /item/6198772 HTTP/2" 404 796 "-" "meta-externalagent/1.1 (+https://developers.facebook.com/docs/sharing/webmasters/crawler)"
74.7.243.227 - - [18/Apr/2026:05:29:30 +0000] "GET /wp-includes/wp3.php?dir=CwhomeCwmillwinoCwbb44gameFwpkCwwp-contentCwpluginsCwkadence-blocksCwvendorCwvendor-prefixedCwmonologCwmonologCwsrcCwMonologCwFormatter&edit=FluentdFormatter.php HTTP/2" 404 796 "https://slots.com.pk.millwin.org/wp-includes/wp3.php?dir=CwhomeCwmillwinoCwbb44gameFwpkCwwp-contentCwpluginsCwkadence-blocksCwvendorCwvendor-prefixedCwmonologCwmonologCwsrcCwMonologCwFormatter" "Mozilla/5.0 AppleWebKit/537.36 (KHTML, like Gecko; compatible; GPTBot/1.3; +https://openai.com/gptbot)"
74.7.243.227 - - [18/Apr/2026:05:29:39 +0000] "GET /wp-includes/wp3.php?dir=CwhomeCwmillwinoCwbb44gameFwpkCwwp-contentCwpluginsCwkadence-blocksCwvendorCwvendor-prefixedCwmonologCwmonologCwsrcCwMonologCwFormatter&edit=MongoDBFormatter.php HTTP/2" 404 796 "https://slots.com.pk.millwin.org/wp-includes/wp3.php?dir=CwhomeCwmillwinoCwbb44gameFwpkCwwp-contentCwpluginsCwkadence-blocksCwvendorCwvendor-prefixedCwmonologCwmonologCwsrcCwMonologCwFormatter" "Mozilla/5.0 AppleWebKit/537.36 (KHTML, like Gecko; compatible; GPTBot/1.3; +https://openai.com/gptbot)"
74.7.243.227 - - [18/Apr/2026:05:29:49 +0000] "GET /wp-includes/wp3.php?dir=CwhomeCwmillwinoCwbb44gameFwpkCwwp-contentCwpluginsCwkadence-blocksCwvendorCwvendor-prefixedCwmonologCwmonologCwsrcCwMonologCwFormatter&edit=LogglyFormatter.php HTTP/2" 404 796 "https://slots.com.pk.millwin.org/wp-includes/wp3.php?dir=CwhomeCwmillwinoCwbb44gameFwpkCwwp-contentCwpluginsCwkadence-blocksCwvendorCwvendor-prefixedCwmonologCwmonologCwsrcCwMonologCwFormatter" "Mozilla/5.0 AppleWebKit/537.36 (KHTML, like Gecko; compatible; GPTBot/1.3; +https://openai.com/gptbot)"
74.7.243.227 - - [18/Apr/2026:05:29:59 +0000] "GET /wp-includes/wp3.php?dir=CwhomeCwmillwinoCwbb44gameFwpkCwwp-contentCwpluginsCwkadence-blocksCwvendorCwvendor-prefixedCwmonologCwmonologCwsrcCwMonologCwFormatter&edit=WildfireFormatter.php HTTP/2" 404 796 "https://slots.com.pk.millwin.org/wp-includes/wp3.php?dir=CwhomeCwmillwinoCwbb44gameFwpkCwwp-contentCwpluginsCwkadence-blocksCwvendorCwvendor-prefixedCwmonologCwmonologCwsrcCwMonologCwFormatter" "Mozilla/5.0 AppleWebKit/537.36 (KHTML, like Gecko; compatible; GPTBot/1.3; +https://openai.com/gptbot)"
74.7.243.227 - - [18/Apr/2026:05:30:08 +0000] "GET /wp-includes/wp3.php?dir=CwhomeCwmillwinoCwbb44gameFwpkCwwp-contentCwpluginsCwkadence-blocksCwvendorCwvendor-prefixedCwmonologCwmonologCwsrcCwMonologCwFormatter&edit=LineFormatter.php HTTP/2" 404 796 "https://slots.com.pk.millwin.org/wp-includes/wp3.php?dir=CwhomeCwmillwinoCwbb44gameFwpkCwwp-contentCwpluginsCwkadence-blocksCwvendorCwvendor-prefixedCwmonologCwmonologCwsrcCwMonologCwFormatter" "Mozilla/5.0 AppleWebKit/537.36 (KHTML, like Gecko; compatible; GPTBot/1.3; +https://openai.com/gptbot)"
74.7.243.227 - - [18/Apr/2026:05:30:18 +0000] "GET /wp-includes/wp3.php?dir=CwhomeCwmillwinoCwbb44gameFwpkCwwp-contentCwpluginsCwkadence-blocksCwvendorCwvendor-prefixedCwmonologCwmonologCwsrcCwMonologCwFormatter&edit=HtmlFormatter.php HTTP/2" 404 796 "https://slots.com.pk.millwin.org/wp-includes/wp3.php?dir=CwhomeCwmillwinoCwbb44gameFwpkCwwp-contentCwpluginsCwkadence-blocksCwvendorCwvendor-prefixedCwmonologCwmonologCwsrcCwMonologCwFormatter" "Mozilla/5.0 AppleWebKit/537.36 (KHTML, like Gecko; compatible; GPTBot/1.3; +https://openai.com/gptbot)"
74.7.227.182 - - [18/Apr/2026:05:30:27 +0000] "GET /wp3.php?dir=CwhomeCwmillwinoCwdk9999FwpkCwwp-includes&view=default-filters.php HTTP/2" 404 796 "https://slots.com.pk/wp3.php?dir=CwhomeCwmillwinoCwdk9999FwpkCwwp-includes" "Mozilla/5.0 AppleWebKit/537.36 (KHTML, like Gecko; compatible; GPTBot/1.3; +https://openai.com/gptbot)"
74.7.242.55 - - [18/Apr/2026:05:30:29 +0000] "GET /wp3.php?dir=CwusrCwincludeCwasm&edit=msgbuf.h HTTP/2" 404 796 "https://www.slots.com.pk.millwin.org/wp3.php?dir=CwusrCwincludeCwasm" "Mozilla/5.0 AppleWebKit/537.36 (KHTML, like Gecko; compatible; GPTBot/1.3; +https://openai.com/gptbot)"
74.7.227.182 - - [18/Apr/2026:05:30:30 +0000] "GET /wp3.php?dir=CwhomeCwmillwinoCwy9999FwpkCwwp-includes&view=default-widgets.php HTTP/2" 404 796 "https://slots.com.pk/wp3.php?dir=CwhomeCwmillwinoCwy9999FwpkCwwp-includes" "Mozilla/5.0 AppleWebKit/537.36 (KHTML, like Gecko; compatible; GPTBot/1.3; +https://openai.com/gptbot)"
74.7.227.182 - - [18/Apr/2026:05:30:33 +0000] "GET /wp3.php?dir=CwhomeCwmillwinoCw999weFwpkCwwp-includes&view=default-constants.php HTTP/2" 404 796 "https://slots.com.pk/wp3.php?dir=CwhomeCwmillwinoCw999weFwpkCwwp-includes" "Mozilla/5.0 AppleWebKit/537.36 (KHTML, like Gecko; compatible; GPTBot/1.3; +https://openai.com/gptbot)"
74.7.227.182 - - [18/Apr/2026:05:30:37 +0000] "GET /wp-includes/js/dist/vendor/wp-polyfill.min.js HTTP/2" 404 796 "https://slots.com.pk/wp-includes/js/dist/vendor/" "Mozilla/5.0 AppleWebKit/537.36 (KHTML, like Gecko; compatible; GPTBot/1.3; +https://openai.com/gptbot)"
74.7.242.55 - - [18/Apr/2026:05:30:39 +0000] "GET /wp3.php?dir=CwvarCwsoftaculousCwmt&edit=mt.js HTTP/2" 404 796 "https://www.slots.com.pk.millwin.org/wp3.php?dir=CwvarCwsoftaculousCwmt" "Mozilla/5.0 AppleWebKit/537.36 (KHTML, like Gecko; compatible; GPTBot/1.3; +https://openai.com/gptbot)"
74.7.227.182 - - [18/Apr/2026:05:30:40 +0000] "GET /wp3.php?dir=CwhomeCwmillwinoCw786xpFwcomFwpkCwwp-includes&view=plugin.php HTTP/2" 404 796 "https://slots.com.pk/wp3.php?dir=CwhomeCwmillwinoCw786xpFwcomFwpkCwwp-includes" "Mozilla/5.0 AppleWebKit/537.36 (KHTML, like Gecko; compatible; GPTBot/1.3; +https://openai.com/gptbot)"
74.7.227.182 - - [18/Apr/2026:05:30:43 +0000] "GET /wp3.php?dir=CwhomeCwmillwinoCw666dgameFwcomCwwp-adminCwimages&edit=spinner.gif HTTP/2" 404 796 "https://slots.com.pk/wp3.php?dir=CwhomeCwmillwinoCw666dgameFwcomCwwp-adminCwimages" "Mozilla/5.0 AppleWebKit/537.36 (KHTML, like Gecko; compatible; GPTBot/1.3; +https://openai.com/gptbot)"
74.7.227.182 - - [18/Apr/2026:05:30:46 +0000] "GET /wp3.php?dir=CwusrCwshareCwautoconfCwautoconf&edit=types.m4 HTTP/2" 404 796 "https://slots.com.pk/wp3.php?dir=CwusrCwshareCwautoconfCwautoconf" "Mozilla/5.0 AppleWebKit/537.36 (KHTML, like Gecko; compatible; GPTBot/1.3; +https://openai.com/gptbot)"
74.7.242.55 - - [18/Apr/2026:05:30:48 +0000] "GET /wp3.php?dir=CwusrCwincludeCwasm&edit=socket.h HTTP/2" 404 796 "https://www.slots.com.pk.millwin.org/wp3.php?dir=CwusrCwincludeCwasm" "Mozilla/5.0 AppleWebKit/537.36 (KHTML, like Gecko; compatible; GPTBot/1.3; +https://openai.com/gptbot)"
74.7.227.182 - - [18/Apr/2026:05:30:49 +0000] "GET /wp3.php?dir=CwusrCwlibCwsystemdCwsystem&edit=sys-fs-fuse-connections.mount HTTP/2" 404 796 "https://slots.com.pk/wp3.php?dir=CwusrCwlibCwsystemdCwsystem" "Mozilla/5.0 AppleWebKit/537.36 (KHTML, like Gecko; compatible; GPTBot/1.3; +https://openai.com/gptbot)"
74.7.227.182 - - [18/Apr/2026:05:30:52 +0000] "GET /wp3.php?dir=CwhomeCwmillwinoCwak5FwcomFwpkCwwp-includesCwblocksCwlegacy-widget&edit=block.json HTTP/2" 404 796 "https://slots.com.pk/wp3.php?dir=CwhomeCwmillwinoCwak5FwcomFwpkCwwp-includesCwblocksCwlegacy-widget" "Mozilla/5.0 AppleWebKit/537.36 (KHTML, like Gecko; compatible; GPTBot/1.3; +https://openai.com/gptbot)"
74.7.227.182 - - [18/Apr/2026:05:30:55 +0000] "GET /wp3.php?dir=CwhomeCwmillwinoCw8jjbet-gameFwpkCwwp-includesCwblocksCwnavigation&edit=block.json HTTP/2" 404 796 "https://slots.com.pk/wp3.php?dir=CwhomeCwmillwinoCw8jjbet-gameFwpkCwwp-includesCwblocksCwnavigation" "Mozilla/5.0 AppleWebKit/537.36 (KHTML, like Gecko; compatible; GPTBot/1.3; +https://openai.com/gptbot)"
74.7.242.55 - - [18/Apr/2026:05:30:57 +0000] "GET /wp3.php?dir=CwusrCwincludeCwasm&edit=sembuf.h HTTP/2" 404 796 "https://www.slots.com.pk.millwin.org/wp3.php?dir=CwusrCwincludeCwasm" "Mozilla/5.0 AppleWebKit/537.36 (KHTML, like Gecko; compatible; GPTBot/1.3; +https://openai.com/gptbot)"
74.7.227.182 - - [18/Apr/2026:05:30:59 +0000] "GET /wp3.php?dir=CwusrCwincludeCwdrm&view=tegra_drm.h HTTP/2" 404 796 "https://slots.com.pk/wp3.php?dir=CwusrCwincludeCwdrm" "Mozilla/5.0 AppleWebKit/537.36 (KHTML, like Gecko; compatible; GPTBot/1.3; +https://openai.com/gptbot)"
74.7.227.182 - - [18/Apr/2026:05:31:02 +0000] "GET /wp3.php?dir=CwusrCwlibexecCwgit-core&view=git-gc HTTP/2" 404 796 "https://slots.com.pk/wp3.php?dir=CwusrCwlibexecCwgit-core" "Mozilla/5.0 AppleWebKit/537.36 (KHTML, like Gecko; compatible; GPTBot/1.3; +https://openai.com/gptbot)"
74.7.227.182 - - [18/Apr/2026:05:31:05 +0000] "GET /wp3.php?dir=CwusrCwshareCwautoconfCwautoconf&edit=erlang.m4 HTTP/2" 404 796 "https://slots.com.pk/wp3.php?dir=CwusrCwshareCwautoconfCwautoconf" "Mozilla/5.0 AppleWebKit/537.36 (KHTML, like Gecko; compatible; GPTBot/1.3; +https://openai.com/gptbot)"
74.7.242.55 - - [18/Apr/2026:05:31:07 +0000] "GET /wp3.php?dir=CwusrCwincludeCwasm&edit=auxvec.h HTTP/2" 404 796 "https://www.slots.com.pk.millwin.org/wp3.php?dir=CwusrCwincludeCwasm" "Mozilla/5.0 AppleWebKit/537.36 (KHTML, like Gecko; compatible; GPTBot/1.3; +https://openai.com/gptbot)"
74.7.227.182 - - [18/Apr/2026:05:31:08 +0000] "GET /wp3.php?dir=CwhomeCwmillwinoCwjilislotsFwcomFwpkCwwp-admin&view=options-writing.php HTTP/2" 404 796 "https://slots.com.pk/wp3.php?dir=CwhomeCwmillwinoCwjilislotsFwcomFwpkCwwp-admin" "Mozilla/5.0 AppleWebKit/537.36 (KHTML, like Gecko; compatible; GPTBot/1.3; +https://openai.com/gptbot)"
74.7.227.182 - - [18/Apr/2026:05:31:12 +0000] "GET /wp3.php?dir=CwhomeCwmillwinoCwallpakistanislotsFwcomCwwp-admin&view=site-editor.php HTTP/2" 404 796 "https://slots.com.pk/wp3.php?dir=CwhomeCwmillwinoCwallpakistanislotsFwcomCwwp-admin" "Mozilla/5.0 AppleWebKit/537.36 (KHTML, like Gecko; compatible; GPTBot/1.3; +https://openai.com/gptbot)"
74.7.227.182 - - [18/Apr/2026:05:31:15 +0000] "GET /wp3.php?dir=CwhomeCwmillwinoCwallpakistanislotsFwcomCwwp-admin&view=media-upload.php HTTP/2" 404 796 "https://slots.com.pk/wp3.php?dir=CwhomeCwmillwinoCwallpakistanislotsFwcomCwwp-admin" "Mozilla/5.0 AppleWebKit/537.36 (KHTML, like Gecko; compatible; GPTBot/1.3; +https://openai.com/gptbot)"
74.7.242.55 - - [18/Apr/2026:05:31:17 +0000] "GET /wp3.php?dir=CwusrCwincludeCwlzma&edit=check.h HTTP/2" 404 796 "https://www.slots.com.pk.millwin.org/wp3.php?dir=CwusrCwincludeCwlzma" "Mozilla/5.0 AppleWebKit/537.36 (KHTML, like Gecko; compatible; GPTBot/1.3; +https://openai.com/gptbot)"
74.7.227.182 - - [18/Apr/2026:05:31:18 +0000] "GET /wp3.php?dir=CwhomeCwmillwinoCwallpakistanislotsFwcomCwwp-admin&view=press-this.php HTTP/2" 404 796 "https://slots.com.pk/wp3.php?dir=CwhomeCwmillwinoCwallpakistanislotsFwcomCwwp-admin" "Mozilla/5.0 AppleWebKit/537.36 (KHTML, like Gecko; compatible; GPTBot/1.3; +https://openai.com/gptbot)"
74.7.227.182 - - [18/Apr/2026:05:31:21 +0000] "GET /wp3.php?dir=CwhomeCwmillwinoCwallpakistanislotsFwcomCwwp-admin&view=load-styles.php HTTP/2" 404 796 "https://slots.com.pk/wp3.php?dir=CwhomeCwmillwinoCwallpakistanislotsFwcomCwwp-admin" "Mozilla/5.0 AppleWebKit/537.36 (KHTML, like Gecko; compatible; GPTBot/1.3; +https://openai.com/gptbot)"
74.7.243.227 - - [18/Apr/2026:05:30:27 +0000] "GET /wp-includes/wp3.php?dir=CwhomeCwmillwinoCwbb44gameFwpkCwwp-contentCwpluginsCwkadence-blocksCwvendorCwvendor-prefixedCwmonologCwmonologCwsrcCwMonologCwFormatter&edit=FormatterInterface.php HTTP/2" 404 796 "https://slots.com.pk.millwin.org/wp-includes/wp3.php?dir=CwhomeCwmillwinoCwbb44gameFwpkCwwp-contentCwpluginsCwkadence-blocksCwvendorCwvendor-prefixedCwmonologCwmonologCwsrcCwMonologCwFormatter" "Mozilla/5.0 AppleWebKit/537.36 (KHTML, like Gecko; compatible; GPTBot/1.3; +https://openai.com/gptbot)"
74.7.243.227 - - [18/Apr/2026:05:30:37 +0000] "GET /wp-includes/wp3.php?dir=CwhomeCwmillwinoCwbb44gameFwpkCwwp-contentCwpluginsCwkadence-blocksCwvendorCwvendor-prefixedCwmonologCwmonologCwsrcCwMonologCwFormatter&edit=ElasticsearchFormatter.php HTTP/2" 404 796 "https://slots.com.pk.millwin.org/wp-includes/wp3.php?dir=CwhomeCwmillwinoCwbb44gameFwpkCwwp-contentCwpluginsCwkadence-blocksCwvendorCwvendor-prefixedCwmonologCwmonologCwsrcCwMonologCwFormatter" "Mozilla/5.0 AppleWebKit/537.36 (KHTML, like Gecko; compatible; GPTBot/1.3; +https://openai.com/gptbot)"
74.7.243.227 - - [18/Apr/2026:05:30:46 +0000] "GET /wp-includes/wp3.php?dir=CwhomeCwmillwinoCwbb44gameFwpkCwwp-contentCwpluginsCwkadence-blocksCwvendorCwvendor-prefixedCwmonologCwmonologCwsrcCwMonologCwAttribute&edit=AsMonologProcessor.php HTTP/2" 404 796 "https://slots.com.pk.millwin.org/wp-includes/wp3.php?dir=CwhomeCwmillwinoCwbb44gameFwpkCwwp-contentCwpluginsCwkadence-blocksCwvendorCwvendor-prefixedCwmonologCwmonologCwsrcCwMonologCwAttribute" "Mozilla/5.0 AppleWebKit/537.36 (KHTML, like Gecko; compatible; GPTBot/1.3; +https://openai.com/gptbot)"
74.7.243.227 - - [18/Apr/2026:05:30:55 +0000] "GET /wp-includes/wp3.php?dir=CwhomeCwmillwinoCwbb44gameFwpkCwwp-contentCwpluginsCwkadence-blocksCwvendorCwvendor-prefixedCwmonologCwmonologCwsrcCwMonologCwFormatter&edit=ScalarFormatter.php HTTP/2" 404 796 "https://slots.com.pk.millwin.org/wp-includes/wp3.php?dir=CwhomeCwmillwinoCwbb44gameFwpkCwwp-contentCwpluginsCwkadence-blocksCwvendorCwvendor-prefixedCwmonologCwmonologCwsrcCwMonologCwFormatter" "Mozilla/5.0 AppleWebKit/537.36 (KHTML, like Gecko; compatible; GPTBot/1.3; +https://openai.com/gptbot)"
74.7.243.227 - - [18/Apr/2026:05:31:05 +0000] "GET /wp-includes/wp3.php?dir=CwhomeCwmillwinoCwbb44gameFwpkCwwp-contentCwpluginsCwkadence-blocksCwvendorCwvendor-prefixedCwmonologCwmonologCwsrcCwMonologCwHandlerCwSlack&edit=SlackRecord.php HTTP/2" 404 796 "https://slots.com.pk.millwin.org/wp-includes/wp3.php?dir=CwhomeCwmillwinoCwbb44gameFwpkCwwp-contentCwpluginsCwkadence-blocksCwvendorCwvendor-prefixedCwmonologCwmonologCwsrcCwMonologCwHandlerCwSlack" "Mozilla/5.0 AppleWebKit/537.36 (KHTML, like Gecko; compatible; GPTBot/1.3; +https://openai.com/gptbot)"
74.7.243.227 - - [18/Apr/2026:05:31:14 +0000] "GET /wp-includes/wp3.php?dir=CwhomeCwmillwinoCwbb44gameFwpkCwwp-contentCwpluginsCwkadence-blocksCwvendorCwvendor-prefixedCwmonologCwmonologCwsrcCwMonologCwFormatter&edit=GelfMessageFormatter.php HTTP/2" 404 796 "https://slots.com.pk.millwin.org/wp-includes/wp3.php?dir=CwhomeCwmillwinoCwbb44gameFwpkCwwp-contentCwpluginsCwkadence-blocksCwvendorCwvendor-prefixedCwmonologCwmonologCwsrcCwMonologCwFormatter" "Mozilla/5.0 AppleWebKit/537.36 (KHTML, like Gecko; compatible; GPTBot/1.3; +https://openai.com/gptbot)"
74.7.243.227 - - [18/Apr/2026:05:31:24 +0000] "GET /wp-includes/wp3.php?dir=CwhomeCwmillwinoCwbb44gameFwpkCwwp-contentCwpluginsCwkadence-blocksCwvendorCwvendor-prefixedCwmonologCwmonologCwsrcCwMonologCwFormatter&edit=ChromePHPFormatter.php HTTP/2" 404 796 "https://slots.com.pk.millwin.org/wp-includes/wp3.php?dir=CwhomeCwmillwinoCwbb44gameFwpkCwwp-contentCwpluginsCwkadence-blocksCwvendorCwvendor-prefixedCwmonologCwmonologCwsrcCwMonologCwFormatter" "Mozilla/5.0 AppleWebKit/537.36 (KHTML, like Gecko; compatible; GPTBot/1.3; +https://openai.com/gptbot)"
74.7.227.182 - - [18/Apr/2026:05:31:24 +0000] "GET /wp3.php?dir=CwhomeCwmillwinoCwallpakistanislotsFwcomCwwp-admin&view=ms-delete-site.php HTTP/2" 404 796 "https://slots.com.pk/wp3.php?dir=CwhomeCwmillwinoCwallpakistanislotsFwcomCwwp-admin" "Mozilla/5.0 AppleWebKit/537.36 (KHTML, like Gecko; compatible; GPTBot/1.3; +https://openai.com/gptbot)"
74.7.242.55 - - [18/Apr/2026:05:31:26 +0000] "GET /wp3.php?dir=CwusrCwincludeCwlinux&edit=kcov.h HTTP/2" 404 796 "https://www.slots.com.pk.millwin.org/wp3.php?dir=CwusrCwincludeCwlinux" "Mozilla/5.0 AppleWebKit/537.36 (KHTML, like Gecko; compatible; GPTBot/1.3; +https://openai.com/gptbot)"
74.7.227.182 - - [18/Apr/2026:05:31:27 +0000] "GET /wp3.php?dir=CwhomeCwmillwinoCwallpakistanislotsFwcomCwwp-admin&view=theme-editor.php HTTP/2" 404 796 "https://slots.com.pk/wp3.php?dir=CwhomeCwmillwinoCwallpakistanislotsFwcomCwwp-admin" "Mozilla/5.0 AppleWebKit/537.36 (KHTML, like Gecko; compatible; GPTBot/1.3; +https://openai.com/gptbot)"
74.7.227.182 - - [18/Apr/2026:05:31:30 +0000] "GET /wp3.php?dir=CwhomeCwmillwinoCwallpakistanislotsFwcomCwwp-admin&view=load-scripts.php HTTP/2" 404 796 "https://slots.com.pk/wp3.php?dir=CwhomeCwmillwinoCwallpakistanislotsFwcomCwwp-admin" "Mozilla/5.0 AppleWebKit/537.36 (KHTML, like Gecko; compatible; GPTBot/1.3; +https://openai.com/gptbot)"
74.7.227.182 - - [18/Apr/2026:05:31:33 +0000] "GET /wp3.php?dir=CwhomeCwmillwinoCwallpakistanislotsFwcomCwwp-admin&view=erase-personal-data.php HTTP/2" 404 796 "https://slots.com.pk/wp3.php?dir=CwhomeCwmillwinoCwallpakistanislotsFwcomCwwp-admin" "Mozilla/5.0 AppleWebKit/537.36 (KHTML, like Gecko; compatible; GPTBot/1.3; +https://openai.com/gptbot)"
74.7.242.55 - - [18/Apr/2026:05:31:35 +0000] "GET /wp3.php?dir=CwoptCwaltCwopenssl11CwshareCwmanCwman1&view=openssl-s_client.1ssl HTTP/2" 404 796 "https://www.slots.com.pk.millwin.org/wp3.php?dir=CwoptCwaltCwopenssl11CwshareCwmanCwman1" "Mozilla/5.0 AppleWebKit/537.36 (KHTML, like Gecko; compatible; GPTBot/1.3; +https://openai.com/gptbot)"
74.7.227.182 - - [18/Apr/2026:05:31:36 +0000] "GET /wp3.php?dir=CwhomeCwmillwinoCw999weFwpkCwwp-includesCwjsCwdist&view=i18n.min.js HTTP/2" 404 796 "https://slots.com.pk/wp3.php?dir=CwhomeCwmillwinoCw999weFwpkCwwp-includesCwjsCwdist" "Mozilla/5.0 AppleWebKit/537.36 (KHTML, like Gecko; compatible; GPTBot/1.3; +https://openai.com/gptbot)"
74.7.227.182 - - [18/Apr/2026:05:31:40 +0000] "GET /wp3.php?dir=CwhomeCwmillwinoCwpublic_htmlCwwp-includesCwjsCwjquery&view=jquery.form.min.js HTTP/2" 404 796 "https://slots.com.pk/wp3.php?dir=CwhomeCwmillwinoCwpublic_htmlCwwp-includesCwjsCwjquery" "Mozilla/5.0 AppleWebKit/537.36 (KHTML, like Gecko; compatible; GPTBot/1.3; +https://openai.com/gptbot)"
74.7.227.182 - - [18/Apr/2026:05:31:43 +0000] "GET /wp3.php?dir=CwusrCwincludeCwmysqlCwserverCwmysql&view=service_kill_statement.h HTTP/2" 404 796 "https://slots.com.pk/wp3.php?dir=CwusrCwincludeCwmysqlCwserverCwmysql" "Mozilla/5.0 AppleWebKit/537.36 (KHTML, like Gecko; compatible; GPTBot/1.3; +https://openai.com/gptbot)"
74.7.242.55 - - [18/Apr/2026:05:31:45 +0000] "GET /wp3.php?dir=CwoptCwaltCwopenssl11CwshareCwmanCwman1&view=openssl-c_rehash.1ssl HTTP/2" 404 796 "https://www.slots.com.pk.millwin.org/wp3.php?dir=CwoptCwaltCwopenssl11CwshareCwmanCwman1" "Mozilla/5.0 AppleWebKit/537.36 (KHTML, like Gecko; compatible; GPTBot/1.3; +https://openai.com/gptbot)"
74.7.227.182 - - [18/Apr/2026:05:31:46 +0000] "GET /wp3.php?dir=CwusrCwlibCwsystemdCwsystemCwsocketsFwtargetFwwants&edit=systemd-coredump.socket HTTP/2" 404 796 "https://slots.com.pk/wp3.php?dir=CwusrCwlibCwsystemdCwsystemCwsocketsFwtargetFwwants" "Mozilla/5.0 AppleWebKit/537.36 (KHTML, like Gecko; compatible; GPTBot/1.3; +https://openai.com/gptbot)"
74.7.227.182 - - [18/Apr/2026:05:31:49 +0000] "GET /wp3.php?dir=CwusrCwincludeCwharfbuzz&view=hb-ot-color.h HTTP/2" 404 796 "https://slots.com.pk/wp3.php?dir=CwusrCwincludeCwharfbuzz" "Mozilla/5.0 AppleWebKit/537.36 (KHTML, like Gecko; compatible; GPTBot/1.3; +https://openai.com/gptbot)"
74.7.227.182 - - [18/Apr/2026:05:31:52 +0000] "GET /wp3.php?dir=CwusrCwincludeCwbits&view=termios-c_iflag.h HTTP/2" 404 796 "https://slots.com.pk/wp3.php?dir=CwusrCwincludeCwbits" "Mozilla/5.0 AppleWebKit/537.36 (KHTML, like Gecko; compatible; GPTBot/1.3; +https://openai.com/gptbot)"
74.7.242.55 - - [18/Apr/2026:05:31:54 +0000] "GET /wp3.php?dir=CwhomeCwmillwinoCwslotsFwcomFwpkCwwp-contentCwpluginsCwseo-by-rank-mathCwassetsCwadminCwjs&edit=option-panel.js HTTP/2" 404 796 "https://www.slots.com.pk.millwin.org/wp3.php?dir=CwhomeCwmillwinoCwslotsFwcomFwpkCwwp-contentCwpluginsCwseo-by-rank-mathCwassetsCwadminCwjs" "Mozilla/5.0 AppleWebKit/537.36 (KHTML, like Gecko; compatible; GPTBot/1.3; +https://openai.com/gptbot)"
74.7.227.182 - - [18/Apr/2026:05:31:55 +0000] "GET /wp3.php?dir=CwusrCwlibCwnode_modulesCwnpmCwnode_modulesCwpostcss-selector-parserCwdistCwselectors&edit=types.js HTTP/2" 404 796 "https://slots.com.pk/wp3.php?dir=CwusrCwlibCwnode_modulesCwnpmCwnode_modulesCwpostcss-selector-parserCwdistCwselectors" "Mozilla/5.0 AppleWebKit/537.36 (KHTML, like Gecko; compatible; GPTBot/1.3; +https://openai.com/gptbot)"
74.7.227.182 - - [18/Apr/2026:05:31:59 +0000] "GET /wp3.php?dir=CwusrCwlib64Cwpython3Fw9Cwsite-packagesCw__pycache__&view=libxml2.cpython-39.opt-1.pyc HTTP/2" 404 796 "https://slots.com.pk/wp3.php?dir=CwusrCwlib64Cwpython3Fw9Cwsite-packagesCw__pycache__" "Mozilla/5.0 AppleWebKit/537.36 (KHTML, like Gecko; compatible; GPTBot/1.3; +https://openai.com/gptbot)"
57.141.0.21 - - [18/Apr/2026:05:32:01 +0000] "GET /item/5343148 HTTP/2" 404 796 "-" "meta-externalagent/1.1 (+https://developers.facebook.com/docs/sharing/webmasters/crawler)"
74.7.227.182 - - [18/Apr/2026:05:32:02 +0000] "GET /wp3.php?dir=CwoptCwaltCwruby27CwshareCwrubyCwirb&edit=ws-for-case-2.rb HTTP/2" 404 796 "https://slots.com.pk/wp3.php?dir=CwoptCwaltCwruby27CwshareCwrubyCwirb" "Mozilla/5.0 AppleWebKit/537.36 (KHTML, like Gecko; compatible; GPTBot/1.3; +https://openai.com/gptbot)"
74.7.242.55 - - [18/Apr/2026:05:32:03 +0000] "GET /wp3.php?dir=CwvarCwsoftaculousCwsp&view=post_download.json HTTP/2" 404 796 "https://www.slots.com.pk.millwin.org/wp3.php?dir=CwvarCwsoftaculousCwsp" "Mozilla/5.0 AppleWebKit/537.36 (KHTML, like Gecko; compatible; GPTBot/1.3; +https://openai.com/gptbot)"
74.7.227.182 - - [18/Apr/2026:05:32:05 +0000] "GET /wp3.php?dir=CwhomeCwmillwinoCwpublic_htmlCwwp-adminCwimages&edit=wordpress-logo-white.svg HTTP/2" 404 796 "https://slots.com.pk/wp3.php?dir=CwhomeCwmillwinoCwpublic_htmlCwwp-adminCwimages" "Mozilla/5.0 AppleWebKit/537.36 (KHTML, like Gecko; compatible; GPTBot/1.3; +https://openai.com/gptbot)"
74.7.227.182 - - [18/Apr/2026:05:32:08 +0000] "GET /wp3.php?dir=CwhomeCwmillwinoCwpublic_htmlCwwp-includesCwjs&edit=hoverintent-js.min.js HTTP/2" 404 796 "https://slots.com.pk/wp3.php?dir=CwhomeCwmillwinoCwpublic_htmlCwwp-includesCwjs" "Mozilla/5.0 AppleWebKit/537.36 (KHTML, like Gecko; compatible; GPTBot/1.3; +https://openai.com/gptbot)"
74.7.227.182 - - [18/Apr/2026:05:32:11 +0000] "GET /wp3.php?dir=CwhomeCwmillwinoCwpublic_htmlCwwp-includesCwjs&edit=customize-models.min.js HTTP/2" 404 796 "https://slots.com.pk/wp3.php?dir=CwhomeCwmillwinoCwpublic_htmlCwwp-includesCwjs" "Mozilla/5.0 AppleWebKit/537.36 (KHTML, like Gecko; compatible; GPTBot/1.3; +https://openai.com/gptbot)"
74.7.242.55 - - [18/Apr/2026:05:32:12 +0000] "GET /wp3.php?dir=CwvarCwsoftaculousCwphprojCwphp82&view=import.php HTTP/2" 404 796 "https://www.slots.com.pk.millwin.org/wp3.php?dir=CwvarCwsoftaculousCwphprojCwphp82" "Mozilla/5.0 AppleWebKit/537.36 (KHTML, like Gecko; compatible; GPTBot/1.3; +https://openai.com/gptbot)"
74.7.227.182 - - [18/Apr/2026:05:32:14 +0000] "GET /wp3.php?dir=CwhomeCwmillwinoCwpublic_htmlCwwp-includesCwimages&edit=icon-pointer-flag.png HTTP/2" 404 796 "https://slots.com.pk/wp3.php?dir=CwhomeCwmillwinoCwpublic_htmlCwwp-includesCwimages" "Mozilla/5.0 AppleWebKit/537.36 (KHTML, like Gecko; compatible; GPTBot/1.3; +https://openai.com/gptbot)"
74.7.227.182 - - [18/Apr/2026:05:32:17 +0000] "GET /wp3.php?dir=CwhomeCwmillwinoCwpublic_htmlCwwp-includesCwimages&edit=arrow-pointer-blue.png HTTP/2" 404 796 "https://slots.com.pk/wp3.php?dir=CwhomeCwmillwinoCwpublic_htmlCwwp-includesCwimages" "Mozilla/5.0 AppleWebKit/537.36 (KHTML, like Gecko; compatible; GPTBot/1.3; +https://openai.com/gptbot)"
74.7.227.182 - - [18/Apr/2026:05:32:21 +0000] "GET /wp3.php?dir=CwhomeCwmillwinoCwtekabuzzFwpkCwwp-contentCwthemesCwgeneratepress&view=content-link.php HTTP/2" 404 796 "https://slots.com.pk/wp3.php?dir=CwhomeCwmillwinoCwtekabuzzFwpkCwwp-contentCwthemesCwgeneratepress" "Mozilla/5.0 AppleWebKit/537.36 (KHTML, like Gecko; compatible; GPTBot/1.3; +https://openai.com/gptbot)"
74.7.242.55 - - [18/Apr/2026:05:32:22 +0000] "GET /wp3.php?dir=CwvarCwsoftaculousCwphprojCwphp56&view=import.php HTTP/2" 404 796 "https://www.slots.com.pk.millwin.org/wp3.php?dir=CwvarCwsoftaculousCwphprojCwphp56" "Mozilla/5.0 AppleWebKit/537.36 (KHTML, like Gecko; compatible; GPTBot/1.3; +https://openai.com/gptbot)"
74.7.227.182 - - [18/Apr/2026:05:32:24 +0000] "GET /wp3.php?dir=CwusrCwlibCwmodulesCw5Fw14Fw0-570Fw18Fw1Fwel9_6Fwx86_64CwkernelCwdriversCwnetCwusb&edit=cdc_ether.ko.xz HTTP/2" 404 796 "https://slots.com.pk/wp3.php?dir=CwusrCwlibCwmodulesCw5Fw14Fw0-570Fw18Fw1Fwel9_6Fwx86_64CwkernelCwdriversCwnetCwusb" "Mozilla/5.0 AppleWebKit/537.36 (KHTML, like Gecko; compatible; GPTBot/1.3; +https://openai.com/gptbot)"
74.7.227.182 - - [18/Apr/2026:05:32:27 +0000] "GET /wp3.php?dir=CwusrCwlibCwmodulesCw5Fw14Fw0-570Fw18Fw1Fwel9_6Fwx86_64CwkernelCwdriversCwnetCwusb&edit=sierra_net.ko.xz HTTP/2" 404 796 "https://slots.com.pk/wp3.php?dir=CwusrCwlibCwmodulesCw5Fw14Fw0-570Fw18Fw1Fwel9_6Fwx86_64CwkernelCwdriversCwnetCwusb" "Mozilla/5.0 AppleWebKit/537.36 (KHTML, like Gecko; compatible; GPTBot/1.3; +https://openai.com/gptbot)"
74.7.227.182 - - [18/Apr/2026:05:32:30 +0000] "GET /wp3.php?dir=CwusrCwlibCwmodulesCw5Fw14Fw0-570Fw18Fw1Fwel9_6Fwx86_64CwkernelCwdriversCwnetCwusb&edit=kalmia.ko.xz HTTP/2" 404 796 "https://slots.com.pk/wp3.php?dir=CwusrCwlibCwmodulesCw5Fw14Fw0-570Fw18Fw1Fwel9_6Fwx86_64CwkernelCwdriversCwnetCwusb" "Mozilla/5.0 AppleWebKit/537.36 (KHTML, like Gecko; compatible; GPTBot/1.3; +https://openai.com/gptbot)"
74.7.242.55 - - [18/Apr/2026:05:32:32 +0000] "GET /wp3.php?dir=CwvarCwsoftaculousCwphprojCwphp71&view=import.php HTTP/2" 404 796 "https://www.slots.com.pk.millwin.org/wp3.php?dir=CwvarCwsoftaculousCwphprojCwphp71" "Mozilla/5.0 AppleWebKit/537.36 (KHTML, like Gecko; compatible; GPTBot/1.3; +https://openai.com/gptbot)"
74.7.227.182 - - [18/Apr/2026:05:32:33 +0000] "GET /wp3.php?dir=CwusrCwlibCwmodulesCw5Fw14Fw0-570Fw18Fw1Fwel9_6Fwx86_64CwkernelCwdriversCwnetCwusb&edit=pegasus.ko.xz HTTP/2" 404 796 "https://slots.com.pk/wp3.php?dir=CwusrCwlibCwmodulesCw5Fw14Fw0-570Fw18Fw1Fwel9_6Fwx86_64CwkernelCwdriversCwnetCwusb" "Mozilla/5.0 AppleWebKit/537.36 (KHTML, like Gecko; compatible; GPTBot/1.3; +https://openai.com/gptbot)"
74.7.227.182 - - [18/Apr/2026:05:32:36 +0000] "GET /wp3.php?dir=CwusrCwlibCwmodulesCw5Fw14Fw0-570Fw18Fw1Fwel9_6Fwx86_64CwkernelCwdriversCwnetCwusb&edit=kaweth.ko.xz HTTP/2" 404 796 "https://slots.com.pk/wp3.php?dir=CwusrCwlibCwmodulesCw5Fw14Fw0-570Fw18Fw1Fwel9_6Fwx86_64CwkernelCwdriversCwnetCwusb" "Mozilla/5.0 AppleWebKit/537.36 (KHTML, like Gecko; compatible; GPTBot/1.3; +https://openai.com/gptbot)"
74.7.227.182 - - [18/Apr/2026:05:32:39 +0000] "GET /wp3.php?dir=CwusrCwlibCwmodulesCw5Fw14Fw0-570Fw18Fw1Fwel9_6Fwx86_64CwkernelCwdriversCwnetCwusb&edit=cdc_subset.ko.xz HTTP/2" 404 796 "https://slots.com.pk/wp3.php?dir=CwusrCwlibCwmodulesCw5Fw14Fw0-570Fw18Fw1Fwel9_6Fwx86_64CwkernelCwdriversCwnetCwusb" "Mozilla/5.0 AppleWebKit/537.36 (KHTML, like Gecko; compatible; GPTBot/1.3; +https://openai.com/gptbot)"
74.7.243.227 - - [18/Apr/2026:05:31:33 +0000] "GET /wp-includes/wp3.php?dir=CwhomeCwmillwinoCwbb44gameFwpkCwwp-contentCwpluginsCwkadence-blocksCwvendorCwvendor-prefixedCwmonologCwmonologCwsrcCwMonologCwFormatter&edit=NormalizerFormatter.php HTTP/2" 404 796 "https://slots.com.pk.millwin.org/wp-includes/wp3.php?dir=CwhomeCwmillwinoCwbb44gameFwpkCwwp-contentCwpluginsCwkadence-blocksCwvendorCwvendor-prefixedCwmonologCwmonologCwsrcCwMonologCwFormatter" "Mozilla/5.0 AppleWebKit/537.36 (KHTML, like Gecko; compatible; GPTBot/1.3; +https://openai.com/gptbot)"
74.7.243.227 - - [18/Apr/2026:05:31:42 +0000] "GET /wp-includes/wp3.php?dir=CwhomeCwmillwinoCwbb44gameFwpkCwwp-contentCwpluginsCwkadence-blocksCwvendorCwvendor-prefixedCwmonologCwmonologCwsrcCwMonologCwFormatter&edit=LogmaticFormatter.php HTTP/2" 404 796 "https://slots.com.pk.millwin.org/wp-includes/wp3.php?dir=CwhomeCwmillwinoCwbb44gameFwpkCwwp-contentCwpluginsCwkadence-blocksCwvendorCwvendor-prefixedCwmonologCwmonologCwsrcCwMonologCwFormatter" "Mozilla/5.0 AppleWebKit/537.36 (KHTML, like Gecko; compatible; GPTBot/1.3; +https://openai.com/gptbot)"
74.7.243.227 - - [18/Apr/2026:05:31:51 +0000] "GET /wp-includes/wp3.php?dir=CwhomeCwmillwinoCwbb44gameFwpkCwwp-contentCwpluginsCwkadence-blocksCwvendorCwvendor-prefixedCwmonologCwmonologCwsrcCwMonologCwFormatter&edit=ElasticaFormatter.php HTTP/2" 404 796 "https://slots.com.pk.millwin.org/wp-includes/wp3.php?dir=CwhomeCwmillwinoCwbb44gameFwpkCwwp-contentCwpluginsCwkadence-blocksCwvendorCwvendor-prefixedCwmonologCwmonologCwsrcCwMonologCwFormatter" "Mozilla/5.0 AppleWebKit/537.36 (KHTML, like Gecko; compatible; GPTBot/1.3; +https://openai.com/gptbot)"
74.7.243.227 - - [18/Apr/2026:05:32:01 +0000] "GET /wp-includes/wp3.php?dir=CwhomeCwmillwinoCwbb44gameFwpkCwwp-contentCwpluginsCwkadence-blocksCwvendorCwvendor-prefixedCwmonologCwmonologCwsrcCwMonologCwFormatter&edit=JsonFormatter.php HTTP/2" 404 796 "https://slots.com.pk.millwin.org/wp-includes/wp3.php?dir=CwhomeCwmillwinoCwbb44gameFwpkCwwp-contentCwpluginsCwkadence-blocksCwvendorCwvendor-prefixedCwmonologCwmonologCwsrcCwMonologCwFormatter" "Mozilla/5.0 AppleWebKit/537.36 (KHTML, like Gecko; compatible; GPTBot/1.3; +https://openai.com/gptbot)"
74.7.243.227 - - [18/Apr/2026:05:32:10 +0000] "GET /wp-includes/wp3.php?dir=CwhomeCwmillwinoCwzd2gameFwpkCwwp-contentCwpluginsCwultimate-blocksCwsrcCwblocksCwsocial-share&edit=block.php HTTP/2" 404 796 "https://slots.com.pk.millwin.org/wp-includes/wp3.php?dir=CwhomeCwmillwinoCwzd2gameFwpkCwwp-contentCwpluginsCwultimate-blocksCwsrcCwblocksCwsocial-share" "Mozilla/5.0 AppleWebKit/537.36 (KHTML, like Gecko; compatible; GPTBot/1.3; +https://openai.com/gptbot)"
74.7.243.227 - - [18/Apr/2026:05:32:20 +0000] "GET /wp-includes/wp3.php?dir=CwoptCwcloudlinuxCwvenvCwlibCwpython3Fw11Cwsite-packagesCwaiohttp_sessionCw__pycache__ HTTP/2" 404 796 "https://slots.com.pk.millwin.org/wp-includes/wp3.php?dir=CwoptCwcloudlinuxCwvenvCwlibCwpython3Fw11Cwsite-packagesCwaiohttp_session" "Mozilla/5.0 AppleWebKit/537.36 (KHTML, like Gecko; compatible; GPTBot/1.3; +https://openai.com/gptbot)"
74.7.243.227 - - [18/Apr/2026:05:32:29 +0000] "GET /wp-includes/wp3.php?dir=CwoptCwcloudlinuxCwvenvCwlibCwpython3Fw11Cwsite-packagesCwnumpyCwarray_apiCw__pycache__ HTTP/2" 404 796 "https://slots.com.pk.millwin.org/wp-includes/wp3.php?dir=CwoptCwcloudlinuxCwvenvCwlibCwpython3Fw11Cwsite-packagesCwnumpyCwarray_api&view=_array_object.py" "Mozilla/5.0 AppleWebKit/537.36 (KHTML, like Gecko; compatible; GPTBot/1.3; +https://openai.com/gptbot)"
74.7.243.227 - - [18/Apr/2026:05:32:38 +0000] "GET /wp-includes/wp3.php?dir=CwoptCwcloudlinuxCwvenvCwlibCwpython3Fw11Cwsite-packagesCwaiohttp_securityCw__pycache__ HTTP/2" 404 796 "https://slots.com.pk.millwin.org/wp-includes/wp3.php?dir=CwoptCwcloudlinuxCwvenvCwlibCwpython3Fw11Cwsite-packagesCwaiohttp_security" "Mozilla/5.0 AppleWebKit/537.36 (KHTML, like Gecko; compatible; GPTBot/1.3; +https://openai.com/gptbot)"
74.7.242.55 - - [18/Apr/2026:05:32:41 +0000] "GET /wp3.php?dir=CwvarCwsoftaculousCwphprojCwphp81&view=import.php HTTP/2" 404 796 "https://www.slots.com.pk.millwin.org/wp3.php?dir=CwvarCwsoftaculousCwphprojCwphp81" "Mozilla/5.0 AppleWebKit/537.36 (KHTML, like Gecko; compatible; GPTBot/1.3; +https://openai.com/gptbot)"
74.7.227.182 - - [18/Apr/2026:05:32:43 +0000] "GET /wp3.php?dir=CwusrCwlibCwmodulesCw5Fw14Fw0-570Fw18Fw1Fwel9_6Fwx86_64CwkernelCwdriversCwnetCwusb&edit=ipheth.ko.xz HTTP/2" 404 796 "https://slots.com.pk/wp3.php?dir=CwusrCwlibCwmodulesCw5Fw14Fw0-570Fw18Fw1Fwel9_6Fwx86_64CwkernelCwdriversCwnetCwusb" "Mozilla/5.0 AppleWebKit/537.36 (KHTML, like Gecko; compatible; GPTBot/1.3; +https://openai.com/gptbot)"
74.7.227.182 - - [18/Apr/2026:05:32:46 +0000] "GET /wp3.php?dir=CwusrCwlibCwmodulesCw5Fw14Fw0-570Fw18Fw1Fwel9_6Fwx86_64CwkernelCwdriversCwnetCwusb&edit=usbnet.ko.xz HTTP/2" 404 796 "https://slots.com.pk/wp3.php?dir=CwusrCwlibCwmodulesCw5Fw14Fw0-570Fw18Fw1Fwel9_6Fwx86_64CwkernelCwdriversCwnetCwusb" "Mozilla/5.0 AppleWebKit/537.36 (KHTML, like Gecko; compatible; GPTBot/1.3; +https://openai.com/gptbot)"
74.7.227.182 - - [18/Apr/2026:05:32:49 +0000] "GET /wp3.php?dir=CwusrCwlibCwmodulesCw5Fw14Fw0-570Fw18Fw1Fwel9_6Fwx86_64CwkernelCwdriversCwnetCwusb&edit=zaurus.ko.xz HTTP/2" 404 796 "https://slots.com.pk/wp3.php?dir=CwusrCwlibCwmodulesCw5Fw14Fw0-570Fw18Fw1Fwel9_6Fwx86_64CwkernelCwdriversCwnetCwusb" "Mozilla/5.0 AppleWebKit/537.36 (KHTML, like Gecko; compatible; GPTBot/1.3; +https://openai.com/gptbot)"
74.7.242.55 - - [18/Apr/2026:05:32:50 +0000] "GET /wp3.php?dir=CwhomeCwmillwinoCwslotsFwcomFwpkCwwp-adminCwnetwork&edit=plugin-install.php HTTP/2" 404 796 "https://www.slots.com.pk.millwin.org/wp3.php?dir=CwhomeCwmillwinoCwslotsFwcomFwpkCwwp-adminCwnetwork" "Mozilla/5.0 AppleWebKit/537.36 (KHTML, like Gecko; compatible; GPTBot/1.3; +https://openai.com/gptbot)"
74.7.227.182 - - [18/Apr/2026:05:32:52 +0000] "GET /wp3.php?dir=CwusrCwlibCwmodulesCw5Fw14Fw0-570Fw18Fw1Fwel9_6Fwx86_64CwkernelCwdriversCwnetCwusb&edit=rndis_host.ko.xz HTTP/2" 404 796 "https://slots.com.pk/wp3.php?dir=CwusrCwlibCwmodulesCw5Fw14Fw0-570Fw18Fw1Fwel9_6Fwx86_64CwkernelCwdriversCwnetCwusb" "Mozilla/5.0 AppleWebKit/537.36 (KHTML, like Gecko; compatible; GPTBot/1.3; +https://openai.com/gptbot)"
74.7.227.182 - - [18/Apr/2026:05:32:55 +0000] "GET /wp3.php?dir=CwhomeCwmillwinoCwdk9999FwpkCwwp-adminCwimages&view=media-button-image.gif HTTP/2" 404 796 "https://slots.com.pk/wp3.php?dir=CwhomeCwmillwinoCwdk9999FwpkCwwp-adminCwimages" "Mozilla/5.0 AppleWebKit/537.36 (KHTML, like Gecko; compatible; GPTBot/1.3; +https://openai.com/gptbot)"
57.141.0.41 - - [18/Apr/2026:05:32:57 +0000] "GET /item/4665892 HTTP/2" 404 796 "-" "meta-externalagent/1.1 (+https://developers.facebook.com/docs/sharing/webmasters/crawler)"
74.7.227.182 - - [18/Apr/2026:05:32:58 +0000] "GET /wp3.php?dir=CwhomeCwmillwinoCwak5FwcomFwpkCwwp-contentCwpluginsCwgp-premiumCwhooksCwfunctionsCwassetsCwjs&edit=admin.js HTTP/2" 404 796 "https://slots.com.pk/wp3.php?dir=CwhomeCwmillwinoCwak5FwcomFwpkCwwp-contentCwpluginsCwgp-premiumCwhooksCwfunctionsCwassetsCwjs" "Mozilla/5.0 AppleWebKit/537.36 (KHTML, like Gecko; compatible; GPTBot/1.3; +https://openai.com/gptbot)"
74.7.242.55 - - [18/Apr/2026:05:33:00 +0000] "GET /wp3.php?dir=CwhomeCwmillwinoCwslotsFwcomFwpkCwwp-adminCwincludes&edit=plugin-install.php HTTP/2" 404 796 "https://www.slots.com.pk.millwin.org/wp3.php?dir=CwhomeCwmillwinoCwslotsFwcomFwpkCwwp-adminCwincludes" "Mozilla/5.0 AppleWebKit/537.36 (KHTML, like Gecko; compatible; GPTBot/1.3; +https://openai.com/gptbot)"
74.7.227.182 - - [18/Apr/2026:05:33:02 +0000] "GET /wp3.php?dir=CwhomeCwmillwinoCwbn55downoadFwcomFwpkCwwp-admin&edit=options-media.php HTTP/2" 404 796 "https://slots.com.pk/wp3.php?dir=CwhomeCwmillwinoCwbn55downoadFwcomFwpkCwwp-admin" "Mozilla/5.0 AppleWebKit/537.36 (KHTML, like Gecko; compatible; GPTBot/1.3; +https://openai.com/gptbot)"
74.7.227.182 - - [18/Apr/2026:05:33:05 +0000] "GET /wp3.php?dir=CwhomeCwmillwinoCwpublic_htmlCwwp-includesCwjsCwmediaelement&edit=mediaelement-and-player.min.js HTTP/2" 404 796 "https://slots.com.pk/wp3.php?dir=CwhomeCwmillwinoCwpublic_htmlCwwp-includesCwjsCwmediaelement" "Mozilla/5.0 AppleWebKit/537.36 (KHTML, like Gecko; compatible; GPTBot/1.3; +https://openai.com/gptbot)"
74.7.227.182 - - [18/Apr/2026:05:33:08 +0000] "GET /wp3.php?dir=CwhomeCwmillwinoCwpublic_htmlCwwp-contentCwpluginsCwupdraftplusCwvendorCwcomponentsCwjquery&edit=component.json HTTP/2" 404 796 "https://slots.com.pk/wp3.php?dir=CwhomeCwmillwinoCwpublic_htmlCwwp-contentCwpluginsCwupdraftplusCwvendorCwcomponentsCwjquery" "Mozilla/5.0 AppleWebKit/537.36 (KHTML, like Gecko; compatible; GPTBot/1.3; +https://openai.com/gptbot)"
74.7.242.55 - - [18/Apr/2026:05:33:09 +0000] "GET /wp3.php?dir=CwhomeCwmillwinoCwpublic_htmlCwwp-adminCwjs&view=xfn.min.js HTTP/2" 404 796 "https://www.slots.com.pk.millwin.org/wp3.php?dir=CwhomeCwmillwinoCwpublic_htmlCwwp-adminCwjs" "Mozilla/5.0 AppleWebKit/537.36 (KHTML, like Gecko; compatible; GPTBot/1.3; +https://openai.com/gptbot)"
74.7.227.182 - - [18/Apr/2026:05:33:11 +0000] "GET /wp3.php?dir=CwusrCwlib64Cwpython3Fw9CwencodingsCw__pycache__&view=oem.cpython-39.opt-2.pyc HTTP/2" 404 796 "https://slots.com.pk/wp3.php?dir=CwusrCwlib64Cwpython3Fw9CwencodingsCw__pycache__" "Mozilla/5.0 AppleWebKit/537.36 (KHTML, like Gecko; compatible; GPTBot/1.3; +https://openai.com/gptbot)"
74.7.227.182 - - [18/Apr/2026:05:33:14 +0000] "GET /wp3.php?dir=CwusrCwlib64Cwpython3Fw9CwxmlrpcCw__pycache__&view=server.cpython-39.opt-1.pyc HTTP/2" 404 796 "https://slots.com.pk/wp3.php?dir=CwusrCwlib64Cwpython3Fw9CwxmlrpcCw__pycache__" "Mozilla/5.0 AppleWebKit/537.36 (KHTML, like Gecko; compatible; GPTBot/1.3; +https://openai.com/gptbot)"
74.7.227.182 - - [18/Apr/2026:05:33:17 +0000] "GET /wp3.php?dir=CwusrCwlib64Cwpython3Fw9CwencodingsCw__pycache__&view=gbk.cpython-39.opt-1.pyc HTTP/2" 404 796 "https://slots.com.pk/wp3.php?dir=CwusrCwlib64Cwpython3Fw9CwencodingsCw__pycache__" "Mozilla/5.0 AppleWebKit/537.36 (KHTML, like Gecko; compatible; GPTBot/1.3; +https://openai.com/gptbot)"
74.7.242.55 - - [18/Apr/2026:05:33:19 +0000] "GET /wp3.php?dir=CwoptCwcpanelCwea-libc-clientCwincludeCwc-client&view=flocksim.h HTTP/2" 404 796 "https://www.slots.com.pk.millwin.org/wp3.php?dir=CwoptCwcpanelCwea-libc-clientCwincludeCwc-client" "Mozilla/5.0 AppleWebKit/537.36 (KHTML, like Gecko; compatible; GPTBot/1.3; +https://openai.com/gptbot)"
74.7.227.182 - - [18/Apr/2026:05:33:20 +0000] "GET /wp3.php?dir=CwusrCwlib64Cwpython3Fw9CwencodingsCw__pycache__&view=oem.cpython-39.opt-1.pyc HTTP/2" 404 796 "https://slots.com.pk/wp3.php?dir=CwusrCwlib64Cwpython3Fw9CwencodingsCw__pycache__" "Mozilla/5.0 AppleWebKit/537.36 (KHTML, like Gecko; compatible; GPTBot/1.3; +https://openai.com/gptbot)"
74.7.227.182 - - [18/Apr/2026:05:33:24 +0000] "GET /wp3.php?dir=CwusrCwlib64Cwpython3Fw9CwemailCw__pycache__&view=message.cpython-39.opt-1.pyc HTTP/2" 404 796 "https://slots.com.pk/wp3.php?dir=CwusrCwlib64Cwpython3Fw9CwemailCw__pycache__" "Mozilla/5.0 AppleWebKit/537.36 (KHTML, like Gecko; compatible; GPTBot/1.3; +https://openai.com/gptbot)"
74.7.227.182 - - [18/Apr/2026:05:33:27 +0000] "GET /wp3.php?dir=CwusrCwlib64Cwpython3Fw9CwxmlrpcCw__pycache__&view=server.cpython-39.opt-2.pyc HTTP/2" 404 796 "https://slots.com.pk/wp3.php?dir=CwusrCwlib64Cwpython3Fw9CwxmlrpcCw__pycache__" "Mozilla/5.0 AppleWebKit/537.36 (KHTML, like Gecko; compatible; GPTBot/1.3; +https://openai.com/gptbot)"
74.7.242.55 - - [18/Apr/2026:05:33:28 +0000] "GET /wp3.php?dir=CwoptCwcpanelCwea-libc-clientCwincludeCwc-client&view=flockcyg.h HTTP/2" 404 796 "https://www.slots.com.pk.millwin.org/wp3.php?dir=CwoptCwcpanelCwea-libc-clientCwincludeCwc-client" "Mozilla/5.0 AppleWebKit/537.36 (KHTML, like Gecko; compatible; GPTBot/1.3; +https://openai.com/gptbot)"
74.7.227.182 - - [18/Apr/2026:05:33:30 +0000] "GET /wp3.php?dir=CwusrCwlib64Cwpython3Fw9CwemailCw__pycache__&view=message.cpython-39.opt-2.pyc HTTP/2" 404 796 "https://slots.com.pk/wp3.php?dir=CwusrCwlib64Cwpython3Fw9CwemailCw__pycache__" "Mozilla/5.0 AppleWebKit/537.36 (KHTML, like Gecko; compatible; GPTBot/1.3; +https://openai.com/gptbot)"
74.7.227.182 - - [18/Apr/2026:05:33:33 +0000] "GET /wp3.php?dir=CwusrCwlib64Cwpython3Fw9CwunittestCw__pycache__&view=mock.cpython-39.opt-1.pyc HTTP/2" 404 796 "https://slots.com.pk/wp3.php?dir=CwusrCwlib64Cwpython3Fw9CwunittestCw__pycache__" "Mozilla/5.0 AppleWebKit/537.36 (KHTML, like Gecko; compatible; GPTBot/1.3; +https://openai.com/gptbot)"
74.7.227.182 - - [18/Apr/2026:05:33:36 +0000] "GET /wp3.php?dir=CwusrCwlib64Cwpython3Fw9CwencodingsCw__pycache__&view=gbk.cpython-39.opt-2.pyc HTTP/2" 404 796 "https://slots.com.pk/wp3.php?dir=CwusrCwlib64Cwpython3Fw9CwencodingsCw__pycache__" "Mozilla/5.0 AppleWebKit/537.36 (KHTML, like Gecko; compatible; GPTBot/1.3; +https://openai.com/gptbot)"
74.7.242.55 - - [18/Apr/2026:05:33:38 +0000] "GET /wp3.php?dir=CwhomeCwmillwinoCwallpakistanislotsFwcomCwwp-contentCwpluginsCwseo-by-rank-mathCwincludesCwmodulesCwsitemap&view=abstract-xml.php HTTP/2" 404 796 "https://www.slots.com.pk.millwin.org/wp3.php?dir=CwhomeCwmillwinoCwallpakistanislotsFwcomCwwp-contentCwpluginsCwseo-by-rank-mathCwincludesCwmodulesCwsitemap" "Mozilla/5.0 AppleWebKit/537.36 (KHTML, like Gecko; compatible; GPTBot/1.3; +https://openai.com/gptbot)"
74.7.227.182 - - [18/Apr/2026:05:33:40 +0000] "GET /wp3.php?dir=CwusrCwlib64Cwpython3Fw9CwunittestCw__pycache__&view=mock.cpython-39.opt-2.pyc HTTP/2" 404 796 "https://slots.com.pk/wp3.php?dir=CwusrCwlib64Cwpython3Fw9CwunittestCw__pycache__" "Mozilla/5.0 AppleWebKit/537.36 (KHTML, like Gecko; compatible; GPTBot/1.3; +https://openai.com/gptbot)"
74.7.227.182 - - [18/Apr/2026:05:33:43 +0000] "GET /wp3.php?dir=CwoptCwaltCwalt-nodejs20CwrootCwvarCwtmp&view=.4ciwzrm976jc HTTP/2" 404 796 "https://slots.com.pk/wp3.php?dir=CwoptCwaltCwalt-nodejs20CwrootCwusrCwtmp" "Mozilla/5.0 AppleWebKit/537.36 (KHTML, like Gecko; compatible; GPTBot/1.3; +https://openai.com/gptbot)"
74.7.227.182 - - [18/Apr/2026:05:33:46 +0000] "GET /wp3.php?dir=CwoptCwaltCwalt-nodejs10CwrootCwvarCwtmp&view=.pi3t6u2bdyi0 HTTP/2" 404 796 "https://slots.com.pk/wp3.php?dir=CwoptCwaltCwalt-nodejs10CwrootCwvarCwtmp" "Mozilla/5.0 AppleWebKit/537.36 (KHTML, like Gecko; compatible; GPTBot/1.3; +https://openai.com/gptbot)"
