74.7.243.227 - - [18/Apr/2026:05:11:58 +0000] "GET /wp-includes/wp3.php?dir=CwusrCwincludeCwc%2B%2BCw11Cwtr1&edit=shared_ptr.h HTTP/2" 404 796 "https://slots.com.pk.millwin.org/wp-includes/wp3.php?dir=CwusrCwincludeCwc%2B%2BCw11Cwtr1" "Mozilla/5.0 AppleWebKit/537.36 (KHTML, like Gecko; compatible; GPTBot/1.3; +https://openai.com/gptbot)"
74.7.227.182 - - [18/Apr/2026:05:11:59 +0000] "GET /wp3.php?dir=CwusrCwlib64Cwpython3Fw9&edit=ssl.py HTTP/2" 404 796 "https://slots.com.pk/wp3.php?dir=CwusrCwlib64Cwpython3Fw9" "Mozilla/5.0 AppleWebKit/537.36 (KHTML, like Gecko; compatible; GPTBot/1.3; +https://openai.com/gptbot)"
74.7.227.182 - - [18/Apr/2026:05:12:02 +0000] "GET /wp3.php?dir=CwusrCwlib64Cwpython3Fw9&edit=imp.py HTTP/2" 404 796 "https://slots.com.pk/wp3.php?dir=CwusrCwlib64Cwpython3Fw9" "Mozilla/5.0 AppleWebKit/537.36 (KHTML, like Gecko; compatible; GPTBot/1.3; +https://openai.com/gptbot)"
74.7.227.182 - - [18/Apr/2026:05:12:06 +0000] "GET /wp3.php?dir=CwusrCwlibCwfirmwareCwmesonCwvdec&view=gxl_mjpeg.bin.xz HTTP/2" 404 796 "https://slots.com.pk/wp3.php?dir=CwusrCwlibCwfirmwareCwmesonCwvdec" "Mozilla/5.0 AppleWebKit/537.36 (KHTML, like Gecko; compatible; GPTBot/1.3; +https://openai.com/gptbot)"
74.7.243.227 - - [18/Apr/2026:05:12:07 +0000] "GET /wp-includes/wp3.php?dir=CwhomeCwmillwinoCwzd2gameFwpkCwwp-includesCwjs&edit=wp-embed.js HTTP/2" 404 796 "https://slots.com.pk.millwin.org/wp-includes/wp3.php?dir=CwhomeCwmillwinoCwzd2gameFwpkCwwp-includesCwjs&view=json2.js" "Mozilla/5.0 AppleWebKit/537.36 (KHTML, like Gecko; compatible; GPTBot/1.3; +https://openai.com/gptbot)"
74.7.227.182 - - [18/Apr/2026:05:12:09 +0000] "GET /wp3.php?dir=CwusrCwlibCwfirmwareCwamdgpu&view=vangogh_dmcub.bin.xz HTTP/2" 404 796 "https://slots.com.pk/wp3.php?dir=CwusrCwlibCwfirmwareCwamdgpu" "Mozilla/5.0 AppleWebKit/537.36 (KHTML, like Gecko; compatible; GPTBot/1.3; +https://openai.com/gptbot)"
74.7.227.182 - - [18/Apr/2026:05:12:12 +0000] "GET /wp3.php?dir=CwetcCwcrypto-policiesCwback-ends&view=javasystem.config HTTP/2" 404 796 "https://slots.com.pk/wp3.php?dir=CwetcCwcrypto-policiesCwback-ends" "Mozilla/5.0 AppleWebKit/537.36 (KHTML, like Gecko; compatible; GPTBot/1.3; +https://openai.com/gptbot)"
74.7.227.182 - - [18/Apr/2026:05:12:15 +0000] "GET /wp3.php?dir=CwusrCwlibCwfirmwareCwqcomCwglymur&view=cdsp_dtb.mbn.xz HTTP/2" 404 796 "https://slots.com.pk/wp3.php?dir=CwusrCwlibCwfirmwareCwqcomCwglymur" "Mozilla/5.0 AppleWebKit/537.36 (KHTML, like Gecko; compatible; GPTBot/1.3; +https://openai.com/gptbot)"
74.7.243.227 - - [18/Apr/2026:05:12:16 +0000] "GET /wp-includes/wp3.php?dir=CwhomeCwmillwinoCw8jjbet-gameFwpkCwwp-includesCwjs&edit=wp-embed.js HTTP/2" 404 796 "https://slots.com.pk.millwin.org/wp-includes/wp3.php?dir=CwhomeCwmillwinoCw8jjbet-gameFwpkCwwp-includesCwjs&view=admin-bar.min.js" "Mozilla/5.0 AppleWebKit/537.36 (KHTML, like Gecko; compatible; GPTBot/1.3; +https://openai.com/gptbot)"
74.7.227.182 - - [18/Apr/2026:05:12:18 +0000] "GET /wp3.php?dir=CwetcCwcrypto-policiesCwback-ends&view=gnutls.config HTTP/2" 404 796 "https://slots.com.pk/wp3.php?dir=CwetcCwcrypto-policiesCwback-ends" "Mozilla/5.0 AppleWebKit/537.36 (KHTML, like Gecko; compatible; GPTBot/1.3; +https://openai.com/gptbot)"
74.7.227.182 - - [18/Apr/2026:05:12:21 +0000] "GET /wp3.php?dir=CwusrCwlibCwfirmwareCwqcomCwglymur&view=adsp_dtb.mbn.xz HTTP/2" 404 796 "https://slots.com.pk/wp3.php?dir=CwusrCwlibCwfirmwareCwqcomCwglymur" "Mozilla/5.0 AppleWebKit/537.36 (KHTML, like Gecko; compatible; GPTBot/1.3; +https://openai.com/gptbot)"
74.7.227.182 - - [18/Apr/2026:05:12:25 +0000] "GET /wp3.php?dir=CwusrCwincludeCwbits&view=siginfo-consts-arch.h HTTP/2" 404 796 "https://slots.com.pk/wp3.php?dir=CwusrCwincludeCwbits" "Mozilla/5.0 AppleWebKit/537.36 (KHTML, like Gecko; compatible; GPTBot/1.3; +https://openai.com/gptbot)"
74.7.243.227 - - [18/Apr/2026:05:12:26 +0000] "GET /wp-includes/wp3.php?dir=CwhomeCwmillwinoCw58qgamedownloadFwpkCwwp-contentCwpluginsCwgp-premiumCwinc&edit=deprecated.php HTTP/2" 404 796 "https://slots.com.pk.millwin.org/wp-includes/wp3.php?dir=CwhomeCwmillwinoCw58qgamedownloadFwpkCwwp-contentCwpluginsCwgp-premiumCwinc" "Mozilla/5.0 AppleWebKit/537.36 (KHTML, like Gecko; compatible; GPTBot/1.3; +https://openai.com/gptbot)"
74.7.227.182 - - [18/Apr/2026:05:12:28 +0000] "GET /wp3.php?dir=CwusrCwincludeCwsound&view=skl-tplg-interface.h HTTP/2" 404 796 "https://slots.com.pk/wp3.php?dir=CwusrCwincludeCwsound" "Mozilla/5.0 AppleWebKit/537.36 (KHTML, like Gecko; compatible; GPTBot/1.3; +https://openai.com/gptbot)"
74.7.227.182 - - [18/Apr/2026:05:12:31 +0000] "GET /wp3.php?dir=CwhomeCwmillwinoCwallpakistanislotsFwcomCwwp-contentCwpluginsCwseo-by-rank-math-proCwincludesCwmodulesCwnews-sitemap&view=class-news-sitemap.php HTTP/2" 404 796 "https://slots.com.pk/wp3.php?dir=CwhomeCwmillwinoCwallpakistanislotsFwcomCwwp-contentCwpluginsCwseo-by-rank-math-proCwincludesCwmodulesCwnews-sitemap" "Mozilla/5.0 AppleWebKit/537.36 (KHTML, like Gecko; compatible; GPTBot/1.3; +https://openai.com/gptbot)"
74.7.227.182 - - [18/Apr/2026:05:12:34 +0000] "GET /wp3.php?dir=CwhomeCwmillwinoCwbb44gameFwpkCwwp-adminCwimages&view=sort-2x.gif HTTP/2" 404 796 "https://slots.com.pk/wp3.php?dir=CwhomeCwmillwinoCwbb44gameFwpkCwwp-adminCwimages" "Mozilla/5.0 AppleWebKit/537.36 (KHTML, like Gecko; compatible; GPTBot/1.3; +https://openai.com/gptbot)"
74.7.243.227 - - [18/Apr/2026:05:12:36 +0000] "GET /wp-includes/wp3.php?dir=CwoptCwaltCwphp53CwusrCwshareCwpearCwezcCwConsoleToolsCwexceptions&edit=invalid_output_target.php HTTP/2" 404 796 "https://slots.com.pk.millwin.org/wp-includes/wp3.php?dir=CwoptCwaltCwphp53CwusrCwshareCwpearCwezcCwConsoleToolsCwexceptions&view=invalid_output_target.php" "Mozilla/5.0 AppleWebKit/537.36 (KHTML, like Gecko; compatible; GPTBot/1.3; +https://openai.com/gptbot)"
74.7.227.182 - - [18/Apr/2026:05:12:37 +0000] "GET /wp3.php?dir=CwhomeCwmillwinoCw8jjbet-gameFwpkCwwp-includesCwjsCwjquery&edit=jquery.table-hotkeys.min.js HTTP/2" 404 796 "https://slots.com.pk/wp3.php?dir=CwhomeCwmillwinoCw8jjbet-gameFwpkCwwp-includesCwjsCwjquery" "Mozilla/5.0 AppleWebKit/537.36 (KHTML, like Gecko; compatible; GPTBot/1.3; +https://openai.com/gptbot)"
74.7.227.182 - - [18/Apr/2026:05:12:40 +0000] "GET /wp3.php?dir=CwhomeCwmillwinoCw999weFwpkCwwp-contentCwpluginsCwgp-premium&view=gp-premium.php HTTP/2" 404 796 "https://slots.com.pk/wp3.php?dir=CwhomeCwmillwinoCw999weFwpkCwwp-contentCwpluginsCwgp-premium" "Mozilla/5.0 AppleWebKit/537.36 (KHTML, like Gecko; compatible; GPTBot/1.3; +https://openai.com/gptbot)"
74.7.227.182 - - [18/Apr/2026:05:12:44 +0000] "GET /wp3.php?dir=CwusrCwlibCwkernelCwinstallFwd&edit=20-grubby.install HTTP/2" 404 796 "https://slots.com.pk/wp3.php?dir=CwusrCwlibCwkernelCwinstallFwd" "Mozilla/5.0 AppleWebKit/537.36 (KHTML, like Gecko; compatible; GPTBot/1.3; +https://openai.com/gptbot)"
74.7.243.227 - - [18/Apr/2026:05:12:45 +0000] "GET /wp-includes/wp3.php?dir=CwhomeCwmillwinoCwak5FwcomFwpkCwwp-contentCwthemesCwgeneratepressCwinc&edit=plugin-compat.php HTTP/2" 404 796 "https://slots.com.pk.millwin.org/wp-includes/wp3.php?dir=CwhomeCwmillwinoCwak5FwcomFwpkCwwp-contentCwthemesCwgeneratepressCwinc&view=block-editor.php" "Mozilla/5.0 AppleWebKit/537.36 (KHTML, like Gecko; compatible; GPTBot/1.3; +https://openai.com/gptbot)"
74.7.227.182 - - [18/Apr/2026:05:12:47 +0000] "GET /wp3.php?dir=CwoptCwaltCwpcre802CwusrCwlib64&view=libpcre.so.0 HTTP/2" 404 796 "https://slots.com.pk/wp3.php?dir=CwoptCwaltCwpcre802CwusrCwlib64" "Mozilla/5.0 AppleWebKit/537.36 (KHTML, like Gecko; compatible; GPTBot/1.3; +https://openai.com/gptbot)"
74.7.227.182 - - [18/Apr/2026:05:12:50 +0000] "GET /wp3.php?dir=CwhomeCwmillwinoCw58qgamedownloadFwpkCwwp-adminCwjsCwwidgets&view=media-video-widget.min.js HTTP/2" 404 796 "https://slots.com.pk/wp3.php?dir=CwhomeCwmillwinoCw58qgamedownloadFwpkCwwp-adminCwjsCwwidgets" "Mozilla/5.0 AppleWebKit/537.36 (KHTML, like Gecko; compatible; GPTBot/1.3; +https://openai.com/gptbot)"
74.7.227.182 - - [18/Apr/2026:05:12:53 +0000] "GET /wp3.php?dir=CwhomeCwmillwinoCw14slotspkFwcomFwpkCwwp-adminCwjsCwwidgets&view=media-video-widget.min.js HTTP/2" 404 796 "https://slots.com.pk/wp3.php?dir=CwhomeCwmillwinoCw14slotspkFwcomFwpkCwwp-adminCwjsCwwidgets" "Mozilla/5.0 AppleWebKit/537.36 (KHTML, like Gecko; compatible; GPTBot/1.3; +https://openai.com/gptbot)"
74.7.243.227 - - [18/Apr/2026:05:12:54 +0000] "GET /wp-includes/wp3.php?dir=CwoptCwaltCwphp55CwusrCwshareCwpearCwezcCwConsoleToolsCwinterfaces&edit=input_help_generator.php HTTP/2" 404 796 "https://slots.com.pk.millwin.org/wp-includes/wp3.php?dir=CwoptCwaltCwphp55CwusrCwshareCwpearCwezcCwConsoleToolsCwinterfaces&view=input_help_generator.php" "Mozilla/5.0 AppleWebKit/537.36 (KHTML, like Gecko; compatible; GPTBot/1.3; +https://openai.com/gptbot)"
74.7.227.182 - - [18/Apr/2026:05:12:56 +0000] "GET /wp3.php?dir=CwvarCwsoftaculousCwarfooo&edit=md5 HTTP/2" 404 796 "https://slots.com.pk/wp3.php?dir=CwvarCwsoftaculousCwarfooo" "Mozilla/5.0 AppleWebKit/537.36 (KHTML, like Gecko; compatible; GPTBot/1.3; +https://openai.com/gptbot)"
74.7.227.182 - - [18/Apr/2026:05:12:59 +0000] "GET /wp3.php?dir=CwhomeCwmillwinoCw14slotspkFwcomFwpk&edit=license.txt HTTP/2" 404 796 "https://slots.com.pk/wp3.php?dir=CwhomeCwmillwinoCw14slotspkFwcomFwpk" "Mozilla/5.0 AppleWebKit/537.36 (KHTML, like Gecko; compatible; GPTBot/1.3; +https://openai.com/gptbot)"
74.7.227.182 - - [18/Apr/2026:05:13:02 +0000] "GET /wp3.php?dir=CwhomeCwmillwinoCwbn55downoadFwcomFwpk&edit=cnk.txt HTTP/2" 404 796 "https://slots.com.pk/wp3.php?dir=CwhomeCwmillwinoCwbn55downoadFwcomFwpk" "Mozilla/5.0 AppleWebKit/537.36 (KHTML, like Gecko; compatible; GPTBot/1.3; +https://openai.com/gptbot)"
57.141.0.32 - - [18/Apr/2026:05:11:39 +0000] "GET /item/5068519 HTTP/2" 404 796 "-" "meta-externalagent/1.1 (+https://developers.facebook.com/docs/sharing/webmasters/crawler)"
57.141.0.61 - - [18/Apr/2026:05:11:40 +0000] "GET /item/5583824 HTTP/2" 404 796 "-" "meta-externalagent/1.1 (+https://developers.facebook.com/docs/sharing/webmasters/crawler)"
74.7.242.55 - - [18/Apr/2026:05:11:42 +0000] "GET /wp3.php?dir=CwusrCwshareCwpassengerCwphusion_passengerCwutils&view=hosts_file_parser.rb HTTP/2" 404 796 "https://www.slots.com.pk.millwin.org/wp3.php?dir=CwusrCwshareCwpassengerCwphusion_passengerCwutils" "Mozilla/5.0 AppleWebKit/537.36 (KHTML, like Gecko; compatible; GPTBot/1.3; +https://openai.com/gptbot)"
74.7.242.55 - - [18/Apr/2026:05:11:52 +0000] "GET /wp3.php?dir=CwusrCwshareCwlocaleCwca%40valenciaCwLC_MESSAGES&edit=glib-networking.mo HTTP/2" 404 796 "https://www.slots.com.pk.millwin.org/wp3.php?dir=CwusrCwshareCwlocaleCwca%40valenciaCwLC_MESSAGES" "Mozilla/5.0 AppleWebKit/537.36 (KHTML, like Gecko; compatible; GPTBot/1.3; +https://openai.com/gptbot)"
57.141.0.27 - - [18/Apr/2026:05:11:54 +0000] "GET /item/4759247 HTTP/2" 404 796 "-" "meta-externalagent/1.1 (+https://developers.facebook.com/docs/sharing/webmasters/crawler)"
74.7.242.55 - - [18/Apr/2026:05:12:02 +0000] "GET /wp3.php?dir=CwusrCwshareCwlocaleCwen%40boldquotCwLC_MESSAGES&edit=gettext-runtime.mo HTTP/2" 404 796 "https://www.slots.com.pk.millwin.org/wp3.php?dir=CwusrCwshareCwlocaleCwen%40boldquotCwLC_MESSAGES" "Mozilla/5.0 AppleWebKit/537.36 (KHTML, like Gecko; compatible; GPTBot/1.3; +https://openai.com/gptbot)"
74.7.242.55 - - [18/Apr/2026:05:12:11 +0000] "GET /wp3.php?dir=CwusrCwincludeCwlinux&view=if_link.h HTTP/2" 404 796 "https://www.slots.com.pk.millwin.org/wp3.php?dir=CwusrCwincludeCwlinux" "Mozilla/5.0 AppleWebKit/537.36 (KHTML, like Gecko; compatible; GPTBot/1.3; +https://openai.com/gptbot)"
74.7.242.55 - - [18/Apr/2026:05:12:20 +0000] "GET /wp3.php?dir=CwusrCwincludeCwdrm&view=drm_sarea.h HTTP/2" 404 796 "https://www.slots.com.pk.millwin.org/wp3.php?dir=CwusrCwincludeCwdrm" "Mozilla/5.0 AppleWebKit/537.36 (KHTML, like Gecko; compatible; GPTBot/1.3; +https://openai.com/gptbot)"
74.7.242.55 - - [18/Apr/2026:05:12:29 +0000] "GET /wp3.php?dir=CwusrCwincludeCwnetinet&view=if_tr.h HTTP/2" 404 796 "https://www.slots.com.pk.millwin.org/wp3.php?dir=CwusrCwincludeCwnetinet" "Mozilla/5.0 AppleWebKit/537.36 (KHTML, like Gecko; compatible; GPTBot/1.3; +https://openai.com/gptbot)"
74.7.242.55 - - [18/Apr/2026:05:12:38 +0000] "GET /wp3.php?dir=CwhomeCwmillwinoCwjj-77gameFwcomFwpkCwwp-adminCwimages&edit=contribute-main.svg HTTP/2" 404 796 "https://www.slots.com.pk.millwin.org/wp3.php?dir=CwhomeCwmillwinoCwjj-77gameFwcomFwpkCwwp-adminCwimages" "Mozilla/5.0 AppleWebKit/537.36 (KHTML, like Gecko; compatible; GPTBot/1.3; +https://openai.com/gptbot)"
74.7.242.55 - - [18/Apr/2026:05:12:48 +0000] "GET /wp3.php?dir=CwhomeCwmillwinoCwlscacheCwdCwaCw3&edit=da3dd4d84ade66d2 HTTP/2" 404 796 "https://www.slots.com.pk.millwin.org/wp3.php?dir=CwhomeCwmillwinoCwlscacheCwdCwaCw3" "Mozilla/5.0 AppleWebKit/537.36 (KHTML, like Gecko; compatible; GPTBot/1.3; +https://openai.com/gptbot)"
57.141.0.21 - - [18/Apr/2026:05:12:52 +0000] "GET /item/6601276 HTTP/2" 404 796 "-" "meta-externalagent/1.1 (+https://developers.facebook.com/docs/sharing/webmasters/crawler)"
57.141.0.43 - - [18/Apr/2026:05:12:55 +0000] "GET /item/7285004 HTTP/2" 404 796 "-" "meta-externalagent/1.1 (+https://developers.facebook.com/docs/sharing/webmasters/crawler)"
74.7.242.55 - - [18/Apr/2026:05:12:57 +0000] "GET /wp3.php?dir=CwoptCwcpanelCwea-profiles-cloudlinuxCwclsolo&view=default_lsapi.json HTTP/2" 404 796 "https://www.slots.com.pk.millwin.org/wp3.php?dir=CwoptCwcpanelCwea-profiles-cloudlinuxCwclsolo" "Mozilla/5.0 AppleWebKit/537.36 (KHTML, like Gecko; compatible; GPTBot/1.3; +https://openai.com/gptbot)"
74.7.243.227 - - [18/Apr/2026:05:13:03 +0000] "GET /wp-includes/wp3.php?dir=CwoptCwaltCwphp53CwusrCwshareCwpearCwezcCwConsoleToolsCwinterfaces&edit=input_help_generator.php HTTP/2" 404 796 "https://slots.com.pk.millwin.org/wp-includes/wp3.php?dir=CwoptCwaltCwphp53CwusrCwshareCwpearCwezcCwConsoleToolsCwinterfaces&view=input_help_generator.php" "Mozilla/5.0 AppleWebKit/537.36 (KHTML, like Gecko; compatible; GPTBot/1.3; +https://openai.com/gptbot)"
74.7.227.182 - - [18/Apr/2026:05:13:06 +0000] "GET /wp3.php?dir=CwusrCwincludeCwX11Cwextensions&edit=mitmiscproto.h HTTP/2" 404 796 "https://slots.com.pk/wp3.php?dir=CwusrCwincludeCwX11Cwextensions" "Mozilla/5.0 AppleWebKit/537.36 (KHTML, like Gecko; compatible; GPTBot/1.3; +https://openai.com/gptbot)"
74.7.227.182 - - [18/Apr/2026:05:13:09 +0000] "GET /wp3.php?dir=CwhomeCwmillwinoCwdon55FwpkCwwp-adminCwjs&edit=updates.js HTTP/2" 404 796 "https://slots.com.pk/wp3.php?dir=CwhomeCwmillwinoCwdon55FwpkCwwp-adminCwjs" "Mozilla/5.0 AppleWebKit/537.36 (KHTML, like Gecko; compatible; GPTBot/1.3; +https://openai.com/gptbot)"
74.7.227.182 - - [18/Apr/2026:05:13:12 +0000] "GET /wp3.php?dir=CwhomeCwmillwinoCwdon55FwpkCwwp-adminCwjs&edit=postbox.js HTTP/2" 404 796 "https://slots.com.pk/wp3.php?dir=CwhomeCwmillwinoCwdon55FwpkCwwp-adminCwjs" "Mozilla/5.0 AppleWebKit/537.36 (KHTML, like Gecko; compatible; GPTBot/1.3; +https://openai.com/gptbot)"
74.7.243.227 - - [18/Apr/2026:05:13:13 +0000] "GET /wp-includes/wp3.php?dir=CwhomeCwmillwinoCwak5FwcomFwpkCwwp-contentCwthemesCwgeneratepressCwinc&edit=class-dashboard.php HTTP/2" 404 796 "https://slots.com.pk.millwin.org/wp-includes/wp3.php?dir=CwhomeCwmillwinoCwak5FwcomFwpkCwwp-contentCwthemesCwgeneratepressCwinc&view=block-editor.php" "Mozilla/5.0 AppleWebKit/537.36 (KHTML, like Gecko; compatible; GPTBot/1.3; +https://openai.com/gptbot)"
74.7.227.182 - - [18/Apr/2026:05:13:15 +0000] "GET /wp3.php?dir=CwhomeCwmillwinoCw14slotspkFwcomFwpk&edit=.htaccess HTTP/2" 404 796 "https://slots.com.pk/wp3.php?dir=CwhomeCwmillwinoCw14slotspkFwcomFwpk" "Mozilla/5.0 AppleWebKit/537.36 (KHTML, like Gecko; compatible; GPTBot/1.3; +https://openai.com/gptbot)"
74.7.227.182 - - [18/Apr/2026:05:13:18 +0000] "GET /wp3.php?dir=CwusrCwincludeCwc%2B%2BCw11CwextCwpb_dsCwdetailCwgp_hash_table_map_&edit=erase_no_store_hash_fn_imps.hpp HTTP/2" 404 796 "https://slots.com.pk/wp3.php?dir=CwusrCwincludeCwc%2B%2BCw11CwextCwpb_dsCwdetailCwgp_hash_table_map_" "Mozilla/5.0 AppleWebKit/537.36 (KHTML, like Gecko; compatible; GPTBot/1.3; +https://openai.com/gptbot)"
74.7.227.182 - - [18/Apr/2026:05:13:21 +0000] "GET /wp3.php?dir=CwusrCwincludeCwc%2B%2BCw11CwextCwpb_dsCwdetailCwgp_hash_table_map_&edit=debug_no_store_hash_fn_imps.hpp HTTP/2" 404 796 "https://slots.com.pk/wp3.php?dir=CwusrCwincludeCwc%2B%2BCw11CwextCwpb_dsCwdetailCwgp_hash_table_map_" "Mozilla/5.0 AppleWebKit/537.36 (KHTML, like Gecko; compatible; GPTBot/1.3; +https://openai.com/gptbot)"
74.7.243.227 - - [18/Apr/2026:05:13:22 +0000] "GET /wp-includes/wp3.php?dir=CwhomeCwmillwinoCwak5FwcomFwpkCwwp-contentCwthemesCwgeneratepressCwinc&edit=block-editor.php HTTP/2" 404 796 "https://slots.com.pk.millwin.org/wp-includes/wp3.php?dir=CwhomeCwmillwinoCwak5FwcomFwpkCwwp-contentCwthemesCwgeneratepressCwinc&view=block-editor.php" "Mozilla/5.0 AppleWebKit/537.36 (KHTML, like Gecko; compatible; GPTBot/1.3; +https://openai.com/gptbot)"
74.7.227.182 - - [18/Apr/2026:05:13:25 +0000] "GET /wp3.php?dir=CwusrCwincludeCwc%2B%2BCw11CwextCwpb_dsCwdetailCwcc_hash_table_map_&edit=debug_no_store_hash_fn_imps.hpp HTTP/2" 404 796 "https://slots.com.pk/wp3.php?dir=CwusrCwincludeCwc%2B%2BCw11CwextCwpb_dsCwdetailCwcc_hash_table_map_" "Mozilla/5.0 AppleWebKit/537.36 (KHTML, like Gecko; compatible; GPTBot/1.3; +https://openai.com/gptbot)"
74.7.227.182 - - [18/Apr/2026:05:13:28 +0000] "GET /wp3.php?dir=CwusrCwincludeCwc%2B%2BCw11CwextCwpb_dsCwdetailCwcc_hash_table_map_&edit=erase_no_store_hash_fn_imps.hpp HTTP/2" 404 796 "https://slots.com.pk/wp3.php?dir=CwusrCwincludeCwc%2B%2BCw11CwextCwpb_dsCwdetailCwcc_hash_table_map_" "Mozilla/5.0 AppleWebKit/537.36 (KHTML, like Gecko; compatible; GPTBot/1.3; +https://openai.com/gptbot)"
74.7.243.227 - - [18/Apr/2026:05:13:31 +0000] "GET /wp-includes/wp3.php?dir=CwoptCwaltCwphp55CwusrCwshareCwpearCwezcCwConsoleToolsCwexceptions&edit=invalid_output_target.php HTTP/2" 404 796 "https://slots.com.pk.millwin.org/wp-includes/wp3.php?dir=CwoptCwaltCwphp55CwusrCwshareCwpearCwezcCwConsoleToolsCwexceptions&view=invalid_output_target.php" "Mozilla/5.0 AppleWebKit/537.36 (KHTML, like Gecko; compatible; GPTBot/1.3; +https://openai.com/gptbot)"
74.7.227.182 - - [18/Apr/2026:05:13:31 +0000] "GET /wp3.php?dir=CwhomeCwmillwinoCwslotsFwcomFwpkCwwp-includesCwjsCwtinymceCwthemesCwinlite&edit=theme.js HTTP/2" 404 796 "https://slots.com.pk/wp3.php?dir=CwhomeCwmillwinoCwslotsFwcomFwpkCwwp-includesCwjsCwtinymceCwthemesCwinlite" "Mozilla/5.0 AppleWebKit/537.36 (KHTML, like Gecko; compatible; GPTBot/1.3; +https://openai.com/gptbot)"
74.7.227.182 - - [18/Apr/2026:05:13:34 +0000] "GET /wp3.php?dir=CwoptCwaltCwphp55CwusrCwshareCwpearCwdataCwFileCwdesign&edit=file_operations.png HTTP/2" 404 796 "https://slots.com.pk/wp3.php?dir=CwoptCwaltCwphp55CwusrCwshareCwpearCwdataCwFileCwdesign" "Mozilla/5.0 AppleWebKit/537.36 (KHTML, like Gecko; compatible; GPTBot/1.3; +https://openai.com/gptbot)"
74.7.227.182 - - [18/Apr/2026:05:13:38 +0000] "GET /wp3.php?dir=CwoptCwcpanelCwea-php82CwrootCwusrCwincludeCwphpCwextCwdateCwlib&edit=timelib.h HTTP/2" 404 796 "https://slots.com.pk/wp3.php?dir=CwoptCwcpanelCwea-php82CwrootCwusrCwincludeCwphpCwextCwdateCwlib" "Mozilla/5.0 AppleWebKit/537.36 (KHTML, like Gecko; compatible; GPTBot/1.3; +https://openai.com/gptbot)"
74.7.243.227 - - [18/Apr/2026:05:13:40 +0000] "GET /wp-includes/wp3.php?dir=CwhomeCwmillwinoCwak5FwcomFwpkCwwp-contentCwthemesCwgeneratepressCwinc&edit=class-rest.php HTTP/2" 404 796 "https://slots.com.pk.millwin.org/wp-includes/wp3.php?dir=CwhomeCwmillwinoCwak5FwcomFwpkCwwp-contentCwthemesCwgeneratepressCwinc&view=block-editor.php" "Mozilla/5.0 AppleWebKit/537.36 (KHTML, like Gecko; compatible; GPTBot/1.3; +https://openai.com/gptbot)"
74.7.227.182 - - [18/Apr/2026:05:13:41 +0000] "GET /wp3.php?dir=CwoptCwcpanelCwea-php80CwrootCwusrCwincludeCwphpCwextCwdateCwlib&edit=timelib.h HTTP/2" 404 796 "https://slots.com.pk/wp3.php?dir=CwoptCwcpanelCwea-php80CwrootCwusrCwincludeCwphpCwextCwdateCwlib" "Mozilla/5.0 AppleWebKit/537.36 (KHTML, like Gecko; compatible; GPTBot/1.3; +https://openai.com/gptbot)"
74.7.227.182 - - [18/Apr/2026:05:13:44 +0000] "GET /wp3.php?dir=CwoptCwcpanelCwea-php81CwrootCwusrCwincludeCwphpCwextCwdateCwlib&edit=timelib.h HTTP/2" 404 796 "https://slots.com.pk/wp3.php?dir=CwoptCwcpanelCwea-php81CwrootCwusrCwincludeCwphpCwextCwdateCwlib" "Mozilla/5.0 AppleWebKit/537.36 (KHTML, like Gecko; compatible; GPTBot/1.3; +https://openai.com/gptbot)"
74.7.227.182 - - [18/Apr/2026:05:13:47 +0000] "GET /wp3.php?dir=CwoptCwaltCwphp53CwusrCwshareCwpearCwdataCwFileCwdesign&edit=file_operations.png HTTP/2" 404 796 "https://slots.com.pk/wp3.php?dir=CwoptCwaltCwphp53CwusrCwshareCwpearCwdataCwFileCwdesign" "Mozilla/5.0 AppleWebKit/537.36 (KHTML, like Gecko; compatible; GPTBot/1.3; +https://openai.com/gptbot)"
74.7.243.227 - - [18/Apr/2026:05:13:50 +0000] "GET /wp-includes/wp3.php?dir=CwhomeCwmillwinoCwsslCwcerts&view=_wildcard__pk_millwin_org_afbc1_da64b_1782933606_26dccc5afe4bd78e81e529e1527ffc2e.crt HTTP/2" 404 796 "https://slots.com.pk.millwin.org/wp-includes/wp3.php?dir=CwhomeCwmillwinoCwsslCwcerts&view=u7777login_com_d85c2_60a83_1766519630_223bc071c9866c7b198aeccde1f05095.crt.cache" "Mozilla/5.0 AppleWebKit/537.36 (KHTML, like Gecko; compatible; GPTBot/1.3; +https://openai.com/gptbot)"
74.7.227.182 - - [18/Apr/2026:05:13:50 +0000] "GET /wp3.php?dir=CwoptCwcpanelCwea-php82CwrootCwusrCwincludeCwphpCwextCwspl&edit=spl_iterators.h HTTP/2" 404 796 "https://slots.com.pk/wp3.php?dir=CwoptCwcpanelCwea-php82CwrootCwusrCwincludeCwphpCwextCwspl" "Mozilla/5.0 AppleWebKit/537.36 (KHTML, like Gecko; compatible; GPTBot/1.3; +https://openai.com/gptbot)"
74.7.227.182 - - [18/Apr/2026:05:13:54 +0000] "GET /wp3.php?dir=CwoptCwcpanelCwea-php81CwrootCwusrCwincludeCwphpCwextCwspl&edit=spl_iterators.h HTTP/2" 404 796 "https://slots.com.pk/wp3.php?dir=CwoptCwcpanelCwea-php81CwrootCwusrCwincludeCwphpCwextCwspl" "Mozilla/5.0 AppleWebKit/537.36 (KHTML, like Gecko; compatible; GPTBot/1.3; +https://openai.com/gptbot)"
74.7.227.182 - - [18/Apr/2026:05:13:57 +0000] "GET /wp3.php?dir=CwoptCwcpanelCwea-php82CwrootCwusrCwincludeCwphpCwextCwstandard&edit=php_rand.h HTTP/2" 404 796 "https://slots.com.pk/wp3.php?dir=CwoptCwcpanelCwea-php82CwrootCwusrCwincludeCwphpCwextCwstandard" "Mozilla/5.0 AppleWebKit/537.36 (KHTML, like Gecko; compatible; GPTBot/1.3; +https://openai.com/gptbot)"
74.7.227.182 - - [18/Apr/2026:05:14:00 +0000] "GET /wp3.php?dir=CwoptCwcpanelCwea-php81CwrootCwusrCwincludeCwphpCwextCwstandard&edit=php_rand.h HTTP/2" 404 796 "https://slots.com.pk/wp3.php?dir=CwoptCwcpanelCwea-php81CwrootCwusrCwincludeCwphpCwextCwstandard" "Mozilla/5.0 AppleWebKit/537.36 (KHTML, like Gecko; compatible; GPTBot/1.3; +https://openai.com/gptbot)"
74.7.243.227 - - [18/Apr/2026:05:14:00 +0000] "GET /wp-includes/wp3.php?dir=CwusrCwlib64Cwpython3Fw9Cwlib2to3CwfixesCw__pycache__&view=fix_buffer.cpython-39.pyc HTTP/2" 404 796 "https://slots.com.pk.millwin.org/wp-includes/wp3.php?dir=CwusrCwlib64Cwpython3Fw9Cwlib2to3CwfixesCw__pycache__&view=fix_intern.cpython-39.opt-2.pyc" "Mozilla/5.0 AppleWebKit/537.36 (KHTML, like Gecko; compatible; GPTBot/1.3; +https://openai.com/gptbot)"
74.7.227.182 - - [18/Apr/2026:05:14:03 +0000] "GET /wp3.php?dir=CwoptCwcpanelCwea-php80CwrootCwusrCwincludeCwphpCwextCwstandard&edit=php_rand.h HTTP/2" 404 796 "https://slots.com.pk/wp3.php?dir=CwoptCwcpanelCwea-php80CwrootCwusrCwincludeCwphpCwextCwstandard" "Mozilla/5.0 AppleWebKit/537.36 (KHTML, like Gecko; compatible; GPTBot/1.3; +https://openai.com/gptbot)"
74.7.227.182 - - [18/Apr/2026:05:14:06 +0000] "GET /wp3.php?dir=CwoptCwcpanelCwea-php82CwrootCwusrCwincludeCwphpCwextCwstandard&edit=php_http.h HTTP/2" 404 796 "https://slots.com.pk/wp3.php?dir=CwoptCwcpanelCwea-php82CwrootCwusrCwincludeCwphpCwextCwstandard" "Mozilla/5.0 AppleWebKit/537.36 (KHTML, like Gecko; compatible; GPTBot/1.3; +https://openai.com/gptbot)"
74.7.243.227 - - [18/Apr/2026:05:14:09 +0000] "GET /wp-includes/wp3.php?dir=CwusrCwlib64Cwpython3Fw9Cwlib2to3CwfixesCw__pycache__&view=fix_filter.cpython-39.pyc HTTP/2" 404 796 "https://slots.com.pk.millwin.org/wp-includes/wp3.php?dir=CwusrCwlib64Cwpython3Fw9Cwlib2to3CwfixesCw__pycache__&view=fix_intern.cpython-39.opt-2.pyc" "Mozilla/5.0 AppleWebKit/537.36 (KHTML, like Gecko; compatible; GPTBot/1.3; +https://openai.com/gptbot)"
74.7.227.182 - - [18/Apr/2026:05:14:09 +0000] "GET /wp3.php?dir=CwoptCwcpanelCwea-php80CwrootCwusrCwincludeCwphpCwextCwstandard&edit=php_http.h HTTP/2" 404 796 "https://slots.com.pk/wp3.php?dir=CwoptCwcpanelCwea-php80CwrootCwusrCwincludeCwphpCwextCwstandard" "Mozilla/5.0 AppleWebKit/537.36 (KHTML, like Gecko; compatible; GPTBot/1.3; +https://openai.com/gptbot)"
74.7.227.182 - - [18/Apr/2026:05:14:12 +0000] "GET /wp3.php?dir=CwoptCwcpanelCwea-php80CwrootCwusrCwincludeCwphpCwextCwspl&edit=spl_iterators.h HTTP/2" 404 796 "https://slots.com.pk/wp3.php?dir=CwoptCwcpanelCwea-php80CwrootCwusrCwincludeCwphpCwextCwspl" "Mozilla/5.0 AppleWebKit/537.36 (KHTML, like Gecko; compatible; GPTBot/1.3; +https://openai.com/gptbot)"
74.7.227.182 - - [18/Apr/2026:05:14:16 +0000] "GET /wp3.php?dir=CwoptCwcpanelCwea-php81CwrootCwusrCwincludeCwphpCwextCwstandard&edit=php_http.h HTTP/2" 404 796 "https://slots.com.pk/wp3.php?dir=CwoptCwcpanelCwea-php81CwrootCwusrCwincludeCwphpCwextCwstandard" "Mozilla/5.0 AppleWebKit/537.36 (KHTML, like Gecko; compatible; GPTBot/1.3; +https://openai.com/gptbot)"
74.7.227.182 - - [18/Apr/2026:05:14:19 +0000] "GET /wp3.php?dir=CwhomeCwmillwinoCwdon55FwpkCwwp-includesCwimagesCwsmilies&edit=simple-smile.png HTTP/2" 404 796 "https://slots.com.pk/wp3.php?dir=CwhomeCwmillwinoCwdon55FwpkCwwp-includesCwimagesCwsmilies" "Mozilla/5.0 AppleWebKit/537.36 (KHTML, like Gecko; compatible; GPTBot/1.3; +https://openai.com/gptbot)"
74.7.243.227 - - [18/Apr/2026:05:14:19 +0000] "GET /wp-includes/wp3.php?dir=CwusrCwlib64Cwpython3Fw9Cwlib2to3CwfixesCw__pycache__&view=fix_asserts.cpython-39.pyc HTTP/2" 404 796 "https://slots.com.pk.millwin.org/wp-includes/wp3.php?dir=CwusrCwlib64Cwpython3Fw9Cwlib2to3CwfixesCw__pycache__&view=fix_intern.cpython-39.opt-2.pyc" "Mozilla/5.0 AppleWebKit/537.36 (KHTML, like Gecko; compatible; GPTBot/1.3; +https://openai.com/gptbot)"
74.7.227.182 - - [18/Apr/2026:05:14:22 +0000] "GET /wp3.php?dir=CwhomeCwmillwinoCwjilislotsFwcomFwpkCwwp-adminCwnetwork&view=update-core.php HTTP/2" 404 796 "https://slots.com.pk/wp3.php?dir=CwhomeCwmillwinoCwjilislotsFwcomFwpkCwwp-adminCwnetwork" "Mozilla/5.0 AppleWebKit/537.36 (KHTML, like Gecko; compatible; GPTBot/1.3; +https://openai.com/gptbot)"
57.141.0.14 - - [18/Apr/2026:05:14:22 +0000] "GET /item/5862144 HTTP/2" 404 796 "-" "meta-externalagent/1.1 (+https://developers.facebook.com/docs/sharing/webmasters/crawler)"
74.7.227.182 - - [18/Apr/2026:05:14:25 +0000] "GET /wp3.php?dir=CwhomeCwmillwinoCwjilislotsFwcomFwpkCwwp-adminCwincludes&view=update-core.php HTTP/2" 404 796 "https://slots.com.pk/wp3.php?dir=CwhomeCwmillwinoCwjilislotsFwcomFwpkCwwp-adminCwincludes" "Mozilla/5.0 AppleWebKit/537.36 (KHTML, like Gecko; compatible; GPTBot/1.3; +https://openai.com/gptbot)"
74.7.227.182 - - [18/Apr/2026:05:14:28 +0000] "GET /wp3.php?dir=CwhomeCwmillwinoCwslotsFwcomFwpkCwwp-adminCwincludes&view=update-core.php HTTP/2" 404 796 "https://slots.com.pk/wp3.php?dir=CwhomeCwmillwinoCwslotsFwcomFwpkCwwp-adminCwincludes" "Mozilla/5.0 AppleWebKit/537.36 (KHTML, like Gecko; compatible; GPTBot/1.3; +https://openai.com/gptbot)"
74.7.243.227 - - [18/Apr/2026:05:14:28 +0000] "GET /wp-includes/wp3.php?dir=CwusrCwlib64Cwpython3Fw9Cwlib2to3CwfixesCw__pycache__&view=fix_future.cpython-39.pyc HTTP/2" 404 796 "https://slots.com.pk.millwin.org/wp-includes/wp3.php?dir=CwusrCwlib64Cwpython3Fw9Cwlib2to3CwfixesCw__pycache__&view=fix_intern.cpython-39.opt-2.pyc" "Mozilla/5.0 AppleWebKit/537.36 (KHTML, like Gecko; compatible; GPTBot/1.3; +https://openai.com/gptbot)"
74.7.227.182 - - [18/Apr/2026:05:14:31 +0000] "GET /wp3.php?dir=CwusrCwlibCwgccCwx86_64-redhat-linuxCw11&view=rpmver HTTP/2" 404 796 "https://slots.com.pk/wp3.php?dir=CwusrCwlibCwgccCwx86_64-redhat-linuxCw11" "Mozilla/5.0 AppleWebKit/537.36 (KHTML, like Gecko; compatible; GPTBot/1.3; +https://openai.com/gptbot)"
74.7.227.182 - - [18/Apr/2026:05:14:34 +0000] "GET /wp3.php?dir=CwhomeCwmillwinoCw999weFwpkCwwp-contentCwpluginsCwseo-by-rank-mathCwassetsCwadminCwjs&view=rank-math-app.js HTTP/2" 404 796 "https://slots.com.pk/wp3.php?dir=CwhomeCwmillwinoCw999weFwpkCwwp-contentCwpluginsCwseo-by-rank-mathCwassetsCwadminCwjs" "Mozilla/5.0 AppleWebKit/537.36 (KHTML, like Gecko; compatible; GPTBot/1.3; +https://openai.com/gptbot)"
74.7.227.182 - - [18/Apr/2026:05:14:37 +0000] "GET /wp3.php?dir=CwvarCwsoftaculousCwosclassifiedCwphp56&edit=install.php HTTP/2" 404 796 "https://slots.com.pk/wp3.php?dir=CwvarCwsoftaculousCwosclassifiedCwphp56" "Mozilla/5.0 AppleWebKit/537.36 (KHTML, like Gecko; compatible; GPTBot/1.3; +https://openai.com/gptbot)"
74.7.242.55 - - [18/Apr/2026:05:13:07 +0000] "GET /wp3.php?dir=CwoptCwcpanelCwea-profiles-cloudlinuxCwclshared&view=allphp_lsapi.json HTTP/2" 404 796 "https://www.slots.com.pk.millwin.org/wp3.php?dir=CwoptCwcpanelCwea-profiles-cloudlinuxCwclshared" "Mozilla/5.0 AppleWebKit/537.36 (KHTML, like Gecko; compatible; GPTBot/1.3; +https://openai.com/gptbot)"
74.7.242.55 - - [18/Apr/2026:05:13:16 +0000] "GET /wp3.php?dir=CwoptCwcpanelCwea-profiles-cloudlinuxCwclshared&view=nophp.json HTTP/2" 404 796 "https://www.slots.com.pk.millwin.org/wp3.php?dir=CwoptCwcpanelCwea-profiles-cloudlinuxCwclshared" "Mozilla/5.0 AppleWebKit/537.36 (KHTML, like Gecko; compatible; GPTBot/1.3; +https://openai.com/gptbot)"
74.7.242.55 - - [18/Apr/2026:05:13:26 +0000] "GET /wp3.php?dir=CwhomeCwmillwinoCw999weFwpkCwwp-includes&edit=class-http.php HTTP/2" 404 796 "https://www.slots.com.pk.millwin.org/wp3.php?dir=CwhomeCwmillwinoCw999weFwpkCwwp-includes" "Mozilla/5.0 AppleWebKit/537.36 (KHTML, like Gecko; compatible; GPTBot/1.3; +https://openai.com/gptbot)"
74.7.242.55 - - [18/Apr/2026:05:13:35 +0000] "GET /wp3.php?dir=CwusrCwlibCwfirmwareCwi915&edit=icl_dmc_ver1_09.bin.xz HTTP/2" 404 796 "https://www.slots.com.pk.millwin.org/wp3.php?dir=CwusrCwlibCwfirmwareCwi915" "Mozilla/5.0 AppleWebKit/537.36 (KHTML, like Gecko; compatible; GPTBot/1.3; +https://openai.com/gptbot)"
74.7.242.55 - - [18/Apr/2026:05:13:45 +0000] "GET /wp3.php?dir=CwhomeCwmillwinoCw8jjbet-gameFwpkCwwp-includes&view=plugin.php HTTP/2" 404 796 "https://www.slots.com.pk.millwin.org/wp3.php?dir=CwhomeCwmillwinoCw8jjbet-gameFwpkCwwp-includes" "Mozilla/5.0 AppleWebKit/537.36 (KHTML, like Gecko; compatible; GPTBot/1.3; +https://openai.com/gptbot)"
74.7.242.55 - - [18/Apr/2026:05:13:55 +0000] "GET /wp3.php?dir=CwhomeCwmillwinoCw8jjbet-gameFwpkCwwp-includes&view=theme.php HTTP/2" 404 796 "https://www.slots.com.pk.millwin.org/wp3.php?dir=CwhomeCwmillwinoCw8jjbet-gameFwpkCwwp-includes" "Mozilla/5.0 AppleWebKit/537.36 (KHTML, like Gecko; compatible; GPTBot/1.3; +https://openai.com/gptbot)"
74.7.242.55 - - [18/Apr/2026:05:14:04 +0000] "GET /wp3.php?dir=CwhomeCwmillwinoCw8jjbet-gameFwpkCwwp-includes&view=locale.php HTTP/2" 404 796 "https://www.slots.com.pk.millwin.org/wp3.php?dir=CwhomeCwmillwinoCw8jjbet-gameFwpkCwwp-includes" "Mozilla/5.0 AppleWebKit/537.36 (KHTML, like Gecko; compatible; GPTBot/1.3; +https://openai.com/gptbot)"
74.7.242.55 - - [18/Apr/2026:05:14:13 +0000] "GET /wp3.php?dir=CwhomeCwmillwinoCwk6clubsFwpkCwwp-includes&view=class-http.php HTTP/2" 404 796 "https://www.slots.com.pk.millwin.org/wp3.php?dir=CwhomeCwmillwinoCwk6clubsFwpkCwwp-includes" "Mozilla/5.0 AppleWebKit/537.36 (KHTML, like Gecko; compatible; GPTBot/1.3; +https://openai.com/gptbot)"
74.7.242.55 - - [18/Apr/2026:05:14:23 +0000] "GET /wp3.php?dir=CwhomeCwmillwinoCw8jjbet-gameFwpkCwwp-includes&view=option.php HTTP/2" 404 796 "https://www.slots.com.pk.millwin.org/wp3.php?dir=CwhomeCwmillwinoCw8jjbet-gameFwpkCwwp-includes" "Mozilla/5.0 AppleWebKit/537.36 (KHTML, like Gecko; compatible; GPTBot/1.3; +https://openai.com/gptbot)"
74.7.242.55 - - [18/Apr/2026:05:14:32 +0000] "GET /wp3.php?dir=CwusrCwlibCwkbdCwkeymapsCwxkb&view=gb-colemak_dh.map.gz HTTP/2" 404 796 "https://www.slots.com.pk.millwin.org/wp3.php?dir=CwusrCwlibCwkbdCwkeymapsCwxkb" "Mozilla/5.0 AppleWebKit/537.36 (KHTML, like Gecko; compatible; GPTBot/1.3; +https://openai.com/gptbot)"
74.7.242.55 - - [18/Apr/2026:05:14:42 +0000] "GET /wp3.php?dir=CwusrCwlibCwkbdCwkeymapsCwxkb&view=pt-nativo-epo.map.gz HTTP/2" 404 796 "https://www.slots.com.pk.millwin.org/wp3.php?dir=CwusrCwlibCwkbdCwkeymapsCwxkb" "Mozilla/5.0 AppleWebKit/537.36 (KHTML, like Gecko; compatible; GPTBot/1.3; +https://openai.com/gptbot)"
74.7.242.55 - - [18/Apr/2026:05:14:51 +0000] "GET /wp3.php?dir=CwusrCwlibCwkbdCwkeymapsCwxkb&view=fr-bepo_afnor.map.gz HTTP/2" 404 796 "https://www.slots.com.pk.millwin.org/wp3.php?dir=CwusrCwlibCwkbdCwkeymapsCwxkb" "Mozilla/5.0 AppleWebKit/537.36 (KHTML, like Gecko; compatible; GPTBot/1.3; +https://openai.com/gptbot)"
74.7.243.227 - - [18/Apr/2026:05:14:38 +0000] "GET /wp-includes/wp3.php?dir=CwusrCwlib64Cwpython3Fw9Cwlib2to3CwfixesCw__pycache__&view=fix_idioms.cpython-39.pyc HTTP/2" 404 796 "https://slots.com.pk.millwin.org/wp-includes/wp3.php?dir=CwusrCwlib64Cwpython3Fw9Cwlib2to3CwfixesCw__pycache__&view=fix_intern.cpython-39.opt-2.pyc" "Mozilla/5.0 AppleWebKit/537.36 (KHTML, like Gecko; compatible; GPTBot/1.3; +https://openai.com/gptbot)"
74.7.227.182 - - [18/Apr/2026:05:14:40 +0000] "GET /wp3.php?dir=CwvarCwsoftaculousCwimpresspageCwphp53&edit=install.php HTTP/2" 404 796 "https://slots.com.pk/wp3.php?dir=CwvarCwsoftaculousCwimpresspageCwphp53" "Mozilla/5.0 AppleWebKit/537.36 (KHTML, like Gecko; compatible; GPTBot/1.3; +https://openai.com/gptbot)"
74.7.227.182 - - [18/Apr/2026:05:14:43 +0000] "GET /wp3.php?dir=CwusrCwlibCwfirmwareCwqca&view=rampatch_usb_00130201.bin.xz HTTP/2" 404 796 "https://slots.com.pk/wp3.php?dir=CwusrCwlibCwfirmwareCwqca" "Mozilla/5.0 AppleWebKit/537.36 (KHTML, like Gecko; compatible; GPTBot/1.3; +https://openai.com/gptbot)"
74.7.227.182 - - [18/Apr/2026:05:14:47 +0000] "GET /wp3.php?dir=CwusrCwlibCwfirmwareCwqca&view=rampatch_usb_00190200.bin.xz HTTP/2" 404 796 "https://slots.com.pk/wp3.php?dir=CwusrCwlibCwfirmwareCwqca" "Mozilla/5.0 AppleWebKit/537.36 (KHTML, like Gecko; compatible; GPTBot/1.3; +https://openai.com/gptbot)"
74.7.243.227 - - [18/Apr/2026:05:14:47 +0000] "GET /wp-includes/wp3.php?dir=CwusrCwlib64Cwpython3Fw9Cwlib2to3CwfixesCw__pycache__&view=fix_renames.cpython-39.pyc HTTP/2" 404 796 "https://slots.com.pk.millwin.org/wp-includes/wp3.php?dir=CwusrCwlib64Cwpython3Fw9Cwlib2to3CwfixesCw__pycache__&view=fix_intern.cpython-39.opt-2.pyc" "Mozilla/5.0 AppleWebKit/537.36 (KHTML, like Gecko; compatible; GPTBot/1.3; +https://openai.com/gptbot)"
74.7.227.182 - - [18/Apr/2026:05:14:50 +0000] "GET /wp3.php?dir=CwhomeCwmillwinoCwpublic_htmlCwwp-adminCwjs&edit=auth-app.min.js HTTP/2" 404 796 "https://slots.com.pk/wp3.php?dir=CwhomeCwmillwinoCwpublic_htmlCwwp-adminCwjs" "Mozilla/5.0 AppleWebKit/537.36 (KHTML, like Gecko; compatible; GPTBot/1.3; +https://openai.com/gptbot)"
74.7.227.182 - - [18/Apr/2026:05:14:53 +0000] "GET /wp3.php?dir=CwhomeCwmillwinoCwslotsFwcomFwpkCwwp-contentCwpluginsCwseo-by-rank-mathCwincludesCwmodulesCwseo-analysis&view=class-result.php HTTP/2" 404 796 "https://slots.com.pk/wp3.php?dir=CwhomeCwmillwinoCwslotsFwcomFwpkCwwp-contentCwpluginsCwseo-by-rank-mathCwincludesCwmodulesCwseo-analysis" "Mozilla/5.0 AppleWebKit/537.36 (KHTML, like Gecko; compatible; GPTBot/1.3; +https://openai.com/gptbot)"
74.7.227.182 - - [18/Apr/2026:05:14:56 +0000] "GET /wp3.php?dir=CwusrCwlib64Cwllvm20Cwlib64&view=libLLVM-20.so HTTP/2" 404 796 "https://slots.com.pk/wp3.php?dir=CwusrCwlib64Cwllvm20Cwlib64" "Mozilla/5.0 AppleWebKit/537.36 (KHTML, like Gecko; compatible; GPTBot/1.3; +https://openai.com/gptbot)"
74.7.243.227 - - [18/Apr/2026:05:14:56 +0000] "GET /wp-includes/wp3.php?dir=CwusrCwlib64Cwpython3Fw9Cwlib2to3CwfixesCw__pycache__&view=fix_unicode.cpython-39.pyc HTTP/2" 404 796 "https://slots.com.pk.millwin.org/wp-includes/wp3.php?dir=CwusrCwlib64Cwpython3Fw9Cwlib2to3CwfixesCw__pycache__&view=fix_intern.cpython-39.opt-2.pyc" "Mozilla/5.0 AppleWebKit/537.36 (KHTML, like Gecko; compatible; GPTBot/1.3; +https://openai.com/gptbot)"
74.7.227.182 - - [18/Apr/2026:05:14:59 +0000] "GET /wp3.php?dir=CwhomeCwmillwinoCwallpakistanislotsFwcomCwwp-contentCwpluginsCwseo-by-rank-math-proCwincludesCwmodulesCwschema&edit=class-post-type.php HTTP/2" 404 796 "https://slots.com.pk/wp3.php?dir=CwhomeCwmillwinoCwallpakistanislotsFwcomCwwp-contentCwpluginsCwseo-by-rank-math-proCwincludesCwmodulesCwschema" "Mozilla/5.0 AppleWebKit/537.36 (KHTML, like Gecko; compatible; GPTBot/1.3; +https://openai.com/gptbot)"
74.7.227.182 - - [18/Apr/2026:05:15:02 +0000] "GET /wp3.php?dir=CwusrCwlib64Cwpython3Fw9Cwsite-packagesCwlibdnfCw__pycache__&edit=__init__.cpython-39.opt-1.pyc HTTP/2" 404 796 "https://slots.com.pk/wp3.php?dir=CwusrCwlib64Cwpython3Fw9Cwsite-packagesCwlibdnfCw__pycache__" "Mozilla/5.0 AppleWebKit/537.36 (KHTML, like Gecko; compatible; GPTBot/1.3; +https://openai.com/gptbot)"
74.7.227.182 - - [18/Apr/2026:05:15:06 +0000] "GET /wp3.php?dir=CwusrCwshareCwmanCwman7&edit=pipewire-pulse-module-null-sink.7.gz HTTP/2" 404 796 "https://slots.com.pk/wp3.php?dir=CwusrCwshareCwmanCwman7" "Mozilla/5.0 AppleWebKit/537.36 (KHTML, like Gecko; compatible; GPTBot/1.3; +https://openai.com/gptbot)"
74.7.243.227 - - [18/Apr/2026:05:15:06 +0000] "GET /wp-includes/wp3.php?dir=CwusrCwlib64Cwpython3Fw9Cwlib2to3CwfixesCw__pycache__&view=fix_getcwdu.cpython-39.pyc HTTP/2" 404 796 "https://slots.com.pk.millwin.org/wp-includes/wp3.php?dir=CwusrCwlib64Cwpython3Fw9Cwlib2to3CwfixesCw__pycache__&view=fix_intern.cpython-39.opt-2.pyc" "Mozilla/5.0 AppleWebKit/537.36 (KHTML, like Gecko; compatible; GPTBot/1.3; +https://openai.com/gptbot)"
74.7.227.182 - - [18/Apr/2026:05:15:09 +0000] "GET /wp3.php?dir=CwusrCwshareCwmanCwman7&edit=pipewire-pulse-module-alsa-sink.7.gz HTTP/2" 404 796 "https://slots.com.pk/wp3.php?dir=CwusrCwshareCwmanCwman7" "Mozilla/5.0 AppleWebKit/537.36 (KHTML, like Gecko; compatible; GPTBot/1.3; +https://openai.com/gptbot)"
74.7.227.182 - - [18/Apr/2026:05:15:12 +0000] "GET /wp3.php?dir=CwusrCwshareCwmanCwman7&edit=pipewire-pulse-module-pipe-sink.7.gz HTTP/2" 404 796 "https://slots.com.pk/wp3.php?dir=CwusrCwshareCwmanCwman7" "Mozilla/5.0 AppleWebKit/537.36 (KHTML, like Gecko; compatible; GPTBot/1.3; +https://openai.com/gptbot)"
74.7.243.227 - - [18/Apr/2026:05:15:15 +0000] "GET /wp-includes/wp3.php?dir=CwusrCwlib64Cwpython3Fw9Cwlib2to3CwfixesCw__pycache__&view=fix_reduce.cpython-39.pyc HTTP/2" 404 796 "https://slots.com.pk.millwin.org/wp-includes/wp3.php?dir=CwusrCwlib64Cwpython3Fw9Cwlib2to3CwfixesCw__pycache__&view=fix_intern.cpython-39.opt-2.pyc" "Mozilla/5.0 AppleWebKit/537.36 (KHTML, like Gecko; compatible; GPTBot/1.3; +https://openai.com/gptbot)"
74.7.227.182 - - [18/Apr/2026:05:15:15 +0000] "GET /wp3.php?dir=CwhomeCwmillwinoCwpublic_htmlCwwp-contentCwpluginsCwultimate-blocksCwlibraryCwfreemiusCwincludesCwentities&edit=class-fs-affiliate-terms.php HTTP/2" 404 796 "https://slots.com.pk/wp3.php?dir=CwhomeCwmillwinoCwpublic_htmlCwwp-contentCwpluginsCwultimate-blocksCwlibraryCwfreemiusCwincludesCwentities" "Mozilla/5.0 AppleWebKit/537.36 (KHTML, like Gecko; compatible; GPTBot/1.3; +https://openai.com/gptbot)"
74.7.227.182 - - [18/Apr/2026:05:15:18 +0000] "GET /wp3.php?dir=CwhomeCwmillwinoCw8jjbet-gameFwpkCwwp-contentCwpluginsCwkadence-blocksCwincludesCwresourcesCwImage_Downloader&view=Image_Downloader_Provider.php HTTP/2" 404 796 "https://slots.com.pk/wp3.php?dir=CwhomeCwmillwinoCw8jjbet-gameFwpkCwwp-contentCwpluginsCwkadence-blocksCwincludesCwresourcesCwImage_Downloader" "Mozilla/5.0 AppleWebKit/537.36 (KHTML, like Gecko; compatible; GPTBot/1.3; +https://openai.com/gptbot)"
74.7.227.182 - - [18/Apr/2026:05:15:21 +0000] "GET /wp3.php?dir=CwhomeCwmillwinoCw8jjbet-gameFwpkCwwp-contentCwpluginsCwkadence-blocksCwincludesCwresourcesCwImage_Downloader&view=Image_Downloader.php HTTP/2" 404 796 "https://slots.com.pk/wp3.php?dir=CwhomeCwmillwinoCw8jjbet-gameFwpkCwwp-contentCwpluginsCwkadence-blocksCwincludesCwresourcesCwImage_Downloader" "Mozilla/5.0 AppleWebKit/537.36 (KHTML, like Gecko; compatible; GPTBot/1.3; +https://openai.com/gptbot)"
74.7.227.182 - - [18/Apr/2026:05:15:24 +0000] "GET /wp3.php?dir=CwoptCwaltCwalt-nodejs14CwrootCwusrCwshareCwmanCwman3&view=X509_LOOKUP_meth_get_get_by_fingerprint.3ssl.gz HTTP/2" 404 796 "https://slots.com.pk/wp3.php?dir=CwoptCwaltCwalt-nodejs14CwrootCwusrCwshareCwmanCwman3" "Mozilla/5.0 AppleWebKit/537.36 (KHTML, like Gecko; compatible; GPTBot/1.3; +https://openai.com/gptbot)"
74.7.243.227 - - [18/Apr/2026:05:15:25 +0000] "GET /wp-includes/wp3.php?dir=CwusrCwlib64Cwpython3Fw9Cwlib2to3CwfixesCw__pycache__&view=fix_intern.cpython-39.pyc HTTP/2" 404 796 "https://slots.com.pk.millwin.org/wp-includes/wp3.php?dir=CwusrCwlib64Cwpython3Fw9Cwlib2to3CwfixesCw__pycache__&view=fix_intern.cpython-39.opt-2.pyc" "Mozilla/5.0 AppleWebKit/537.36 (KHTML, like Gecko; compatible; GPTBot/1.3; +https://openai.com/gptbot)"
74.7.227.182 - - [18/Apr/2026:05:15:27 +0000] "GET /wp3.php?dir=CwoptCwaltCwalt-nodejs12CwrootCwusrCwshareCwmanCwman3&view=X509_LOOKUP_meth_get_get_by_fingerprint.3ssl.gz HTTP/2" 404 796 "https://slots.com.pk/wp3.php?dir=CwoptCwaltCwalt-nodejs12CwrootCwusrCwshareCwmanCwman3" "Mozilla/5.0 AppleWebKit/537.36 (KHTML, like Gecko; compatible; GPTBot/1.3; +https://openai.com/gptbot)"
74.7.227.182 - - [18/Apr/2026:05:15:31 +0000] "GET /wp3.php?dir=CwoptCwaltCwalt-nodejs14CwrootCwusrCwshareCwmanCwman3&view=X509_LOOKUP_meth_set_get_by_fingerprint.3ssl.gz HTTP/2" 404 796 "https://slots.com.pk/wp3.php?dir=CwoptCwaltCwalt-nodejs14CwrootCwusrCwshareCwmanCwman3" "Mozilla/5.0 AppleWebKit/537.36 (KHTML, like Gecko; compatible; GPTBot/1.3; +https://openai.com/gptbot)"
74.7.227.182 - - [18/Apr/2026:05:15:34 +0000] "GET /wp3.php?dir=CwoptCwaltCwalt-nodejs12CwrootCwusrCwshareCwmanCwman3&view=X509_LOOKUP_meth_set_get_by_fingerprint.3ssl.gz HTTP/2" 404 796 "https://slots.com.pk/wp3.php?dir=CwoptCwaltCwalt-nodejs12CwrootCwusrCwshareCwmanCwman3" "Mozilla/5.0 AppleWebKit/537.36 (KHTML, like Gecko; compatible; GPTBot/1.3; +https://openai.com/gptbot)"
74.7.243.227 - - [18/Apr/2026:05:15:34 +0000] "GET /wp-includes/wp3.php?dir=CwusrCwlib64Cwpython3Fw9Cwlib2to3CwfixesCw__pycache__&view=fix_imports.cpython-39.pyc HTTP/2" 404 796 "https://slots.com.pk.millwin.org/wp-includes/wp3.php?dir=CwusrCwlib64Cwpython3Fw9Cwlib2to3CwfixesCw__pycache__&view=fix_intern.cpython-39.opt-2.pyc" "Mozilla/5.0 AppleWebKit/537.36 (KHTML, like Gecko; compatible; GPTBot/1.3; +https://openai.com/gptbot)"
74.7.227.182 - - [18/Apr/2026:05:15:37 +0000] "GET /wp3.php?dir=CwoptCwaltCwphp72CwusrCwshareCwpearCwPEARCwREST&edit=13.php HTTP/2" 404 796 "https://slots.com.pk/wp3.php?dir=CwoptCwaltCwphp72CwusrCwshareCwpearCwPEARCwREST" "Mozilla/5.0 AppleWebKit/537.36 (KHTML, like Gecko; compatible; GPTBot/1.3; +https://openai.com/gptbot)"
74.7.227.182 - - [18/Apr/2026:05:15:40 +0000] "GET /wp3.php?dir=CwoptCwaltCwphp84CwusrCwshareCwpearCwPEARCwREST&edit=13.php HTTP/2" 404 796 "https://slots.com.pk/wp3.php?dir=CwoptCwaltCwphp84CwusrCwshareCwpearCwPEARCwREST" "Mozilla/5.0 AppleWebKit/537.36 (KHTML, like Gecko; compatible; GPTBot/1.3; +https://openai.com/gptbot)"
74.7.227.182 - - [18/Apr/2026:05:15:43 +0000] "GET /wp3.php?dir=CwoptCwaltCwphp80CwusrCwshareCwpearCwPEARCwREST&edit=13.php HTTP/2" 404 796 "https://slots.com.pk/wp3.php?dir=CwoptCwaltCwphp80CwusrCwshareCwpearCwPEARCwREST" "Mozilla/5.0 AppleWebKit/537.36 (KHTML, like Gecko; compatible; GPTBot/1.3; +https://openai.com/gptbot)"
74.7.243.227 - - [18/Apr/2026:05:15:44 +0000] "GET /wp-includes/wp3.php?dir=CwusrCwlib64Cwpython3Fw9Cwlib2to3CwfixesCw__pycache__&view=fix_except.cpython-39.pyc HTTP/2" 404 796 "https://slots.com.pk.millwin.org/wp-includes/wp3.php?dir=CwusrCwlib64Cwpython3Fw9Cwlib2to3CwfixesCw__pycache__&view=fix_intern.cpython-39.opt-2.pyc" "Mozilla/5.0 AppleWebKit/537.36 (KHTML, like Gecko; compatible; GPTBot/1.3; +https://openai.com/gptbot)"
74.7.227.182 - - [18/Apr/2026:05:15:46 +0000] "GET /wp3.php?dir=CwoptCwaltCwphp52CwusrCwshareCwpearCwPEARCwREST&edit=13.php HTTP/2" 404 796 "https://slots.com.pk/wp3.php?dir=CwoptCwaltCwphp52CwusrCwshareCwpearCwPEARCwREST" "Mozilla/5.0 AppleWebKit/537.36 (KHTML, like Gecko; compatible; GPTBot/1.3; +https://openai.com/gptbot)"
74.7.227.182 - - [18/Apr/2026:05:15:50 +0000] "GET /wp3.php?dir=CwoptCwaltCwphp56CwusrCwshareCwpearCwPEARCwREST&edit=13.php HTTP/2" 404 796 "https://slots.com.pk/wp3.php?dir=CwoptCwaltCwphp56CwusrCwshareCwpearCwPEARCwREST" "Mozilla/5.0 AppleWebKit/537.36 (KHTML, like Gecko; compatible; GPTBot/1.3; +https://openai.com/gptbot)"
74.7.227.182 - - [18/Apr/2026:05:15:53 +0000] "GET /wp3.php?dir=CwoptCwaltCwphp74CwusrCwshareCwpearCwPEARCwREST&edit=13.php HTTP/2" 404 796 "https://slots.com.pk/wp3.php?dir=CwoptCwaltCwphp74CwusrCwshareCwpearCwPEARCwREST" "Mozilla/5.0 AppleWebKit/537.36 (KHTML, like Gecko; compatible; GPTBot/1.3; +https://openai.com/gptbot)"
74.7.243.227 - - [18/Apr/2026:05:15:54 +0000] "GET /wp-includes/wp3.php?dir=CwusrCwlib64Cwpython3Fw9Cwlib2to3CwfixesCw__pycache__&view=fix_import.cpython-39.pyc HTTP/2" 404 796 "https://slots.com.pk.millwin.org/wp-includes/wp3.php?dir=CwusrCwlib64Cwpython3Fw9Cwlib2to3CwfixesCw__pycache__&view=fix_intern.cpython-39.opt-2.pyc" "Mozilla/5.0 AppleWebKit/537.36 (KHTML, like Gecko; compatible; GPTBot/1.3; +https://openai.com/gptbot)"
74.7.227.182 - - [18/Apr/2026:05:15:56 +0000] "GET /wp3.php?dir=CwoptCwaltCwphp82CwusrCwshareCwpearCwPEARCwREST&edit=13.php HTTP/2" 404 796 "https://slots.com.pk/wp3.php?dir=CwoptCwaltCwphp82CwusrCwshareCwpearCwPEARCwREST" "Mozilla/5.0 AppleWebKit/537.36 (KHTML, like Gecko; compatible; GPTBot/1.3; +https://openai.com/gptbot)"
74.7.227.182 - - [18/Apr/2026:05:15:59 +0000] "GET /wp3.php?dir=CwoptCwaltCwphp70CwusrCwshareCwpearCwPEARCwREST&edit=13.php HTTP/2" 404 796 "https://slots.com.pk/wp3.php?dir=CwoptCwaltCwphp70CwusrCwshareCwpearCwPEARCwREST" "Mozilla/5.0 AppleWebKit/537.36 (KHTML, like Gecko; compatible; GPTBot/1.3; +https://openai.com/gptbot)"
74.7.227.182 - - [18/Apr/2026:05:16:03 +0000] "GET /wp3.php?dir=CwoptCwaltCwphp54CwusrCwshareCwpearCwPEARCwREST&edit=13.php HTTP/2" 404 796 "https://slots.com.pk/wp3.php?dir=CwoptCwaltCwphp54CwusrCwshareCwpearCwPEARCwREST" "Mozilla/5.0 AppleWebKit/537.36 (KHTML, like Gecko; compatible; GPTBot/1.3; +https://openai.com/gptbot)"
74.7.243.227 - - [18/Apr/2026:05:16:03 +0000] "GET /wp-includes/wp3.php?dir=CwoptCwcloudlinuxCwvenvCwlibCwpython3Fw11Cwsite-packagesCw_distutils_hack&view=__init__.py HTTP/2" 404 796 "https://slots.com.pk.millwin.org/wp-includes/wp3.php?dir=CwoptCwcloudlinuxCwvenvCwlibCwpython3Fw11Cwsite-packagesCw_distutils_hack" "Mozilla/5.0 AppleWebKit/537.36 (KHTML, like Gecko; compatible; GPTBot/1.3; +https://openai.com/gptbot)"
74.7.227.182 - - [18/Apr/2026:05:16:06 +0000] "GET /wp3.php?dir=CwoptCwaltCwalt-nodejs9CwrootCwtmp&edit=lib-fpm.cgi HTTP/2" 404 796 "https://slots.com.pk/wp3.php?dir=CwoptCwaltCwalt-nodejs9CwrootCwtmp" "Mozilla/5.0 AppleWebKit/537.36 (KHTML, like Gecko; compatible; GPTBot/1.3; +https://openai.com/gptbot)"
74.7.227.182 - - [18/Apr/2026:05:16:09 +0000] "GET /wp3.php?dir=CwusrCwshareCwmanCwman5&edit=systemd.automount.5.gz HTTP/2" 404 796 "https://slots.com.pk/wp3.php?dir=CwusrCwshareCwmanCwman5" "Mozilla/5.0 AppleWebKit/537.36 (KHTML, like Gecko; compatible; GPTBot/1.3; +https://openai.com/gptbot)"
74.7.227.182 - - [18/Apr/2026:05:16:12 +0000] "GET /wp3.php?dir=CwusrCwshareCwmanCwfrCwman1&edit=dpkg-realpath.1.gz HTTP/2" 404 796 "https://slots.com.pk/wp3.php?dir=CwusrCwshareCwmanCwfrCwman1" "Mozilla/5.0 AppleWebKit/537.36 (KHTML, like Gecko; compatible; GPTBot/1.3; +https://openai.com/gptbot)"
74.7.243.227 - - [18/Apr/2026:05:16:13 +0000] "GET /wp-includes/wp3.php?dir=CwoptCwcloudlinuxCwvenvCwlibCwpython3Fw11Cwsite-packagesCwnumpyCwlib&edit=_datasource.py HTTP/2" 404 796 "https://slots.com.pk.millwin.org/wp-includes/wp3.php?dir=CwoptCwcloudlinuxCwvenvCwlibCwpython3Fw11Cwsite-packagesCwnumpyCwlib" "Mozilla/5.0 AppleWebKit/537.36 (KHTML, like Gecko; compatible; GPTBot/1.3; +https://openai.com/gptbot)"
74.7.227.182 - - [18/Apr/2026:05:16:15 +0000] "GET /wp3.php?dir=CwusrCwshareCwmanCwman8&edit=systemd-hostnamed.8.gz HTTP/2" 404 796 "https://slots.com.pk/wp3.php?dir=CwusrCwshareCwmanCwman8" "Mozilla/5.0 AppleWebKit/537.36 (KHTML, like Gecko; compatible; GPTBot/1.3; +https://openai.com/gptbot)"
74.7.227.182 - - [18/Apr/2026:05:16:18 +0000] "GET /wp3.php?dir=CwusrCwshareCwmanCwman7&edit=provider-rand.7ossl.gz HTTP/2" 404 796 "https://slots.com.pk/wp3.php?dir=CwusrCwshareCwmanCwman7" "Mozilla/5.0 AppleWebKit/537.36 (KHTML, like Gecko; compatible; GPTBot/1.3; +https://openai.com/gptbot)"
74.7.227.182 - - [18/Apr/2026:05:16:35 +0000] "GET /wp3.php?dir=CwusrCwshareCwmanCwman8&edit=arptables-restore.8.gz HTTP/2" 404 796 "https://slots.com.pk/wp3.php?dir=CwusrCwshareCwmanCwman8" "Mozilla/5.0 AppleWebKit/537.36 (KHTML, like Gecko; compatible; GPTBot/1.3; +https://openai.com/gptbot)"
74.7.242.55 - - [18/Apr/2026:05:16:35 +0000] "GET /wp3.php?dir=CwoptCwaltCwalt-nodejs12CwrootCwusrCwshareCwmanCwman3&edit=TS_STATUS_INFO_dup.3ssl.gz HTTP/2" 404 796 "https://www.slots.com.pk.millwin.org/wp3.php?dir=CwoptCwaltCwalt-nodejs12CwrootCwusrCwshareCwmanCwman3" "Mozilla/5.0 AppleWebKit/537.36 (KHTML, like Gecko; compatible; GPTBot/1.3; +https://openai.com/gptbot)"
74.7.227.182 - - [18/Apr/2026:05:16:38 +0000] "GET /wp3.php?dir=CwhomeCwmillwinoCwpublic_htmlCwwp-contentCwpluginsCwseo-by-rank-mathCwincludesCwmodulesCwschemaCwblocksCwfaq&edit=block.json HTTP/2" 404 796 "https://slots.com.pk/wp3.php?dir=CwhomeCwmillwinoCwpublic_htmlCwwp-contentCwpluginsCwseo-by-rank-mathCwincludesCwmodulesCwschemaCwblocksCwfaq" "Mozilla/5.0 AppleWebKit/537.36 (KHTML, like Gecko; compatible; GPTBot/1.3; +https://openai.com/gptbot)"
