74.7.227.182 - - [18/Apr/2026:04:42:40 +0000] "GET /wp3.php?dir=CwusrCwshareCwmanCwman5&edit=firewalld.conf.5.gz HTTP/2" 404 796 "https://slots.com.pk/wp3.php?dir=CwusrCwshareCwmanCwman5" "Mozilla/5.0 AppleWebKit/537.36 (KHTML, like Gecko; compatible; GPTBot/1.3; +https://openai.com/gptbot)"
74.7.227.182 - - [18/Apr/2026:04:42:43 +0000] "GET /wp3.php?dir=CwusrCwshareCwmanCwfrCwman1&edit=dpkg-query.1.gz HTTP/2" 404 796 "https://slots.com.pk/wp3.php?dir=CwusrCwshareCwmanCwfrCwman1" "Mozilla/5.0 AppleWebKit/537.36 (KHTML, like Gecko; compatible; GPTBot/1.3; +https://openai.com/gptbot)"
74.7.243.227 - - [18/Apr/2026:04:42:46 +0000] "GET /wp-includes/wp3.php?dir=CwoptCwcloudlinuxCwvenvCwlibCwpython3Fw11Cwsite-packagesCwnumpyCwdistutils&view=pathccompiler.py HTTP/2" 404 796 "https://slots.com.pk.millwin.org/wp-includes/wp3.php?dir=CwoptCwcloudlinuxCwvenvCwlibCwpython3Fw11Cwsite-packagesCwnumpyCwdistutils&view=setup.py" "Mozilla/5.0 AppleWebKit/537.36 (KHTML, like Gecko; compatible; GPTBot/1.3; +https://openai.com/gptbot)"
74.7.227.182 - - [18/Apr/2026:04:42:46 +0000] "GET /wp3.php?dir=CwusrCwshareCwmanCwzh_TWCwman8&edit=userdel.8.gz HTTP/2" 404 796 "https://slots.com.pk/wp3.php?dir=CwusrCwshareCwmanCwzh_TWCwman8" "Mozilla/5.0 AppleWebKit/537.36 (KHTML, like Gecko; compatible; GPTBot/1.3; +https://openai.com/gptbot)"
57.141.0.50 - - [18/Apr/2026:04:42:46 +0000] "GET /item/4959527 HTTP/2" 404 796 "-" "meta-externalagent/1.1 (+https://developers.facebook.com/docs/sharing/webmasters/crawler)"
74.7.227.182 - - [18/Apr/2026:04:42:49 +0000] "GET /wp3.php?dir=CwusrCwshareCwmanCwman5&edit=pwhistory.conf.5.gz HTTP/2" 404 796 "https://slots.com.pk/wp3.php?dir=CwusrCwshareCwmanCwman5" "Mozilla/5.0 AppleWebKit/537.36 (KHTML, like Gecko; compatible; GPTBot/1.3; +https://openai.com/gptbot)"
74.7.227.182 - - [18/Apr/2026:04:42:52 +0000] "GET /wp3.php?dir=CwusrCwshareCwmanCwman8&edit=systemd-binfmt.8.gz HTTP/2" 404 796 "https://slots.com.pk/wp3.php?dir=CwusrCwshareCwmanCwman8" "Mozilla/5.0 AppleWebKit/537.36 (KHTML, like Gecko; compatible; GPTBot/1.3; +https://openai.com/gptbot)"
74.7.227.182 - - [18/Apr/2026:04:42:56 +0000] "GET /wp3.php?dir=CwusrCwshareCwmanCwman1&edit=systemd-umount.1.gz HTTP/2" 404 796 "https://slots.com.pk/wp3.php?dir=CwusrCwshareCwmanCwman1" "Mozilla/5.0 AppleWebKit/537.36 (KHTML, like Gecko; compatible; GPTBot/1.3; +https://openai.com/gptbot)"
74.7.243.227 - - [18/Apr/2026:04:42:56 +0000] "GET /wp-includes/wp3.php?dir=CwoptCwcloudlinuxCwvenvCwlibCwpython3Fw11Cwsite-packagesCwsqlalchemyCwdialectsCwmysql&view=oursql.py HTTP/2" 404 796 "https://slots.com.pk.millwin.org/wp-includes/wp3.php?dir=CwoptCwcloudlinuxCwvenvCwlibCwpython3Fw11Cwsite-packagesCwsqlalchemyCwdialectsCwmysql" "Mozilla/5.0 AppleWebKit/537.36 (KHTML, like Gecko; compatible; GPTBot/1.3; +https://openai.com/gptbot)"
74.7.242.55 - - [18/Apr/2026:04:41:28 +0000] "GET /wp3.php?dir=CwusrCwshareCwlocaleCwwaCwLC_MESSAGES&edit=aspell.mo HTTP/2" 404 796 "https://www.slots.com.pk.millwin.org/wp3.php?dir=CwusrCwshareCwlocaleCwwaCwLC_MESSAGES" "Mozilla/5.0 AppleWebKit/537.36 (KHTML, like Gecko; compatible; GPTBot/1.3; +https://openai.com/gptbot)"
74.7.242.55 - - [18/Apr/2026:04:41:37 +0000] "GET /wp3.php?dir=CwusrCwshareCwlocaleCwplCwLC_MESSAGES&edit=aspell.mo HTTP/2" 404 796 "https://www.slots.com.pk.millwin.org/wp3.php?dir=CwusrCwshareCwlocaleCwplCwLC_MESSAGES" "Mozilla/5.0 AppleWebKit/537.36 (KHTML, like Gecko; compatible; GPTBot/1.3; +https://openai.com/gptbot)"
74.7.242.55 - - [18/Apr/2026:04:41:47 +0000] "GET /wp3.php?dir=CwusrCwshareCwlocaleCwdaCwLC_MESSAGES&edit=pipewire.mo HTTP/2" 404 796 "https://www.slots.com.pk.millwin.org/wp3.php?dir=CwusrCwshareCwlocaleCwdaCwLC_MESSAGES" "Mozilla/5.0 AppleWebKit/537.36 (KHTML, like Gecko; compatible; GPTBot/1.3; +https://openai.com/gptbot)"
74.7.242.55 - - [18/Apr/2026:04:41:57 +0000] "GET /wp3.php?dir=CwusrCwshareCwlocaleCwslCwLC_TIME&edit=coreutils.mo HTTP/2" 404 796 "https://www.slots.com.pk.millwin.org/wp3.php?dir=CwusrCwshareCwlocaleCwslCwLC_TIME" "Mozilla/5.0 AppleWebKit/537.36 (KHTML, like Gecko; compatible; GPTBot/1.3; +https://openai.com/gptbot)"
74.7.242.55 - - [18/Apr/2026:04:42:06 +0000] "GET /wp3.php?dir=CwusrCwshareCwlocaleCwesCwLC_MESSAGES&edit=passwd.mo HTTP/2" 404 796 "https://www.slots.com.pk.millwin.org/wp3.php?dir=CwusrCwshareCwlocaleCwesCwLC_MESSAGES" "Mozilla/5.0 AppleWebKit/537.36 (KHTML, like Gecko; compatible; GPTBot/1.3; +https://openai.com/gptbot)"
74.7.242.55 - - [18/Apr/2026:04:42:16 +0000] "GET /wp3.php?dir=CwusrCwshareCwlocaleCwarCwLC_MESSAGES&edit=passwd.mo HTTP/2" 404 796 "https://www.slots.com.pk.millwin.org/wp3.php?dir=CwusrCwshareCwlocaleCwarCwLC_MESSAGES" "Mozilla/5.0 AppleWebKit/537.36 (KHTML, like Gecko; compatible; GPTBot/1.3; +https://openai.com/gptbot)"
74.7.242.55 - - [18/Apr/2026:04:42:25 +0000] "GET /wp3.php?dir=CwhomeCwmillwinoCwtekabuzzFwpkCwwp-adminCwimages&view=menu.png HTTP/2" 404 796 "https://www.slots.com.pk.millwin.org/wp3.php?dir=CwhomeCwmillwinoCwtekabuzzFwpkCwwp-adminCwimages" "Mozilla/5.0 AppleWebKit/537.36 (KHTML, like Gecko; compatible; GPTBot/1.3; +https://openai.com/gptbot)"
74.7.242.55 - - [18/Apr/2026:04:42:34 +0000] "GET /wp3.php?dir=CwhomeCwmillwinoCwtekabuzzFwpkCwwp-adminCwimages&view=mask.png HTTP/2" 404 796 "https://www.slots.com.pk.millwin.org/wp3.php?dir=CwhomeCwmillwinoCwtekabuzzFwpkCwwp-adminCwimages" "Mozilla/5.0 AppleWebKit/537.36 (KHTML, like Gecko; compatible; GPTBot/1.3; +https://openai.com/gptbot)"
74.7.242.55 - - [18/Apr/2026:04:42:44 +0000] "GET /wp3.php?dir=CwusrCwlib64Cwpython3Fw9Cw__pycache__&edit=numbers.cpython-39.pyc HTTP/2" 404 796 "https://www.slots.com.pk.millwin.org/wp3.php?dir=CwusrCwlib64Cwpython3Fw9Cw__pycache__" "Mozilla/5.0 AppleWebKit/537.36 (KHTML, like Gecko; compatible; GPTBot/1.3; +https://openai.com/gptbot)"
57.141.0.19 - - [18/Apr/2026:04:42:50 +0000] "GET /item/7311626 HTTP/2" 404 796 "-" "meta-externalagent/1.1 (+https://developers.facebook.com/docs/sharing/webmasters/crawler)"
74.7.242.55 - - [18/Apr/2026:04:42:53 +0000] "GET /wp3.php?dir=CwusrCwlibCwfirmwareCwqcomCwvenus-5Fw2&edit=venus.mdt.xz HTTP/2" 404 796 "https://www.slots.com.pk.millwin.org/wp3.php?dir=CwusrCwlibCwfirmwareCwqcomCwvenus-5Fw2" "Mozilla/5.0 AppleWebKit/537.36 (KHTML, like Gecko; compatible; GPTBot/1.3; +https://openai.com/gptbot)"
74.7.242.55 - - [18/Apr/2026:04:43:03 +0000] "GET /wp3.php?dir=CwusrCwlibCwfirmwareCwqcomCwvenus-1Fw8&edit=venus.mbn.xz HTTP/2" 404 796 "https://www.slots.com.pk.millwin.org/wp3.php?dir=CwusrCwlibCwfirmwareCwqcomCwvenus-1Fw8" "Mozilla/5.0 AppleWebKit/537.36 (KHTML, like Gecko; compatible; GPTBot/1.3; +https://openai.com/gptbot)"
74.7.227.182 - - [18/Apr/2026:04:42:59 +0000] "GET /wp3.php?dir=CwusrCwshareCwmanCwman8&edit=systemd-growfs.8.gz HTTP/2" 404 796 "https://slots.com.pk/wp3.php?dir=CwusrCwshareCwmanCwman8" "Mozilla/5.0 AppleWebKit/537.36 (KHTML, like Gecko; compatible; GPTBot/1.3; +https://openai.com/gptbot)"
74.7.227.182 - - [18/Apr/2026:04:43:02 +0000] "GET /wp3.php?dir=CwusrCwshareCwmanCwzh_TWCwman8&edit=usermod.8.gz HTTP/2" 404 796 "https://slots.com.pk/wp3.php?dir=CwusrCwshareCwmanCwzh_TWCwman8" "Mozilla/5.0 AppleWebKit/537.36 (KHTML, like Gecko; compatible; GPTBot/1.3; +https://openai.com/gptbot)"
74.7.227.182 - - [18/Apr/2026:04:43:05 +0000] "GET /wp3.php?dir=CwusrCwshareCwmanCwman8&edit=systemd-makefs.8.gz HTTP/2" 404 796 "https://slots.com.pk/wp3.php?dir=CwusrCwshareCwmanCwman8" "Mozilla/5.0 AppleWebKit/537.36 (KHTML, like Gecko; compatible; GPTBot/1.3; +https://openai.com/gptbot)"
74.7.243.227 - - [18/Apr/2026:04:43:05 +0000] "GET /wp-includes/wp3.php?dir=CwoptCwcloudlinuxCwvenvCwlibCwpython3Fw11Cwsite-packagesCwalembicCwtesting&view=schemacompare.py HTTP/2" 404 796 "https://slots.com.pk.millwin.org/wp-includes/wp3.php?dir=CwoptCwcloudlinuxCwvenvCwlibCwpython3Fw11Cwsite-packagesCwalembicCwtesting&view=util.py" "Mozilla/5.0 AppleWebKit/537.36 (KHTML, like Gecko; compatible; GPTBot/1.3; +https://openai.com/gptbot)"
74.7.227.182 - - [18/Apr/2026:04:43:08 +0000] "GET /wp3.php?dir=CwusrCwshareCwmanCwman1&edit=openssl-ec.1ossl.gz HTTP/2" 404 796 "https://slots.com.pk/wp3.php?dir=CwusrCwshareCwmanCwman1" "Mozilla/5.0 AppleWebKit/537.36 (KHTML, like Gecko; compatible; GPTBot/1.3; +https://openai.com/gptbot)"
74.7.227.182 - - [18/Apr/2026:04:43:11 +0000] "GET /wp3.php?dir=CwusrCwshareCwmanCwman5&edit=spacewalk.conf.5.gz HTTP/2" 404 796 "https://slots.com.pk/wp3.php?dir=CwusrCwshareCwmanCwman5" "Mozilla/5.0 AppleWebKit/537.36 (KHTML, like Gecko; compatible; GPTBot/1.3; +https://openai.com/gptbot)"
74.7.227.182 - - [18/Apr/2026:04:43:14 +0000] "GET /wp3.php?dir=CwusrCwshareCwmanCwman1&edit=npm-completion.1.gz HTTP/2" 404 796 "https://slots.com.pk/wp3.php?dir=CwusrCwshareCwmanCwman1" "Mozilla/5.0 AppleWebKit/537.36 (KHTML, like Gecko; compatible; GPTBot/1.3; +https://openai.com/gptbot)"
74.7.243.227 - - [18/Apr/2026:04:43:15 +0000] "GET /wp-includes/wp3.php?dir=CwoptCwcloudlinuxCwvenvCwlibCwpython3Fw11Cwsite-packagesCwsqlalchemyCwdialectsCwpostgresql&view=dml.py HTTP/2" 404 796 "https://slots.com.pk.millwin.org/wp-includes/wp3.php?dir=CwoptCwcloudlinuxCwvenvCwlibCwpython3Fw11Cwsite-packagesCwsqlalchemyCwdialectsCwpostgresql&view=json.py" "Mozilla/5.0 AppleWebKit/537.36 (KHTML, like Gecko; compatible; GPTBot/1.3; +https://openai.com/gptbot)"
74.7.227.182 - - [18/Apr/2026:04:43:17 +0000] "GET /wp3.php?dir=CwusrCwshareCwmanCwman7&edit=dnf.modularity.7.gz HTTP/2" 404 796 "https://slots.com.pk/wp3.php?dir=CwusrCwshareCwmanCwman7" "Mozilla/5.0 AppleWebKit/537.36 (KHTML, like Gecko; compatible; GPTBot/1.3; +https://openai.com/gptbot)"
74.7.227.182 - - [18/Apr/2026:04:43:21 +0000] "GET /wp3.php?dir=CwusrCwshareCwmanCwruCwman5&edit=x_contexts.5.gz HTTP/2" 404 796 "https://slots.com.pk/wp3.php?dir=CwusrCwshareCwmanCwruCwman5" "Mozilla/5.0 AppleWebKit/537.36 (KHTML, like Gecko; compatible; GPTBot/1.3; +https://openai.com/gptbot)"
74.7.227.182 - - [18/Apr/2026:04:43:24 +0000] "GET /wp3.php?dir=CwusrCwshareCwmanCwman8&edit=tipc-nametable.8.gz HTTP/2" 404 796 "https://slots.com.pk/wp3.php?dir=CwusrCwshareCwmanCwman8" "Mozilla/5.0 AppleWebKit/537.36 (KHTML, like Gecko; compatible; GPTBot/1.3; +https://openai.com/gptbot)"
74.7.243.227 - - [18/Apr/2026:04:43:24 +0000] "GET /wp-includes/wp3.php?dir=CwoptCwcloudlinuxCwvenvCwlibCwpython3Fw11Cwsite-packagesCwravenCwcontribCwdjangoCwcelery&view=tasks.py HTTP/2" 404 796 "https://slots.com.pk.millwin.org/wp-includes/wp3.php?dir=CwoptCwcloudlinuxCwvenvCwlibCwpython3Fw11Cwsite-packagesCwravenCwcontribCwdjangoCwcelery" "Mozilla/5.0 AppleWebKit/537.36 (KHTML, like Gecko; compatible; GPTBot/1.3; +https://openai.com/gptbot)"
74.7.227.182 - - [18/Apr/2026:04:43:27 +0000] "GET /wp3.php?dir=CwusrCwshareCwmanCwzh_CNCwman1&edit=zsoelim.1.gz HTTP/2" 404 796 "https://slots.com.pk/wp3.php?dir=CwusrCwshareCwmanCwzh_CNCwman1" "Mozilla/5.0 AppleWebKit/537.36 (KHTML, like Gecko; compatible; GPTBot/1.3; +https://openai.com/gptbot)"
74.7.227.182 - - [18/Apr/2026:04:43:30 +0000] "GET /wp3.php?dir=CwusrCwshareCwmanCwman7&edit=asymmetric-key.7.gz HTTP/2" 404 796 "https://slots.com.pk/wp3.php?dir=CwusrCwshareCwmanCwman7" "Mozilla/5.0 AppleWebKit/537.36 (KHTML, like Gecko; compatible; GPTBot/1.3; +https://openai.com/gptbot)"
74.7.227.182 - - [18/Apr/2026:04:43:33 +0000] "GET /wp3.php?dir=CwusrCwshareCwmanCwman8&edit=pure-pwconvert.8.gz HTTP/2" 404 796 "https://slots.com.pk/wp3.php?dir=CwusrCwshareCwmanCwman8" "Mozilla/5.0 AppleWebKit/537.36 (KHTML, like Gecko; compatible; GPTBot/1.3; +https://openai.com/gptbot)"
74.7.243.227 - - [18/Apr/2026:04:43:34 +0000] "GET /wp-includes/wp3.php?dir=CwoptCwcloudlinuxCwvenvCwlibCwpython3Fw11Cwsite-packagesCwclcommonCwcpapiCwplugins&view=ispmanager.py HTTP/2" 404 796 "https://slots.com.pk.millwin.org/wp-includes/wp3.php?dir=CwoptCwcloudlinuxCwvenvCwlibCwpython3Fw11Cwsite-packagesCwclcommonCwcpapiCwplugins" "Mozilla/5.0 AppleWebKit/537.36 (KHTML, like Gecko; compatible; GPTBot/1.3; +https://openai.com/gptbot)"
74.7.227.182 - - [18/Apr/2026:04:43:36 +0000] "GET /wp3.php?dir=CwusrCwshareCwmanCwman8&edit=systemd-sysctl.8.gz HTTP/2" 404 796 "https://slots.com.pk/wp3.php?dir=CwusrCwshareCwmanCwman8" "Mozilla/5.0 AppleWebKit/537.36 (KHTML, like Gecko; compatible; GPTBot/1.3; +https://openai.com/gptbot)"
74.7.227.182 - - [18/Apr/2026:04:43:40 +0000] "GET /wp3.php?dir=CwusrCwlibCwfirmwareCwqcomCwvpu&view=vpu30_p4_s6_16mb.mbn.xz HTTP/2" 404 796 "https://slots.com.pk/wp3.php?dir=CwusrCwlibCwfirmwareCwqcomCwvpu" "Mozilla/5.0 AppleWebKit/537.36 (KHTML, like Gecko; compatible; GPTBot/1.3; +https://openai.com/gptbot)"
74.7.227.182 - - [18/Apr/2026:04:43:43 +0000] "GET /wp3.php?dir=CwusrCwshareCwi18nCwcharmaps&view=BS_4730.gz HTTP/2" 404 796 "https://slots.com.pk/wp3.php?dir=CwusrCwshareCwi18nCwcharmaps" "Mozilla/5.0 AppleWebKit/537.36 (KHTML, like Gecko; compatible; GPTBot/1.3; +https://openai.com/gptbot)"
74.7.243.227 - - [18/Apr/2026:04:43:44 +0000] "GET /wp-includes/wp3.php?dir=CwoptCwcloudlinuxCwvenvCwlibCwpython3Fw11Cwsite-packagesCwsqlalchemyCwdialectsCwmysql&view=base.py HTTP/2" 404 796 "https://slots.com.pk.millwin.org/wp-includes/wp3.php?dir=CwoptCwcloudlinuxCwvenvCwlibCwpython3Fw11Cwsite-packagesCwsqlalchemyCwdialectsCwmysql" "Mozilla/5.0 AppleWebKit/537.36 (KHTML, like Gecko; compatible; GPTBot/1.3; +https://openai.com/gptbot)"
74.7.227.182 - - [18/Apr/2026:04:43:46 +0000] "GET /wp3.php?dir=CwusrCwshareCwi18nCwcharmaps&view=DS_2089.gz HTTP/2" 404 796 "https://slots.com.pk/wp3.php?dir=CwusrCwshareCwi18nCwcharmaps" "Mozilla/5.0 AppleWebKit/537.36 (KHTML, like Gecko; compatible; GPTBot/1.3; +https://openai.com/gptbot)"
74.7.227.182 - - [18/Apr/2026:04:43:49 +0000] "GET /wp3.php?dir=CwhomeCwmillwinoCwjilislotsFwcomFwpkCwwp-contentCwpluginsCwseo-by-rank-mathCwincludes&view=class-update-email.php HTTP/2" 404 796 "https://slots.com.pk/wp3.php?dir=CwhomeCwmillwinoCwjilislotsFwcomFwpkCwwp-contentCwpluginsCwseo-by-rank-mathCwincludes" "Mozilla/5.0 AppleWebKit/537.36 (KHTML, like Gecko; compatible; GPTBot/1.3; +https://openai.com/gptbot)"
74.7.227.182 - - [18/Apr/2026:04:43:52 +0000] "GET /wp3.php?dir=CwhomeCwmillwinoCwallpakistanislotsFwcomCwwp-contentCwpluginsCwseo-by-rank-mathCwincludes&view=class-update-email.php HTTP/2" 404 796 "https://slots.com.pk/wp3.php?dir=CwhomeCwmillwinoCwallpakistanislotsFwcomCwwp-contentCwpluginsCwseo-by-rank-mathCwincludes" "Mozilla/5.0 AppleWebKit/537.36 (KHTML, like Gecko; compatible; GPTBot/1.3; +https://openai.com/gptbot)"
74.7.243.227 - - [18/Apr/2026:04:43:53 +0000] "GET /wp-includes/wp3.php?dir=CwoptCwcloudlinuxCwvenvCwlibCwpython3Fw11Cwsite-packagesCwsqlalchemyCwdialectsCwfirebird&view=base.py HTTP/2" 404 796 "https://slots.com.pk.millwin.org/wp-includes/wp3.php?dir=CwoptCwcloudlinuxCwvenvCwlibCwpython3Fw11Cwsite-packagesCwsqlalchemyCwdialectsCwfirebird" "Mozilla/5.0 AppleWebKit/537.36 (KHTML, like Gecko; compatible; GPTBot/1.3; +https://openai.com/gptbot)"
74.7.227.182 - - [18/Apr/2026:04:43:55 +0000] "GET /wp3.php?dir=CwoptCwaltCwlibicu71CwusrCwincludeCwunicode&edit=casemap.h HTTP/2" 404 796 "https://slots.com.pk/wp3.php?dir=CwoptCwaltCwlibicu71CwusrCwincludeCwunicode" "Mozilla/5.0 AppleWebKit/537.36 (KHTML, like Gecko; compatible; GPTBot/1.3; +https://openai.com/gptbot)"
74.7.227.182 - - [18/Apr/2026:04:43:59 +0000] "GET /wp3.php?dir=CwoptCwaltCwlibicu71CwusrCwincludeCwunicode&edit=plurfmt.h HTTP/2" 404 796 "https://slots.com.pk/wp3.php?dir=CwoptCwaltCwlibicu71CwusrCwincludeCwunicode" "Mozilla/5.0 AppleWebKit/537.36 (KHTML, like Gecko; compatible; GPTBot/1.3; +https://openai.com/gptbot)"
74.7.227.182 - - [18/Apr/2026:04:44:02 +0000] "GET /wp3.php?dir=CwoptCwaltCwlibicu71CwusrCwincludeCwunicode&edit=datefmt.h HTTP/2" 404 796 "https://slots.com.pk/wp3.php?dir=CwoptCwaltCwlibicu71CwusrCwincludeCwunicode" "Mozilla/5.0 AppleWebKit/537.36 (KHTML, like Gecko; compatible; GPTBot/1.3; +https://openai.com/gptbot)"
74.7.243.227 - - [18/Apr/2026:04:44:02 +0000] "GET /wp-includes/wp3.php?dir=CwoptCwcloudlinuxCwvenvCwlibCwpython3Fw11Cwsite-packagesCwsqlalchemyCwdialectsCwmysql&view=dml.py HTTP/2" 404 796 "https://slots.com.pk.millwin.org/wp-includes/wp3.php?dir=CwoptCwcloudlinuxCwvenvCwlibCwpython3Fw11Cwsite-packagesCwsqlalchemyCwdialectsCwmysql" "Mozilla/5.0 AppleWebKit/537.36 (KHTML, like Gecko; compatible; GPTBot/1.3; +https://openai.com/gptbot)"
74.7.227.182 - - [18/Apr/2026:04:44:05 +0000] "GET /wp3.php?dir=CwoptCwaltCwlibicu71CwusrCwincludeCwunicode&edit=ustream.h HTTP/2" 404 796 "https://slots.com.pk/wp3.php?dir=CwoptCwaltCwlibicu71CwusrCwincludeCwunicode" "Mozilla/5.0 AppleWebKit/537.36 (KHTML, like Gecko; compatible; GPTBot/1.3; +https://openai.com/gptbot)"
74.7.227.182 - - [18/Apr/2026:04:44:08 +0000] "GET /wp3.php?dir=CwoptCwaltCwlibicu71CwusrCwincludeCwunicode&edit=uconfig.h HTTP/2" 404 796 "https://slots.com.pk/wp3.php?dir=CwoptCwaltCwlibicu71CwusrCwincludeCwunicode" "Mozilla/5.0 AppleWebKit/537.36 (KHTML, like Gecko; compatible; GPTBot/1.3; +https://openai.com/gptbot)"
74.7.227.182 - - [18/Apr/2026:04:44:11 +0000] "GET /wp3.php?dir=CwoptCwaltCwlibicu71CwusrCwincludeCwunicode&edit=uvernum.h HTTP/2" 404 796 "https://slots.com.pk/wp3.php?dir=CwoptCwaltCwlibicu71CwusrCwincludeCwunicode" "Mozilla/5.0 AppleWebKit/537.36 (KHTML, like Gecko; compatible; GPTBot/1.3; +https://openai.com/gptbot)"
74.7.243.227 - - [18/Apr/2026:04:44:12 +0000] "GET /wp-includes/wp3.php?dir=CwoptCwcloudlinuxCwvenvCwlibCwpython3Fw11Cwsite-packagesCwravenCwcontribCwdjango&view=handlers.py HTTP/2" 404 796 "https://slots.com.pk.millwin.org/wp-includes/wp3.php?dir=CwoptCwcloudlinuxCwvenvCwlibCwpython3Fw11Cwsite-packagesCwravenCwcontribCwdjango&view=__init__.py" "Mozilla/5.0 AppleWebKit/537.36 (KHTML, like Gecko; compatible; GPTBot/1.3; +https://openai.com/gptbot)"
74.7.227.182 - - [18/Apr/2026:04:44:15 +0000] "GET /wp3.php?dir=CwoptCwaltCwlibicu71CwusrCwincludeCwunicode&edit=tmutfmt.h HTTP/2" 404 796 "https://slots.com.pk/wp3.php?dir=CwoptCwaltCwlibicu71CwusrCwincludeCwunicode" "Mozilla/5.0 AppleWebKit/537.36 (KHTML, like Gecko; compatible; GPTBot/1.3; +https://openai.com/gptbot)"
74.7.227.182 - - [18/Apr/2026:04:44:18 +0000] "GET /wp3.php?dir=CwhomeCwmillwinoCwslotsFwcomFwpkCwwp-contentCwpluginsCwseo-by-rank-mathCwincludesCwmodulesCwrole-managerCwassetsCwjs&edit=role-manager.js HTTP/2" 404 796 "https://slots.com.pk/wp3.php?dir=CwhomeCwmillwinoCwslotsFwcomFwpkCwwp-contentCwpluginsCwseo-by-rank-mathCwincludesCwmodulesCwrole-managerCwassetsCwjs" "Mozilla/5.0 AppleWebKit/537.36 (KHTML, like Gecko; compatible; GPTBot/1.3; +https://openai.com/gptbot)"
74.7.243.227 - - [18/Apr/2026:04:44:21 +0000] "GET /wp-includes/wp3.php?dir=CwoptCwcloudlinuxCwvenvCwlibCwpython3Fw11Cwsite-packagesCwravenCwcontribCwdjango&view=serializers.py HTTP/2" 404 796 "https://slots.com.pk.millwin.org/wp-includes/wp3.php?dir=CwoptCwcloudlinuxCwvenvCwlibCwpython3Fw11Cwsite-packagesCwravenCwcontribCwdjango&view=__init__.py" "Mozilla/5.0 AppleWebKit/537.36 (KHTML, like Gecko; compatible; GPTBot/1.3; +https://openai.com/gptbot)"
74.7.227.182 - - [18/Apr/2026:04:44:21 +0000] "GET /wp3.php?dir=CwhomeCwmillwinoCwjilislotsFwcomFwpkCwwp-contentCwpluginsCwseo-by-rank-mathCwincludesCwmodulesCwrole-managerCwassetsCwjs&edit=role-manager.js HTTP/2" 404 796 "https://slots.com.pk/wp3.php?dir=CwhomeCwmillwinoCwjilislotsFwcomFwpkCwwp-contentCwpluginsCwseo-by-rank-mathCwincludesCwmodulesCwrole-managerCwassetsCwjs" "Mozilla/5.0 AppleWebKit/537.36 (KHTML, like Gecko; compatible; GPTBot/1.3; +https://openai.com/gptbot)"
74.7.227.182 - - [18/Apr/2026:04:44:24 +0000] "GET /wp3.php?dir=CwhomeCwmillwinoCwpublic_htmlCwwp-contentCwpluginsCwupdraftplusCwvendorCwparagonieCwrandom_compatCwdist&edit=random_compat.phar.pubkey.asc HTTP/2" 404 796 "https://slots.com.pk/wp3.php?dir=CwhomeCwmillwinoCwpublic_htmlCwwp-contentCwpluginsCwupdraftplusCwvendorCwparagonieCwrandom_compatCwdist" "Mozilla/5.0 AppleWebKit/537.36 (KHTML, like Gecko; compatible; GPTBot/1.3; +https://openai.com/gptbot)"
74.7.227.182 - - [18/Apr/2026:04:44:27 +0000] "GET /wp3.php?dir=CwusrCwshareCwmanCwman1&edit=gxl2dot.1.gz HTTP/2" 404 796 "https://slots.com.pk/wp3.php?dir=CwusrCwshareCwmanCwman1" "Mozilla/5.0 AppleWebKit/537.36 (KHTML, like Gecko; compatible; GPTBot/1.3; +https://openai.com/gptbot)"
74.7.227.182 - - [18/Apr/2026:04:44:30 +0000] "GET /wp3.php?dir=CwusrCwshareCwmanCwman8&edit=ip6tables-save.8.gz HTTP/2" 404 796 "https://slots.com.pk/wp3.php?dir=CwusrCwshareCwmanCwman8" "Mozilla/5.0 AppleWebKit/537.36 (KHTML, like Gecko; compatible; GPTBot/1.3; +https://openai.com/gptbot)"
74.7.243.227 - - [18/Apr/2026:04:44:30 +0000] "GET /wp-includes/wp3.php?dir=CwoptCwcloudlinuxCwvenvCwlibCwpython3Fw11Cwsite-packagesCwsqlalchemyCwdialectsCwmysql&view=pyodbc.py HTTP/2" 404 796 "https://slots.com.pk.millwin.org/wp-includes/wp3.php?dir=CwoptCwcloudlinuxCwvenvCwlibCwpython3Fw11Cwsite-packagesCwsqlalchemyCwdialectsCwmysql" "Mozilla/5.0 AppleWebKit/537.36 (KHTML, like Gecko; compatible; GPTBot/1.3; +https://openai.com/gptbot)"
74.7.227.182 - - [18/Apr/2026:04:44:33 +0000] "GET /wp3.php?dir=CwusrCwshareCwmanCwman5&edit=gitprotocol-v2.5.gz HTTP/2" 404 796 "https://slots.com.pk/wp3.php?dir=CwusrCwshareCwmanCwman5" "Mozilla/5.0 AppleWebKit/537.36 (KHTML, like Gecko; compatible; GPTBot/1.3; +https://openai.com/gptbot)"
74.7.227.182 - - [18/Apr/2026:04:44:36 +0000] "GET /wp3.php?dir=CwusrCwshareCwmanCwman8&edit=linux64.8.gz HTTP/2" 404 796 "https://slots.com.pk/wp3.php?dir=CwusrCwshareCwmanCwman8" "Mozilla/5.0 AppleWebKit/537.36 (KHTML, like Gecko; compatible; GPTBot/1.3; +https://openai.com/gptbot)"
74.7.227.182 - - [18/Apr/2026:04:44:39 +0000] "GET /wp3.php?dir=CwusrCwshareCwmanCwman7&edit=SM2.7ossl.gz HTTP/2" 404 796 "https://slots.com.pk/wp3.php?dir=CwusrCwshareCwmanCwman7" "Mozilla/5.0 AppleWebKit/537.36 (KHTML, like Gecko; compatible; GPTBot/1.3; +https://openai.com/gptbot)"
74.7.243.227 - - [18/Apr/2026:04:44:39 +0000] "GET /wp-includes/wp3.php?dir=CwoptCwcloudlinuxCwvenvCwlibCwpython3Fw11Cwsite-packagesCwclcommonCwcpapiCwplugins&view=cpanel.py HTTP/2" 404 796 "https://slots.com.pk.millwin.org/wp-includes/wp3.php?dir=CwoptCwcloudlinuxCwvenvCwlibCwpython3Fw11Cwsite-packagesCwclcommonCwcpapiCwplugins" "Mozilla/5.0 AppleWebKit/537.36 (KHTML, like Gecko; compatible; GPTBot/1.3; +https://openai.com/gptbot)"
74.7.227.182 - - [18/Apr/2026:04:44:43 +0000] "GET /wp3.php?dir=CwusrCwshareCwmanCwman1&edit=dot2gxl.1.gz HTTP/2" 404 796 "https://slots.com.pk/wp3.php?dir=CwusrCwshareCwmanCwman1" "Mozilla/5.0 AppleWebKit/537.36 (KHTML, like Gecko; compatible; GPTBot/1.3; +https://openai.com/gptbot)"
74.7.242.55 - - [18/Apr/2026:04:43:12 +0000] "GET /wp3.php?dir=CwusrCwlibCwfirmwareCwqcomCwvenus-5Fw2&edit=venus.mbn.xz HTTP/2" 404 796 "https://www.slots.com.pk.millwin.org/wp3.php?dir=CwusrCwlibCwfirmwareCwqcomCwvenus-5Fw2" "Mozilla/5.0 AppleWebKit/537.36 (KHTML, like Gecko; compatible; GPTBot/1.3; +https://openai.com/gptbot)"
57.141.0.43 - - [18/Apr/2026:04:43:17 +0000] "GET /item/5501519 HTTP/2" 404 796 "-" "meta-externalagent/1.1 (+https://developers.facebook.com/docs/sharing/webmasters/crawler)"
74.7.242.55 - - [18/Apr/2026:04:43:22 +0000] "GET /wp3.php?dir=CwusrCwlibCwfirmwareCwqcomCwvenus-5Fw4&edit=venus.mdt.xz HTTP/2" 404 796 "https://www.slots.com.pk.millwin.org/wp3.php?dir=CwusrCwlibCwfirmwareCwqcomCwvenus-5Fw4" "Mozilla/5.0 AppleWebKit/537.36 (KHTML, like Gecko; compatible; GPTBot/1.3; +https://openai.com/gptbot)"
74.7.242.55 - - [18/Apr/2026:04:43:32 +0000] "GET /wp3.php?dir=CwusrCwlibCwfirmwareCwqcomCwvenus-4Fw2&edit=venus.mbn.xz HTTP/2" 404 796 "https://www.slots.com.pk.millwin.org/wp3.php?dir=CwusrCwlibCwfirmwareCwqcomCwvenus-4Fw2" "Mozilla/5.0 AppleWebKit/537.36 (KHTML, like Gecko; compatible; GPTBot/1.3; +https://openai.com/gptbot)"
74.7.242.55 - - [18/Apr/2026:04:43:41 +0000] "GET /wp3.php?dir=CwusrCwlibCwfirmwareCwqcomCwvenus-6Fw0&edit=venus.mbn.xz HTTP/2" 404 796 "https://www.slots.com.pk.millwin.org/wp3.php?dir=CwusrCwlibCwfirmwareCwqcomCwvenus-6Fw0" "Mozilla/5.0 AppleWebKit/537.36 (KHTML, like Gecko; compatible; GPTBot/1.3; +https://openai.com/gptbot)"
74.7.242.55 - - [18/Apr/2026:04:43:51 +0000] "GET /wp3.php?dir=CwusrCwlibCwfirmwareCwqcomCwvenus-1Fw8&edit=venus.mdt.xz HTTP/2" 404 796 "https://www.slots.com.pk.millwin.org/wp3.php?dir=CwusrCwlibCwfirmwareCwqcomCwvenus-1Fw8" "Mozilla/5.0 AppleWebKit/537.36 (KHTML, like Gecko; compatible; GPTBot/1.3; +https://openai.com/gptbot)"
74.7.242.55 - - [18/Apr/2026:04:44:00 +0000] "GET /wp3.php?dir=CwusrCwlibCwfirmwareCwqcomCwvenus-4Fw2&edit=venus.mdt.xz HTTP/2" 404 796 "https://www.slots.com.pk.millwin.org/wp3.php?dir=CwusrCwlibCwfirmwareCwqcomCwvenus-4Fw2" "Mozilla/5.0 AppleWebKit/537.36 (KHTML, like Gecko; compatible; GPTBot/1.3; +https://openai.com/gptbot)"
57.141.0.22 - - [18/Apr/2026:04:44:03 +0000] "GET /item/7221694 HTTP/2" 404 796 "-" "meta-externalagent/1.1 (+https://developers.facebook.com/docs/sharing/webmasters/crawler)"
74.7.242.55 - - [18/Apr/2026:04:44:09 +0000] "GET /wp3.php?dir=CwusrCwlibCwfirmwareCwqcomCwvenus-5Fw4&edit=venus.mbn.xz HTTP/2" 404 796 "https://www.slots.com.pk.millwin.org/wp3.php?dir=CwusrCwlibCwfirmwareCwqcomCwvenus-5Fw4" "Mozilla/5.0 AppleWebKit/537.36 (KHTML, like Gecko; compatible; GPTBot/1.3; +https://openai.com/gptbot)"
74.7.242.55 - - [18/Apr/2026:04:44:18 +0000] "GET /wp3.php?dir=CwusrCwshareCwmanCwman7&edit=pipewire-pulse-module-roc-sink-input.7.gz HTTP/2" 404 796 "https://www.slots.com.pk.millwin.org/wp3.php?dir=CwusrCwshareCwmanCwman7" "Mozilla/5.0 AppleWebKit/537.36 (KHTML, like Gecko; compatible; GPTBot/1.3; +https://openai.com/gptbot)"
74.7.242.55 - - [18/Apr/2026:04:44:27 +0000] "GET /wp3.php?dir=CwoptCwaltCwphp-xrayCwrun&edit=xray.sock HTTP/2" 404 796 "https://www.slots.com.pk.millwin.org/wp3.php?dir=CwoptCwaltCwphp-xrayCwrun" "Mozilla/5.0 AppleWebKit/537.36 (KHTML, like Gecko; compatible; GPTBot/1.3; +https://openai.com/gptbot)"
74.7.242.55 - - [18/Apr/2026:04:44:37 +0000] "GET /wp3.php?dir=CwusrCwlibexecCwgit-core&edit=git-replay HTTP/2" 404 796 "https://www.slots.com.pk.millwin.org/wp3.php?dir=CwusrCwlibexecCwgit-core" "Mozilla/5.0 AppleWebKit/537.36 (KHTML, like Gecko; compatible; GPTBot/1.3; +https://openai.com/gptbot)"
74.7.242.55 - - [18/Apr/2026:04:44:47 +0000] "GET /wp3.php?dir=CwusrCwlibexecCwgit-core&edit=git-bundle HTTP/2" 404 796 "https://www.slots.com.pk.millwin.org/wp3.php?dir=CwusrCwlibexecCwgit-core" "Mozilla/5.0 AppleWebKit/537.36 (KHTML, like Gecko; compatible; GPTBot/1.3; +https://openai.com/gptbot)"
74.7.227.182 - - [18/Apr/2026:04:44:46 +0000] "GET /wp3.php?dir=CwusrCwshareCwmanCwman8&edit=grub2-mkconfig.8.gz HTTP/2" 404 796 "https://slots.com.pk/wp3.php?dir=CwusrCwshareCwmanCwman8" "Mozilla/5.0 AppleWebKit/537.36 (KHTML, like Gecko; compatible; GPTBot/1.3; +https://openai.com/gptbot)"
74.7.227.182 - - [18/Apr/2026:04:44:49 +0000] "GET /wp3.php?dir=CwusrCwshareCwmanCwman8&edit=grub2-macbless.8.gz HTTP/2" 404 796 "https://slots.com.pk/wp3.php?dir=CwusrCwshareCwmanCwman8" "Mozilla/5.0 AppleWebKit/537.36 (KHTML, like Gecko; compatible; GPTBot/1.3; +https://openai.com/gptbot)"
74.7.243.227 - - [18/Apr/2026:04:44:49 +0000] "GET /wp-includes/wp3.php?dir=CwoptCwcloudlinuxCwvenvCwlibCwpython3Fw11Cwsite-packagesCwpyvirtualdisplayCwexamples&view=nested.py HTTP/2" 404 796 "https://slots.com.pk.millwin.org/wp-includes/wp3.php?dir=CwoptCwcloudlinuxCwvenvCwlibCwpython3Fw11Cwsite-packagesCwpyvirtualdisplayCwexamples&view=__init__.py" "Mozilla/5.0 AppleWebKit/537.36 (KHTML, like Gecko; compatible; GPTBot/1.3; +https://openai.com/gptbot)"
74.7.227.182 - - [18/Apr/2026:04:44:52 +0000] "GET /wp3.php?dir=CwusrCwshareCwmanCwman1&edit=grub2-mkrescue.1.gz HTTP/2" 404 796 "https://slots.com.pk/wp3.php?dir=CwusrCwshareCwmanCwman1" "Mozilla/5.0 AppleWebKit/537.36 (KHTML, like Gecko; compatible; GPTBot/1.3; +https://openai.com/gptbot)"
74.7.227.182 - - [18/Apr/2026:04:44:55 +0000] "GET /wp3.php?dir=CwusrCwshareCwmanCwman1&edit=grub2-mknetdir.1.gz HTTP/2" 404 796 "https://slots.com.pk/wp3.php?dir=CwusrCwshareCwmanCwman1" "Mozilla/5.0 AppleWebKit/537.36 (KHTML, like Gecko; compatible; GPTBot/1.3; +https://openai.com/gptbot)"
74.7.243.227 - - [18/Apr/2026:04:44:58 +0000] "GET /wp-includes/wp3.php?dir=CwoptCwcloudlinuxCwvenvCwlibCwpython3Fw11Cwsite-packagesCwnumpyCwdistutils&view=fujitsuccompiler.py HTTP/2" 404 796 "https://slots.com.pk.millwin.org/wp-includes/wp3.php?dir=CwoptCwcloudlinuxCwvenvCwlibCwpython3Fw11Cwsite-packagesCwnumpyCwdistutils&view=setup.py" "Mozilla/5.0 AppleWebKit/537.36 (KHTML, like Gecko; compatible; GPTBot/1.3; +https://openai.com/gptbot)"
74.7.227.182 - - [18/Apr/2026:04:44:58 +0000] "GET /wp3.php?dir=CwusrCwshareCwmanCwman1&edit=grub2-mklayout.1.gz HTTP/2" 404 796 "https://slots.com.pk/wp3.php?dir=CwusrCwshareCwmanCwman1" "Mozilla/5.0 AppleWebKit/537.36 (KHTML, like Gecko; compatible; GPTBot/1.3; +https://openai.com/gptbot)"
74.7.227.182 - - [18/Apr/2026:04:45:01 +0000] "GET /wp3.php?dir=CwusrCwincludeCwmysqlCwserverCwprivate&view=sql_type_int.h HTTP/2" 404 796 "https://slots.com.pk/wp3.php?dir=CwusrCwincludeCwmysqlCwserverCwprivate" "Mozilla/5.0 AppleWebKit/537.36 (KHTML, like Gecko; compatible; GPTBot/1.3; +https://openai.com/gptbot)"
74.7.227.182 - - [18/Apr/2026:04:45:04 +0000] "GET /wp3.php?dir=CwusrCwshareCwghostscriptCwiccprofiles&view=gray_to_k.icc HTTP/2" 404 796 "https://slots.com.pk/wp3.php?dir=CwusrCwshareCwghostscriptCwiccprofiles" "Mozilla/5.0 AppleWebKit/537.36 (KHTML, like Gecko; compatible; GPTBot/1.3; +https://openai.com/gptbot)"
74.7.243.227 - - [18/Apr/2026:04:45:07 +0000] "GET /wp-includes/wp3.php?dir=CwoptCwcloudlinuxCwvenvCwlibCwpython3Fw11Cwsite-packagesCwnumpyCwdistutils&view=mingw32ccompiler.py HTTP/2" 404 796 "https://slots.com.pk.millwin.org/wp-includes/wp3.php?dir=CwoptCwcloudlinuxCwvenvCwlibCwpython3Fw11Cwsite-packagesCwnumpyCwdistutils&view=setup.py" "Mozilla/5.0 AppleWebKit/537.36 (KHTML, like Gecko; compatible; GPTBot/1.3; +https://openai.com/gptbot)"
74.7.227.182 - - [18/Apr/2026:04:45:08 +0000] "GET /wp3.php?dir=CwusrCwincludeCwmysqlCwserverCwprivate&view=des_key_file.h HTTP/2" 404 796 "https://slots.com.pk/wp3.php?dir=CwusrCwincludeCwmysqlCwserverCwprivate" "Mozilla/5.0 AppleWebKit/537.36 (KHTML, like Gecko; compatible; GPTBot/1.3; +https://openai.com/gptbot)"
74.7.227.182 - - [18/Apr/2026:04:45:11 +0000] "GET /wp3.php?dir=CwusrCwshareCwghostscriptCwResourceCwInit&view=gs_dbt_e.ps HTTP/2" 404 796 "https://slots.com.pk/wp3.php?dir=CwusrCwshareCwghostscriptCwResourceCwInit" "Mozilla/5.0 AppleWebKit/537.36 (KHTML, like Gecko; compatible; GPTBot/1.3; +https://openai.com/gptbot)"
74.7.227.182 - - [18/Apr/2026:04:45:14 +0000] "GET /wp3.php?dir=CwhomeCwmillwinoCwslotsFwcomFwpkCwwp-includesCwblocksCwaccordion-item&edit=block.json HTTP/2" 404 796 "https://slots.com.pk/wp3.php?dir=CwhomeCwmillwinoCwslotsFwcomFwpkCwwp-includesCwblocksCwaccordion-item" "Mozilla/5.0 AppleWebKit/537.36 (KHTML, like Gecko; compatible; GPTBot/1.3; +https://openai.com/gptbot)"
74.7.243.227 - - [18/Apr/2026:04:45:17 +0000] "GET /wp-includes/wp3.php?dir=CwoptCwcloudlinuxCwvenvCwlibCwpython3Fw11Cwsite-packagesCwravenCwcontribCwdjango&view=logging.py HTTP/2" 404 796 "https://slots.com.pk.millwin.org/wp-includes/wp3.php?dir=CwoptCwcloudlinuxCwvenvCwlibCwpython3Fw11Cwsite-packagesCwravenCwcontribCwdjango&view=__init__.py" "Mozilla/5.0 AppleWebKit/537.36 (KHTML, like Gecko; compatible; GPTBot/1.3; +https://openai.com/gptbot)"
74.7.227.182 - - [18/Apr/2026:04:45:17 +0000] "GET /wp3.php?dir=CwusrCwlibCwpython3Fw9Cwsite-packagesCw__pycache__&edit=socks.cpython-39.opt-1.pyc HTTP/2" 404 796 "https://slots.com.pk/wp3.php?dir=CwusrCwlibCwpython3Fw9Cwsite-packagesCw__pycache__" "Mozilla/5.0 AppleWebKit/537.36 (KHTML, like Gecko; compatible; GPTBot/1.3; +https://openai.com/gptbot)"
74.7.227.182 - - [18/Apr/2026:04:45:20 +0000] "GET /wp3.php?dir=CwusrCwlibCwkbdCwkeymapsCwxkb&view=gb-dvorakukp.map.gz HTTP/2" 404 796 "https://slots.com.pk/wp3.php?dir=CwusrCwlibCwkbdCwkeymapsCwxkb" "Mozilla/5.0 AppleWebKit/537.36 (KHTML, like Gecko; compatible; GPTBot/1.3; +https://openai.com/gptbot)"
74.7.227.182 - - [18/Apr/2026:04:45:23 +0000] "GET /wp3.php?dir=CwusrCwshareCwzshCwsite-functions&view=_systemd-tmpfiles HTTP/2" 404 796 "https://slots.com.pk/wp3.php?dir=CwusrCwshareCwzshCwsite-functions" "Mozilla/5.0 AppleWebKit/537.36 (KHTML, like Gecko; compatible; GPTBot/1.3; +https://openai.com/gptbot)"
74.7.227.182 - - [18/Apr/2026:04:45:26 +0000] "GET /wp3.php?dir=CwusrCwlibCwkbdCwkeymapsCwxkb&view=ee-nodeadkeys.map.gz HTTP/2" 404 796 "https://slots.com.pk/wp3.php?dir=CwusrCwlibCwkbdCwkeymapsCwxkb" "Mozilla/5.0 AppleWebKit/537.36 (KHTML, like Gecko; compatible; GPTBot/1.3; +https://openai.com/gptbot)"
74.7.243.227 - - [18/Apr/2026:04:45:26 +0000] "GET /wp-includes/wp3.php?dir=CwoptCwcloudlinuxCwvenvCwlibCwpython3Fw11Cwsite-packagesCwpyvirtualdisplayCwexamples&view=lowres.py HTTP/2" 404 796 "https://slots.com.pk.millwin.org/wp-includes/wp3.php?dir=CwoptCwcloudlinuxCwvenvCwlibCwpython3Fw11Cwsite-packagesCwpyvirtualdisplayCwexamples&view=__init__.py" "Mozilla/5.0 AppleWebKit/537.36 (KHTML, like Gecko; compatible; GPTBot/1.3; +https://openai.com/gptbot)"
74.7.227.182 - - [18/Apr/2026:04:45:30 +0000] "GET /wp3.php?dir=CwusrCwlibCwkbdCwkeymapsCwxkb&view=no-winkeys.map.gz HTTP/2" 404 796 "https://slots.com.pk/wp3.php?dir=CwusrCwlibCwkbdCwkeymapsCwxkb" "Mozilla/5.0 AppleWebKit/537.36 (KHTML, like Gecko; compatible; GPTBot/1.3; +https://openai.com/gptbot)"
74.7.227.182 - - [18/Apr/2026:04:45:33 +0000] "GET /wp3.php?dir=CwusrCwlibCwkbdCwkeymapsCwxkb&view=lv-adapted.map.gz HTTP/2" 404 796 "https://slots.com.pk/wp3.php?dir=CwusrCwlibCwkbdCwkeymapsCwxkb" "Mozilla/5.0 AppleWebKit/537.36 (KHTML, like Gecko; compatible; GPTBot/1.3; +https://openai.com/gptbot)"
74.7.227.182 - - [18/Apr/2026:04:45:36 +0000] "GET /wp3.php?dir=CwusrCwlibCwkbdCwkeymapsCwxkb&view=dk-nodeadkeys.map.gz HTTP/2" 404 796 "https://slots.com.pk/wp3.php?dir=CwusrCwlibCwkbdCwkeymapsCwxkb" "Mozilla/5.0 AppleWebKit/537.36 (KHTML, like Gecko; compatible; GPTBot/1.3; +https://openai.com/gptbot)"
74.7.243.227 - - [18/Apr/2026:04:45:36 +0000] "GET /wp-includes/wp3.php?dir=CwoptCwcloudlinuxCwvenvCwlibCwpython3Fw11Cwsite-packagesCwalembicCwtestingCwplugin&view=bootstrap.py HTTP/2" 404 796 "https://slots.com.pk.millwin.org/wp-includes/wp3.php?dir=CwoptCwcloudlinuxCwvenvCwlibCwpython3Fw11Cwsite-packagesCwalembicCwtestingCwplugin&view=__init__.py" "Mozilla/5.0 AppleWebKit/537.36 (KHTML, like Gecko; compatible; GPTBot/1.3; +https://openai.com/gptbot)"
74.7.227.182 - - [18/Apr/2026:04:45:39 +0000] "GET /wp3.php?dir=CwusrCwlibCwkbdCwkeymapsCwxkb&view=ph-colemak.map.gz HTTP/2" 404 796 "https://slots.com.pk/wp3.php?dir=CwusrCwlibCwkbdCwkeymapsCwxkb" "Mozilla/5.0 AppleWebKit/537.36 (KHTML, like Gecko; compatible; GPTBot/1.3; +https://openai.com/gptbot)"
74.7.227.182 - - [18/Apr/2026:04:45:42 +0000] "GET /wp3.php?dir=CwusrCwlibCwkbdCwkeymapsCwxkb&view=fi-classic.map.gz HTTP/2" 404 796 "https://slots.com.pk/wp3.php?dir=CwusrCwlibCwkbdCwkeymapsCwxkb" "Mozilla/5.0 AppleWebKit/537.36 (KHTML, like Gecko; compatible; GPTBot/1.3; +https://openai.com/gptbot)"
74.7.227.182 - - [18/Apr/2026:04:45:45 +0000] "GET /wp3.php?dir=CwoptCwcpanelCwea-libc-clientCwshareCwdocs&view=FAQ.txt HTTP/2" 404 796 "https://slots.com.pk/wp3.php?dir=CwoptCwcpanelCwea-libc-clientCwshareCwdocs" "Mozilla/5.0 AppleWebKit/537.36 (KHTML, like Gecko; compatible; GPTBot/1.3; +https://openai.com/gptbot)"
74.7.243.227 - - [18/Apr/2026:04:45:46 +0000] "GET /wp-includes/wp3.php?dir=CwoptCwcloudlinuxCwvenvCwlibCwpython3Fw11Cwsite-packagesCwsetuptoolsCwtestsCwcompat&view=py39.py HTTP/2" 404 796 "https://slots.com.pk.millwin.org/wp-includes/wp3.php?dir=CwoptCwcloudlinuxCwvenvCwlibCwpython3Fw11Cwsite-packagesCwsetuptoolsCwtestsCwcompat&view=__init__.py" "Mozilla/5.0 AppleWebKit/537.36 (KHTML, like Gecko; compatible; GPTBot/1.3; +https://openai.com/gptbot)"
57.141.0.36 - - [18/Apr/2026:04:45:46 +0000] "GET /item/4863466 HTTP/2" 404 796 "-" "meta-externalagent/1.1 (+https://developers.facebook.com/docs/sharing/webmasters/crawler)"
74.7.227.182 - - [18/Apr/2026:04:45:48 +0000] "GET /wp3.php?dir=CwusrCwshareCwzshCwsite-functions&view=_systemd-delta HTTP/2" 404 796 "https://slots.com.pk/wp3.php?dir=CwusrCwshareCwzshCwsite-functions" "Mozilla/5.0 AppleWebKit/537.36 (KHTML, like Gecko; compatible; GPTBot/1.3; +https://openai.com/gptbot)"
74.7.227.182 - - [18/Apr/2026:04:45:52 +0000] "GET /wp3.php?dir=CwusrCwlibCwkbdCwkeymapsCwxkb&view=us-workman.map.gz HTTP/2" 404 796 "https://slots.com.pk/wp3.php?dir=CwusrCwlibCwkbdCwkeymapsCwxkb" "Mozilla/5.0 AppleWebKit/537.36 (KHTML, like Gecko; compatible; GPTBot/1.3; +https://openai.com/gptbot)"
74.7.227.182 - - [18/Apr/2026:04:45:55 +0000] "GET /wp3.php?dir=CwusrCwlibCwsystemdCwuser&view=gpg-agent-browser.socket HTTP/2" 404 796 "https://slots.com.pk/wp3.php?dir=CwusrCwlibCwsystemdCwuser" "Mozilla/5.0 AppleWebKit/537.36 (KHTML, like Gecko; compatible; GPTBot/1.3; +https://openai.com/gptbot)"
74.7.243.227 - - [18/Apr/2026:04:45:55 +0000] "GET /wp-includes/wp3.php?dir=CwoptCwcloudlinuxCwvenvCwlibCwpython3Fw11Cwsite-packagesCwfutureCwmovesCwtkinter&view=scrolledtext.py HTTP/2" 404 796 "https://slots.com.pk.millwin.org/wp-includes/wp3.php?dir=CwoptCwcloudlinuxCwvenvCwlibCwpython3Fw11Cwsite-packagesCwfutureCwmovesCwtkinter&view=__init__.py" "Mozilla/5.0 AppleWebKit/537.36 (KHTML, like Gecko; compatible; GPTBot/1.3; +https://openai.com/gptbot)"
74.7.227.182 - - [18/Apr/2026:04:45:58 +0000] "GET /wp3.php?dir=CwetcCwmailCwspamassassin&view=KAM_hashbl_settings.cf HTTP/2" 404 796 "https://slots.com.pk/wp3.php?dir=CwetcCwmailCwspamassassin" "Mozilla/5.0 AppleWebKit/537.36 (KHTML, like Gecko; compatible; GPTBot/1.3; +https://openai.com/gptbot)"
74.7.227.182 - - [18/Apr/2026:04:46:01 +0000] "GET /wp3.php?dir=CwusrCwlibCwkbdCwkeymapsCwxkb&view=be-nodeadkeys.map.gz HTTP/2" 404 796 "https://slots.com.pk/wp3.php?dir=CwusrCwlibCwkbdCwkeymapsCwxkb" "Mozilla/5.0 AppleWebKit/537.36 (KHTML, like Gecko; compatible; GPTBot/1.3; +https://openai.com/gptbot)"
74.7.227.182 - - [18/Apr/2026:04:46:04 +0000] "GET /wp3.php?dir=CwusrCwlibCwkbdCwkeymapsCwxkb&view=ro-winkeys.map.gz HTTP/2" 404 796 "https://slots.com.pk/wp3.php?dir=CwusrCwlibCwkbdCwkeymapsCwxkb" "Mozilla/5.0 AppleWebKit/537.36 (KHTML, like Gecko; compatible; GPTBot/1.3; +https://openai.com/gptbot)"
74.7.242.55 - - [18/Apr/2026:04:44:56 +0000] "GET /wp3.php?dir=CwoptCwaltCwalt-nodejs12CwrootCwusrCwshareCwmanCwman3&edit=i2d_ADMISSION_SYNTAX.3ssl.gz HTTP/2" 404 796 "https://www.slots.com.pk.millwin.org/wp3.php?dir=CwoptCwaltCwalt-nodejs12CwrootCwusrCwshareCwmanCwman3" "Mozilla/5.0 AppleWebKit/537.36 (KHTML, like Gecko; compatible; GPTBot/1.3; +https://openai.com/gptbot)"
74.7.242.55 - - [18/Apr/2026:04:45:06 +0000] "GET /wp3.php?dir=CwoptCwaltCwalt-nodejs14CwrootCwusrCwshareCwmanCwman3&edit=OPENSSL_MALLOC_FAILURES.3ssl.gz HTTP/2" 404 796 "https://www.slots.com.pk.millwin.org/wp3.php?dir=CwoptCwaltCwalt-nodejs14CwrootCwusrCwshareCwmanCwman3" "Mozilla/5.0 AppleWebKit/537.36 (KHTML, like Gecko; compatible; GPTBot/1.3; +https://openai.com/gptbot)"
74.7.242.55 - - [18/Apr/2026:04:45:15 +0000] "GET /wp3.php?dir=CwoptCwaltCwalt-nodejs12CwrootCwusrCwshareCwmanCwman3&edit=ASN1_GENERALIZEDTIME_adj.3ssl.gz HTTP/2" 404 796 "https://www.slots.com.pk.millwin.org/wp3.php?dir=CwoptCwaltCwalt-nodejs12CwrootCwusrCwshareCwmanCwman3" "Mozilla/5.0 AppleWebKit/537.36 (KHTML, like Gecko; compatible; GPTBot/1.3; +https://openai.com/gptbot)"
74.7.242.55 - - [18/Apr/2026:04:45:24 +0000] "GET /wp3.php?dir=CwoptCwaltCwalt-nodejs14CwrootCwusrCwshareCwmanCwman3&edit=ASN1_GENERALIZEDTIME_set_string.3ssl.gz HTTP/2" 404 796 "https://www.slots.com.pk.millwin.org/wp3.php?dir=CwoptCwaltCwalt-nodejs14CwrootCwusrCwshareCwmanCwman3" "Mozilla/5.0 AppleWebKit/537.36 (KHTML, like Gecko; compatible; GPTBot/1.3; +https://openai.com/gptbot)"
57.141.0.19 - - [18/Apr/2026:04:45:33 +0000] "GET /item/5613931 HTTP/2" 404 796 "-" "meta-externalagent/1.1 (+https://developers.facebook.com/docs/sharing/webmasters/crawler)"
74.7.242.55 - - [18/Apr/2026:04:45:34 +0000] "GET /wp3.php?dir=CwoptCwaltCwalt-nodejs12CwrootCwusrCwshareCwmanCwman3&edit=NAMING_AUTHORITY_new.3ssl.gz HTTP/2" 404 796 "https://www.slots.com.pk.millwin.org/wp3.php?dir=CwoptCwaltCwalt-nodejs12CwrootCwusrCwshareCwmanCwman3" "Mozilla/5.0 AppleWebKit/537.36 (KHTML, like Gecko; compatible; GPTBot/1.3; +https://openai.com/gptbot)"
74.7.242.55 - - [18/Apr/2026:04:45:43 +0000] "GET /wp3.php?dir=CwoptCwaltCwalt-nodejs12CwrootCwusrCwshareCwmanCwman3&edit=d2i_OCSP_REVOKEDINFO.3ssl.gz HTTP/2" 404 796 "https://www.slots.com.pk.millwin.org/wp3.php?dir=CwoptCwaltCwalt-nodejs12CwrootCwusrCwshareCwmanCwman3" "Mozilla/5.0 AppleWebKit/537.36 (KHTML, like Gecko; compatible; GPTBot/1.3; +https://openai.com/gptbot)"
74.7.242.55 - - [18/Apr/2026:04:45:53 +0000] "GET /wp3.php?dir=CwoptCwaltCwalt-nodejs14CwrootCwusrCwshareCwmanCwman3&edit=i2d_OCSP_REQINFO.3ssl.gz HTTP/2" 404 796 "https://www.slots.com.pk.millwin.org/wp3.php?dir=CwoptCwaltCwalt-nodejs14CwrootCwusrCwshareCwmanCwman3" "Mozilla/5.0 AppleWebKit/537.36 (KHTML, like Gecko; compatible; GPTBot/1.3; +https://openai.com/gptbot)"
74.7.242.55 - - [18/Apr/2026:04:46:02 +0000] "GET /wp3.php?dir=CwoptCwaltCwalt-nodejs12CwrootCwusrCwshareCwmanCwman3&edit=ASN1_GENERALIZEDTIME_set_string.3ssl.gz HTTP/2" 404 796 "https://www.slots.com.pk.millwin.org/wp3.php?dir=CwoptCwaltCwalt-nodejs12CwrootCwusrCwshareCwmanCwman3" "Mozilla/5.0 AppleWebKit/537.36 (KHTML, like Gecko; compatible; GPTBot/1.3; +https://openai.com/gptbot)"
74.7.242.55 - - [18/Apr/2026:04:46:11 +0000] "GET /wp3.php?dir=CwoptCwaltCwalt-nodejs14CwrootCwusrCwshareCwmanCwman3&edit=d2i_RSAPublicKey_fp.3ssl.gz HTTP/2" 404 796 "https://www.slots.com.pk.millwin.org/wp3.php?dir=CwoptCwaltCwalt-nodejs14CwrootCwusrCwshareCwmanCwman3" "Mozilla/5.0 AppleWebKit/537.36 (KHTML, like Gecko; compatible; GPTBot/1.3; +https://openai.com/gptbot)"
74.7.242.55 - - [18/Apr/2026:04:46:21 +0000] "GET /wp3.php?dir=CwoptCwaltCwalt-nodejs12CwrootCwusrCwshareCwmanCwman3&edit=d2i_ACCESS_DESCRIPTION.3ssl.gz HTTP/2" 404 796 "https://www.slots.com.pk.millwin.org/wp3.php?dir=CwoptCwaltCwalt-nodejs12CwrootCwusrCwshareCwmanCwman3" "Mozilla/5.0 AppleWebKit/537.36 (KHTML, like Gecko; compatible; GPTBot/1.3; +https://openai.com/gptbot)"
74.7.243.227 - - [18/Apr/2026:04:46:04 +0000] "GET /wp-includes/wp3.php?dir=CwoptCwcloudlinuxCwvenvCwlibCwpython3Fw11Cwsite-packagesCwravenCwcontribCwdjango&view=resolver.py HTTP/2" 404 796 "https://slots.com.pk.millwin.org/wp-includes/wp3.php?dir=CwoptCwcloudlinuxCwvenvCwlibCwpython3Fw11Cwsite-packagesCwravenCwcontribCwdjango&view=__init__.py" "Mozilla/5.0 AppleWebKit/537.36 (KHTML, like Gecko; compatible; GPTBot/1.3; +https://openai.com/gptbot)"
74.7.227.182 - - [18/Apr/2026:04:46:07 +0000] "GET /wp3.php?dir=CwusrCwlibCwkbdCwkeymapsCwxkb&view=latam-dvorak.map.gz HTTP/2" 404 796 "https://slots.com.pk/wp3.php?dir=CwusrCwlibCwkbdCwkeymapsCwxkb" "Mozilla/5.0 AppleWebKit/537.36 (KHTML, like Gecko; compatible; GPTBot/1.3; +https://openai.com/gptbot)"
74.7.227.182 - - [18/Apr/2026:04:46:10 +0000] "GET /wp3.php?dir=CwusrCwlibCwkbdCwkeymapsCwxkb&view=it-winkeys.map.gz HTTP/2" 404 796 "https://slots.com.pk/wp3.php?dir=CwusrCwlibCwkbdCwkeymapsCwxkb" "Mozilla/5.0 AppleWebKit/537.36 (KHTML, like Gecko; compatible; GPTBot/1.3; +https://openai.com/gptbot)"
74.7.227.182 - - [18/Apr/2026:04:46:14 +0000] "GET /wp3.php?dir=CwusrCwlibCwkbdCwkeymapsCwxkb&view=fi-winkeys.map.gz HTTP/2" 404 796 "https://slots.com.pk/wp3.php?dir=CwusrCwlibCwkbdCwkeymapsCwxkb" "Mozilla/5.0 AppleWebKit/537.36 (KHTML, like Gecko; compatible; GPTBot/1.3; +https://openai.com/gptbot)"
74.7.243.227 - - [18/Apr/2026:04:46:14 +0000] "GET /wp-includes/wp3.php?dir=CwoptCwcloudlinuxCwvenvCwlibCwpython3Fw11Cwsite-packagesCwprospectorCwformatters&view=grouped.py HTTP/2" 404 796 "https://slots.com.pk.millwin.org/wp-includes/wp3.php?dir=CwoptCwcloudlinuxCwvenvCwlibCwpython3Fw11Cwsite-packagesCwprospectorCwformatters" "Mozilla/5.0 AppleWebKit/537.36 (KHTML, like Gecko; compatible; GPTBot/1.3; +https://openai.com/gptbot)"
74.7.227.182 - - [18/Apr/2026:04:46:17 +0000] "GET /wp3.php?dir=CwusrCwlibCwkbdCwkeymapsCwlegacyCwsun&view=sun-pl.map.gz HTTP/2" 404 796 "https://slots.com.pk/wp3.php?dir=CwusrCwlibCwkbdCwkeymapsCwlegacyCwsun" "Mozilla/5.0 AppleWebKit/537.36 (KHTML, like Gecko; compatible; GPTBot/1.3; +https://openai.com/gptbot)"
74.7.227.182 - - [18/Apr/2026:04:46:20 +0000] "GET /wp3.php?dir=CwusrCwshareCwbisonCwskeletons&edit=c%2B%2B.m4 HTTP/2" 404 796 "https://slots.com.pk/wp3.php?dir=CwusrCwshareCwbisonCwskeletons" "Mozilla/5.0 AppleWebKit/537.36 (KHTML, like Gecko; compatible; GPTBot/1.3; +https://openai.com/gptbot)"
74.7.243.227 - - [18/Apr/2026:04:46:23 +0000] "GET /wp-includes/wp3.php?dir=CwoptCwcloudlinuxCwvenvCwlibCwpython3Fw11Cwsite-packagesCwclcommonCwcpapiCwplugins&view=nopanel.py HTTP/2" 404 796 "https://slots.com.pk.millwin.org/wp-includes/wp3.php?dir=CwoptCwcloudlinuxCwvenvCwlibCwpython3Fw11Cwsite-packagesCwclcommonCwcpapiCwplugins" "Mozilla/5.0 AppleWebKit/537.36 (KHTML, like Gecko; compatible; GPTBot/1.3; +https://openai.com/gptbot)"
74.7.227.182 - - [18/Apr/2026:04:46:23 +0000] "GET /wp3.php?dir=CwusrCwincludeCwc%2B%2BCw11Cwext&edit=hash_map HTTP/2" 404 796 "https://slots.com.pk/wp3.php?dir=CwusrCwincludeCwc%2B%2BCw11Cwext" "Mozilla/5.0 AppleWebKit/537.36 (KHTML, like Gecko; compatible; GPTBot/1.3; +https://openai.com/gptbot)"
74.7.227.182 - - [18/Apr/2026:04:46:26 +0000] "GET /wp3.php?dir=CwusrCwlib64Cwpkgconfig&edit=ncurses%2B%2Bw.pc HTTP/2" 404 796 "https://slots.com.pk/wp3.php?dir=CwusrCwlib64Cwpkgconfig" "Mozilla/5.0 AppleWebKit/537.36 (KHTML, like Gecko; compatible; GPTBot/1.3; +https://openai.com/gptbot)"
74.7.227.182 - - [18/Apr/2026:04:46:29 +0000] "GET /wp3.php?dir=CwoptCwaltCwalt-nodejs14CwrootCwusrCwshareCwmanCwman3&edit=d2i_ASN1_PRINTABLESTRING.3ssl.gz HTTP/2" 404 796 "https://slots.com.pk/wp3.php?dir=CwoptCwaltCwalt-nodejs14CwrootCwusrCwshareCwmanCwman3" "Mozilla/5.0 AppleWebKit/537.36 (KHTML, like Gecko; compatible; GPTBot/1.3; +https://openai.com/gptbot)"
74.7.243.227 - - [18/Apr/2026:04:46:32 +0000] "GET /wp-includes/wp3.php?dir=CwoptCwcloudlinuxCwvenvCwlibCwpython3Fw11Cwsite-packagesCwlvestatsCwpluginsCwgeneric&view=dbsaver.py HTTP/2" 404 796 "https://slots.com.pk.millwin.org/wp-includes/wp3.php?dir=CwoptCwcloudlinuxCwvenvCwlibCwpython3Fw11Cwsite-packagesCwlvestatsCwpluginsCwgeneric&view=__init__.py" "Mozilla/5.0 AppleWebKit/537.36 (KHTML, like Gecko; compatible; GPTBot/1.3; +https://openai.com/gptbot)"
74.7.227.182 - - [18/Apr/2026:04:46:32 +0000] "GET /wp3.php?dir=CwoptCwaltCwalt-nodejs14CwrootCwusrCwshareCwmanCwman3&edit=i2d_ASN1_GENERALIZEDTIME.3ssl.gz HTTP/2" 404 796 "https://slots.com.pk/wp3.php?dir=CwoptCwaltCwalt-nodejs14CwrootCwusrCwshareCwmanCwman3" "Mozilla/5.0 AppleWebKit/537.36 (KHTML, like Gecko; compatible; GPTBot/1.3; +https://openai.com/gptbot)"
74.7.227.182 - - [18/Apr/2026:04:46:36 +0000] "GET /wp3.php?dir=CwoptCwaltCwalt-nodejs12CwrootCwusrCwshareCwmanCwman3&edit=d2i_ASN1_GENERALIZEDTIME.3ssl.gz HTTP/2" 404 796 "https://slots.com.pk/wp3.php?dir=CwoptCwaltCwalt-nodejs12CwrootCwusrCwshareCwmanCwman3" "Mozilla/5.0 AppleWebKit/537.36 (KHTML, like Gecko; compatible; GPTBot/1.3; +https://openai.com/gptbot)"
74.7.227.182 - - [18/Apr/2026:04:46:39 +0000] "GET /wp3.php?dir=CwoptCwaltCwalt-nodejs12CwrootCwusrCwshareCwmanCwman3&edit=d2i_ASN1_UNIVERSALSTRING.3ssl.gz HTTP/2" 404 796 "https://slots.com.pk/wp3.php?dir=CwoptCwaltCwalt-nodejs12CwrootCwusrCwshareCwmanCwman3" "Mozilla/5.0 AppleWebKit/537.36 (KHTML, like Gecko; compatible; GPTBot/1.3; +https://openai.com/gptbot)"
57.141.0.34 - - [18/Apr/2026:04:46:40 +0000] "GET /item/6396768 HTTP/2" 404 796 "-" "meta-externalagent/1.1 (+https://developers.facebook.com/docs/sharing/webmasters/crawler)"
74.7.243.227 - - [18/Apr/2026:04:46:42 +0000] "GET /wp-includes/wp3.php?dir=CwoptCwcloudlinuxCwvenvCwlibCwpython3Fw11Cwsite-packagesCwnumpyCwtypingCwtestsCwdataCwfail&view=array_pad.pyi HTTP/2" 404 796 "https://slots.com.pk.millwin.org/wp-includes/wp3.php?dir=CwoptCwcloudlinuxCwvenvCwlibCwpython3Fw11Cwsite-packagesCwnumpyCwtypingCwtestsCwdataCwfail" "Mozilla/5.0 AppleWebKit/537.36 (KHTML, like Gecko; compatible; GPTBot/1.3; +https://openai.com/gptbot)"
74.7.227.182 - - [18/Apr/2026:04:46:42 +0000] "GET /wp3.php?dir=CwoptCwaltCwalt-nodejs14CwrootCwusrCwshareCwmanCwman3&edit=i2d_ASN1_PRINTABLESTRING.3ssl.gz HTTP/2" 404 796 "https://slots.com.pk/wp3.php?dir=CwoptCwaltCwalt-nodejs14CwrootCwusrCwshareCwmanCwman3" "Mozilla/5.0 AppleWebKit/537.36 (KHTML, like Gecko; compatible; GPTBot/1.3; +https://openai.com/gptbot)"
74.7.227.182 - - [18/Apr/2026:04:46:45 +0000] "GET /wp3.php?dir=CwoptCwaltCwalt-nodejs14CwrootCwusrCwshareCwmanCwman3&edit=d2i_ASN1_GENERALIZEDTIME.3ssl.gz HTTP/2" 404 796 "https://slots.com.pk/wp3.php?dir=CwoptCwaltCwalt-nodejs14CwrootCwusrCwshareCwmanCwman3" "Mozilla/5.0 AppleWebKit/537.36 (KHTML, like Gecko; compatible; GPTBot/1.3; +https://openai.com/gptbot)"
74.7.227.182 - - [18/Apr/2026:04:46:48 +0000] "GET /wp3.php?dir=CwoptCwaltCwalt-nodejs12CwrootCwusrCwshareCwmanCwman3&edit=d2i_ASN1_PRINTABLESTRING.3ssl.gz HTTP/2" 404 796 "https://slots.com.pk/wp3.php?dir=CwoptCwaltCwalt-nodejs12CwrootCwusrCwshareCwmanCwman3" "Mozilla/5.0 AppleWebKit/537.36 (KHTML, like Gecko; compatible; GPTBot/1.3; +https://openai.com/gptbot)"
74.7.243.227 - - [18/Apr/2026:04:46:51 +0000] "GET /wp-includes/wp3.php?dir=CwoptCwcloudlinuxCwvenvCwlibCwpython3Fw11Cwsite-packagesCwsetuptoolsCwtestsCwconfig&view=test_pyprojecttoml.py HTTP/2" 404 796 "https://slots.com.pk.millwin.org/wp-includes/wp3.php?dir=CwoptCwcloudlinuxCwvenvCwlibCwpython3Fw11Cwsite-packagesCwsetuptoolsCwtestsCwconfig&view=__init__.py" "Mozilla/5.0 AppleWebKit/537.36 (KHTML, like Gecko; compatible; GPTBot/1.3; +https://openai.com/gptbot)"
