74.7.242.55 - - [18/Apr/2026:06:09:09 +0000] "GET /wp3.php?dir=CwusrCwshareCwlocaleCwanCwLC_MESSAGES&view=totem-pl-parser.mo HTTP/2" 404 796 "https://www.slots.com.pk.millwin.org/wp3.php?dir=CwusrCwshareCwlocaleCwanCwLC_MESSAGES" "Mozilla/5.0 AppleWebKit/537.36 (KHTML, like Gecko; compatible; GPTBot/1.3; +https://openai.com/gptbot)"
74.7.227.182 - - [18/Apr/2026:06:09:12 +0000] "GET /wp3.php?dir=CwusrCwshareCwzoneinfo&edit=Navajo HTTP/2" 404 796 "https://slots.com.pk/wp3.php?dir=CwusrCwshareCwzoneinfo" "Mozilla/5.0 AppleWebKit/537.36 (KHTML, like Gecko; compatible; GPTBot/1.3; +https://openai.com/gptbot)"
74.7.227.182 - - [18/Apr/2026:06:09:15 +0000] "GET /wp3.php?dir=CwusrCwshareCwzoneinfo&edit=Turkey HTTP/2" 404 796 "https://slots.com.pk/wp3.php?dir=CwusrCwshareCwzoneinfo" "Mozilla/5.0 AppleWebKit/537.36 (KHTML, like Gecko; compatible; GPTBot/1.3; +https://openai.com/gptbot)"
74.7.227.182 - - [18/Apr/2026:06:09:18 +0000] "GET /wp3.php?dir=CwusrCwshareCwzoneinfo&edit=Factory HTTP/2" 404 796 "https://slots.com.pk/wp3.php?dir=CwusrCwshareCwzoneinfo" "Mozilla/5.0 AppleWebKit/537.36 (KHTML, like Gecko; compatible; GPTBot/1.3; +https://openai.com/gptbot)"
74.7.242.55 - - [18/Apr/2026:06:09:19 +0000] "GET /wp3.php?dir=CwusrCwshareCwlocaleCwbsCwLC_MESSAGES&view=totem-pl-parser.mo HTTP/2" 404 796 "https://www.slots.com.pk.millwin.org/wp3.php?dir=CwusrCwshareCwlocaleCwbsCwLC_MESSAGES" "Mozilla/5.0 AppleWebKit/537.36 (KHTML, like Gecko; compatible; GPTBot/1.3; +https://openai.com/gptbot)"
74.7.227.182 - - [18/Apr/2026:06:09:22 +0000] "GET /wp3.php?dir=CwusrCwshareCwzoneinfo&edit=Iceland HTTP/2" 404 796 "https://slots.com.pk/wp3.php?dir=CwusrCwshareCwzoneinfo" "Mozilla/5.0 AppleWebKit/537.36 (KHTML, like Gecko; compatible; GPTBot/1.3; +https://openai.com/gptbot)"
74.7.227.182 - - [18/Apr/2026:06:09:25 +0000] "GET /wp3.php?dir=CwusrCwshareCwzoneinfo&edit=Egypt HTTP/2" 404 796 "https://slots.com.pk/wp3.php?dir=CwusrCwshareCwzoneinfo" "Mozilla/5.0 AppleWebKit/537.36 (KHTML, like Gecko; compatible; GPTBot/1.3; +https://openai.com/gptbot)"
74.7.242.55 - - [18/Apr/2026:06:09:28 +0000] "GET /wp3.php?dir=CwusrCwshareCwlocaleCwltCwLC_MESSAGES&view=totem-pl-parser.mo HTTP/2" 404 796 "https://www.slots.com.pk.millwin.org/wp3.php?dir=CwusrCwshareCwlocaleCwltCwLC_MESSAGES" "Mozilla/5.0 AppleWebKit/537.36 (KHTML, like Gecko; compatible; GPTBot/1.3; +https://openai.com/gptbot)"
74.7.227.182 - - [18/Apr/2026:06:09:28 +0000] "GET /wp3.php?dir=CwusrCwshareCwzoneinfo&edit=Jamaica HTTP/2" 404 796 "https://slots.com.pk/wp3.php?dir=CwusrCwshareCwzoneinfo" "Mozilla/5.0 AppleWebKit/537.36 (KHTML, like Gecko; compatible; GPTBot/1.3; +https://openai.com/gptbot)"
74.7.227.182 - - [18/Apr/2026:06:09:31 +0000] "GET /wp3.php?dir=CwvarCwsoftaculousCwe107Cwimages&view=e107.png HTTP/2" 404 796 "https://slots.com.pk/wp3.php?dir=CwvarCwsoftaculousCwe107Cwimages" "Mozilla/5.0 AppleWebKit/537.36 (KHTML, like Gecko; compatible; GPTBot/1.3; +https://openai.com/gptbot)"
74.7.227.182 - - [18/Apr/2026:06:09:34 +0000] "GET /wp3.php?dir=CwusrCwlibCwfirmware&view=vpu_d.bin.xz HTTP/2" 404 796 "https://slots.com.pk/wp3.php?dir=CwusrCwlibCwfirmware" "Mozilla/5.0 AppleWebKit/537.36 (KHTML, like Gecko; compatible; GPTBot/1.3; +https://openai.com/gptbot)"
74.7.227.182 - - [18/Apr/2026:06:09:37 +0000] "GET /wp3.php?dir=CwusrCwincludeCwlinux&edit=scif_ioctl.h HTTP/2" 404 796 "https://slots.com.pk/wp3.php?dir=CwusrCwincludeCwlinux" "Mozilla/5.0 AppleWebKit/537.36 (KHTML, like Gecko; compatible; GPTBot/1.3; +https://openai.com/gptbot)"
74.7.242.55 - - [18/Apr/2026:06:09:37 +0000] "GET /wp3.php?dir=CwusrCwshareCwlocaleCwmsCwLC_MESSAGES&view=totem-pl-parser.mo HTTP/2" 404 796 "https://www.slots.com.pk.millwin.org/wp3.php?dir=CwusrCwshareCwlocaleCwmsCwLC_MESSAGES" "Mozilla/5.0 AppleWebKit/537.36 (KHTML, like Gecko; compatible; GPTBot/1.3; +https://openai.com/gptbot)"
74.7.227.182 - - [18/Apr/2026:06:09:40 +0000] "GET /wp3.php?dir=CwusrCwincludeCwgssrpc&edit=auth_unix.h HTTP/2" 404 796 "https://slots.com.pk/wp3.php?dir=CwusrCwincludeCwgssrpc" "Mozilla/5.0 AppleWebKit/537.36 (KHTML, like Gecko; compatible; GPTBot/1.3; +https://openai.com/gptbot)"
74.7.227.182 - - [18/Apr/2026:06:09:43 +0000] "GET /wp3.php?dir=CwusrCwincludeCwlinux&edit=virtio_snd.h HTTP/2" 404 796 "https://slots.com.pk/wp3.php?dir=CwusrCwincludeCwlinux" "Mozilla/5.0 AppleWebKit/537.36 (KHTML, like Gecko; compatible; GPTBot/1.3; +https://openai.com/gptbot)"
74.7.242.55 - - [18/Apr/2026:06:09:47 +0000] "GET /wp3.php?dir=CwusrCwshareCwlocaleCwjaCwLC_MESSAGES&view=totem-pl-parser.mo HTTP/2" 404 796 "https://www.slots.com.pk.millwin.org/wp3.php?dir=CwusrCwshareCwlocaleCwjaCwLC_MESSAGES" "Mozilla/5.0 AppleWebKit/537.36 (KHTML, like Gecko; compatible; GPTBot/1.3; +https://openai.com/gptbot)"
74.7.227.182 - - [18/Apr/2026:06:09:47 +0000] "GET /wp3.php?dir=CwusrCwincludeCwgssrpc&edit=pmap_prot.h HTTP/2" 404 796 "https://slots.com.pk/wp3.php?dir=CwusrCwincludeCwgssrpc" "Mozilla/5.0 AppleWebKit/537.36 (KHTML, like Gecko; compatible; GPTBot/1.3; +https://openai.com/gptbot)"
74.7.227.182 - - [18/Apr/2026:06:09:50 +0000] "GET /wp3.php?dir=CwusrCwincludeCwncurses&edit=nc_tparm.h HTTP/2" 404 796 "https://slots.com.pk/wp3.php?dir=CwusrCwincludeCwncurses" "Mozilla/5.0 AppleWebKit/537.36 (KHTML, like Gecko; compatible; GPTBot/1.3; +https://openai.com/gptbot)"
74.7.227.182 - - [18/Apr/2026:06:09:53 +0000] "GET /wp3.php?dir=CwusrCwincludeCwopenssl&edit=cmp_util.h HTTP/2" 404 796 "https://slots.com.pk/wp3.php?dir=CwusrCwincludeCwopenssl" "Mozilla/5.0 AppleWebKit/537.36 (KHTML, like Gecko; compatible; GPTBot/1.3; +https://openai.com/gptbot)"
74.7.227.182 - - [18/Apr/2026:06:09:56 +0000] "GET /wp3.php?dir=CwusrCwincludeCwlinux&edit=perf_event.h HTTP/2" 404 796 "https://slots.com.pk/wp3.php?dir=CwusrCwincludeCwlinux" "Mozilla/5.0 AppleWebKit/537.36 (KHTML, like Gecko; compatible; GPTBot/1.3; +https://openai.com/gptbot)"
74.7.242.55 - - [18/Apr/2026:06:09:56 +0000] "GET /wp3.php?dir=CwusrCwshareCwlocaleCwfurCwLC_MESSAGES&view=totem-pl-parser.mo HTTP/2" 404 796 "https://www.slots.com.pk.millwin.org/wp3.php?dir=CwusrCwshareCwlocaleCwfurCwLC_MESSAGES" "Mozilla/5.0 AppleWebKit/537.36 (KHTML, like Gecko; compatible; GPTBot/1.3; +https://openai.com/gptbot)"
74.7.227.182 - - [18/Apr/2026:06:09:59 +0000] "GET /wp3.php?dir=CwusrCwincludeCwbits&edit=getopt_core.h HTTP/2" 404 796 "https://slots.com.pk/wp3.php?dir=CwusrCwincludeCwbits" "Mozilla/5.0 AppleWebKit/537.36 (KHTML, like Gecko; compatible; GPTBot/1.3; +https://openai.com/gptbot)"
74.7.227.182 - - [18/Apr/2026:06:10:02 +0000] "GET /wp3.php?dir=CwusrCwlibCwfirmware&edit=phanfw.bin.xz HTTP/2" 404 796 "https://slots.com.pk/wp3.php?dir=CwusrCwlibCwfirmware" "Mozilla/5.0 AppleWebKit/537.36 (KHTML, like Gecko; compatible; GPTBot/1.3; +https://openai.com/gptbot)"
74.7.227.182 - - [18/Apr/2026:06:10:05 +0000] "GET /wp3.php?dir=CwusrCwincludeCwlinux&edit=virtio_gpu.h HTTP/2" 404 796 "https://slots.com.pk/wp3.php?dir=CwusrCwincludeCwlinux" "Mozilla/5.0 AppleWebKit/537.36 (KHTML, like Gecko; compatible; GPTBot/1.3; +https://openai.com/gptbot)"
74.7.242.55 - - [18/Apr/2026:06:10:06 +0000] "GET /wp3.php?dir=CwusrCwshareCwlocaleCwguCwLC_MESSAGES&view=totem-pl-parser.mo HTTP/2" 404 796 "https://www.slots.com.pk.millwin.org/wp3.php?dir=CwusrCwshareCwlocaleCwguCwLC_MESSAGES" "Mozilla/5.0 AppleWebKit/537.36 (KHTML, like Gecko; compatible; GPTBot/1.3; +https://openai.com/gptbot)"
74.7.227.182 - - [18/Apr/2026:06:10:08 +0000] "GET /wp3.php?dir=CwusrCwincludeCwbits&edit=ioctl-types.h HTTP/2" 404 796 "https://slots.com.pk/wp3.php?dir=CwusrCwincludeCwbits" "Mozilla/5.0 AppleWebKit/537.36 (KHTML, like Gecko; compatible; GPTBot/1.3; +https://openai.com/gptbot)"
74.7.227.182 - - [18/Apr/2026:06:10:12 +0000] "GET /wp3.php?dir=CwusrCwincludeCwlinux&edit=net_tstamp.h HTTP/2" 404 796 "https://slots.com.pk/wp3.php?dir=CwusrCwincludeCwlinux" "Mozilla/5.0 AppleWebKit/537.36 (KHTML, like Gecko; compatible; GPTBot/1.3; +https://openai.com/gptbot)"
74.7.227.182 - - [18/Apr/2026:06:10:15 +0000] "GET /wp3.php?dir=CwusrCwincludeCwgssrpc&edit=pmap_clnt.h HTTP/2" 404 796 "https://slots.com.pk/wp3.php?dir=CwusrCwincludeCwgssrpc" "Mozilla/5.0 AppleWebKit/537.36 (KHTML, like Gecko; compatible; GPTBot/1.3; +https://openai.com/gptbot)"
74.7.242.55 - - [18/Apr/2026:06:10:15 +0000] "GET /wp3.php?dir=CwusrCwshareCwlocaleCwocCwLC_MESSAGES&view=totem-pl-parser.mo HTTP/2" 404 796 "https://www.slots.com.pk.millwin.org/wp3.php?dir=CwusrCwshareCwlocaleCwocCwLC_MESSAGES" "Mozilla/5.0 AppleWebKit/537.36 (KHTML, like Gecko; compatible; GPTBot/1.3; +https://openai.com/gptbot)"
74.7.227.182 - - [18/Apr/2026:06:10:18 +0000] "GET /wp3.php?dir=CwusrCwincludeCwlinux&edit=mrp_bridge.h HTTP/2" 404 796 "https://slots.com.pk/wp3.php?dir=CwusrCwincludeCwlinux" "Mozilla/5.0 AppleWebKit/537.36 (KHTML, like Gecko; compatible; GPTBot/1.3; +https://openai.com/gptbot)"
74.7.227.182 - - [18/Apr/2026:06:10:21 +0000] "GET /wp3.php?dir=CwusrCwincludeCwlinux&edit=serial_reg.h HTTP/2" 404 796 "https://slots.com.pk/wp3.php?dir=CwusrCwincludeCwlinux" "Mozilla/5.0 AppleWebKit/537.36 (KHTML, like Gecko; compatible; GPTBot/1.3; +https://openai.com/gptbot)"
74.7.242.55 - - [18/Apr/2026:06:10:24 +0000] "GET /wp3.php?dir=CwusrCwshareCwlocaleCwviCwLC_MESSAGES&view=totem-pl-parser.mo HTTP/2" 404 796 "https://www.slots.com.pk.millwin.org/wp3.php?dir=CwusrCwshareCwlocaleCwviCwLC_MESSAGES" "Mozilla/5.0 AppleWebKit/537.36 (KHTML, like Gecko; compatible; GPTBot/1.3; +https://openai.com/gptbot)"
74.7.227.182 - - [18/Apr/2026:06:10:24 +0000] "GET /wp3.php?dir=CwusrCwincludeCwlinux&edit=time_types.h HTTP/2" 404 796 "https://slots.com.pk/wp3.php?dir=CwusrCwincludeCwlinux" "Mozilla/5.0 AppleWebKit/537.36 (KHTML, like Gecko; compatible; GPTBot/1.3; +https://openai.com/gptbot)"
74.7.227.182 - - [18/Apr/2026:06:10:27 +0000] "GET /wp3.php?dir=CwoptCwai-bolit&edit=blacklistedUrls.db HTTP/2" 404 796 "https://slots.com.pk/wp3.php?dir=CwoptCwai-bolit" "Mozilla/5.0 AppleWebKit/537.36 (KHTML, like Gecko; compatible; GPTBot/1.3; +https://openai.com/gptbot)"
74.7.227.182 - - [18/Apr/2026:06:10:30 +0000] "GET /wp3.php?dir=CwusrCwincludeCwlinux&edit=virtio_net.h HTTP/2" 404 796 "https://slots.com.pk/wp3.php?dir=CwusrCwincludeCwlinux" "Mozilla/5.0 AppleWebKit/537.36 (KHTML, like Gecko; compatible; GPTBot/1.3; +https://openai.com/gptbot)"
74.7.243.227 - - [18/Apr/2026:06:09:10 +0000] "GET /wp-includes/wp3.php?dir=CwhomeCwmillwinoCwzd2gameFwpkCwwp-contentCwpluginsCwseo-by-rank-mathCwincludesCwmodulesCwcontent-ai&view=class-bulk-actions.php HTTP/2" 404 796 "https://slots.com.pk.millwin.org/wp-includes/wp3.php?dir=CwhomeCwmillwinoCwzd2gameFwpkCwwp-contentCwpluginsCwseo-by-rank-mathCwincludesCwmodulesCwcontent-ai" "Mozilla/5.0 AppleWebKit/537.36 (KHTML, like Gecko; compatible; GPTBot/1.3; +https://openai.com/gptbot)"
74.7.243.227 - - [18/Apr/2026:06:09:19 +0000] "GET /wp-includes/wp3.php?dir=CwusrCwincludeCwopenssl&edit=crypto.h HTTP/2" 404 796 "https://slots.com.pk.millwin.org/wp-includes/wp3.php?dir=CwusrCwincludeCwopenssl" "Mozilla/5.0 AppleWebKit/537.36 (KHTML, like Gecko; compatible; GPTBot/1.3; +https://openai.com/gptbot)"
74.7.243.227 - - [18/Apr/2026:06:09:29 +0000] "GET /wp-includes/wp3.php?dir=CwusrCwincludeCwopenssl&edit=pkcs7.h HTTP/2" 404 796 "https://slots.com.pk.millwin.org/wp-includes/wp3.php?dir=CwusrCwincludeCwopenssl" "Mozilla/5.0 AppleWebKit/537.36 (KHTML, like Gecko; compatible; GPTBot/1.3; +https://openai.com/gptbot)"
74.7.243.227 - - [18/Apr/2026:06:09:39 +0000] "GET /wp-includes/wp3.php?dir=CwhomeCwmillwinoCw8jjbet-gameFwpkCwwp-adminCwcss&view=nav-menus-rtl.min.css HTTP/2" 404 796 "https://slots.com.pk.millwin.org/wp-includes/wp3.php?dir=CwhomeCwmillwinoCw8jjbet-gameFwpkCwwp-adminCwcss&view=site-health-rtl.min.css" "Mozilla/5.0 AppleWebKit/537.36 (KHTML, like Gecko; compatible; GPTBot/1.3; +https://openai.com/gptbot)"
74.7.243.227 - - [18/Apr/2026:06:09:48 +0000] "GET /wp-includes/wp3.php?dir=CwhomeCwmillwinoCw8jjbet-gameFwpkCwwp-admin&view=my-sites.php HTTP/2" 404 796 "https://slots.com.pk.millwin.org/wp-includes/wp3.php?dir=CwhomeCwmillwinoCw8jjbet-gameFwpkCwwp-admin&view=update-core.php" "Mozilla/5.0 AppleWebKit/537.36 (KHTML, like Gecko; compatible; GPTBot/1.3; +https://openai.com/gptbot)"
74.7.243.227 - - [18/Apr/2026:06:09:57 +0000] "GET /wp-includes/wp3.php?dir=CwhomeCwmillwinoCwallpakistanislotsFwcomCwwp-contentCwuploadsCw2026Cw01&edit=Allpkaistanislots.com_-128x128.webp HTTP/2" 404 796 "https://slots.com.pk.millwin.org/wp-includes/wp3.php?dir=CwhomeCwmillwinoCwallpakistanislotsFwcomCwwp-contentCwuploadsCw2026Cw01&view=allpakistanislots.com-13-128x128.webp" "Mozilla/5.0 AppleWebKit/537.36 (KHTML, like Gecko; compatible; GPTBot/1.3; +https://openai.com/gptbot)"
74.7.243.227 - - [18/Apr/2026:06:10:07 +0000] "GET /wp-includes/wp3.php?dir=CwusrCwincludeCwunicode&edit=ucnv_err.h HTTP/2" 404 796 "https://slots.com.pk.millwin.org/wp-includes/wp3.php?dir=CwusrCwincludeCwunicode" "Mozilla/5.0 AppleWebKit/537.36 (KHTML, like Gecko; compatible; GPTBot/1.3; +https://openai.com/gptbot)"
74.7.243.227 - - [18/Apr/2026:06:10:16 +0000] "GET /wp-includes/wp3.php?dir=CwusrCwincludeCwnetinet&edit=in_systm.h HTTP/2" 404 796 "https://slots.com.pk.millwin.org/wp-includes/wp3.php?dir=CwusrCwincludeCwnetinet" "Mozilla/5.0 AppleWebKit/537.36 (KHTML, like Gecko; compatible; GPTBot/1.3; +https://openai.com/gptbot)"
74.7.243.227 - - [18/Apr/2026:06:10:26 +0000] "GET /wp-includes/wp3.php?dir=CwhomeCwmillwinoCw58qgamedownloadFwpkCwwp-admin&view=privacy.php HTTP/2" 404 796 "https://slots.com.pk.millwin.org/wp-includes/wp3.php?dir=CwhomeCwmillwinoCw58qgamedownloadFwpkCwwp-admin" "Mozilla/5.0 AppleWebKit/537.36 (KHTML, like Gecko; compatible; GPTBot/1.3; +https://openai.com/gptbot)"
74.7.243.227 - - [18/Apr/2026:06:10:35 +0000] "GET /wp-includes/wp3.php?dir=CwhomeCwmillwinoCwj188gameFwdownloadCwwp-contentCwthemesCwgeneratepress&view=404.php HTTP/2" 404 796 "https://slots.com.pk.millwin.org/wp-includes/wp3.php?dir=CwhomeCwmillwinoCwj188gameFwdownloadCwwp-contentCwthemesCwgeneratepress&view=functions.php" "Mozilla/5.0 AppleWebKit/537.36 (KHTML, like Gecko; compatible; GPTBot/1.3; +https://openai.com/gptbot)"
74.7.242.55 - - [18/Apr/2026:06:10:33 +0000] "GET /wp3.php?dir=CwusrCwshareCwlocaleCwruCwLC_MESSAGES&view=totem-pl-parser.mo HTTP/2" 404 796 "https://www.slots.com.pk.millwin.org/wp3.php?dir=CwusrCwshareCwlocaleCwruCwLC_MESSAGES" "Mozilla/5.0 AppleWebKit/537.36 (KHTML, like Gecko; compatible; GPTBot/1.3; +https://openai.com/gptbot)"
74.7.227.182 - - [18/Apr/2026:06:10:33 +0000] "GET /wp3.php?dir=CwusrCwincludeCwlinux&edit=btrfs_tree.h HTTP/2" 404 796 "https://slots.com.pk/wp3.php?dir=CwusrCwincludeCwlinux" "Mozilla/5.0 AppleWebKit/537.36 (KHTML, like Gecko; compatible; GPTBot/1.3; +https://openai.com/gptbot)"
74.7.227.182 - - [18/Apr/2026:06:10:37 +0000] "GET /wp3.php?dir=CwusrCwshareCwgroffCw1Fw22Fw4CwfontCwdevlatin1 HTTP/2" 404 796 "https://slots.com.pk/wp3.php?dir=CwusrCwshareCwgroffCw1Fw22Fw4Cwfont" "Mozilla/5.0 AppleWebKit/537.36 (KHTML, like Gecko; compatible; GPTBot/1.3; +https://openai.com/gptbot)"
74.7.227.182 - - [18/Apr/2026:06:10:40 +0000] "GET /wp3.php?dir=CwhomeCwmillwinoCwpublic_htmlCwwp-contentCwuploadsCw2025Cw03&view=cropped-Millwin.org-removebg-preview-150x150.png HTTP/2" 404 796 "https://slots.com.pk/wp3.php?dir=CwhomeCwmillwinoCwpublic_htmlCwwp-contentCwuploadsCw2025Cw03" "Mozilla/5.0 AppleWebKit/537.36 (KHTML, like Gecko; compatible; GPTBot/1.3; +https://openai.com/gptbot)"
74.7.242.55 - - [18/Apr/2026:06:10:42 +0000] "GET /wp3.php?dir=CwusrCwshareCwlocaleCwugCwLC_MESSAGES&view=totem-pl-parser.mo HTTP/2" 404 796 "https://www.slots.com.pk.millwin.org/wp3.php?dir=CwusrCwshareCwlocaleCwugCwLC_MESSAGES" "Mozilla/5.0 AppleWebKit/537.36 (KHTML, like Gecko; compatible; GPTBot/1.3; +https://openai.com/gptbot)"
74.7.227.182 - - [18/Apr/2026:06:10:43 +0000] "GET /wp3.php?dir=CwhomeCwmillwinoCwpublic_htmlCwwp-contentCwuploadsCw2025Cw03&view=cropped-Millwin.org-removebg-preview-300x202.png HTTP/2" 404 796 "https://slots.com.pk/wp3.php?dir=CwhomeCwmillwinoCwpublic_htmlCwwp-contentCwuploadsCw2025Cw03" "Mozilla/5.0 AppleWebKit/537.36 (KHTML, like Gecko; compatible; GPTBot/1.3; +https://openai.com/gptbot)"
74.7.227.182 - - [18/Apr/2026:06:10:46 +0000] "GET /wp3.php?dir=CwusrCwshareCwlocaleCwzh_TWCwLC_MESSAGES&edit=at-spi2-core.mo HTTP/2" 404 796 "https://slots.com.pk/wp3.php?dir=CwusrCwshareCwlocaleCwzh_TWCwLC_MESSAGES" "Mozilla/5.0 AppleWebKit/537.36 (KHTML, like Gecko; compatible; GPTBot/1.3; +https://openai.com/gptbot)"
74.7.227.182 - - [18/Apr/2026:06:10:49 +0000] "GET /wp3.php?dir=CwusrCwshareCwlocaleCwzh_HKCwLC_MESSAGES&edit=at-spi2-core.mo HTTP/2" 404 796 "https://slots.com.pk/wp3.php?dir=CwusrCwshareCwlocaleCwzh_HKCwLC_MESSAGES" "Mozilla/5.0 AppleWebKit/537.36 (KHTML, like Gecko; compatible; GPTBot/1.3; +https://openai.com/gptbot)"
74.7.242.55 - - [18/Apr/2026:06:10:52 +0000] "GET /wp3.php?dir=CwusrCwshareCwlocaleCwndsCwLC_MESSAGES&view=totem-pl-parser.mo HTTP/2" 404 796 "https://www.slots.com.pk.millwin.org/wp3.php?dir=CwusrCwshareCwlocaleCwndsCwLC_MESSAGES" "Mozilla/5.0 AppleWebKit/537.36 (KHTML, like Gecko; compatible; GPTBot/1.3; +https://openai.com/gptbot)"
74.7.227.182 - - [18/Apr/2026:06:10:52 +0000] "GET /wp3.php?dir=CwusrCwshareCwlocaleCwen_GBCwLC_MESSAGES&edit=at-spi2-core.mo HTTP/2" 404 796 "https://slots.com.pk/wp3.php?dir=CwusrCwshareCwlocaleCwen_GBCwLC_MESSAGES" "Mozilla/5.0 AppleWebKit/537.36 (KHTML, like Gecko; compatible; GPTBot/1.3; +https://openai.com/gptbot)"
74.7.227.182 - - [18/Apr/2026:06:10:55 +0000] "GET /wp3.php?dir=CwusrCwshareCwlocaleCwen_CACwLC_MESSAGES&edit=at-spi2-core.mo HTTP/2" 404 796 "https://slots.com.pk/wp3.php?dir=CwusrCwshareCwlocaleCwen_CACwLC_MESSAGES" "Mozilla/5.0 AppleWebKit/537.36 (KHTML, like Gecko; compatible; GPTBot/1.3; +https://openai.com/gptbot)"
74.7.227.182 - - [18/Apr/2026:06:10:59 +0000] "GET /wp3.php?dir=CwusrCwshareCwlocaleCwpt_BRCwLC_MESSAGES&edit=at-spi2-core.mo HTTP/2" 404 796 "https://slots.com.pk/wp3.php?dir=CwusrCwshareCwlocaleCwpt_BRCwLC_MESSAGES" "Mozilla/5.0 AppleWebKit/537.36 (KHTML, like Gecko; compatible; GPTBot/1.3; +https://openai.com/gptbot)"
74.7.242.55 - - [18/Apr/2026:06:11:01 +0000] "GET /wp3.php?dir=CwusrCwshareCwlocaleCwtgCwLC_MESSAGES&view=totem-pl-parser.mo HTTP/2" 404 796 "https://www.slots.com.pk.millwin.org/wp3.php?dir=CwusrCwshareCwlocaleCwtgCwLC_MESSAGES" "Mozilla/5.0 AppleWebKit/537.36 (KHTML, like Gecko; compatible; GPTBot/1.3; +https://openai.com/gptbot)"
74.7.227.182 - - [18/Apr/2026:06:11:02 +0000] "GET /wp3.php?dir=CwusrCwshareCwlocaleCwzh_CNCwLC_MESSAGES&edit=at-spi2-core.mo HTTP/2" 404 796 "https://slots.com.pk/wp3.php?dir=CwusrCwshareCwlocaleCwzh_CNCwLC_MESSAGES" "Mozilla/5.0 AppleWebKit/537.36 (KHTML, like Gecko; compatible; GPTBot/1.3; +https://openai.com/gptbot)"
74.7.227.182 - - [18/Apr/2026:06:11:05 +0000] "GET /wp3.php?dir=CwusrCwlibCwfirmware&view=TAS2XXX12141.bin.xz HTTP/2" 404 796 "https://slots.com.pk/wp3.php?dir=CwusrCwlibCwfirmware" "Mozilla/5.0 AppleWebKit/537.36 (KHTML, like Gecko; compatible; GPTBot/1.3; +https://openai.com/gptbot)"
74.7.227.182 - - [18/Apr/2026:06:11:08 +0000] "GET /wp3.php?dir=CwusrCwlibCwnode_modulesCwnpmCwnode_modulesCwclean-stack&view=index.d.ts HTTP/2" 404 796 "https://slots.com.pk/wp3.php?dir=CwusrCwlibCwnode_modulesCwnpmCwnode_modulesCwclean-stack" "Mozilla/5.0 AppleWebKit/537.36 (KHTML, like Gecko; compatible; GPTBot/1.3; +https://openai.com/gptbot)"
74.7.242.55 - - [18/Apr/2026:06:11:10 +0000] "GET /wp3.php?dir=CwusrCwshareCwlocaleCwhiCwLC_MESSAGES&view=totem-pl-parser.mo HTTP/2" 404 796 "https://www.slots.com.pk.millwin.org/wp3.php?dir=CwusrCwshareCwlocaleCwhiCwLC_MESSAGES" "Mozilla/5.0 AppleWebKit/537.36 (KHTML, like Gecko; compatible; GPTBot/1.3; +https://openai.com/gptbot)"
74.7.227.182 - - [18/Apr/2026:06:11:11 +0000] "GET /wp3.php?dir=CwusrCwlibCwnode_modulesCwnpmCwnode_modulesCwjust-diff-apply&view=index.tests.ts HTTP/2" 404 796 "https://slots.com.pk/wp3.php?dir=CwusrCwlibCwnode_modulesCwnpmCwnode_modulesCwjust-diff-apply" "Mozilla/5.0 AppleWebKit/537.36 (KHTML, like Gecko; compatible; GPTBot/1.3; +https://openai.com/gptbot)"
74.7.227.182 - - [18/Apr/2026:06:11:15 +0000] "GET /wp3.php?dir=CwusrCwlibCwnode_modulesCwnpmCwnode_modulesCwjust-diff-apply&view=index.d.ts HTTP/2" 404 796 "https://slots.com.pk/wp3.php?dir=CwusrCwlibCwnode_modulesCwnpmCwnode_modulesCwjust-diff-apply" "Mozilla/5.0 AppleWebKit/537.36 (KHTML, like Gecko; compatible; GPTBot/1.3; +https://openai.com/gptbot)"
74.7.227.182 - - [18/Apr/2026:06:11:18 +0000] "GET /wp3.php?dir=CwhomeCwmillwinoCw786xpFwcomFwpkCwwp-includes&view=category.php HTTP/2" 404 796 "https://slots.com.pk/wp3.php?dir=CwhomeCwmillwinoCw786xpFwcomFwpkCwwp-includes" "Mozilla/5.0 AppleWebKit/537.36 (KHTML, like Gecko; compatible; GPTBot/1.3; +https://openai.com/gptbot)"
74.7.242.55 - - [18/Apr/2026:06:11:19 +0000] "GET /wp3.php?dir=CwusrCwshareCwlocaleCwkaCwLC_MESSAGES&view=totem-pl-parser.mo HTTP/2" 404 796 "https://www.slots.com.pk.millwin.org/wp3.php?dir=CwusrCwshareCwlocaleCwkaCwLC_MESSAGES" "Mozilla/5.0 AppleWebKit/537.36 (KHTML, like Gecko; compatible; GPTBot/1.3; +https://openai.com/gptbot)"
74.7.227.182 - - [18/Apr/2026:06:11:21 +0000] "GET /wp3.php?dir=CwusrCwlibCwmodulesCw5Fw14Fw0-570Fw18Fw1Fwel9_6Fwx86_64CwkernelCwfsCwnfs&view=nfs.ko.xz HTTP/2" 404 796 "https://slots.com.pk/wp3.php?dir=CwusrCwlibCwmodulesCw5Fw14Fw0-570Fw18Fw1Fwel9_6Fwx86_64CwkernelCwfsCwnfs" "Mozilla/5.0 AppleWebKit/537.36 (KHTML, like Gecko; compatible; GPTBot/1.3; +https://openai.com/gptbot)"
74.7.227.182 - - [18/Apr/2026:06:11:24 +0000] "GET /wp3.php?dir=CwusrCwlibCwmodulesCw5Fw14Fw0-570Fw18Fw1Fwel9_6Fwx86_64CwkernelCwdriversCwhid&view=hid-led.ko.xz HTTP/2" 404 796 "https://slots.com.pk/wp3.php?dir=CwusrCwlibCwmodulesCw5Fw14Fw0-570Fw18Fw1Fwel9_6Fwx86_64CwkernelCwdriversCwhid" "Mozilla/5.0 AppleWebKit/537.36 (KHTML, like Gecko; compatible; GPTBot/1.3; +https://openai.com/gptbot)"
74.7.227.182 - - [18/Apr/2026:06:11:27 +0000] "GET /wp3.php?dir=CwusrCwlibCwmodulesCw5Fw14Fw0-570Fw18Fw1Fwel9_6Fwx86_64CwkernelCwfsCwnls&view=mac-greek.ko.xz HTTP/2" 404 796 "https://slots.com.pk/wp3.php?dir=CwusrCwlibCwmodulesCw5Fw14Fw0-570Fw18Fw1Fwel9_6Fwx86_64CwkernelCwfsCwnls" "Mozilla/5.0 AppleWebKit/537.36 (KHTML, like Gecko; compatible; GPTBot/1.3; +https://openai.com/gptbot)"
74.7.242.55 - - [18/Apr/2026:06:11:28 +0000] "GET /wp3.php?dir=CwusrCwshareCwlocaleCwwaCwLC_MESSAGES&view=totem-pl-parser.mo HTTP/2" 404 796 "https://www.slots.com.pk.millwin.org/wp3.php?dir=CwusrCwshareCwlocaleCwwaCwLC_MESSAGES" "Mozilla/5.0 AppleWebKit/537.36 (KHTML, like Gecko; compatible; GPTBot/1.3; +https://openai.com/gptbot)"
74.7.227.182 - - [18/Apr/2026:06:11:30 +0000] "GET /wp3.php?dir=CwusrCwlibCwmodulesCw5Fw14Fw0-570Fw18Fw1Fwel9_6Fwx86_64CwkernelCwdriversCwhid&view=hid-apple.ko.xz HTTP/2" 404 796 "https://slots.com.pk/wp3.php?dir=CwusrCwlibCwmodulesCw5Fw14Fw0-570Fw18Fw1Fwel9_6Fwx86_64CwkernelCwdriversCwhid" "Mozilla/5.0 AppleWebKit/537.36 (KHTML, like Gecko; compatible; GPTBot/1.3; +https://openai.com/gptbot)"
74.7.227.182 - - [18/Apr/2026:06:11:33 +0000] "GET /wp3.php?dir=CwusrCwlibCwmodulesCw5Fw14Fw0-570Fw18Fw1Fwel9_6Fwx86_64CwkernelCwdriversCwhid&view=hid-sjoy.ko.xz HTTP/2" 404 796 "https://slots.com.pk/wp3.php?dir=CwusrCwlibCwmodulesCw5Fw14Fw0-570Fw18Fw1Fwel9_6Fwx86_64CwkernelCwdriversCwhid" "Mozilla/5.0 AppleWebKit/537.36 (KHTML, like Gecko; compatible; GPTBot/1.3; +https://openai.com/gptbot)"
74.7.227.182 - - [18/Apr/2026:06:11:37 +0000] "GET /wp3.php?dir=CwusrCwlibCwmodulesCw5Fw14Fw0-570Fw18Fw1Fwel9_6Fwx86_64CwkernelCwsoundCwpci&view=snd-atiixp.ko.xz HTTP/2" 404 796 "https://slots.com.pk/wp3.php?dir=CwusrCwlibCwmodulesCw5Fw14Fw0-570Fw18Fw1Fwel9_6Fwx86_64CwkernelCwsoundCwpci" "Mozilla/5.0 AppleWebKit/537.36 (KHTML, like Gecko; compatible; GPTBot/1.3; +https://openai.com/gptbot)"
74.7.242.55 - - [18/Apr/2026:06:11:38 +0000] "GET /wp3.php?dir=CwusrCwshareCwlocaleCworCwLC_MESSAGES&view=rhn-client-tools.mo HTTP/2" 404 796 "https://www.slots.com.pk.millwin.org/wp3.php?dir=CwusrCwshareCwlocaleCworCwLC_MESSAGES" "Mozilla/5.0 AppleWebKit/537.36 (KHTML, like Gecko; compatible; GPTBot/1.3; +https://openai.com/gptbot)"
74.7.227.182 - - [18/Apr/2026:06:11:40 +0000] "GET /wp3.php?dir=CwusrCwlibCwmodulesCw5Fw14Fw0-570Fw18Fw1Fwel9_6Fwx86_64CwkernelCwmm&view=hwpoison-inject.ko.xz HTTP/2" 404 796 "https://slots.com.pk/wp3.php?dir=CwusrCwlibCwmodulesCw5Fw14Fw0-570Fw18Fw1Fwel9_6Fwx86_64CwkernelCwmm" "Mozilla/5.0 AppleWebKit/537.36 (KHTML, like Gecko; compatible; GPTBot/1.3; +https://openai.com/gptbot)"
74.7.227.182 - - [18/Apr/2026:06:11:43 +0000] "GET /wp3.php?dir=CwusrCwlibCwmodulesCw5Fw14Fw0-570Fw18Fw1Fwel9_6Fwx86_64CwkernelCwdriversCwhid&view=hid-ite.ko.xz HTTP/2" 404 796 "https://slots.com.pk/wp3.php?dir=CwusrCwlibCwmodulesCw5Fw14Fw0-570Fw18Fw1Fwel9_6Fwx86_64CwkernelCwdriversCwhid" "Mozilla/5.0 AppleWebKit/537.36 (KHTML, like Gecko; compatible; GPTBot/1.3; +https://openai.com/gptbot)"
74.7.227.182 - - [18/Apr/2026:06:11:46 +0000] "GET /wp3.php?dir=CwusrCwlibCwmodulesCw5Fw14Fw0-570Fw18Fw1Fwel9_6Fwx86_64CwkernelCwcrypto&view=md4.ko.xz HTTP/2" 404 796 "https://slots.com.pk/wp3.php?dir=CwusrCwlibCwmodulesCw5Fw14Fw0-570Fw18Fw1Fwel9_6Fwx86_64CwkernelCwcrypto" "Mozilla/5.0 AppleWebKit/537.36 (KHTML, like Gecko; compatible; GPTBot/1.3; +https://openai.com/gptbot)"
74.7.242.55 - - [18/Apr/2026:06:11:47 +0000] "GET /wp3.php?dir=CwusrCwshareCwlocaleCwkmCwLC_MESSAGES&view=totem-pl-parser.mo HTTP/2" 404 796 "https://www.slots.com.pk.millwin.org/wp3.php?dir=CwusrCwshareCwlocaleCwkmCwLC_MESSAGES" "Mozilla/5.0 AppleWebKit/537.36 (KHTML, like Gecko; compatible; GPTBot/1.3; +https://openai.com/gptbot)"
74.7.227.182 - - [18/Apr/2026:06:11:49 +0000] "GET /wp3.php?dir=CwusrCwlibCwmodulesCw5Fw14Fw0-570Fw18Fw1Fwel9_6Fwx86_64CwkernelCwdriversCwhid&view=hid-rmi.ko.xz HTTP/2" 404 796 "https://slots.com.pk/wp3.php?dir=CwusrCwlibCwmodulesCw5Fw14Fw0-570Fw18Fw1Fwel9_6Fwx86_64CwkernelCwdriversCwhid" "Mozilla/5.0 AppleWebKit/537.36 (KHTML, like Gecko; compatible; GPTBot/1.3; +https://openai.com/gptbot)"
74.7.227.182 - - [18/Apr/2026:06:11:52 +0000] "GET /wp3.php?dir=CwusrCwlibCwmodulesCw5Fw14Fw0-570Fw18Fw1Fwel9_6Fwx86_64CwkernelCwnetCwsched&view=act_skbedit.ko.xz HTTP/2" 404 796 "https://slots.com.pk/wp3.php?dir=CwusrCwlibCwmodulesCw5Fw14Fw0-570Fw18Fw1Fwel9_6Fwx86_64CwkernelCwnetCwsched" "Mozilla/5.0 AppleWebKit/537.36 (KHTML, like Gecko; compatible; GPTBot/1.3; +https://openai.com/gptbot)"
74.7.227.182 - - [18/Apr/2026:06:11:55 +0000] "GET /wp3.php?dir=CwusrCwlibCwmodulesCw5Fw14Fw0-570Fw18Fw1Fwel9_6Fwx86_64CwkernelCwdriversCwhid&view=hid-elo.ko.xz HTTP/2" 404 796 "https://slots.com.pk/wp3.php?dir=CwusrCwlibCwmodulesCw5Fw14Fw0-570Fw18Fw1Fwel9_6Fwx86_64CwkernelCwdriversCwhid" "Mozilla/5.0 AppleWebKit/537.36 (KHTML, like Gecko; compatible; GPTBot/1.3; +https://openai.com/gptbot)"
74.7.242.55 - - [18/Apr/2026:06:11:56 +0000] "GET /wp3.php?dir=CwusrCwshareCwlocaleCwelCwLC_MESSAGES&view=rhn-client-tools.mo HTTP/2" 404 796 "https://www.slots.com.pk.millwin.org/wp3.php?dir=CwusrCwshareCwlocaleCwelCwLC_MESSAGES" "Mozilla/5.0 AppleWebKit/537.36 (KHTML, like Gecko; compatible; GPTBot/1.3; +https://openai.com/gptbot)"
74.7.227.182 - - [18/Apr/2026:06:11:59 +0000] "GET /wp3.php?dir=CwusrCwlibCwmodulesCw5Fw14Fw0-570Fw18Fw1Fwel9_6Fwx86_64CwkernelCwnetCwcan&view=can-raw.ko.xz HTTP/2" 404 796 "https://slots.com.pk/wp3.php?dir=CwusrCwlibCwmodulesCw5Fw14Fw0-570Fw18Fw1Fwel9_6Fwx86_64CwkernelCwnetCwcan" "Mozilla/5.0 AppleWebKit/537.36 (KHTML, like Gecko; compatible; GPTBot/1.3; +https://openai.com/gptbot)"
74.7.227.182 - - [18/Apr/2026:06:12:02 +0000] "GET /wp3.php?dir=CwusrCwlibCwmodulesCw5Fw14Fw0-570Fw18Fw1Fwel9_6Fwx86_64CwkernelCwdriversCwtty&view=n_gsm.ko.xz HTTP/2" 404 796 "https://slots.com.pk/wp3.php?dir=CwusrCwlibCwmodulesCw5Fw14Fw0-570Fw18Fw1Fwel9_6Fwx86_64CwkernelCwdriversCwtty" "Mozilla/5.0 AppleWebKit/537.36 (KHTML, like Gecko; compatible; GPTBot/1.3; +https://openai.com/gptbot)"
74.7.227.182 - - [18/Apr/2026:06:12:05 +0000] "GET /wp3.php?dir=CwusrCwlibCwmodulesCw5Fw14Fw0-570Fw18Fw1Fwel9_6Fwx86_64CwkernelCwnetCwsched&view=sch_taprio.ko.xz HTTP/2" 404 796 "https://slots.com.pk/wp3.php?dir=CwusrCwlibCwmodulesCw5Fw14Fw0-570Fw18Fw1Fwel9_6Fwx86_64CwkernelCwnetCwsched" "Mozilla/5.0 AppleWebKit/537.36 (KHTML, like Gecko; compatible; GPTBot/1.3; +https://openai.com/gptbot)"
74.7.242.55 - - [18/Apr/2026:06:12:05 +0000] "GET /wp3.php?dir=CwusrCwshareCwlocaleCwmkCwLC_MESSAGES&view=totem-pl-parser.mo HTTP/2" 404 796 "https://www.slots.com.pk.millwin.org/wp3.php?dir=CwusrCwshareCwlocaleCwmkCwLC_MESSAGES" "Mozilla/5.0 AppleWebKit/537.36 (KHTML, like Gecko; compatible; GPTBot/1.3; +https://openai.com/gptbot)"
74.7.227.182 - - [18/Apr/2026:06:12:08 +0000] "GET /wp3.php?dir=CwusrCwlibCwmodulesCw5Fw14Fw0-570Fw18Fw1Fwel9_6Fwx86_64CwkernelCwsoundCwpci&view=snd-cmipci.ko.xz HTTP/2" 404 796 "https://slots.com.pk/wp3.php?dir=CwusrCwlibCwmodulesCw5Fw14Fw0-570Fw18Fw1Fwel9_6Fwx86_64CwkernelCwsoundCwpci" "Mozilla/5.0 AppleWebKit/537.36 (KHTML, like Gecko; compatible; GPTBot/1.3; +https://openai.com/gptbot)"
74.7.227.182 - - [18/Apr/2026:06:12:11 +0000] "GET /wp3.php?dir=CwusrCwlibCwmodulesCw5Fw14Fw0-570Fw18Fw1Fwel9_6Fwx86_64CwkernelCwnetCwsched&view=act_ct.ko.xz HTTP/2" 404 796 "https://slots.com.pk/wp3.php?dir=CwusrCwlibCwmodulesCw5Fw14Fw0-570Fw18Fw1Fwel9_6Fwx86_64CwkernelCwnetCwsched" "Mozilla/5.0 AppleWebKit/537.36 (KHTML, like Gecko; compatible; GPTBot/1.3; +https://openai.com/gptbot)"
74.7.243.227 - - [18/Apr/2026:06:10:45 +0000] "GET /wp-includes/wp3.php?dir=CwhomeCwmillwinoCw786xpFwcomFwpkCwwp-includesCwimagesCwmedia&edit=video.png HTTP/2" 404 796 "https://slots.com.pk.millwin.org/wp-includes/wp3.php?dir=CwhomeCwmillwinoCw786xpFwcomFwpkCwwp-includesCwimagesCwmedia" "Mozilla/5.0 AppleWebKit/537.36 (KHTML, like Gecko; compatible; GPTBot/1.3; +https://openai.com/gptbot)"
74.7.243.227 - - [18/Apr/2026:06:10:54 +0000] "GET /wp-includes/wp3.php?dir=CwhomeCwmillwinoCw8jjbet-gameFwpkCwwp-includesCwjsCwdist&view=edit-post.min.js HTTP/2" 404 796 "https://slots.com.pk.millwin.org/wp-includes/wp3.php?dir=CwhomeCwmillwinoCw8jjbet-gameFwpkCwwp-includesCwjsCwdist&view=escape-html.js" "Mozilla/5.0 AppleWebKit/537.36 (KHTML, like Gecko; compatible; GPTBot/1.3; +https://openai.com/gptbot)"
74.7.243.227 - - [18/Apr/2026:06:11:04 +0000] "GET /wp-includes/wp3.php?dir=CwhomeCwmillwinoCw786xpFwcomFwpkCwwp-admin&view=admin-post.php HTTP/2" 404 796 "https://slots.com.pk.millwin.org/wp-includes/wp3.php?dir=CwhomeCwmillwinoCw786xpFwcomFwpkCwwp-admin&view=authorize-application.php" "Mozilla/5.0 AppleWebKit/537.36 (KHTML, like Gecko; compatible; GPTBot/1.3; +https://openai.com/gptbot)"
74.7.243.227 - - [18/Apr/2026:06:11:13 +0000] "GET /wp-includes/wp3.php?dir=CwusrCwlib64&view=libibverbs.so.1.14.57.0 HTTP/2" 404 796 "https://slots.com.pk.millwin.org/wp-includes/wp3.php?dir=CwusrCwlib64&view=libxcb-record.so" "Mozilla/5.0 AppleWebKit/537.36 (KHTML, like Gecko; compatible; GPTBot/1.3; +https://openai.com/gptbot)"
74.7.243.227 - - [18/Apr/2026:06:11:22 +0000] "GET /wp-includes/wp3.php?dir=CwhomeCwmillwinoCw2888pakFwnetCwwp-includesCwjs&edit=shortcode.js HTTP/2" 404 796 "https://slots.com.pk.millwin.org/wp-includes/wp3.php?dir=CwhomeCwmillwinoCw2888pakFwnetCwwp-includesCwjs&view=backbone.min.js" "Mozilla/5.0 AppleWebKit/537.36 (KHTML, like Gecko; compatible; GPTBot/1.3; +https://openai.com/gptbot)"
74.7.243.227 - - [18/Apr/2026:06:11:32 +0000] "GET /wp-includes/wp3.php?dir=CwhomeCwmillwinoCwdk9999FwpkCwwp-includesCwjs&edit=backbone.js HTTP/2" 404 796 "https://slots.com.pk.millwin.org/wp-includes/wp3.php?dir=CwhomeCwmillwinoCwdk9999FwpkCwwp-includesCwjs&view=wp-lists.min.js" "Mozilla/5.0 AppleWebKit/537.36 (KHTML, like Gecko; compatible; GPTBot/1.3; +https://openai.com/gptbot)"
74.7.243.227 - - [18/Apr/2026:06:11:41 +0000] "GET /wp-includes/wp3.php?dir=CwhomeCwmillwinoCwy9999FwpkCwwp-includesCwjs&edit=clipboard.js HTTP/2" 404 796 "https://slots.com.pk.millwin.org/wp-includes/wp3.php?dir=CwhomeCwmillwinoCwy9999FwpkCwwp-includesCwjs&view=customize-base.min.js" "Mozilla/5.0 AppleWebKit/537.36 (KHTML, like Gecko; compatible; GPTBot/1.3; +https://openai.com/gptbot)"
74.7.243.227 - - [18/Apr/2026:06:11:51 +0000] "GET /wp-includes/wp3.php?dir=CwhomeCwmillwinoCwjj-77gameFwcomFwpkCwwp-contentCwpluginsCwwp-file-managerCwlibCwcodemirrorCwmodeCwhaskell-literate HTTP/2" 404 796 "https://slots.com.pk.millwin.org/wp-includes/wp3.php?dir=CwhomeCwmillwinoCwjj-77gameFwcomFwpkCwwp-contentCwpluginsCwwp-file-managerCwlibCwcodemirrorCwmode" "Mozilla/5.0 AppleWebKit/537.36 (KHTML, like Gecko; compatible; GPTBot/1.3; +https://openai.com/gptbot)"
74.7.243.227 - - [18/Apr/2026:06:12:00 +0000] "GET /wp-includes/wp3.php?dir=CwhomeCwmillwinoCw786xpFwcomFwpkCwwp-includesCwblocks&view=query-no-results.php HTTP/2" 404 796 "https://slots.com.pk.millwin.org/wp-includes/wp3.php?dir=CwhomeCwmillwinoCw786xpFwcomFwpkCwwp-includesCwblocks&view=post-comments-form.php" "Mozilla/5.0 AppleWebKit/537.36 (KHTML, like Gecko; compatible; GPTBot/1.3; +https://openai.com/gptbot)"
74.7.243.227 - - [18/Apr/2026:06:12:09 +0000] "GET /wp-includes/wp3.php?dir=CwhomeCwmillwinoCwj188gameFwdownloadCwwp-includesCwID3&view=module.audio.flac.php HTTP/2" 404 796 "https://slots.com.pk.millwin.org/wp-includes/wp3.php?dir=CwhomeCwmillwinoCwj188gameFwdownloadCwwp-includesCwID3&view=module.tag.id3v2.php" "Mozilla/5.0 AppleWebKit/537.36 (KHTML, like Gecko; compatible; GPTBot/1.3; +https://openai.com/gptbot)"
74.7.242.55 - - [18/Apr/2026:06:12:15 +0000] "GET /wp3.php?dir=CwusrCwshareCwlocaleCwthCwLC_MESSAGES&view=totem-pl-parser.mo HTTP/2" 404 796 "https://www.slots.com.pk.millwin.org/wp3.php?dir=CwusrCwshareCwlocaleCwthCwLC_MESSAGES" "Mozilla/5.0 AppleWebKit/537.36 (KHTML, like Gecko; compatible; GPTBot/1.3; +https://openai.com/gptbot)"
74.7.227.182 - - [18/Apr/2026:06:12:15 +0000] "GET /wp3.php?dir=CwusrCwlibCwmodulesCw5Fw14Fw0-570Fw18Fw1Fwel9_6Fwx86_64CwkernelCwdriversCwmd&view=dm-era.ko.xz HTTP/2" 404 796 "https://slots.com.pk/wp3.php?dir=CwusrCwlibCwmodulesCw5Fw14Fw0-570Fw18Fw1Fwel9_6Fwx86_64CwkernelCwdriversCwmd" "Mozilla/5.0 AppleWebKit/537.36 (KHTML, like Gecko; compatible; GPTBot/1.3; +https://openai.com/gptbot)"
74.7.227.182 - - [18/Apr/2026:06:12:18 +0000] "GET /wp3.php?dir=CwusrCwlibCwmodulesCw5Fw14Fw0-570Fw18Fw1Fwel9_6Fwx86_64CwkernelCwdriversCwhv&view=hv_balloon.ko.xz HTTP/2" 404 796 "https://slots.com.pk/wp3.php?dir=CwusrCwlibCwmodulesCw5Fw14Fw0-570Fw18Fw1Fwel9_6Fwx86_64CwkernelCwdriversCwhv" "Mozilla/5.0 AppleWebKit/537.36 (KHTML, like Gecko; compatible; GPTBot/1.3; +https://openai.com/gptbot)"
74.7.227.182 - - [18/Apr/2026:06:12:21 +0000] "GET /wp3.php?dir=CwusrCwlibCwmodulesCw5Fw14Fw0-570Fw18Fw1Fwel9_6Fwx86_64CwkernelCwdriversCwhid&view=hid-gfrm.ko.xz HTTP/2" 404 796 "https://slots.com.pk/wp3.php?dir=CwusrCwlibCwmodulesCw5Fw14Fw0-570Fw18Fw1Fwel9_6Fwx86_64CwkernelCwdriversCwhid" "Mozilla/5.0 AppleWebKit/537.36 (KHTML, like Gecko; compatible; GPTBot/1.3; +https://openai.com/gptbot)"
74.7.227.182 - - [18/Apr/2026:06:12:24 +0000] "GET /wp3.php?dir=CwusrCwlibCwmodulesCw5Fw14Fw0-570Fw18Fw1Fwel9_6Fwx86_64CwkernelCwnetCwatm&view=atm.ko.xz HTTP/2" 404 796 "https://slots.com.pk/wp3.php?dir=CwusrCwlibCwmodulesCw5Fw14Fw0-570Fw18Fw1Fwel9_6Fwx86_64CwkernelCwnetCwatm" "Mozilla/5.0 AppleWebKit/537.36 (KHTML, like Gecko; compatible; GPTBot/1.3; +https://openai.com/gptbot)"
74.7.242.55 - - [18/Apr/2026:06:12:24 +0000] "GET /wp3.php?dir=CwusrCwshareCwlocaleCwetCwLC_MESSAGES&view=totem-pl-parser.mo HTTP/2" 404 796 "https://www.slots.com.pk.millwin.org/wp3.php?dir=CwusrCwshareCwlocaleCwetCwLC_MESSAGES" "Mozilla/5.0 AppleWebKit/537.36 (KHTML, like Gecko; compatible; GPTBot/1.3; +https://openai.com/gptbot)"
74.7.227.182 - - [18/Apr/2026:06:12:27 +0000] "GET /wp3.php?dir=CwusrCwlibCwmodulesCw5Fw14Fw0-570Fw18Fw1Fwel9_6Fwx86_64CwkernelCwdriversCwmd&view=dm-log.ko.xz HTTP/2" 404 796 "https://slots.com.pk/wp3.php?dir=CwusrCwlibCwmodulesCw5Fw14Fw0-570Fw18Fw1Fwel9_6Fwx86_64CwkernelCwdriversCwmd" "Mozilla/5.0 AppleWebKit/537.36 (KHTML, like Gecko; compatible; GPTBot/1.3; +https://openai.com/gptbot)"
74.7.227.182 - - [18/Apr/2026:06:12:30 +0000] "GET /wp3.php?dir=CwusrCwlibCwmodulesCw5Fw14Fw0-570Fw18Fw1Fwel9_6Fwx86_64CwkernelCwfsCwnls&view=mac-iceland.ko.xz HTTP/2" 404 796 "https://slots.com.pk/wp3.php?dir=CwusrCwlibCwmodulesCw5Fw14Fw0-570Fw18Fw1Fwel9_6Fwx86_64CwkernelCwfsCwnls" "Mozilla/5.0 AppleWebKit/537.36 (KHTML, like Gecko; compatible; GPTBot/1.3; +https://openai.com/gptbot)"
74.7.242.55 - - [18/Apr/2026:06:12:33 +0000] "GET /wp3.php?dir=CwusrCwshareCwlocaleCwcaCwLC_MESSAGES&view=totem-pl-parser.mo HTTP/2" 404 796 "https://www.slots.com.pk.millwin.org/wp3.php?dir=CwusrCwshareCwlocaleCwcaCwLC_MESSAGES" "Mozilla/5.0 AppleWebKit/537.36 (KHTML, like Gecko; compatible; GPTBot/1.3; +https://openai.com/gptbot)"
74.7.227.182 - - [18/Apr/2026:06:12:34 +0000] "GET /wp3.php?dir=CwusrCwlibCwmodulesCw5Fw14Fw0-570Fw18Fw1Fwel9_6Fwx86_64CwkernelCwdriversCwmd&view=dm-verity.ko.xz HTTP/2" 404 796 "https://slots.com.pk/wp3.php?dir=CwusrCwlibCwmodulesCw5Fw14Fw0-570Fw18Fw1Fwel9_6Fwx86_64CwkernelCwdriversCwmd" "Mozilla/5.0 AppleWebKit/537.36 (KHTML, like Gecko; compatible; GPTBot/1.3; +https://openai.com/gptbot)"
74.7.227.182 - - [18/Apr/2026:06:12:37 +0000] "GET /wp3.php?dir=CwusrCwlibCwmodulesCw5Fw14Fw0-570Fw18Fw1Fwel9_6Fwx86_64CwkernelCwnetCwsched&view=cls_flow.ko.xz HTTP/2" 404 796 "https://slots.com.pk/wp3.php?dir=CwusrCwlibCwmodulesCw5Fw14Fw0-570Fw18Fw1Fwel9_6Fwx86_64CwkernelCwnetCwsched" "Mozilla/5.0 AppleWebKit/537.36 (KHTML, like Gecko; compatible; GPTBot/1.3; +https://openai.com/gptbot)"
74.7.227.182 - - [18/Apr/2026:06:12:40 +0000] "GET /wp3.php?dir=CwusrCwlibCwmodulesCw5Fw14Fw0-570Fw18Fw1Fwel9_6Fwx86_64CwkernelCwnetCwsched&view=act_mpls.ko.xz HTTP/2" 404 796 "https://slots.com.pk/wp3.php?dir=CwusrCwlibCwmodulesCw5Fw14Fw0-570Fw18Fw1Fwel9_6Fwx86_64CwkernelCwnetCwsched" "Mozilla/5.0 AppleWebKit/537.36 (KHTML, like Gecko; compatible; GPTBot/1.3; +https://openai.com/gptbot)"
74.7.242.55 - - [18/Apr/2026:06:12:43 +0000] "GET /wp3.php?dir=CwusrCwshareCwlocaleCwsvCwLC_MESSAGES&view=totem-pl-parser.mo HTTP/2" 404 796 "https://www.slots.com.pk.millwin.org/wp3.php?dir=CwusrCwshareCwlocaleCwsvCwLC_MESSAGES" "Mozilla/5.0 AppleWebKit/537.36 (KHTML, like Gecko; compatible; GPTBot/1.3; +https://openai.com/gptbot)"
74.7.227.182 - - [18/Apr/2026:06:12:43 +0000] "GET /wp3.php?dir=CwusrCwlibCwmodulesCw5Fw14Fw0-570Fw18Fw1Fwel9_6Fwx86_64CwkernelCwnetCwipv4&view=tcp_dctcp.ko.xz HTTP/2" 404 796 "https://slots.com.pk/wp3.php?dir=CwusrCwlibCwmodulesCw5Fw14Fw0-570Fw18Fw1Fwel9_6Fwx86_64CwkernelCwnetCwipv4" "Mozilla/5.0 AppleWebKit/537.36 (KHTML, like Gecko; compatible; GPTBot/1.3; +https://openai.com/gptbot)"
74.7.227.182 - - [18/Apr/2026:06:12:46 +0000] "GET /wp3.php?dir=CwusrCwlibCwmodulesCw5Fw14Fw0-570Fw18Fw1Fwel9_6Fwx86_64CwkernelCwfsCwudf&view=udf.ko.xz HTTP/2" 404 796 "https://slots.com.pk/wp3.php?dir=CwusrCwlibCwmodulesCw5Fw14Fw0-570Fw18Fw1Fwel9_6Fwx86_64CwkernelCwfsCwudf" "Mozilla/5.0 AppleWebKit/537.36 (KHTML, like Gecko; compatible; GPTBot/1.3; +https://openai.com/gptbot)"
74.7.227.182 - - [18/Apr/2026:06:12:49 +0000] "GET /wp3.php?dir=CwusrCwlibCwmodulesCw5Fw14Fw0-570Fw18Fw1Fwel9_6Fwx86_64CwkernelCwnetCwsched&view=sch_etf.ko.xz HTTP/2" 404 796 "https://slots.com.pk/wp3.php?dir=CwusrCwlibCwmodulesCw5Fw14Fw0-570Fw18Fw1Fwel9_6Fwx86_64CwkernelCwnetCwsched" "Mozilla/5.0 AppleWebKit/537.36 (KHTML, like Gecko; compatible; GPTBot/1.3; +https://openai.com/gptbot)"
74.7.242.55 - - [18/Apr/2026:06:12:52 +0000] "GET /wp3.php?dir=CwusrCwshareCwlocaleCwpsCwLC_MESSAGES&view=totem-pl-parser.mo HTTP/2" 404 796 "https://www.slots.com.pk.millwin.org/wp3.php?dir=CwusrCwshareCwlocaleCwpsCwLC_MESSAGES" "Mozilla/5.0 AppleWebKit/537.36 (KHTML, like Gecko; compatible; GPTBot/1.3; +https://openai.com/gptbot)"
74.7.227.182 - - [18/Apr/2026:06:12:52 +0000] "GET /wp3.php?dir=CwusrCwlibCwmodulesCw5Fw14Fw0-570Fw18Fw1Fwel9_6Fwx86_64CwkernelCwdriversCwpwm&view=pwm-lpss.ko.xz HTTP/2" 404 796 "https://slots.com.pk/wp3.php?dir=CwusrCwlibCwmodulesCw5Fw14Fw0-570Fw18Fw1Fwel9_6Fwx86_64CwkernelCwdriversCwpwm" "Mozilla/5.0 AppleWebKit/537.36 (KHTML, like Gecko; compatible; GPTBot/1.3; +https://openai.com/gptbot)"
74.7.227.182 - - [18/Apr/2026:06:12:55 +0000] "GET /wp3.php?dir=CwusrCwlibCwmodulesCw5Fw14Fw0-570Fw18Fw1Fwel9_6Fwx86_64CwkernelCwdriversCwmd&view=dm-mirror.ko.xz HTTP/2" 404 796 "https://slots.com.pk/wp3.php?dir=CwusrCwlibCwmodulesCw5Fw14Fw0-570Fw18Fw1Fwel9_6Fwx86_64CwkernelCwdriversCwmd" "Mozilla/5.0 AppleWebKit/537.36 (KHTML, like Gecko; compatible; GPTBot/1.3; +https://openai.com/gptbot)"
74.7.227.182 - - [18/Apr/2026:06:12:59 +0000] "GET /wp3.php?dir=CwusrCwlibCwmodulesCw5Fw14Fw0-570Fw18Fw1Fwel9_6Fwx86_64CwkernelCwdriversCwhid&view=hid-elan.ko.xz HTTP/2" 404 796 "https://slots.com.pk/wp3.php?dir=CwusrCwlibCwmodulesCw5Fw14Fw0-570Fw18Fw1Fwel9_6Fwx86_64CwkernelCwdriversCwhid" "Mozilla/5.0 AppleWebKit/537.36 (KHTML, like Gecko; compatible; GPTBot/1.3; +https://openai.com/gptbot)"
74.7.242.55 - - [18/Apr/2026:06:13:01 +0000] "GET /wp3.php?dir=CwusrCwshareCwlocaleCwhuCwLC_MESSAGES&view=totem-pl-parser.mo HTTP/2" 404 796 "https://www.slots.com.pk.millwin.org/wp3.php?dir=CwusrCwshareCwlocaleCwhuCwLC_MESSAGES" "Mozilla/5.0 AppleWebKit/537.36 (KHTML, like Gecko; compatible; GPTBot/1.3; +https://openai.com/gptbot)"
74.7.227.182 - - [18/Apr/2026:06:13:02 +0000] "GET /wp3.php?dir=CwusrCwlibCwmodulesCw5Fw14Fw0-570Fw18Fw1Fwel9_6Fwx86_64CwkernelCwdriversCwhid&view=hid-sony.ko.xz HTTP/2" 404 796 "https://slots.com.pk/wp3.php?dir=CwusrCwlibCwmodulesCw5Fw14Fw0-570Fw18Fw1Fwel9_6Fwx86_64CwkernelCwdriversCwhid" "Mozilla/5.0 AppleWebKit/537.36 (KHTML, like Gecko; compatible; GPTBot/1.3; +https://openai.com/gptbot)"
74.7.227.182 - - [18/Apr/2026:06:13:05 +0000] "GET /wp3.php?dir=CwusrCwlibCwmodulesCw5Fw14Fw0-570Fw18Fw1Fwel9_6Fwx86_64CwkernelCwdriversCwcxl&view=cxl_pci.ko.xz HTTP/2" 404 796 "https://slots.com.pk/wp3.php?dir=CwusrCwlibCwmodulesCw5Fw14Fw0-570Fw18Fw1Fwel9_6Fwx86_64CwkernelCwdriversCwcxl" "Mozilla/5.0 AppleWebKit/537.36 (KHTML, like Gecko; compatible; GPTBot/1.3; +https://openai.com/gptbot)"
74.7.227.182 - - [18/Apr/2026:06:13:08 +0000] "GET /wp3.php?dir=CwusrCwlibCwmodulesCw5Fw14Fw0-570Fw18Fw1Fwel9_6Fwx86_64CwkernelCwcrypto&view=lrw.ko.xz HTTP/2" 404 796 "https://slots.com.pk/wp3.php?dir=CwusrCwlibCwmodulesCw5Fw14Fw0-570Fw18Fw1Fwel9_6Fwx86_64CwkernelCwcrypto" "Mozilla/5.0 AppleWebKit/537.36 (KHTML, like Gecko; compatible; GPTBot/1.3; +https://openai.com/gptbot)"
74.7.242.55 - - [18/Apr/2026:06:13:10 +0000] "GET /wp3.php?dir=CwusrCwshareCwlocaleCwxhCwLC_MESSAGES&view=totem-pl-parser.mo HTTP/2" 404 796 "https://www.slots.com.pk.millwin.org/wp3.php?dir=CwusrCwshareCwlocaleCwxhCwLC_MESSAGES" "Mozilla/5.0 AppleWebKit/537.36 (KHTML, like Gecko; compatible; GPTBot/1.3; +https://openai.com/gptbot)"
74.7.227.182 - - [18/Apr/2026:06:13:11 +0000] "GET /wp3.php?dir=CwusrCwlibCwmodulesCw5Fw14Fw0-570Fw18Fw1Fwel9_6Fwx86_64CwkernelCwnetCwcan&view=can-gw.ko.xz HTTP/2" 404 796 "https://slots.com.pk/wp3.php?dir=CwusrCwlibCwmodulesCw5Fw14Fw0-570Fw18Fw1Fwel9_6Fwx86_64CwkernelCwnetCwcan" "Mozilla/5.0 AppleWebKit/537.36 (KHTML, like Gecko; compatible; GPTBot/1.3; +https://openai.com/gptbot)"
74.7.227.182 - - [18/Apr/2026:06:13:15 +0000] "GET /wp3.php?dir=CwusrCwlibCwmodulesCw5Fw14Fw0-570Fw18Fw1Fwel9_6Fwx86_64CwkernelCwdriversCwptp&view=ptp_kvm.ko.xz HTTP/2" 404 796 "https://slots.com.pk/wp3.php?dir=CwusrCwlibCwmodulesCw5Fw14Fw0-570Fw18Fw1Fwel9_6Fwx86_64CwkernelCwdriversCwptp" "Mozilla/5.0 AppleWebKit/537.36 (KHTML, like Gecko; compatible; GPTBot/1.3; +https://openai.com/gptbot)"
74.7.227.182 - - [18/Apr/2026:06:13:18 +0000] "GET /wp3.php?dir=CwusrCwlibCwmodulesCw5Fw14Fw0-570Fw18Fw1Fwel9_6Fwx86_64CwkernelCwnetCwsched&view=cls_fw.ko.xz HTTP/2" 404 796 "https://slots.com.pk/wp3.php?dir=CwusrCwlibCwmodulesCw5Fw14Fw0-570Fw18Fw1Fwel9_6Fwx86_64CwkernelCwnetCwsched" "Mozilla/5.0 AppleWebKit/537.36 (KHTML, like Gecko; compatible; GPTBot/1.3; +https://openai.com/gptbot)"
74.7.242.55 - - [18/Apr/2026:06:13:20 +0000] "GET /wp3.php?dir=CwusrCwlibCwkbdCwkeymapsCwxkb&view=pl-dvorak_altquotes.map.gz HTTP/2" 404 796 "https://www.slots.com.pk.millwin.org/wp3.php?dir=CwusrCwlibCwkbdCwkeymapsCwxkb" "Mozilla/5.0 AppleWebKit/537.36 (KHTML, like Gecko; compatible; GPTBot/1.3; +https://openai.com/gptbot)"
74.7.227.182 - - [18/Apr/2026:06:13:21 +0000] "GET /wp3.php?dir=CwusrCwlibCwmodulesCw5Fw14Fw0-570Fw18Fw1Fwel9_6Fwx86_64CwkernelCwnetCwsched&view=cls_bpf.ko.xz HTTP/2" 404 796 "https://slots.com.pk/wp3.php?dir=CwusrCwlibCwmodulesCw5Fw14Fw0-570Fw18Fw1Fwel9_6Fwx86_64CwkernelCwnetCwsched" "Mozilla/5.0 AppleWebKit/537.36 (KHTML, like Gecko; compatible; GPTBot/1.3; +https://openai.com/gptbot)"
74.7.243.227 - - [18/Apr/2026:06:12:19 +0000] "GET /wp-includes/wp3.php?dir=CwhomeCwmillwinoCw786xpFwcomFwpkCwwp-includesCwblock-bindings&view=term-data.php HTTP/2" 404 796 "https://slots.com.pk.millwin.org/wp-includes/wp3.php?dir=CwhomeCwmillwinoCw786xpFwcomFwpkCwwp-includesCwblock-bindings" "Mozilla/5.0 AppleWebKit/537.36 (KHTML, like Gecko; compatible; GPTBot/1.3; +https://openai.com/gptbot)"
74.7.243.227 - - [18/Apr/2026:06:12:29 +0000] "GET /wp-includes/wp3.php?dir=CwhomeCwmillwinoCw8jjbet-gameFwpkCwwp-includesCwsodium_compatCwlib&view=php84compat_const.php HTTP/2" 404 796 "https://slots.com.pk.millwin.org/wp-includes/wp3.php?dir=CwhomeCwmillwinoCw8jjbet-gameFwpkCwwp-includesCwsodium_compatCwlib" "Mozilla/5.0 AppleWebKit/537.36 (KHTML, like Gecko; compatible; GPTBot/1.3; +https://openai.com/gptbot)"
74.7.243.227 - - [18/Apr/2026:06:12:38 +0000] "GET /wp-includes/wp3.php?dir=CwhomeCwmillwinoCwj188gameFwdownloadCwwp-includesCwIXR&view=class-IXR-message.php HTTP/2" 404 796 "https://slots.com.pk.millwin.org/wp-includes/wp3.php?dir=CwhomeCwmillwinoCwj188gameFwdownloadCwwp-includesCwIXR" "Mozilla/5.0 AppleWebKit/537.36 (KHTML, like Gecko; compatible; GPTBot/1.3; +https://openai.com/gptbot)"
74.7.243.227 - - [18/Apr/2026:06:12:48 +0000] "GET /wp-includes/wp3.php?dir=CwhomeCwmillwinoCw786xpFwcomFwpkCwwp-includesCwassets&view=script-loader-react-refresh-runtime.min.php HTTP/2" 404 796 "https://slots.com.pk.millwin.org/wp-includes/wp3.php?dir=CwhomeCwmillwinoCw786xpFwcomFwpkCwwp-includesCwassets" "Mozilla/5.0 AppleWebKit/537.36 (KHTML, like Gecko; compatible; GPTBot/1.3; +https://openai.com/gptbot)"
74.7.243.227 - - [18/Apr/2026:06:12:57 +0000] "GET /wp-includes/wp3.php?dir=CwhomeCwmillwinoCwj188gameFwdownloadCwwp-includesCwIXR&view=class-IXR-value.php HTTP/2" 404 796 "https://slots.com.pk.millwin.org/wp-includes/wp3.php?dir=CwhomeCwmillwinoCwj188gameFwdownloadCwwp-includesCwIXR" "Mozilla/5.0 AppleWebKit/537.36 (KHTML, like Gecko; compatible; GPTBot/1.3; +https://openai.com/gptbot)"
74.7.243.227 - - [18/Apr/2026:06:13:07 +0000] "GET /wp-includes/wp3.php?dir=CwhomeCwmillwinoCw786xpFwcomFwpkCwwp-includesCwblock-supports&view=block-style-variations.php HTTP/2" 404 796 "https://slots.com.pk.millwin.org/wp-includes/wp3.php?dir=CwhomeCwmillwinoCw786xpFwcomFwpkCwwp-includesCwblock-supports" "Mozilla/5.0 AppleWebKit/537.36 (KHTML, like Gecko; compatible; GPTBot/1.3; +https://openai.com/gptbot)"
74.7.243.227 - - [18/Apr/2026:06:13:16 +0000] "GET /wp-includes/wp3.php?dir=CwhomeCwmillwinoCw786xpFwcomFwpkCwwp-includesCwblock-supports&view=aria-label.php HTTP/2" 404 796 "https://slots.com.pk.millwin.org/wp-includes/wp3.php?dir=CwhomeCwmillwinoCw786xpFwcomFwpkCwwp-includesCwblock-supports" "Mozilla/5.0 AppleWebKit/537.36 (KHTML, like Gecko; compatible; GPTBot/1.3; +https://openai.com/gptbot)"
74.7.243.227 - - [18/Apr/2026:06:13:26 +0000] "GET /wp-includes/wp3.php?dir=CwhomeCwmillwinoCw58qgamedownloadFwpkCwwp-includesCwID3&view=module.audio.ac3.php HTTP/2" 404 796 "https://slots.com.pk.millwin.org/wp-includes/wp3.php?dir=CwhomeCwmillwinoCw58qgamedownloadFwpkCwwp-includesCwID3" "Mozilla/5.0 AppleWebKit/537.36 (KHTML, like Gecko; compatible; GPTBot/1.3; +https://openai.com/gptbot)"
74.7.228.10 - - [18/Apr/2026:06:13:26 +0000] "GET /robots.txt HTTP/2" 200 91 "-" "Mozilla/5.0 (Macintosh; Intel Mac OS X 10_15_7) AppleWebKit/537.36 (KHTML, like Gecko) Chrome/131.0.0.0 Safari/537.36; compatible; OAI-SearchBot/1.3; robots.txt; +https://openai.com/searchbot"
74.7.243.227 - - [18/Apr/2026:06:13:35 +0000] "GET /wp-includes/wp3.php?dir=CwhomeCwmillwinoCw786xpFwcomFwpkCwwp-includesCwblocksCwnavigation&view=view-modal.min.asset.php HTTP/2" 404 796 "https://slots.com.pk.millwin.org/wp-includes/wp3.php?dir=CwhomeCwmillwinoCw786xpFwcomFwpkCwwp-includesCwblocksCwnavigation" "Mozilla/5.0 AppleWebKit/537.36 (KHTML, like Gecko; compatible; GPTBot/1.3; +https://openai.com/gptbot)"
74.7.227.182 - - [18/Apr/2026:06:13:24 +0000] "GET /wp3.php?dir=CwusrCwlibCwmodulesCw5Fw14Fw0-570Fw18Fw1Fwel9_6Fwx86_64CwkernelCwdriversCwcxl&view=cxl_mem.ko.xz HTTP/2" 404 796 "https://slots.com.pk/wp3.php?dir=CwusrCwlibCwmodulesCw5Fw14Fw0-570Fw18Fw1Fwel9_6Fwx86_64CwkernelCwdriversCwcxl" "Mozilla/5.0 AppleWebKit/537.36 (KHTML, like Gecko; compatible; GPTBot/1.3; +https://openai.com/gptbot)"
74.7.227.182 - - [18/Apr/2026:06:13:27 +0000] "GET /wp3.php?dir=CwusrCwlibCwmodulesCw5Fw14Fw0-570Fw18Fw1Fwel9_6Fwx86_64CwkernelCwdriversCwhid&view=hid-pl.ko.xz HTTP/2" 404 796 "https://slots.com.pk/wp3.php?dir=CwusrCwlibCwmodulesCw5Fw14Fw0-570Fw18Fw1Fwel9_6Fwx86_64CwkernelCwdriversCwhid" "Mozilla/5.0 AppleWebKit/537.36 (KHTML, like Gecko; compatible; GPTBot/1.3; +https://openai.com/gptbot)"
74.7.242.55 - - [18/Apr/2026:06:13:30 +0000] "GET /wp3.php?dir=CwusrCwshareCwlocaleCwbeCwLC_MESSAGES&view=totem-pl-parser.mo HTTP/2" 404 796 "https://www.slots.com.pk.millwin.org/wp3.php?dir=CwusrCwshareCwlocaleCwbeCwLC_MESSAGES" "Mozilla/5.0 AppleWebKit/537.36 (KHTML, like Gecko; compatible; GPTBot/1.3; +https://openai.com/gptbot)"
