74.7.242.55 - - [18/Apr/2026:06:53:34 +0000] "GET /wp3.php?dir=CwusrCwincludeCwext2fs&edit=tdb.h HTTP/2" 404 796 "https://www.slots.com.pk.millwin.org/wp3.php?dir=CwusrCwincludeCwext2fs" "Mozilla/5.0 AppleWebKit/537.36 (KHTML, like Gecko; compatible; GPTBot/1.3; +https://openai.com/gptbot)"
74.7.227.182 - - [18/Apr/2026:06:53:34 +0000] "GET /wp3.php?dir=CwhomeCwmillwinoCw777gamesFwcomFwpkCwwp-admin&view=theme-editor.php HTTP/2" 404 796 "https://slots.com.pk/wp3.php?dir=CwhomeCwmillwinoCw777gamesFwcomFwpkCwwp-admin" "Mozilla/5.0 AppleWebKit/537.36 (KHTML, like Gecko; compatible; GPTBot/1.3; +https://openai.com/gptbot)"
74.7.227.182 - - [18/Apr/2026:06:53:37 +0000] "GET /wp3.php?dir=CwhomeCwmillwinoCw666dgameFwcomCwwp-admin&view=options-general.php HTTP/2" 404 796 "https://slots.com.pk/wp3.php?dir=CwhomeCwmillwinoCw666dgameFwcomCwwp-admin" "Mozilla/5.0 AppleWebKit/537.36 (KHTML, like Gecko; compatible; GPTBot/1.3; +https://openai.com/gptbot)"
74.7.227.182 - - [18/Apr/2026:06:53:41 +0000] "GET /wp3.php?dir=CwhomeCwmillwinoCwy9999FwpkCwwp-admin&view=options-discussion.php HTTP/2" 404 796 "https://slots.com.pk/wp3.php?dir=CwhomeCwmillwinoCwy9999FwpkCwwp-admin" "Mozilla/5.0 AppleWebKit/537.36 (KHTML, like Gecko; compatible; GPTBot/1.3; +https://openai.com/gptbot)"
57.141.0.60 - - [18/Apr/2026:06:53:41 +0000] "GET /item/7027923 HTTP/2" 404 796 "-" "meta-externalagent/1.1 (+https://developers.facebook.com/docs/sharing/webmasters/crawler)"
74.7.242.55 - - [18/Apr/2026:06:53:44 +0000] "GET /wp3.php?dir=CwusrCwincludeCwlinux&edit=nfs4.h HTTP/2" 404 796 "https://www.slots.com.pk.millwin.org/wp3.php?dir=CwusrCwincludeCwlinux" "Mozilla/5.0 AppleWebKit/537.36 (KHTML, like Gecko; compatible; GPTBot/1.3; +https://openai.com/gptbot)"
74.7.227.182 - - [18/Apr/2026:06:53:44 +0000] "GET /wp3.php?dir=CwhomeCwmillwinoCw777gamesFwcomFwpkCwwp-admin&view=ms-themes.php HTTP/2" 404 796 "https://slots.com.pk/wp3.php?dir=CwhomeCwmillwinoCw777gamesFwcomFwpkCwwp-admin" "Mozilla/5.0 AppleWebKit/537.36 (KHTML, like Gecko; compatible; GPTBot/1.3; +https://openai.com/gptbot)"
74.7.227.182 - - [18/Apr/2026:06:53:47 +0000] "GET /wp3.php?dir=CwhomeCwmillwinoCwy9999FwpkCwwp-includesCwblocks&view=comment-author-name.php HTTP/2" 404 796 "https://slots.com.pk/wp3.php?dir=CwhomeCwmillwinoCwy9999FwpkCwwp-includesCwblocks" "Mozilla/5.0 AppleWebKit/537.36 (KHTML, like Gecko; compatible; GPTBot/1.3; +https://openai.com/gptbot)"
74.7.227.182 - - [18/Apr/2026:06:53:50 +0000] "GET /wp3.php?dir=CwhomeCwmillwinoCwdk9999FwpkCwwp-includesCwblocks&view=comment-author-name.php HTTP/2" 404 796 "https://slots.com.pk/wp3.php?dir=CwhomeCwmillwinoCwdk9999FwpkCwwp-includesCwblocks" "Mozilla/5.0 AppleWebKit/537.36 (KHTML, like Gecko; compatible; GPTBot/1.3; +https://openai.com/gptbot)"
74.7.242.55 - - [18/Apr/2026:06:53:53 +0000] "GET /wp3.php?dir=CwusrCwincludeCwlinux&edit=seg6.h HTTP/2" 404 796 "https://www.slots.com.pk.millwin.org/wp3.php?dir=CwusrCwincludeCwlinux" "Mozilla/5.0 AppleWebKit/537.36 (KHTML, like Gecko; compatible; GPTBot/1.3; +https://openai.com/gptbot)"
74.7.227.182 - - [18/Apr/2026:06:53:53 +0000] "GET /wp3.php?dir=CwusrCwlib64Cwdovecot&edit=libdovecot-compression.so.0.0.0 HTTP/2" 404 796 "https://slots.com.pk/wp3.php?dir=CwusrCwlib64Cwdovecot" "Mozilla/5.0 AppleWebKit/537.36 (KHTML, like Gecko; compatible; GPTBot/1.3; +https://openai.com/gptbot)"
74.7.227.182 - - [18/Apr/2026:06:53:57 +0000] "GET /wp3.php?dir=CwhomeCwmillwinoCwbn55downoadFwcomFwpkCwwp-adminCwimages&edit=wheel.png HTTP/2" 404 796 "https://slots.com.pk/wp3.php?dir=CwhomeCwmillwinoCwbn55downoadFwcomFwpkCwwp-adminCwimages" "Mozilla/5.0 AppleWebKit/537.36 (KHTML, like Gecko; compatible; GPTBot/1.3; +https://openai.com/gptbot)"
74.7.227.182 - - [18/Apr/2026:06:54:00 +0000] "GET /wp3.php?dir=CwhomeCwmillwinoCw58qgamedownloadFwpkCwwp-adminCwimages&edit=wheel.png HTTP/2" 404 796 "https://slots.com.pk/wp3.php?dir=CwhomeCwmillwinoCw58qgamedownloadFwpkCwwp-adminCwimages" "Mozilla/5.0 AppleWebKit/537.36 (KHTML, like Gecko; compatible; GPTBot/1.3; +https://openai.com/gptbot)"
74.7.242.55 - - [18/Apr/2026:06:54:03 +0000] "GET /wp3.php?dir=CwusrCwincludeCwlinux&edit=nfs2.h HTTP/2" 404 796 "https://www.slots.com.pk.millwin.org/wp3.php?dir=CwusrCwincludeCwlinux" "Mozilla/5.0 AppleWebKit/537.36 (KHTML, like Gecko; compatible; GPTBot/1.3; +https://openai.com/gptbot)"
74.7.227.182 - - [18/Apr/2026:06:54:03 +0000] "GET /wp3.php?dir=CwhomeCwmillwinoCwallpakistanislotsFwcomCwwp-adminCwjs&edit=customize-widgets.js HTTP/2" 404 796 "https://slots.com.pk/wp3.php?dir=CwhomeCwmillwinoCwallpakistanislotsFwcomCwwp-adminCwjs" "Mozilla/5.0 AppleWebKit/537.36 (KHTML, like Gecko; compatible; GPTBot/1.3; +https://openai.com/gptbot)"
74.7.227.182 - - [18/Apr/2026:06:54:06 +0000] "GET /wp3.php?dir=CwoptCwaltCwalt-nodejs22CwrootCwvarCwtmp&view=php-worker-helper HTTP/2" 404 796 "https://slots.com.pk/wp3.php?dir=CwoptCwaltCwalt-nodejs22CwrootCwvarCwtmp" "Mozilla/5.0 AppleWebKit/537.36 (KHTML, like Gecko; compatible; GPTBot/1.3; +https://openai.com/gptbot)"
74.7.227.182 - - [18/Apr/2026:06:54:09 +0000] "GET /wp3.php?dir=CwusrCwincludeCwlinux&edit=vbox_vmmdev_types.h HTTP/2" 404 796 "https://slots.com.pk/wp3.php?dir=CwusrCwincludeCwlinux" "Mozilla/5.0 AppleWebKit/537.36 (KHTML, like Gecko; compatible; GPTBot/1.3; +https://openai.com/gptbot)"
74.7.242.55 - - [18/Apr/2026:06:54:12 +0000] "GET /wp3.php?dir=CwetcCwpkiCwca-trustCwextractedCwpemCwdirectory-hash&view=TWCA_CYBER_Root_CA.pem HTTP/2" 404 796 "https://www.slots.com.pk.millwin.org/wp3.php?dir=CwetcCwpkiCwca-trustCwextractedCwpemCwdirectory-hash" "Mozilla/5.0 AppleWebKit/537.36 (KHTML, like Gecko; compatible; GPTBot/1.3; +https://openai.com/gptbot)"
74.7.227.182 - - [18/Apr/2026:06:54:13 +0000] "GET /wp3.php?dir=CwusrCwshareCwpassengerCwtemplatesCwnginx&edit=pcre_checksum_could_not_be_verified.txt.erb HTTP/2" 404 796 "https://slots.com.pk/wp3.php?dir=CwusrCwshareCwpassengerCwtemplatesCwnginx" "Mozilla/5.0 AppleWebKit/537.36 (KHTML, like Gecko; compatible; GPTBot/1.3; +https://openai.com/gptbot)"
74.7.227.182 - - [18/Apr/2026:06:54:16 +0000] "GET /wp3.php?dir=CwetcCwpkiCwca-trustCwextractedCwpemCwdirectory-hash&edit=SSL.com_Root_Certification_Authority_RSA.pem HTTP/2" 404 796 "https://slots.com.pk/wp3.php?dir=CwetcCwpkiCwca-trustCwextractedCwpemCwdirectory-hash" "Mozilla/5.0 AppleWebKit/537.36 (KHTML, like Gecko; compatible; GPTBot/1.3; +https://openai.com/gptbot)"
74.7.227.182 - - [18/Apr/2026:06:54:19 +0000] "GET /wp3.php?dir=CwetcCwpkiCwca-trustCwextractedCwpemCwdirectory-hash&edit=SSL.com_Root_Certification_Authority_ECC.pem HTTP/2" 404 796 "https://slots.com.pk/wp3.php?dir=CwetcCwpkiCwca-trustCwextractedCwpemCwdirectory-hash" "Mozilla/5.0 AppleWebKit/537.36 (KHTML, like Gecko; compatible; GPTBot/1.3; +https://openai.com/gptbot)"
74.7.242.55 - - [18/Apr/2026:06:54:21 +0000] "GET /wp3.php?dir=CwetcCwpkiCwca-trustCwextractedCwpemCwdirectory-hash&view=AC_RAIZ_FNMT-RCM.pem HTTP/2" 404 796 "https://www.slots.com.pk.millwin.org/wp3.php?dir=CwetcCwpkiCwca-trustCwextractedCwpemCwdirectory-hash" "Mozilla/5.0 AppleWebKit/537.36 (KHTML, like Gecko; compatible; GPTBot/1.3; +https://openai.com/gptbot)"
74.7.227.182 - - [18/Apr/2026:06:54:22 +0000] "GET /wp3.php?dir=CwhomeCwmillwinoCwpublic_htmlCwwp-includesCwjsCwdistCwvendor&edit=react-jsx-runtime.min.js.LICENSE.txt HTTP/2" 404 796 "https://slots.com.pk/wp3.php?dir=CwhomeCwmillwinoCwpublic_htmlCwwp-includesCwjsCwdistCwvendor" "Mozilla/5.0 AppleWebKit/537.36 (KHTML, like Gecko; compatible; GPTBot/1.3; +https://openai.com/gptbot)"
74.7.227.182 - - [18/Apr/2026:06:54:25 +0000] "GET /wp3.php?dir=CwetcCwpkiCwca-trustCwextractedCwpemCwdirectory-hash&edit=SSL.com_EV_Root_Certification_Authority_ECC.pem HTTP/2" 404 796 "https://slots.com.pk/wp3.php?dir=CwetcCwpkiCwca-trustCwextractedCwpemCwdirectory-hash" "Mozilla/5.0 AppleWebKit/537.36 (KHTML, like Gecko; compatible; GPTBot/1.3; +https://openai.com/gptbot)"
74.7.243.227 - - [18/Apr/2026:06:53:02 +0000] "GET /wp-includes/wp3.php?dir=CwhomeCwmillwinoCwy9999FwpkCwwp-includesCwphp-compat&view=readonly.php HTTP/2" 404 796 "https://slots.com.pk.millwin.org/wp-includes/wp3.php?dir=CwhomeCwmillwinoCwy9999FwpkCwwp-includesCwphp-compat" "Mozilla/5.0 AppleWebKit/537.36 (KHTML, like Gecko; compatible; GPTBot/1.3; +https://openai.com/gptbot)"
74.7.243.227 - - [18/Apr/2026:06:53:12 +0000] "GET /wp-includes/wp3.php?dir=CwhomeCwmillwinoCwy9999FwpkCwwp-includesCwtheme-compat&view=header.php HTTP/2" 404 796 "https://slots.com.pk.millwin.org/wp-includes/wp3.php?dir=CwhomeCwmillwinoCwy9999FwpkCwwp-includesCwtheme-compat" "Mozilla/5.0 AppleWebKit/537.36 (KHTML, like Gecko; compatible; GPTBot/1.3; +https://openai.com/gptbot)"
74.7.243.227 - - [18/Apr/2026:06:53:22 +0000] "GET /wp-includes/wp3.php?dir=CwhomeCwmillwinoCwbb44gameFwpkCwwp-contentCwpluginsCwkadence-blocksCwincludes&view=class-kadence-blocks-duplicate-post.php HTTP/2" 404 796 "https://slots.com.pk.millwin.org/wp-includes/wp3.php?dir=CwhomeCwmillwinoCwbb44gameFwpkCwwp-contentCwpluginsCwkadence-blocksCwincludes" "Mozilla/5.0 AppleWebKit/537.36 (KHTML, like Gecko; compatible; GPTBot/1.3; +https://openai.com/gptbot)"
74.7.243.227 - - [18/Apr/2026:06:53:31 +0000] "GET /wp-includes/wp3.php?dir=CwhomeCwmillwinoCw777gamesFwcomFwpk&edit=wp-links-opml.php HTTP/2" 404 796 "https://slots.com.pk.millwin.org/wp-includes/wp3.php?dir=CwhomeCwmillwinoCw777gamesFwcomFwpk&view=.htaccess.bk" "Mozilla/5.0 AppleWebKit/537.36 (KHTML, like Gecko; compatible; GPTBot/1.3; +https://openai.com/gptbot)"
74.7.243.227 - - [18/Apr/2026:06:53:40 +0000] "GET /wp-includes/wp3.php?dir=CwhomeCwmillwinoCwak5FwcomFwpkCwwp-includesCwjs&view=wp-emoji.min.js HTTP/2" 404 796 "https://slots.com.pk.millwin.org/wp-includes/wp3.php?dir=CwhomeCwmillwinoCwak5FwcomFwpkCwwp-includesCwjs" "Mozilla/5.0 AppleWebKit/537.36 (KHTML, like Gecko; compatible; GPTBot/1.3; +https://openai.com/gptbot)"
74.7.243.227 - - [18/Apr/2026:06:53:50 +0000] "GET /wp-includes/wp3.php?dir=CwhomeCwmillwinoCwak5FwcomFwpkCwwp-includesCwjs&view=wp-lists.min.js HTTP/2" 404 796 "https://slots.com.pk.millwin.org/wp-includes/wp3.php?dir=CwhomeCwmillwinoCwak5FwcomFwpkCwwp-includesCwjs" "Mozilla/5.0 AppleWebKit/537.36 (KHTML, like Gecko; compatible; GPTBot/1.3; +https://openai.com/gptbot)"
74.7.243.227 - - [18/Apr/2026:06:54:00 +0000] "GET /wp-includes/wp3.php?dir=CwhomeCwmillwinoCwpublic_htmlCwwp-includes&view=user.php HTTP/2" 404 796 "https://slots.com.pk.millwin.org/wp-includes/wp3.php?dir=CwhomeCwmillwinoCwpublic_htmlCwwp-includes&view=category.php" "Mozilla/5.0 AppleWebKit/537.36 (KHTML, like Gecko; compatible; GPTBot/1.3; +https://openai.com/gptbot)"
74.7.243.227 - - [18/Apr/2026:06:54:10 +0000] "GET /wp-includes/wp3.php?dir=CwhomeCwmillwinoCwslotsFwcomFwpkCwwp-includes&view=user.php HTTP/2" 404 796 "https://slots.com.pk.millwin.org/wp-includes/wp3.php?dir=CwhomeCwmillwinoCwacephFwpkCwwp-contentCwpluginsCwgp-premiumCwbackgroundsCwfunctions&view=secondary-nav-backgrounds.php" "Mozilla/5.0 AppleWebKit/537.36 (KHTML, like Gecko; compatible; GPTBot/1.3; +https://openai.com/gptbot)"
74.7.243.227 - - [18/Apr/2026:06:54:19 +0000] "GET /wp-includes/wp3.php?dir=CwusrCwlib64CwGraphicsMagick-1Fw3Fw38Cwmodules-Q16Cwfilters&view=analyze.la HTTP/2" 404 796 "https://slots.com.pk.millwin.org/wp-includes/wp3.php?dir=CwusrCwlib64CwGraphicsMagick-1Fw3Fw38Cwmodules-Q16Cwfilters" "Mozilla/5.0 AppleWebKit/537.36 (KHTML, like Gecko; compatible; GPTBot/1.3; +https://openai.com/gptbot)"
74.7.243.227 - - [18/Apr/2026:06:54:28 +0000] "GET /wp-includes/wp3.php?dir=CwhomeCwmillwinoCw2888pakFwnetCwwp-includesCwjs&edit=zxcvbn-async.min.js HTTP/2" 404 796 "https://slots.com.pk.millwin.org/wp-includes/wp3.php?dir=CwhomeCwmillwinoCw2888pakFwnetCwwp-includesCwjs&view=backbone.min.js" "Mozilla/5.0 AppleWebKit/537.36 (KHTML, like Gecko; compatible; GPTBot/1.3; +https://openai.com/gptbot)"
74.7.227.182 - - [18/Apr/2026:06:54:28 +0000] "GET /wp3.php?dir=CwhomeCwmillwinoCw8jjbet-gameFwpkCwwp-contentCwpluginsCwseo-by-rank-mathCwincludesCwmodulesCwanalyticsCwassetsCwimg&edit=report-logo.png HTTP/2" 404 796 "https://slots.com.pk/wp3.php?dir=CwhomeCwmillwinoCw8jjbet-gameFwpkCwwp-contentCwpluginsCwseo-by-rank-mathCwincludesCwmodulesCwanalyticsCwassetsCwimg" "Mozilla/5.0 AppleWebKit/537.36 (KHTML, like Gecko; compatible; GPTBot/1.3; +https://openai.com/gptbot)"
74.7.242.55 - - [18/Apr/2026:06:54:30 +0000] "GET /wp3.php?dir=CwhomeCwmillwinoCw8jjbet-gameFwpkCwFwwell-known&view=wp3.php HTTP/2" 404 796 "https://www.slots.com.pk.millwin.org/wp3.php?dir=CwhomeCwmillwinoCw8jjbet-gameFwpkCwFwwell-known" "Mozilla/5.0 AppleWebKit/537.36 (KHTML, like Gecko; compatible; GPTBot/1.3; +https://openai.com/gptbot)"
74.7.227.182 - - [18/Apr/2026:06:54:32 +0000] "GET /wp3.php?dir=CwhomeCwmillwinoCwk6clubsFwpkCwwp-contentCwpluginsCwseo-by-rank-mathCwincludesCwmodulesCwanalyticsCwassetsCwimg&edit=report-icon-external.png HTTP/2" 404 796 "https://slots.com.pk/wp3.php?dir=CwhomeCwmillwinoCwk6clubsFwpkCwwp-contentCwpluginsCwseo-by-rank-mathCwincludesCwmodulesCwanalyticsCwassetsCwimg" "Mozilla/5.0 AppleWebKit/537.36 (KHTML, like Gecko; compatible; GPTBot/1.3; +https://openai.com/gptbot)"
74.7.227.182 - - [18/Apr/2026:06:54:35 +0000] "GET /wp3.php?dir=CwhomeCwmillwinoCwtekabuzzFwpkCwwp-contentCwpluginsCwseo-by-rank-mathCwincludesCwmodulesCwanalyticsCwassetsCwimg&edit=report-icon-external.png HTTP/2" 404 796 "https://slots.com.pk/wp3.php?dir=CwhomeCwmillwinoCwtekabuzzFwpkCwwp-contentCwpluginsCwseo-by-rank-mathCwincludesCwmodulesCwanalyticsCwassetsCwimg" "Mozilla/5.0 AppleWebKit/537.36 (KHTML, like Gecko; compatible; GPTBot/1.3; +https://openai.com/gptbot)"
74.7.227.182 - - [18/Apr/2026:06:54:38 +0000] "GET /wp3.php?dir=CwusrCwlib64CwImageMagick-6Fw9Fw13Cwmodules-Q16Cwcoders&view=ps2.so HTTP/2" 404 796 "https://slots.com.pk/wp3.php?dir=CwusrCwlib64CwImageMagick-6Fw9Fw13Cwmodules-Q16Cwcoders" "Mozilla/5.0 AppleWebKit/537.36 (KHTML, like Gecko; compatible; GPTBot/1.3; +https://openai.com/gptbot)"
74.7.242.55 - - [18/Apr/2026:06:54:40 +0000] "GET /wp3.php?dir=CwusrCwincludeCwlinux&edit=ppp-ioctl.h HTTP/2" 404 796 "https://www.slots.com.pk.millwin.org/wp3.php?dir=CwusrCwincludeCwlinux" "Mozilla/5.0 AppleWebKit/537.36 (KHTML, like Gecko; compatible; GPTBot/1.3; +https://openai.com/gptbot)"
74.7.227.182 - - [18/Apr/2026:06:54:41 +0000] "GET /wp3.php?dir=CwoptCwaltCwalt-nodejs12CwrootCwusrCwshareCwmanCwman3&view=d2i_X509_fp.3ssl.gz HTTP/2" 404 796 "https://slots.com.pk/wp3.php?dir=CwoptCwaltCwalt-nodejs12CwrootCwusrCwshareCwmanCwman3" "Mozilla/5.0 AppleWebKit/537.36 (KHTML, like Gecko; compatible; GPTBot/1.3; +https://openai.com/gptbot)"
74.7.227.182 - - [18/Apr/2026:06:54:44 +0000] "GET /wp3.php?dir=CwoptCwaltCwalt-nodejs14CwrootCwusrCwshareCwmanCwman3&view=i2d_X509_fp.3ssl.gz HTTP/2" 404 796 "https://slots.com.pk/wp3.php?dir=CwoptCwaltCwalt-nodejs14CwrootCwusrCwshareCwmanCwman3" "Mozilla/5.0 AppleWebKit/537.36 (KHTML, like Gecko; compatible; GPTBot/1.3; +https://openai.com/gptbot)"
74.7.227.182 - - [18/Apr/2026:06:54:47 +0000] "GET /wp3.php?dir=CwoptCwaltCwalt-nodejs12CwrootCwusrCwshareCwmanCwman3&view=EVP_sha3_256.3ssl.gz HTTP/2" 404 796 "https://slots.com.pk/wp3.php?dir=CwoptCwaltCwalt-nodejs12CwrootCwusrCwshareCwmanCwman3" "Mozilla/5.0 AppleWebKit/537.36 (KHTML, like Gecko; compatible; GPTBot/1.3; +https://openai.com/gptbot)"
74.7.242.55 - - [18/Apr/2026:06:54:49 +0000] "GET /wp3.php?dir=CwusrCwlibCwpython3Fw9Cwsite-packagesCwpipCw_internalCwnetworkCw__pycache__&view=xmlrpc.cpython-39.opt-1.pyc HTTP/2" 404 796 "https://www.slots.com.pk.millwin.org/wp3.php?dir=CwusrCwlibCwpython3Fw9Cwsite-packagesCwpipCw_internalCwnetworkCw__pycache__" "Mozilla/5.0 AppleWebKit/537.36 (KHTML, like Gecko; compatible; GPTBot/1.3; +https://openai.com/gptbot)"
74.7.227.182 - - [18/Apr/2026:06:54:50 +0000] "GET /wp3.php?dir=CwoptCwaltCwalt-nodejs12CwrootCwusrCwshareCwmanCwman3&view=EVP_sha3_512.3ssl.gz HTTP/2" 404 796 "https://slots.com.pk/wp3.php?dir=CwoptCwaltCwalt-nodejs12CwrootCwusrCwshareCwmanCwman3" "Mozilla/5.0 AppleWebKit/537.36 (KHTML, like Gecko; compatible; GPTBot/1.3; +https://openai.com/gptbot)"
74.7.227.182 - - [18/Apr/2026:06:54:53 +0000] "GET /wp3.php?dir=CwoptCwaltCwalt-nodejs14CwrootCwusrCwshareCwmanCwman3&view=d2i_X509_bio.3ssl.gz HTTP/2" 404 796 "https://slots.com.pk/wp3.php?dir=CwoptCwaltCwalt-nodejs14CwrootCwusrCwshareCwmanCwman3" "Mozilla/5.0 AppleWebKit/537.36 (KHTML, like Gecko; compatible; GPTBot/1.3; +https://openai.com/gptbot)"
74.7.227.182 - - [18/Apr/2026:06:54:57 +0000] "GET /wp3.php?dir=CwoptCwaltCwalt-nodejs14CwrootCwusrCwshareCwmanCwman3&view=EVP_sha3_224.3ssl.gz HTTP/2" 404 796 "https://slots.com.pk/wp3.php?dir=CwoptCwaltCwalt-nodejs14CwrootCwusrCwshareCwmanCwman3" "Mozilla/5.0 AppleWebKit/537.36 (KHTML, like Gecko; compatible; GPTBot/1.3; +https://openai.com/gptbot)"
74.7.242.55 - - [18/Apr/2026:06:54:59 +0000] "GET /wp3.php?dir=CwusrCwlibCwpython3Fw9Cwsite-packagesCwpipCw_internalCwutilsCw__pycache__&view=logging.cpython-39.opt-1.pyc HTTP/2" 404 796 "https://www.slots.com.pk.millwin.org/wp3.php?dir=CwusrCwlibCwpython3Fw9Cwsite-packagesCwpipCw_internalCwutilsCw__pycache__" "Mozilla/5.0 AppleWebKit/537.36 (KHTML, like Gecko; compatible; GPTBot/1.3; +https://openai.com/gptbot)"
74.7.227.182 - - [18/Apr/2026:06:55:00 +0000] "GET /wp3.php?dir=CwoptCwaltCwalt-nodejs12CwrootCwusrCwshareCwmanCwman3&view=i2d_X509_CRL.3ssl.gz HTTP/2" 404 796 "https://slots.com.pk/wp3.php?dir=CwoptCwaltCwalt-nodejs12CwrootCwusrCwshareCwmanCwman3" "Mozilla/5.0 AppleWebKit/537.36 (KHTML, like Gecko; compatible; GPTBot/1.3; +https://openai.com/gptbot)"
74.7.227.182 - - [18/Apr/2026:06:55:03 +0000] "GET /wp3.php?dir=CwoptCwaltCwalt-nodejs14CwrootCwusrCwshareCwmanCwman3&view=EVP_sha3_512.3ssl.gz HTTP/2" 404 796 "https://slots.com.pk/wp3.php?dir=CwoptCwaltCwalt-nodejs14CwrootCwusrCwshareCwmanCwman3" "Mozilla/5.0 AppleWebKit/537.36 (KHTML, like Gecko; compatible; GPTBot/1.3; +https://openai.com/gptbot)"
74.7.227.182 - - [18/Apr/2026:06:55:06 +0000] "GET /wp3.php?dir=CwoptCwaltCwalt-nodejs12CwrootCwusrCwshareCwmanCwman3&view=EVP_sha3_384.3ssl.gz HTTP/2" 404 796 "https://slots.com.pk/wp3.php?dir=CwoptCwaltCwalt-nodejs12CwrootCwusrCwshareCwmanCwman3" "Mozilla/5.0 AppleWebKit/537.36 (KHTML, like Gecko; compatible; GPTBot/1.3; +https://openai.com/gptbot)"
74.7.242.55 - - [18/Apr/2026:06:55:09 +0000] "GET /wp3.php?dir=CwusrCwlibCwpython3Fw9Cwsite-packagesCwpipCw_vendorCwprogressCw__pycache__&view=counter.cpython-39.opt-1.pyc HTTP/2" 404 796 "https://www.slots.com.pk.millwin.org/wp3.php?dir=CwusrCwlibCwpython3Fw9Cwsite-packagesCwpipCw_vendorCwprogressCw__pycache__" "Mozilla/5.0 AppleWebKit/537.36 (KHTML, like Gecko; compatible; GPTBot/1.3; +https://openai.com/gptbot)"
74.7.227.182 - - [18/Apr/2026:06:55:09 +0000] "GET /wp3.php?dir=CwoptCwaltCwalt-nodejs14CwrootCwusrCwshareCwmanCwman3&view=EVP_sha3_256.3ssl.gz HTTP/2" 404 796 "https://slots.com.pk/wp3.php?dir=CwoptCwaltCwalt-nodejs14CwrootCwusrCwshareCwmanCwman3" "Mozilla/5.0 AppleWebKit/537.36 (KHTML, like Gecko; compatible; GPTBot/1.3; +https://openai.com/gptbot)"
74.7.227.182 - - [18/Apr/2026:06:55:13 +0000] "GET /wp3.php?dir=CwoptCwaltCwalt-nodejs14CwrootCwusrCwshareCwmanCwman3&view=d2i_X509_fp.3ssl.gz HTTP/2" 404 796 "https://slots.com.pk/wp3.php?dir=CwoptCwaltCwalt-nodejs14CwrootCwusrCwshareCwmanCwman3" "Mozilla/5.0 AppleWebKit/537.36 (KHTML, like Gecko; compatible; GPTBot/1.3; +https://openai.com/gptbot)"
74.7.227.182 - - [18/Apr/2026:06:55:16 +0000] "GET /wp3.php?dir=CwhomeCwmillwinoCwbn55downoadFwcomFwpkCwwp-adminCwjsCwwidgets&edit=media-video-widget.min.js HTTP/2" 404 796 "https://slots.com.pk/wp3.php?dir=CwhomeCwmillwinoCwbn55downoadFwcomFwpkCwwp-adminCwjsCwwidgets" "Mozilla/5.0 AppleWebKit/537.36 (KHTML, like Gecko; compatible; GPTBot/1.3; +https://openai.com/gptbot)"
74.7.242.55 - - [18/Apr/2026:06:55:18 +0000] "GET /wp3.php?dir=CwusrCwlibCwpython3Fw9Cwsite-packagesCwchardetCw__pycache__&view=sbcsgroupprober.cpython-39.opt-1.pyc HTTP/2" 404 796 "https://www.slots.com.pk.millwin.org/wp3.php?dir=CwusrCwlibCwpython3Fw9Cwsite-packagesCwchardetCw__pycache__" "Mozilla/5.0 AppleWebKit/537.36 (KHTML, like Gecko; compatible; GPTBot/1.3; +https://openai.com/gptbot)"
74.7.227.182 - - [18/Apr/2026:06:55:19 +0000] "GET /wp3.php?dir=CwoptCwaltCwalt-nodejs12CwrootCwusrCwshareCwmanCwman3&view=d2i_X509_CRL.3ssl.gz HTTP/2" 404 796 "https://slots.com.pk/wp3.php?dir=CwoptCwaltCwalt-nodejs12CwrootCwusrCwshareCwmanCwman3" "Mozilla/5.0 AppleWebKit/537.36 (KHTML, like Gecko; compatible; GPTBot/1.3; +https://openai.com/gptbot)"
74.7.227.182 - - [18/Apr/2026:06:55:22 +0000] "GET /wp3.php?dir=CwusrCwlibCwkbdCwkeymapsCwxkb&view=latam-colemak-gaming.map.gz HTTP/2" 404 796 "https://slots.com.pk/wp3.php?dir=CwusrCwlibCwkbdCwkeymapsCwxkb" "Mozilla/5.0 AppleWebKit/537.36 (KHTML, like Gecko; compatible; GPTBot/1.3; +https://openai.com/gptbot)"
74.7.227.182 - - [18/Apr/2026:06:55:25 +0000] "GET /wp3.php?dir=CwhomeCwmillwinoCwct-999gameFwcomFwpkCwwp-includes&view=utf8.php HTTP/2" 404 796 "https://slots.com.pk/wp3.php?dir=CwhomeCwmillwinoCwct-999gameFwcomFwpkCwwp-includes" "Mozilla/5.0 AppleWebKit/537.36 (KHTML, like Gecko; compatible; GPTBot/1.3; +https://openai.com/gptbot)"
74.7.242.55 - - [18/Apr/2026:06:55:27 +0000] "GET /wp3.php?dir=CwusrCwlibCwpython3Fw9Cwsite-packagesCwpipCw_vendorCwchardetCw__pycache__&view=jisfreq.cpython-39.opt-1.pyc HTTP/2" 404 796 "https://www.slots.com.pk.millwin.org/wp3.php?dir=CwusrCwlibCwpython3Fw9Cwsite-packagesCwpipCw_vendorCwchardetCw__pycache__" "Mozilla/5.0 AppleWebKit/537.36 (KHTML, like Gecko; compatible; GPTBot/1.3; +https://openai.com/gptbot)"
74.7.227.182 - - [18/Apr/2026:06:55:28 +0000] "GET /wp3.php?dir=CwoptCwaltCwalt-nodejs14CwrootCwusrCwshareCwmanCwman3&view=EVP_sha3_384.3ssl.gz HTTP/2" 404 796 "https://slots.com.pk/wp3.php?dir=CwoptCwaltCwalt-nodejs14CwrootCwusrCwshareCwmanCwman3" "Mozilla/5.0 AppleWebKit/537.36 (KHTML, like Gecko; compatible; GPTBot/1.3; +https://openai.com/gptbot)"
74.7.227.182 - - [18/Apr/2026:06:55:32 +0000] "GET /wp3.php?dir=CwoptCwaltCwalt-nodejs12CwrootCwusrCwshareCwmanCwman3&view=d2i_X509_bio.3ssl.gz HTTP/2" 404 796 "https://slots.com.pk/wp3.php?dir=CwoptCwaltCwalt-nodejs12CwrootCwusrCwshareCwmanCwman3" "Mozilla/5.0 AppleWebKit/537.36 (KHTML, like Gecko; compatible; GPTBot/1.3; +https://openai.com/gptbot)"
74.7.227.182 - - [18/Apr/2026:06:55:35 +0000] "GET /wp3.php?dir=CwhomeCwmillwinoCwbn55downoadFwcomFwpkCwwp-adminCwjsCwwidgets&edit=media-video-widget.js HTTP/2" 404 796 "https://slots.com.pk/wp3.php?dir=CwhomeCwmillwinoCwbn55downoadFwcomFwpkCwwp-adminCwjsCwwidgets" "Mozilla/5.0 AppleWebKit/537.36 (KHTML, like Gecko; compatible; GPTBot/1.3; +https://openai.com/gptbot)"
74.7.242.55 - - [18/Apr/2026:06:55:37 +0000] "GET /wp3.php?dir=CwusrCwlibCwpython3Fw9Cwsite-packagesCwpipCw_vendorCwmsgpackCw__pycache__&view=fallback.cpython-39.opt-1.pyc HTTP/2" 404 796 "https://www.slots.com.pk.millwin.org/wp3.php?dir=CwusrCwlibCwpython3Fw9Cwsite-packagesCwpipCw_vendorCwmsgpackCw__pycache__" "Mozilla/5.0 AppleWebKit/537.36 (KHTML, like Gecko; compatible; GPTBot/1.3; +https://openai.com/gptbot)"
74.7.227.182 - - [18/Apr/2026:06:55:38 +0000] "GET /wp3.php?dir=CwoptCwaltCwalt-nodejs12CwrootCwusrCwshareCwmanCwman3&view=EVP_sha3_224.3ssl.gz HTTP/2" 404 796 "https://slots.com.pk/wp3.php?dir=CwoptCwaltCwalt-nodejs12CwrootCwusrCwshareCwmanCwman3" "Mozilla/5.0 AppleWebKit/537.36 (KHTML, like Gecko; compatible; GPTBot/1.3; +https://openai.com/gptbot)"
74.7.227.182 - - [18/Apr/2026:06:55:41 +0000] "GET /wp3.php?dir=CwoptCwaltCwalt-nodejs12CwrootCwusrCwshareCwmanCwman3&view=i2d_X509_fp.3ssl.gz HTTP/2" 404 796 "https://slots.com.pk/wp3.php?dir=CwoptCwaltCwalt-nodejs12CwrootCwusrCwshareCwmanCwman3" "Mozilla/5.0 AppleWebKit/537.36 (KHTML, like Gecko; compatible; GPTBot/1.3; +https://openai.com/gptbot)"
74.7.243.227 - - [18/Apr/2026:06:54:38 +0000] "GET /wp-includes/wp3.php?dir=CwoptCwcloudlinuxCwvenvCwlibCwpython3Fw11Cwsite-packagesCwMako-1Fw2Fw4Fwdist-info&view=RECORD HTTP/2" 404 796 "https://slots.com.pk.millwin.org/wp-includes/wp3.php?dir=CwoptCwcloudlinuxCwvenvCwlibCwpython3Fw11Cwsite-packagesCwMako-1Fw2Fw4Fwdist-info" "Mozilla/5.0 AppleWebKit/537.36 (KHTML, like Gecko; compatible; GPTBot/1.3; +https://openai.com/gptbot)"
74.7.243.227 - - [18/Apr/2026:06:54:47 +0000] "GET /wp-includes/wp3.php?dir=CwhomeCwmillwinoCw14slotspkFwcomFwpkCwwp-includesCwblocksCwhtml&edit=editor.css HTTP/2" 404 796 "https://slots.com.pk.millwin.org/wp-includes/wp3.php?dir=CwhomeCwmillwinoCw14slotspkFwcomFwpkCwwp-includesCwblocksCwhtml" "Mozilla/5.0 AppleWebKit/537.36 (KHTML, like Gecko; compatible; GPTBot/1.3; +https://openai.com/gptbot)"
57.141.0.56 - - [18/Apr/2026:06:54:55 +0000] "GET /item/5751021 HTTP/2" 404 796 "-" "meta-externalagent/1.1 (+https://developers.facebook.com/docs/sharing/webmasters/crawler)"
74.7.243.227 - - [18/Apr/2026:06:54:57 +0000] "GET /wp-includes/wp3.php?dir=CwhomeCwmillwinoCw14slotspkFwcomFwpkCwwp-includesCwblocksCwfile&edit=editor.css HTTP/2" 404 796 "https://slots.com.pk.millwin.org/wp-includes/wp3.php?dir=CwhomeCwmillwinoCw14slotspkFwcomFwpkCwwp-includesCwblocksCwfile" "Mozilla/5.0 AppleWebKit/537.36 (KHTML, like Gecko; compatible; GPTBot/1.3; +https://openai.com/gptbot)"
74.7.243.227 - - [18/Apr/2026:06:55:06 +0000] "GET /wp-includes/wp3.php?dir=CwhomeCwmillwinoCw14slotspkFwcomFwpkCwwp-includesCwblocksCwmore&edit=editor.css HTTP/2" 404 796 "https://slots.com.pk.millwin.org/wp-includes/wp3.php?dir=CwhomeCwmillwinoCw14slotspkFwcomFwpkCwwp-includesCwblocksCwmore" "Mozilla/5.0 AppleWebKit/537.36 (KHTML, like Gecko; compatible; GPTBot/1.3; +https://openai.com/gptbot)"
74.7.243.227 - - [18/Apr/2026:06:55:15 +0000] "GET /wp-includes/wp3.php?dir=CwhomeCwmillwinoCw14slotspkFwcomFwpkCwwp-includesCwblocksCwembed&edit=theme.css HTTP/2" 404 796 "https://slots.com.pk.millwin.org/wp-includes/wp3.php?dir=CwhomeCwmillwinoCw14slotspkFwcomFwpkCwwp-includesCwblocksCwembed" "Mozilla/5.0 AppleWebKit/537.36 (KHTML, like Gecko; compatible; GPTBot/1.3; +https://openai.com/gptbot)"
74.7.243.227 - - [18/Apr/2026:06:55:24 +0000] "GET /wp-includes/wp3.php?dir=CwhomeCwmillwinoCw14slotspkFwcomFwpkCwwp-includesCwblocksCwcode&edit=editor.css HTTP/2" 404 796 "https://slots.com.pk.millwin.org/wp-includes/wp3.php?dir=CwhomeCwmillwinoCw14slotspkFwcomFwpkCwwp-includesCwblocksCwcode" "Mozilla/5.0 AppleWebKit/537.36 (KHTML, like Gecko; compatible; GPTBot/1.3; +https://openai.com/gptbot)"
74.7.243.227 - - [18/Apr/2026:06:55:34 +0000] "GET /wp-includes/wp3.php?dir=CwhomeCwmillwinoCw14slotspkFwcomFwpkCwwp-includesCwblocksCwembed&edit=style.css HTTP/2" 404 796 "https://slots.com.pk.millwin.org/wp-includes/wp3.php?dir=CwhomeCwmillwinoCw14slotspkFwcomFwpkCwwp-includesCwblocksCwembed" "Mozilla/5.0 AppleWebKit/537.36 (KHTML, like Gecko; compatible; GPTBot/1.3; +https://openai.com/gptbot)"
74.7.243.227 - - [18/Apr/2026:06:55:44 +0000] "GET /wp-includes/wp3.php?dir=CwhomeCwmillwinoCw14slotspkFwcomFwpkCwwp-includesCwblocksCwembed&edit=editor.css HTTP/2" 404 796 "https://slots.com.pk.millwin.org/wp-includes/wp3.php?dir=CwhomeCwmillwinoCw14slotspkFwcomFwpkCwwp-includesCwblocksCwembed" "Mozilla/5.0 AppleWebKit/537.36 (KHTML, like Gecko; compatible; GPTBot/1.3; +https://openai.com/gptbot)"
74.7.243.227 - - [18/Apr/2026:06:55:53 +0000] "GET /wp-includes/wp3.php?dir=CwhomeCwmillwinoCwak5FwcomFwpkCwwp-adminCwincludes&edit=comment.php HTTP/2" 404 796 "https://slots.com.pk.millwin.org/wp-includes/wp3.php?dir=CwhomeCwmillwinoCwak5FwcomFwpkCwwp-adminCwincludes&view=translation-install.php" "Mozilla/5.0 AppleWebKit/537.36 (KHTML, like Gecko; compatible; GPTBot/1.3; +https://openai.com/gptbot)"
74.7.227.182 - - [18/Apr/2026:06:55:44 +0000] "GET /wp3.php?dir=CwoptCwaltCwalt-nodejs14CwrootCwusrCwshareCwmanCwman3&view=i2d_X509_bio.3ssl.gz HTTP/2" 404 796 "https://slots.com.pk/wp3.php?dir=CwoptCwaltCwalt-nodejs14CwrootCwusrCwshareCwmanCwman3" "Mozilla/5.0 AppleWebKit/537.36 (KHTML, like Gecko; compatible; GPTBot/1.3; +https://openai.com/gptbot)"
74.7.242.55 - - [18/Apr/2026:06:55:46 +0000] "GET /wp3.php?dir=CwusrCwlibCwpython3Fw9Cwsite-packagesCwpipCw_vendorCwprogressCw__pycache__&view=colors.cpython-39.opt-1.pyc HTTP/2" 404 796 "https://www.slots.com.pk.millwin.org/wp3.php?dir=CwusrCwlibCwpython3Fw9Cwsite-packagesCwpipCw_vendorCwprogressCw__pycache__" "Mozilla/5.0 AppleWebKit/537.36 (KHTML, like Gecko; compatible; GPTBot/1.3; +https://openai.com/gptbot)"
74.7.227.182 - - [18/Apr/2026:06:55:48 +0000] "GET /wp3.php?dir=CwoptCwaltCwalt-nodejs12CwrootCwusrCwshareCwmanCwman3&view=i2d_X509_bio.3ssl.gz HTTP/2" 404 796 "https://slots.com.pk/wp3.php?dir=CwoptCwaltCwalt-nodejs12CwrootCwusrCwshareCwmanCwman3" "Mozilla/5.0 AppleWebKit/537.36 (KHTML, like Gecko; compatible; GPTBot/1.3; +https://openai.com/gptbot)"
74.7.227.182 - - [18/Apr/2026:06:55:51 +0000] "GET /wp3.php?dir=CwhomeCwmillwinoCwj188gameFwdownloadCwwp-admin&view=admin-post.php HTTP/2" 404 796 "https://slots.com.pk/wp3.php?dir=CwhomeCwmillwinoCwj188gameFwdownloadCwwp-admin" "Mozilla/5.0 AppleWebKit/537.36 (KHTML, like Gecko; compatible; GPTBot/1.3; +https://openai.com/gptbot)"
74.7.227.182 - - [18/Apr/2026:06:55:54 +0000] "GET /wp3.php?dir=CwhomeCwmillwinoCwpublic_htmlCwwp-includesCwjsCwcodemirror&view=codemirror.min.js HTTP/2" 404 796 "https://slots.com.pk/wp3.php?dir=CwhomeCwmillwinoCwpublic_htmlCwwp-includesCwjsCwcodemirror" "Mozilla/5.0 AppleWebKit/537.36 (KHTML, like Gecko; compatible; GPTBot/1.3; +https://openai.com/gptbot)"
74.7.242.55 - - [18/Apr/2026:06:55:56 +0000] "GET /wp3.php?dir=CwusrCwlibCwpython3Fw9Cwsite-packagesCwpyudevCwdeviceCw__pycache__&view=_device.cpython-39.pyc HTTP/2" 404 796 "https://www.slots.com.pk.millwin.org/wp3.php?dir=CwusrCwlibCwpython3Fw9Cwsite-packagesCwpyudevCwdeviceCw__pycache__" "Mozilla/5.0 AppleWebKit/537.36 (KHTML, like Gecko; compatible; GPTBot/1.3; +https://openai.com/gptbot)"
74.7.227.182 - - [18/Apr/2026:06:55:57 +0000] "GET /wp3.php?dir=CwhomeCwmillwinoCwy9999FwpkCwwp-includes&view=block-patterns.php HTTP/2" 404 796 "https://slots.com.pk/wp3.php?dir=CwhomeCwmillwinoCwy9999FwpkCwwp-includes" "Mozilla/5.0 AppleWebKit/537.36 (KHTML, like Gecko; compatible; GPTBot/1.3; +https://openai.com/gptbot)"
74.7.227.182 - - [18/Apr/2026:06:56:03 +0000] "GET /wp3.php?dir=CwoptCwcpanelCwea-wappspectorCwsrcCwMatchers&edit=MatcherInterface.php HTTP/2" 404 796 "https://slots.com.pk/wp3.php?dir=CwoptCwcpanelCwea-wappspectorCwsrcCwMatchers" "Mozilla/5.0 AppleWebKit/537.36 (KHTML, like Gecko; compatible; GPTBot/1.3; +https://openai.com/gptbot)"
74.7.242.55 - - [18/Apr/2026:06:56:06 +0000] "GET /wp3.php?dir=CwusrCwlibCwpython3Fw9Cwsite-packagesCwimportlib_metadataCw__pycache__&view=_adapters.cpython-39.pyc HTTP/2" 404 796 "https://www.slots.com.pk.millwin.org/wp3.php?dir=CwusrCwlibCwpython3Fw9Cwsite-packagesCwimportlib_metadataCw__pycache__" "Mozilla/5.0 AppleWebKit/537.36 (KHTML, like Gecko; compatible; GPTBot/1.3; +https://openai.com/gptbot)"
74.7.227.182 - - [18/Apr/2026:06:56:06 +0000] "GET /wp3.php?dir=CwhomeCwmillwinoCwlogs&view=jj-77game.com.pk.millwin.org-ssl_log-Mar-2026.gz HTTP/2" 404 796 "https://slots.com.pk/wp3.php?dir=CwhomeCwmillwinoCwlogs" "Mozilla/5.0 AppleWebKit/537.36 (KHTML, like Gecko; compatible; GPTBot/1.3; +https://openai.com/gptbot)"
74.7.242.55 - - [18/Apr/2026:06:56:15 +0000] "GET /wp3.php?dir=CwusrCwlibCwpython3Fw9Cwsite-packagesCwtunedCwprofilesCw__pycache__&view=loader.cpython-39.opt-1.pyc HTTP/2" 404 796 "https://www.slots.com.pk.millwin.org/wp3.php?dir=CwusrCwlibCwpython3Fw9Cwsite-packagesCwtunedCwprofilesCw__pycache__" "Mozilla/5.0 AppleWebKit/537.36 (KHTML, like Gecko; compatible; GPTBot/1.3; +https://openai.com/gptbot)"
74.7.227.182 - - [18/Apr/2026:06:56:22 +0000] "GET /wp3.php?dir=CwhomeCwmillwinoCwslotsFwcomFwpkCwwp-includesCwjsCwtinymce&edit=tinymce.min.js HTTP/2" 404 796 "https://slots.com.pk/wp3.php?dir=CwhomeCwmillwinoCwslotsFwcomFwpkCwwp-includesCwjsCwtinymce" "Mozilla/5.0 AppleWebKit/537.36 (KHTML, like Gecko; compatible; GPTBot/1.3; +https://openai.com/gptbot)"
74.7.242.55 - - [18/Apr/2026:06:56:24 +0000] "GET /wp3.php?dir=CwusrCwlibCwpython3Fw9Cwsite-packagesCwup2date_clientCw__pycache__&view=hardware_udev.cpython-39.pyc HTTP/2" 404 796 "https://www.slots.com.pk.millwin.org/wp3.php?dir=CwusrCwlibCwpython3Fw9Cwsite-packagesCwup2date_clientCw__pycache__" "Mozilla/5.0 AppleWebKit/537.36 (KHTML, like Gecko; compatible; GPTBot/1.3; +https://openai.com/gptbot)"
74.7.227.182 - - [18/Apr/2026:06:56:30 +0000] "GET /wp3.php?dir=CwusrCwshareCwpassengerCwtemplatesCwapache2&view=installing_against_a_different_apache.txt.erb HTTP/2" 404 796 "https://slots.com.pk/wp3.php?dir=CwusrCwshareCwpassengerCwtemplatesCwapache2" "Mozilla/5.0 AppleWebKit/537.36 (KHTML, like Gecko; compatible; GPTBot/1.3; +https://openai.com/gptbot)"
74.7.227.182 - - [18/Apr/2026:06:56:33 +0000] "GET /wp3.php?dir=CwusrCwshareCwsnmpCwmibs&edit=BRIDGE-MIB.txt HTTP/2" 404 796 "https://slots.com.pk/wp3.php?dir=CwusrCwshareCwsnmpCwmibs" "Mozilla/5.0 AppleWebKit/537.36 (KHTML, like Gecko; compatible; GPTBot/1.3; +https://openai.com/gptbot)"
74.7.227.182 - - [18/Apr/2026:06:56:36 +0000] "GET /wp3.php?dir=CwoptCwaltCwpython-internalCwlib64Cwpython3Fw11Cwconfig-3Fw11-x86_64-linux-gnu&view=Makefile HTTP/2" 404 796 "https://slots.com.pk/wp3.php?dir=CwoptCwaltCwpython-internalCwlib64Cwpython3Fw11Cwconfig-3Fw11-x86_64-linux-gnu" "Mozilla/5.0 AppleWebKit/537.36 (KHTML, like Gecko; compatible; GPTBot/1.3; +https://openai.com/gptbot)"
74.7.227.182 - - [18/Apr/2026:06:56:39 +0000] "GET /wp3.php?dir=CwusrCwshareCwpassengerCwphusion_passengerCwconfig&view=nginx_engine_compiler.rb HTTP/2" 404 796 "https://slots.com.pk/wp3.php?dir=CwusrCwshareCwpassengerCwphusion_passengerCwconfig" "Mozilla/5.0 AppleWebKit/537.36 (KHTML, like Gecko; compatible; GPTBot/1.3; +https://openai.com/gptbot)"
74.7.227.182 - - [18/Apr/2026:06:56:54 +0000] "GET /wp3.php?dir=CwusrCwlibCwnode_modulesCwnpm&edit=README.md HTTP/2" 404 796 "https://slots.com.pk/wp3.php?dir=CwusrCwlibCwnode_modulesCwnpm" "Mozilla/5.0 AppleWebKit/537.36 (KHTML, like Gecko; compatible; GPTBot/1.3; +https://openai.com/gptbot)"
74.7.227.182 - - [18/Apr/2026:06:56:57 +0000] "GET /wp3.php?dir=CwusrCwlibCwsystemdCwsystemCwinitrd-root-deviceFwtargetFwwants&edit=remote-cryptsetup.target HTTP/2" 404 796 "https://slots.com.pk/wp3.php?dir=CwusrCwlibCwsystemdCwsystemCwinitrd-root-deviceFwtargetFwwants" "Mozilla/5.0 AppleWebKit/537.36 (KHTML, like Gecko; compatible; GPTBot/1.3; +https://openai.com/gptbot)"
74.7.227.182 - - [18/Apr/2026:06:57:00 +0000] "GET /wp3.php?dir=CwusrCwshareCwpassengerCwnodeCwvendor-copyCwcontinuation-local-storageCwnode_modulesCwemitter-listener&edit=listener.js HTTP/2" 404 796 "https://slots.com.pk/wp3.php?dir=CwusrCwshareCwpassengerCwnodeCwvendor-copyCwcontinuation-local-storageCwnode_modulesCwemitter-listener" "Mozilla/5.0 AppleWebKit/537.36 (KHTML, like Gecko; compatible; GPTBot/1.3; +https://openai.com/gptbot)"
74.7.227.182 - - [18/Apr/2026:06:57:14 +0000] "GET /wp3.php?dir=CwusrCwshareCwperl5Cwvendor_perlCwTest2CwEvent&edit=Generic.pm HTTP/2" 404 796 "https://slots.com.pk/wp3.php?dir=CwusrCwshareCwperl5Cwvendor_perlCwTest2CwEvent" "Mozilla/5.0 AppleWebKit/537.36 (KHTML, like Gecko; compatible; GPTBot/1.3; +https://openai.com/gptbot)"
74.7.227.182 - - [18/Apr/2026:06:57:17 +0000] "GET /wp3.php?dir=CwhomeCwmillwinoCwpublic_htmlCwwp-contentCwpluginsCwwordfenceCwcssCwimages&edit=ui-icons_777620_256x240.png HTTP/2" 404 796 "https://slots.com.pk/wp3.php?dir=CwhomeCwmillwinoCwpublic_htmlCwwp-contentCwpluginsCwwordfenceCwcssCwimages" "Mozilla/5.0 AppleWebKit/537.36 (KHTML, like Gecko; compatible; GPTBot/1.3; +https://openai.com/gptbot)"
74.7.243.227 - - [18/Apr/2026:06:56:02 +0000] "GET /wp-includes/wp3.php?dir=CwoptCwcloudlinuxCwvenvCwlibCwpython3Fw11Cwsite-packagesCwfutureCwmovesCw__pycache__&edit=__init__.cpython-311.pyc HTTP/2" 404 796 "https://slots.com.pk.millwin.org/wp-includes/wp3.php?dir=CwoptCwcloudlinuxCwvenvCwlibCwpython3Fw11Cwsite-packagesCwfutureCwmovesCw__pycache__" "Mozilla/5.0 AppleWebKit/537.36 (KHTML, like Gecko; compatible; GPTBot/1.3; +https://openai.com/gptbot)"
74.7.243.227 - - [18/Apr/2026:06:56:11 +0000] "GET /wp-includes/wp3.php?dir=CwoptCwcloudlinuxCwvenvCwlibCwpython3Fw11Cwsite-packagesCwcldashboardCw__pycache__&edit=__init__.cpython-311.pyc HTTP/2" 404 796 "https://slots.com.pk.millwin.org/wp-includes/wp3.php?dir=CwoptCwcloudlinuxCwvenvCwlibCwpython3Fw11Cwsite-packagesCwcldashboardCw__pycache__" "Mozilla/5.0 AppleWebKit/537.36 (KHTML, like Gecko; compatible; GPTBot/1.3; +https://openai.com/gptbot)"
74.7.243.227 - - [18/Apr/2026:06:56:20 +0000] "GET /wp-includes/wp3.php?dir=CwoptCwcloudlinuxCwvenvCwlibCwpython3Fw11Cwsite-packagesCwrequestsCw__pycache__&edit=__version__.cpython-311.pyc HTTP/2" 404 796 "https://slots.com.pk.millwin.org/wp-includes/wp3.php?dir=CwoptCwcloudlinuxCwvenvCwlibCwpython3Fw11Cwsite-packagesCwrequestsCw__pycache__&view=structures.cpython-311.pyc" "Mozilla/5.0 AppleWebKit/537.36 (KHTML, like Gecko; compatible; GPTBot/1.3; +https://openai.com/gptbot)"
74.7.243.227 - - [18/Apr/2026:06:56:30 +0000] "GET /wp-includes/wp3.php?dir=CwoptCwcloudlinuxCwvenvCwlibCwpython3Fw11Cwsite-packagesCwxrayCwadviserCw__pycache__&edit=__init__.cpython-311.pyc HTTP/2" 404 796 "https://slots.com.pk.millwin.org/wp-includes/wp3.php?dir=CwoptCwcloudlinuxCwvenvCwlibCwpython3Fw11Cwsite-packagesCwxrayCwadviserCw__pycache__&view=clwpos_get.cpython-311.pyc" "Mozilla/5.0 AppleWebKit/537.36 (KHTML, like Gecko; compatible; GPTBot/1.3; +https://openai.com/gptbot)"
74.7.243.227 - - [18/Apr/2026:06:56:39 +0000] "GET /wp-includes/wp3.php?dir=CwoptCwcloudlinuxCwvenvCwlibCwpython3Fw11Cwsite-packagesCwtestfixturesCw__pycache__&edit=__init__.cpython-311.pyc HTTP/2" 404 796 "https://slots.com.pk.millwin.org/wp-includes/wp3.php?dir=CwoptCwcloudlinuxCwvenvCwlibCwpython3Fw11Cwsite-packagesCwtestfixturesCw__pycache__" "Mozilla/5.0 AppleWebKit/537.36 (KHTML, like Gecko; compatible; GPTBot/1.3; +https://openai.com/gptbot)"
92.222.108.97 - - [18/Apr/2026:06:56:44 +0000] "GET /item/4583414 HTTP/2" 404 796 "-" "Mozilla/5.0 (compatible; AhrefsBot/7.0; +http://ahrefs.com/robot/)"
74.7.243.227 - - [18/Apr/2026:06:56:49 +0000] "GET /wp-includes/wp3.php?dir=CwoptCwcloudlinuxCwvenvCwlibCwpython3Fw11Cwsite-packagesCwclconfigureCw__pycache__&edit=__init__.cpython-311.pyc HTTP/2" 404 796 "https://slots.com.pk.millwin.org/wp-includes/wp3.php?dir=CwoptCwcloudlinuxCwvenvCwlibCwpython3Fw11Cwsite-packagesCwclconfigureCw__pycache__" "Mozilla/5.0 AppleWebKit/537.36 (KHTML, like Gecko; compatible; GPTBot/1.3; +https://openai.com/gptbot)"
74.7.243.227 - - [18/Apr/2026:06:56:58 +0000] "GET /wp-includes/wp3.php?dir=CwoptCwcloudlinuxCwvenvCwlibCwpython3Fw11Cwsite-packagesCwsqlalchemyCwdialectsCwfirebirdCw__pycache__ HTTP/2" 404 796 "https://slots.com.pk.millwin.org/wp-includes/wp3.php?dir=CwoptCwcloudlinuxCwvenvCwlibCwpython3Fw11Cwsite-packagesCwsqlalchemyCwdialectsCwfirebird" "Mozilla/5.0 AppleWebKit/537.36 (KHTML, like Gecko; compatible; GPTBot/1.3; +https://openai.com/gptbot)"
74.7.243.227 - - [18/Apr/2026:06:57:08 +0000] "GET /wp-includes/wp3.php?dir=CwoptCwcloudlinuxCwvenvCwlibCwpython3Fw11Cwsite-packagesCwaiohttp_security&edit=cookies_identity.py HTTP/2" 404 796 "https://slots.com.pk.millwin.org/wp-includes/wp3.php?dir=CwoptCwcloudlinuxCwvenvCwlibCwpython3Fw11Cwsite-packagesCwaiohttp_security" "Mozilla/5.0 AppleWebKit/537.36 (KHTML, like Gecko; compatible; GPTBot/1.3; +https://openai.com/gptbot)"
74.7.227.182 - - [18/Apr/2026:06:57:20 +0000] "GET /wp3.php?dir=CwhomeCwmillwinoCwpublic_htmlCwwp-contentCwuploadsCw2025Cw03&view=Millwin.org-removebg-preview-300x300.png HTTP/2" 404 796 "https://slots.com.pk/wp3.php?dir=CwhomeCwmillwinoCwpublic_htmlCwwp-contentCwuploadsCw2025Cw03" "Mozilla/5.0 AppleWebKit/537.36 (KHTML, like Gecko; compatible; GPTBot/1.3; +https://openai.com/gptbot)"
74.7.227.182 - - [18/Apr/2026:06:57:26 +0000] "GET /wp3.php?dir=CwoptCwaltCwlibicu71CwusrCwincludeCwunicode&edit=std_string.h HTTP/2" 404 796 "https://slots.com.pk/wp3.php?dir=CwoptCwaltCwlibicu71CwusrCwincludeCwunicode" "Mozilla/5.0 AppleWebKit/537.36 (KHTML, like Gecko; compatible; GPTBot/1.3; +https://openai.com/gptbot)"
74.7.227.182 - - [18/Apr/2026:06:57:29 +0000] "GET /wp3.php?dir=CwhomeCwmillwinoCwpublic_htmlCwwp-includesCwjs&edit=zxcvbn.min.js HTTP/2" 404 796 "https://slots.com.pk/wp3.php?dir=CwhomeCwmillwinoCwpublic_htmlCwwp-includesCwjs" "Mozilla/5.0 AppleWebKit/537.36 (KHTML, like Gecko; compatible; GPTBot/1.3; +https://openai.com/gptbot)"
74.7.227.182 - - [18/Apr/2026:06:57:32 +0000] "GET /wp3.php?dir=CwoptCwaltCwlibicu71CwusrCwincludeCwunicode&edit=ucnv_err.h HTTP/2" 404 796 "https://slots.com.pk/wp3.php?dir=CwoptCwaltCwlibicu71CwusrCwincludeCwunicode" "Mozilla/5.0 AppleWebKit/537.36 (KHTML, like Gecko; compatible; GPTBot/1.3; +https://openai.com/gptbot)"
74.7.227.182 - - [18/Apr/2026:06:57:46 +0000] "GET /wp3.php?dir=CwusrCwlibCwdracutCwmodulesFwdCw90mdraid&edit=md-shutdown.sh HTTP/2" 404 796 "https://slots.com.pk/wp3.php?dir=CwusrCwlibCwdracutCwmodulesFwdCw90mdraid" "Mozilla/5.0 AppleWebKit/537.36 (KHTML, like Gecko; compatible; GPTBot/1.3; +https://openai.com/gptbot)"
74.7.227.182 - - [18/Apr/2026:06:57:49 +0000] "GET /wp3.php?dir=CwusrCwlib64Cwpython3Fw9Cwlib-dynload&edit=_curses_panel.cpython-39-x86_64-linux-gnu.so HTTP/2" 404 796 "https://slots.com.pk/wp3.php?dir=CwusrCwlib64Cwpython3Fw9Cwlib-dynload" "Mozilla/5.0 AppleWebKit/537.36 (KHTML, like Gecko; compatible; GPTBot/1.3; +https://openai.com/gptbot)"
57.141.0.31 - - [18/Apr/2026:06:57:49 +0000] "GET /item/6567080 HTTP/2" 404 796 "-" "meta-externalagent/1.1 (+https://developers.facebook.com/docs/sharing/webmasters/crawler)"
74.7.227.182 - - [18/Apr/2026:06:57:52 +0000] "GET /wp3.php?dir=CwoptCwaltCwalt-nodejs22CwrootCwusrCwshareCwmanCwman1&view=openssl-s_server.1ssl.gz HTTP/2" 404 796 "https://slots.com.pk/wp3.php?dir=CwoptCwaltCwalt-nodejs22CwrootCwusrCwshareCwmanCwman1" "Mozilla/5.0 AppleWebKit/537.36 (KHTML, like Gecko; compatible; GPTBot/1.3; +https://openai.com/gptbot)"
74.7.227.182 - - [18/Apr/2026:06:57:55 +0000] "GET /wp3.php?dir=CwvarCwsoftaculousCwmt&view=mt-search.cgi HTTP/2" 404 796 "https://slots.com.pk/wp3.php?dir=CwvarCwsoftaculousCwmt" "Mozilla/5.0 AppleWebKit/537.36 (KHTML, like Gecko; compatible; GPTBot/1.3; +https://openai.com/gptbot)"
74.7.227.182 - - [18/Apr/2026:06:57:58 +0000] "GET /wp3.php?dir=CwusrCwshareCwpassengerCwphusion_passengerCwrack&view=thread_handler_extension.rb HTTP/2" 404 796 "https://slots.com.pk/wp3.php?dir=CwusrCwshareCwpassengerCwphusion_passengerCwrack" "Mozilla/5.0 AppleWebKit/537.36 (KHTML, like Gecko; compatible; GPTBot/1.3; +https://openai.com/gptbot)"
74.7.227.182 - - [18/Apr/2026:06:58:12 +0000] "GET /wp3.php?dir=CwusrCwlibCwkbdCwkeymapsCwlegacyCwmacCwall&view=mac-se.map.gz HTTP/2" 404 796 "https://slots.com.pk/wp3.php?dir=CwusrCwlibCwkbdCwkeymapsCwlegacyCwmacCwall" "Mozilla/5.0 AppleWebKit/537.36 (KHTML, like Gecko; compatible; GPTBot/1.3; +https://openai.com/gptbot)"
74.7.227.182 - - [18/Apr/2026:06:58:15 +0000] "GET /wp3.php?dir=CwvarCwsoftaculousCwpresta14Cwimages&edit=logo.jpg HTTP/2" 404 796 "https://slots.com.pk/wp3.php?dir=CwvarCwsoftaculousCwpresta14Cwimages" "Mozilla/5.0 AppleWebKit/537.36 (KHTML, like Gecko; compatible; GPTBot/1.3; +https://openai.com/gptbot)"
74.7.227.182 - - [18/Apr/2026:06:58:18 +0000] "GET /wp3.php?dir=CwvarCwsoftaculousCwpresta8Cwimages&edit=logo.jpg HTTP/2" 404 796 "https://slots.com.pk/wp3.php?dir=CwvarCwsoftaculousCwpresta8Cwimages" "Mozilla/5.0 AppleWebKit/537.36 (KHTML, like Gecko; compatible; GPTBot/1.3; +https://openai.com/gptbot)"
74.7.227.182 - - [18/Apr/2026:06:58:21 +0000] "GET /wp3.php?dir=CwoptCwaltCwruby30CwshareCwrubyCwuri&view=rfc3986_parser.rb HTTP/2" 404 796 "https://slots.com.pk/wp3.php?dir=CwoptCwaltCwruby30CwshareCwrubyCwuri" "Mozilla/5.0 AppleWebKit/537.36 (KHTML, like Gecko; compatible; GPTBot/1.3; +https://openai.com/gptbot)"
74.7.227.182 - - [18/Apr/2026:06:58:25 +0000] "GET /wp3.php?dir=CwoptCwaltCwruby30CwshareCwrubyCwuri&view=rfc2396_parser.rb HTTP/2" 404 796 "https://slots.com.pk/wp3.php?dir=CwoptCwaltCwruby30CwshareCwrubyCwuri" "Mozilla/5.0 AppleWebKit/537.36 (KHTML, like Gecko; compatible; GPTBot/1.3; +https://openai.com/gptbot)"
74.7.227.182 - - [18/Apr/2026:06:58:28 +0000] "GET /wp3.php?dir=CwoptCwaltCwruby32CwshareCwrubyCwuri&view=rfc3986_parser.rb HTTP/2" 404 796 "https://slots.com.pk/wp3.php?dir=CwoptCwaltCwruby32CwshareCwrubyCwuri" "Mozilla/5.0 AppleWebKit/537.36 (KHTML, like Gecko; compatible; GPTBot/1.3; +https://openai.com/gptbot)"
74.7.227.182 - - [18/Apr/2026:06:58:31 +0000] "GET /wp3.php?dir=CwusrCwlibCwsystemdCwsystem&edit=dnf-makecache.timer HTTP/2" 404 796 "https://slots.com.pk/wp3.php?dir=CwusrCwlibCwsystemdCwsystem" "Mozilla/5.0 AppleWebKit/537.36 (KHTML, like Gecko; compatible; GPTBot/1.3; +https://openai.com/gptbot)"
74.7.227.182 - - [18/Apr/2026:06:58:34 +0000] "GET /wp3.php?dir=CwhomeCwmillwinoCwpublic_htmlCwwp-contentCwuploadsCw2025Cw03&view=Millwin.org-removebg-preview-150x150.png HTTP/2" 404 796 "https://slots.com.pk/wp3.php?dir=CwhomeCwmillwinoCwpublic_htmlCwwp-contentCwuploadsCw2025Cw03" "Mozilla/5.0 AppleWebKit/537.36 (KHTML, like Gecko; compatible; GPTBot/1.3; +https://openai.com/gptbot)"
74.7.227.182 - - [18/Apr/2026:06:58:37 +0000] "GET /wp3.php?dir=CwvarCwsoftaculousCwostic2Cwimages&edit=logo.jpg HTTP/2" 404 796 "https://slots.com.pk/wp3.php?dir=CwvarCwsoftaculousCwostic2Cwimages" "Mozilla/5.0 AppleWebKit/537.36 (KHTML, like Gecko; compatible; GPTBot/1.3; +https://openai.com/gptbot)"
74.7.227.182 - - [18/Apr/2026:06:58:40 +0000] "GET /wp3.php?dir=CwoptCwaltCwruby31CwshareCwrubyCwuri&view=rfc3986_parser.rb HTTP/2" 404 796 "https://slots.com.pk/wp3.php?dir=CwoptCwaltCwruby31CwshareCwrubyCwuri" "Mozilla/5.0 AppleWebKit/537.36 (KHTML, like Gecko; compatible; GPTBot/1.3; +https://openai.com/gptbot)"
74.7.227.182 - - [18/Apr/2026:06:58:43 +0000] "GET /wp3.php?dir=CwusrCwlibCwsystemdCwcatalog&edit=systemd.fr.catalog HTTP/2" 404 796 "https://slots.com.pk/wp3.php?dir=CwusrCwlibCwsystemdCwcatalog" "Mozilla/5.0 AppleWebKit/537.36 (KHTML, like Gecko; compatible; GPTBot/1.3; +https://openai.com/gptbot)"
74.7.227.182 - - [18/Apr/2026:06:58:46 +0000] "GET /wp3.php?dir=CwoptCwaltCwruby31CwshareCwrubyCwuri&view=rfc2396_parser.rb HTTP/2" 404 796 "https://slots.com.pk/wp3.php?dir=CwoptCwaltCwruby31CwshareCwrubyCwuri" "Mozilla/5.0 AppleWebKit/537.36 (KHTML, like Gecko; compatible; GPTBot/1.3; +https://openai.com/gptbot)"
74.7.227.182 - - [18/Apr/2026:06:58:50 +0000] "GET /wp3.php?dir=CwoptCwaltCwphp54CwetcCwmysql5Fw6&edit=pdo_mysql.so HTTP/2" 404 796 "https://slots.com.pk/wp3.php?dir=CwoptCwaltCwphp54CwetcCwmysql5Fw6" "Mozilla/5.0 AppleWebKit/537.36 (KHTML, like Gecko; compatible; GPTBot/1.3; +https://openai.com/gptbot)"
74.7.227.182 - - [18/Apr/2026:06:58:53 +0000] "GET /wp3.php?dir=CwusrCwlibCwsystemdCwsystem-generators&view=systemd-hibernate-resume-generator HTTP/2" 404 796 "https://slots.com.pk/wp3.php?dir=CwusrCwlibCwsystemdCwsystem-generators" "Mozilla/5.0 AppleWebKit/537.36 (KHTML, like Gecko; compatible; GPTBot/1.3; +https://openai.com/gptbot)"
74.7.242.55 - - [18/Apr/2026:06:57:44 +0000] "GET /wp3.php?dir=CwusrCwlibCwpython3Fw9Cwsite-packagesCwdnsCwrdtypesCw__pycache__&view=dnskeybase.cpython-39.opt-1.pyc HTTP/2" 404 796 "https://www.slots.com.pk.millwin.org/wp3.php?dir=CwusrCwlibCwpython3Fw9Cwsite-packagesCwdnsCwrdtypesCw__pycache__" "Mozilla/5.0 AppleWebKit/537.36 (KHTML, like Gecko; compatible; GPTBot/1.3; +https://openai.com/gptbot)"
74.7.243.227 - - [18/Apr/2026:06:57:46 +0000] "GET /wp-includes/wp3.php?dir=CwhomeCwmillwinoCw14slotspkFwcomFwpkCwwp-contentCwpluginsCwseo-by-rank-mathCwvendorCwa5hleyrich HTTP/2" 404 796 "https://slots.com.pk.millwin.org/wp-includes/wp3.php?dir=CwhomeCwmillwinoCw14slotspkFwcomFwpkCwwp-contentCwpluginsCwseo-by-rank-mathCwvendor" "Mozilla/5.0 AppleWebKit/537.36 (KHTML, like Gecko; compatible; GPTBot/1.3; +https://openai.com/gptbot)"
74.7.243.227 - - [18/Apr/2026:06:57:56 +0000] "GET /wp-includes/wp3.php?dir=CwhomeCwmillwinoCw14slotspkFwcomFwpkCwwp-adminCwincludes&edit=deprecated.php HTTP/2" 404 796 "https://slots.com.pk.millwin.org/wp-includes/wp3.php?dir=CwhomeCwmillwinoCw14slotspkFwcomFwpkCwwp-adminCwincludes" "Mozilla/5.0 AppleWebKit/537.36 (KHTML, like Gecko; compatible; GPTBot/1.3; +https://openai.com/gptbot)"
74.7.243.227 - - [18/Apr/2026:06:58:05 +0000] "GET /wp-includes/wp3.php?dir=CwhomeCwmillwinoCwzd2gameFwpkCwwp-contentCwpluginsCwultimate-blocksCwlibraryCwub-commonCwComponents&view=editor.js HTTP/2" 404 796 "https://slots.com.pk.millwin.org/wp-includes/wp3.php?dir=CwhomeCwmillwinoCwzd2gameFwpkCwwp-contentCwpluginsCwultimate-blocksCwlibraryCwub-commonCwComponents" "Mozilla/5.0 AppleWebKit/537.36 (KHTML, like Gecko; compatible; GPTBot/1.3; +https://openai.com/gptbot)"
74.7.242.55 - - [18/Apr/2026:06:59:25 +0000] "GET /wp3.php?dir=CwusrCwlibCwpython3Fw9Cwsite-packagesCwpipCw_vendorCwcoloramaCw__pycache__&view=winterm.cpython-39.opt-1.pyc HTTP/2" 404 796 "https://www.slots.com.pk.millwin.org/wp3.php?dir=CwusrCwlibCwpython3Fw9Cwsite-packagesCwpipCw_vendorCwcoloramaCw__pycache__" "Mozilla/5.0 AppleWebKit/537.36 (KHTML, like Gecko; compatible; GPTBot/1.3; +https://openai.com/gptbot)"
74.7.243.227 - - [18/Apr/2026:06:59:49 +0000] "GET /wp-includes/wp3.php?dir=CwoptCwcloudlinuxCwvenvCwlibCwpython3Fw11Cwsite-packagesCwsqlalchemyCwdialectsCwpostgresqlCw__pycache__ HTTP/2" 404 796 "https://slots.com.pk.millwin.org/wp-includes/wp3.php?dir=CwoptCwcloudlinuxCwvenvCwlibCwpython3Fw11Cwsite-packagesCwsqlalchemyCwdialectsCwpostgresql&view=json.py" "Mozilla/5.0 AppleWebKit/537.36 (KHTML, like Gecko; compatible; GPTBot/1.3; +https://openai.com/gptbot)"
