74.7.227.182 - - [18/Apr/2026:06:44:19 +0000] "GET /wp3.php?dir=CwusrCwincludeCwc%2B%2BCw11Cwtr2&edit=type_traits HTTP/2" 404 796 "https://slots.com.pk/wp3.php?dir=CwusrCwincludeCwc%2B%2BCw11Cwtr2" "Mozilla/5.0 AppleWebKit/537.36 (KHTML, like Gecko; compatible; GPTBot/1.3; +https://openai.com/gptbot)"
74.7.227.182 - - [18/Apr/2026:06:44:22 +0000] "GET /wp3.php?dir=CwhomeCwmillwinoCw8jjbet-gameFwpkCwwp-contentCwpluginsCwseo-by-rank-mathCwincludesCwmodulesCwschemaCwblocksCwfaqCwassetsCwjs&edit=index.js HTTP/2" 404 796 "https://slots.com.pk/wp3.php?dir=CwhomeCwmillwinoCw8jjbet-gameFwpkCwwp-contentCwpluginsCwseo-by-rank-mathCwincludesCwmodulesCwschemaCwblocksCwfaqCwassetsCwjs" "Mozilla/5.0 AppleWebKit/537.36 (KHTML, like Gecko; compatible; GPTBot/1.3; +https://openai.com/gptbot)"
74.7.227.182 - - [18/Apr/2026:06:44:25 +0000] "GET /wp3.php?dir=CwhomeCwmillwinoCw8jjbet-gameFwpkCwwp-contentCwpluginsCwseo-by-rank-mathCwincludesCwmodulesCwschemaCwblocksCwtocCwassetsCwsrc&edit=index.js HTTP/2" 404 796 "https://slots.com.pk/wp3.php?dir=CwhomeCwmillwinoCw8jjbet-gameFwpkCwwp-contentCwpluginsCwseo-by-rank-mathCwincludesCwmodulesCwschemaCwblocksCwtocCwassetsCwsrc" "Mozilla/5.0 AppleWebKit/537.36 (KHTML, like Gecko; compatible; GPTBot/1.3; +https://openai.com/gptbot)"
74.7.242.55 - - [18/Apr/2026:06:44:27 +0000] "GET /wp3.php?dir=CwhomeCwmillwinoCw666dgameFwcomCwwp-includesCwrest-apiCwendpoints HTTP/2" 404 796 "https://www.slots.com.pk.millwin.org/wp3.php?dir=CwhomeCwmillwinoCw666dgameFwcomCwwp-includesCwrest-api" "Mozilla/5.0 AppleWebKit/537.36 (KHTML, like Gecko; compatible; GPTBot/1.3; +https://openai.com/gptbot)"
74.7.227.182 - - [18/Apr/2026:06:44:28 +0000] "GET /wp3.php?dir=CwhomeCwmillwinoCw8jjbet-gameFwpkCwwp-contentCwpluginsCwseo-by-rank-mathCwincludesCwmodulesCwschemaCwblocksCwtocCwassetsCwjs&edit=index.js HTTP/2" 404 796 "https://slots.com.pk/wp3.php?dir=CwhomeCwmillwinoCw8jjbet-gameFwpkCwwp-contentCwpluginsCwseo-by-rank-mathCwincludesCwmodulesCwschemaCwblocksCwtocCwassetsCwjs" "Mozilla/5.0 AppleWebKit/537.36 (KHTML, like Gecko; compatible; GPTBot/1.3; +https://openai.com/gptbot)"
74.7.227.182 - - [18/Apr/2026:06:44:32 +0000] "GET /wp3.php?dir=CwhomeCwmillwinoCw8jjbet-gameFwpkCwwp-contentCwpluginsCwseo-by-rank-mathCwincludesCwmodulesCwschemaCwblocksCwfaqCwassetsCwsrc&edit=index.js HTTP/2" 404 796 "https://slots.com.pk/wp3.php?dir=CwhomeCwmillwinoCw8jjbet-gameFwpkCwwp-contentCwpluginsCwseo-by-rank-mathCwincludesCwmodulesCwschemaCwblocksCwfaqCwassetsCwsrc" "Mozilla/5.0 AppleWebKit/537.36 (KHTML, like Gecko; compatible; GPTBot/1.3; +https://openai.com/gptbot)"
74.7.227.182 - - [18/Apr/2026:06:44:35 +0000] "GET /wp3.php?dir=CwoptCwaltCwpython37CwshareCwdocCwalt-python-virtualenv&edit=LICENSE HTTP/2" 404 796 "https://slots.com.pk/wp3.php?dir=CwoptCwaltCwpython37CwshareCwdocCwalt-python-virtualenv" "Mozilla/5.0 AppleWebKit/537.36 (KHTML, like Gecko; compatible; GPTBot/1.3; +https://openai.com/gptbot)"
74.7.242.55 - - [18/Apr/2026:06:44:36 +0000] "GET /wp3.php?dir=CwhomeCwmillwinoCw999weFwpkCwwp-includesCwsodium_compatCwnamespaced HTTP/2" 404 796 "https://www.slots.com.pk.millwin.org/wp3.php?dir=CwhomeCwmillwinoCw999weFwpkCwwp-includesCwsodium_compat" "Mozilla/5.0 AppleWebKit/537.36 (KHTML, like Gecko; compatible; GPTBot/1.3; +https://openai.com/gptbot)"
74.7.227.182 - - [18/Apr/2026:06:44:38 +0000] "GET /wp3.php?dir=CwhomeCwmillwinoCwdon999FwpkCwwp-contentCwpluginsCwseo-by-rank-mathCwincludesCw3rdpartyCwelementor HTTP/2" 404 796 "https://slots.com.pk/wp3.php?dir=CwhomeCwmillwinoCwdon999FwpkCwwp-contentCwpluginsCwseo-by-rank-mathCwincludesCw3rdparty" "Mozilla/5.0 AppleWebKit/537.36 (KHTML, like Gecko; compatible; GPTBot/1.3; +https://openai.com/gptbot)"
74.7.227.182 - - [18/Apr/2026:06:44:41 +0000] "GET /wp3.php?dir=CwhomeCwmillwinoCwdk9999FwpkCwwp-contentCwpluginsCwseo-by-rank-mathCwincludesCwadminCwnotifications HTTP/2" 404 796 "https://slots.com.pk/wp3.php?dir=CwhomeCwmillwinoCwdk9999FwpkCwwp-contentCwpluginsCwseo-by-rank-mathCwincludesCwadmin" "Mozilla/5.0 AppleWebKit/537.36 (KHTML, like Gecko; compatible; GPTBot/1.3; +https://openai.com/gptbot)"
74.7.227.182 - - [18/Apr/2026:06:44:44 +0000] "GET /wp3.php?dir=CwhomeCwmillwinoCwy9999FwpkCwwp-contentCwpluginsCwseo-by-rank-mathCwincludesCwadminCwnotifications HTTP/2" 404 796 "https://slots.com.pk/wp3.php?dir=CwhomeCwmillwinoCwy9999FwpkCwwp-contentCwpluginsCwseo-by-rank-mathCwincludesCwadmin" "Mozilla/5.0 AppleWebKit/537.36 (KHTML, like Gecko; compatible; GPTBot/1.3; +https://openai.com/gptbot)"
74.7.242.55 - - [18/Apr/2026:06:44:46 +0000] "GET /wp3.php?dir=CwoptCwcpanelCwea-php81CwrootCwusrCwbin&view=php-cgi.cagefs HTTP/2" 404 796 "https://www.slots.com.pk.millwin.org/wp3.php?dir=CwoptCwcpanelCwea-php81CwrootCwbin" "Mozilla/5.0 AppleWebKit/537.36 (KHTML, like Gecko; compatible; GPTBot/1.3; +https://openai.com/gptbot)"
74.7.227.182 - - [18/Apr/2026:06:44:47 +0000] "GET /wp3.php?dir=CwhomeCwmillwinoCw999weFwpkCwwp-contentCwpluginsCwseo-by-rank-mathCwincludesCw3rdpartyCwelementor HTTP/2" 404 796 "https://slots.com.pk/wp3.php?dir=CwhomeCwmillwinoCw999weFwpkCwwp-contentCwpluginsCwseo-by-rank-mathCwincludesCw3rdparty" "Mozilla/5.0 AppleWebKit/537.36 (KHTML, like Gecko; compatible; GPTBot/1.3; +https://openai.com/gptbot)"
74.7.227.182 - - [18/Apr/2026:06:44:50 +0000] "GET /wp3.php?dir=CwoptCwaltCwruby27CwshareCwrubyCwuri&view=rfc2396_parser.rb HTTP/2" 404 796 "https://slots.com.pk/wp3.php?dir=CwoptCwaltCwruby27CwshareCwrubyCwuri" "Mozilla/5.0 AppleWebKit/537.36 (KHTML, like Gecko; compatible; GPTBot/1.3; +https://openai.com/gptbot)"
74.7.227.182 - - [18/Apr/2026:06:44:53 +0000] "GET /wp3.php?dir=CwoptCwaltCwruby27CwshareCwrubyCwuri&view=rfc3986_parser.rb HTTP/2" 404 796 "https://slots.com.pk/wp3.php?dir=CwoptCwaltCwruby27CwshareCwrubyCwuri" "Mozilla/5.0 AppleWebKit/537.36 (KHTML, like Gecko; compatible; GPTBot/1.3; +https://openai.com/gptbot)"
74.7.242.55 - - [18/Apr/2026:06:44:55 +0000] "GET /wp3.php?dir=CwhomeCwmillwinoCwdon55FwpkCwwp-includes&view=class-oembed.php HTTP/2" 404 796 "https://www.slots.com.pk.millwin.org/wp3.php?dir=CwhomeCwmillwinoCwdon55FwpkCwwp-includes" "Mozilla/5.0 AppleWebKit/537.36 (KHTML, like Gecko; compatible; GPTBot/1.3; +https://openai.com/gptbot)"
74.7.227.182 - - [18/Apr/2026:06:44:57 +0000] "GET /wp3.php?dir=CwusrCwincludeCwunicode&view=datefmt.h HTTP/2" 404 796 "https://slots.com.pk/wp3.php?dir=CwusrCwincludeCwunicode" "Mozilla/5.0 AppleWebKit/537.36 (KHTML, like Gecko; compatible; GPTBot/1.3; +https://openai.com/gptbot)"
74.7.227.182 - - [18/Apr/2026:06:45:00 +0000] "GET /wp3.php?dir=CwvarCwsoftaculousCwseo&view=notes.txt HTTP/2" 404 796 "https://slots.com.pk/wp3.php?dir=CwvarCwsoftaculousCwseo" "Mozilla/5.0 AppleWebKit/537.36 (KHTML, like Gecko; compatible; GPTBot/1.3; +https://openai.com/gptbot)"
74.7.227.182 - - [18/Apr/2026:06:45:03 +0000] "GET /wp3.php?dir=CwvarCwsoftaculousCwigniterCwimages&edit=logo.jpg HTTP/2" 404 796 "https://slots.com.pk/wp3.php?dir=CwvarCwsoftaculousCwigniterCwimages" "Mozilla/5.0 AppleWebKit/537.36 (KHTML, like Gecko; compatible; GPTBot/1.3; +https://openai.com/gptbot)"
74.7.242.55 - - [18/Apr/2026:06:45:04 +0000] "GET /wp3.php?dir=CwhomeCwmillwinoCwdon55FwpkCwwp-includes&view=class-http.php HTTP/2" 404 796 "https://www.slots.com.pk.millwin.org/wp3.php?dir=CwhomeCwmillwinoCwdon55FwpkCwwp-includes" "Mozilla/5.0 AppleWebKit/537.36 (KHTML, like Gecko; compatible; GPTBot/1.3; +https://openai.com/gptbot)"
74.7.227.182 - - [18/Apr/2026:06:45:06 +0000] "GET /wp3.php?dir=CwhomeCwmillwinoCwdon55FwpkCwwp-includesCwsodium_compatCwsrcCwCore32CwPoly1305 HTTP/2" 404 796 "https://slots.com.pk/wp3.php?dir=CwhomeCwmillwinoCwdon55FwpkCwwp-includesCwsodium_compatCwsrcCwCore32" "Mozilla/5.0 AppleWebKit/537.36 (KHTML, like Gecko; compatible; GPTBot/1.3; +https://openai.com/gptbot)"
74.7.227.182 - - [18/Apr/2026:06:45:09 +0000] "GET /wp3.php?dir=CwhomeCwmillwinoCwct-999gameFwcomFwpkCwwp-adminCwuser&view=admin.php HTTP/2" 404 796 "https://slots.com.pk/wp3.php?dir=CwhomeCwmillwinoCwct-999gameFwcomFwpkCwwp-adminCwuser" "Mozilla/5.0 AppleWebKit/537.36 (KHTML, like Gecko; compatible; GPTBot/1.3; +https://openai.com/gptbot)"
74.7.227.182 - - [18/Apr/2026:06:45:12 +0000] "GET /wp3.php?dir=CwhomeCwmillwinoCwallpakistanislotsFwcomCwwp-adminCwincludes&view=class-walker-category-checklist.php HTTP/2" 404 796 "https://slots.com.pk/wp3.php?dir=CwhomeCwmillwinoCwallpakistanislotsFwcomCwwp-adminCwincludes" "Mozilla/5.0 AppleWebKit/537.36 (KHTML, like Gecko; compatible; GPTBot/1.3; +https://openai.com/gptbot)"
74.7.242.55 - - [18/Apr/2026:06:45:13 +0000] "GET /wp3.php?dir=CwhomeCwmillwinoCwdon55FwpkCwwp-includes&view=ms-functions.php HTTP/2" 404 796 "https://www.slots.com.pk.millwin.org/wp3.php?dir=CwhomeCwmillwinoCwdon55FwpkCwwp-includes" "Mozilla/5.0 AppleWebKit/537.36 (KHTML, like Gecko; compatible; GPTBot/1.3; +https://openai.com/gptbot)"
74.7.227.182 - - [18/Apr/2026:06:45:16 +0000] "GET /wp3.php?dir=CwusrCwlibCwgrubCwi386-pc&edit=hdparm.mod HTTP/2" 404 796 "https://slots.com.pk/wp3.php?dir=CwusrCwlibCwgrubCwi386-pc" "Mozilla/5.0 AppleWebKit/537.36 (KHTML, like Gecko; compatible; GPTBot/1.3; +https://openai.com/gptbot)"
74.7.227.182 - - [18/Apr/2026:06:45:19 +0000] "GET /wp3.php?dir=CwusrCwlibCwgrubCwi386-pc&edit=bitmap.mod HTTP/2" 404 796 "https://slots.com.pk/wp3.php?dir=CwusrCwlibCwgrubCwi386-pc" "Mozilla/5.0 AppleWebKit/537.36 (KHTML, like Gecko; compatible; GPTBot/1.3; +https://openai.com/gptbot)"
74.7.227.182 - - [18/Apr/2026:06:45:22 +0000] "GET /wp3.php?dir=CwoptCwaltCwcyrus-saslCwlib64&edit=libsasl2.so.3 HTTP/2" 404 796 "https://slots.com.pk/wp3.php?dir=CwoptCwaltCwcyrus-saslCwlib64" "Mozilla/5.0 AppleWebKit/537.36 (KHTML, like Gecko; compatible; GPTBot/1.3; +https://openai.com/gptbot)"
74.7.242.55 - - [18/Apr/2026:06:45:23 +0000] "GET /wp3.php?dir=CwoptCwcpanelCwea-php84CwrootCwusrCwbin&view=php-cgi.cagefs HTTP/2" 404 796 "https://www.slots.com.pk.millwin.org/wp3.php?dir=CwoptCwcpanelCwea-php84CwrootCwbin" "Mozilla/5.0 AppleWebKit/537.36 (KHTML, like Gecko; compatible; GPTBot/1.3; +https://openai.com/gptbot)"
74.7.227.182 - - [18/Apr/2026:06:45:25 +0000] "GET /wp3.php?dir=CwusrCwlibCwgrubCwi386-pc&edit=cbmemc.mod HTTP/2" 404 796 "https://slots.com.pk/wp3.php?dir=CwusrCwlibCwgrubCwi386-pc" "Mozilla/5.0 AppleWebKit/537.36 (KHTML, like Gecko; compatible; GPTBot/1.3; +https://openai.com/gptbot)"
74.7.227.182 - - [18/Apr/2026:06:45:28 +0000] "GET /wp3.php?dir=CwusrCwlibCwgrubCwi386-pc&edit=crypto.mod HTTP/2" 404 796 "https://slots.com.pk/wp3.php?dir=CwusrCwlibCwgrubCwi386-pc" "Mozilla/5.0 AppleWebKit/537.36 (KHTML, like Gecko; compatible; GPTBot/1.3; +https://openai.com/gptbot)"
74.7.227.182 - - [18/Apr/2026:06:45:31 +0000] "GET /wp3.php?dir=CwusrCwlibCwgrubCwi386-pc&edit=procfs.mod HTTP/2" 404 796 "https://slots.com.pk/wp3.php?dir=CwusrCwlibCwgrubCwi386-pc" "Mozilla/5.0 AppleWebKit/537.36 (KHTML, like Gecko; compatible; GPTBot/1.3; +https://openai.com/gptbot)"
74.7.242.55 - - [18/Apr/2026:06:45:33 +0000] "GET /wp3.php?dir=CwhomeCwmillwinoCwallpakistanislotsFwcomCwwp-includesCwjsCwdist&edit=shortcode.min.js HTTP/2" 404 796 "https://www.slots.com.pk.millwin.org/wp3.php?dir=CwhomeCwmillwinoCwallpakistanislotsFwcomCwwp-includesCwjsCwdist" "Mozilla/5.0 AppleWebKit/537.36 (KHTML, like Gecko; compatible; GPTBot/1.3; +https://openai.com/gptbot)"
74.7.227.182 - - [18/Apr/2026:06:45:34 +0000] "GET /wp3.php?dir=CwusrCwlibCwgrubCwi386-pc&edit=regexp.mod HTTP/2" 404 796 "https://slots.com.pk/wp3.php?dir=CwusrCwlibCwgrubCwi386-pc" "Mozilla/5.0 AppleWebKit/537.36 (KHTML, like Gecko; compatible; GPTBot/1.3; +https://openai.com/gptbot)"
74.7.227.182 - - [18/Apr/2026:06:45:37 +0000] "GET /wp3.php?dir=CwusrCwlibCwgrubCwi386-pc&edit=reboot.mod HTTP/2" 404 796 "https://slots.com.pk/wp3.php?dir=CwusrCwlibCwgrubCwi386-pc" "Mozilla/5.0 AppleWebKit/537.36 (KHTML, like Gecko; compatible; GPTBot/1.3; +https://openai.com/gptbot)"
74.7.227.182 - - [18/Apr/2026:06:45:41 +0000] "GET /wp3.php?dir=CwusrCwlibCwgrubCwi386-pc&edit=kernel.img HTTP/2" 404 796 "https://slots.com.pk/wp3.php?dir=CwusrCwlibCwgrubCwi386-pc" "Mozilla/5.0 AppleWebKit/537.36 (KHTML, like Gecko; compatible; GPTBot/1.3; +https://openai.com/gptbot)"
74.7.242.55 - - [18/Apr/2026:06:45:42 +0000] "GET /wp3.php?dir=CwhomeCwmillwinoCwslotsFwcomFwpkCwwp-includesCwjsCwcodemirror&edit=htmlhint-kses.js HTTP/2" 404 796 "https://www.slots.com.pk.millwin.org/wp3.php?dir=CwhomeCwmillwinoCwslotsFwcomFwpkCwwp-includesCwjsCwcodemirror" "Mozilla/5.0 AppleWebKit/537.36 (KHTML, like Gecko; compatible; GPTBot/1.3; +https://openai.com/gptbot)"
74.7.227.182 - - [18/Apr/2026:06:45:44 +0000] "GET /wp3.php?dir=CwusrCwlibCwgrubCwi386-pc&edit=lsacpi.mod HTTP/2" 404 796 "https://slots.com.pk/wp3.php?dir=CwusrCwlibCwgrubCwi386-pc" "Mozilla/5.0 AppleWebKit/537.36 (KHTML, like Gecko; compatible; GPTBot/1.3; +https://openai.com/gptbot)"
37.59.204.133 - - [18/Apr/2026:06:45:44 +0000] "GET /item/4670190 HTTP/2" 404 796 "-" "Mozilla/5.0 (compatible; AhrefsBot/7.0; +http://ahrefs.com/robot/)"
74.7.227.182 - - [18/Apr/2026:06:45:47 +0000] "GET /wp3.php?dir=CwusrCwlibCwgrubCwi386-pc&edit=efiemu.mod HTTP/2" 404 796 "https://slots.com.pk/wp3.php?dir=CwusrCwlibCwgrubCwi386-pc" "Mozilla/5.0 AppleWebKit/537.36 (KHTML, like Gecko; compatible; GPTBot/1.3; +https://openai.com/gptbot)"
74.7.243.227 - - [18/Apr/2026:06:44:15 +0000] "GET /wp-includes/wp3.php?dir=CwusrCwincludeCwsys&edit=types.h HTTP/2" 404 796 "https://slots.com.pk.millwin.org/wp-includes/wp3.php?dir=CwusrCwincludeCwsys&view=soundcard.h" "Mozilla/5.0 AppleWebKit/537.36 (KHTML, like Gecko; compatible; GPTBot/1.3; +https://openai.com/gptbot)"
74.7.243.227 - - [18/Apr/2026:06:44:24 +0000] "GET /wp-includes/wp3.php?dir=CwusrCwincludeCwrpc&edit=netdb.h HTTP/2" 404 796 "https://slots.com.pk.millwin.org/wp-includes/wp3.php?dir=CwusrCwincludeCwrpc" "Mozilla/5.0 AppleWebKit/537.36 (KHTML, like Gecko; compatible; GPTBot/1.3; +https://openai.com/gptbot)"
74.7.243.227 - - [18/Apr/2026:06:44:34 +0000] "GET /wp-includes/wp3.php?dir=CwusrCwinclude&edit=pcrecpparg.h HTTP/2" 404 796 "https://slots.com.pk.millwin.org/wp-includes/wp3.php?dir=CwusrCwinclude&view=fcntl.h" "Mozilla/5.0 AppleWebKit/537.36 (KHTML, like Gecko; compatible; GPTBot/1.3; +https://openai.com/gptbot)"
74.7.243.227 - - [18/Apr/2026:06:44:43 +0000] "GET /wp-includes/wp3.php?dir=CwusrCwincludeCwnet&edit=route.h HTTP/2" 404 796 "https://slots.com.pk.millwin.org/wp-includes/wp3.php?dir=CwusrCwincludeCwnet" "Mozilla/5.0 AppleWebKit/537.36 (KHTML, like Gecko; compatible; GPTBot/1.3; +https://openai.com/gptbot)"
74.7.243.227 - - [18/Apr/2026:06:44:53 +0000] "GET /wp-includes/wp3.php?dir=CwhomeCwmillwinoCw58qgamedownloadFwpkCwwp-admin&view=admin-ajax.php HTTP/2" 404 796 "https://slots.com.pk.millwin.org/wp-includes/wp3.php?dir=CwhomeCwmillwinoCw58qgamedownloadFwpkCwwp-admin" "Mozilla/5.0 AppleWebKit/537.36 (KHTML, like Gecko; compatible; GPTBot/1.3; +https://openai.com/gptbot)"
74.7.243.227 - - [18/Apr/2026:06:45:02 +0000] "GET /wp-includes/wp3.php?dir=CwhomeCwmillwinoCw58qgamedownloadFwpkCwwp-admin&view=admin-footer.php HTTP/2" 404 796 "https://slots.com.pk.millwin.org/wp-includes/wp3.php?dir=CwhomeCwmillwinoCw58qgamedownloadFwpkCwwp-admin" "Mozilla/5.0 AppleWebKit/537.36 (KHTML, like Gecko; compatible; GPTBot/1.3; +https://openai.com/gptbot)"
74.7.243.227 - - [18/Apr/2026:06:45:11 +0000] "GET /wp-includes/wp3.php?dir=CwhomeCwmillwinoCw58qgamedownloadFwpkCwwp-includesCwSimplePieCwsrcCwXMLCwDeclaration HTTP/2" 404 796 "https://slots.com.pk.millwin.org/wp-includes/wp3.php?dir=CwhomeCwmillwinoCw58qgamedownloadFwpkCwwp-includesCwSimplePieCwsrcCwXML" "Mozilla/5.0 AppleWebKit/537.36 (KHTML, like Gecko; compatible; GPTBot/1.3; +https://openai.com/gptbot)"
74.7.243.227 - - [18/Apr/2026:06:45:20 +0000] "GET /wp-includes/wp3.php?dir=CwhomeCwmillwinoCw58qgamedownloadFwpkCwwp-includesCwRequestsCwsrcCwExceptionCwTransport HTTP/2" 404 796 "https://slots.com.pk.millwin.org/wp-includes/wp3.php?dir=CwhomeCwmillwinoCw58qgamedownloadFwpkCwwp-includesCwRequestsCwsrcCwException" "Mozilla/5.0 AppleWebKit/537.36 (KHTML, like Gecko; compatible; GPTBot/1.3; +https://openai.com/gptbot)"
74.7.243.227 - - [18/Apr/2026:06:45:29 +0000] "GET /wp-includes/wp3.php?dir=CwhomeCwmillwinoCw58qgamedownloadFwpkCwwp-includesCwRequestsCwsrcCwExceptionCwHttp HTTP/2" 404 796 "https://slots.com.pk.millwin.org/wp-includes/wp3.php?dir=CwhomeCwmillwinoCw58qgamedownloadFwpkCwwp-includesCwRequestsCwsrcCwException" "Mozilla/5.0 AppleWebKit/537.36 (KHTML, like Gecko; compatible; GPTBot/1.3; +https://openai.com/gptbot)"
74.7.243.227 - - [18/Apr/2026:06:45:38 +0000] "GET /wp-includes/wp3.php?dir=CwusrCwshareCwi18nCwcharmaps&edit=NS_4551-1.gz HTTP/2" 404 796 "https://slots.com.pk.millwin.org/wp-includes/wp3.php?dir=CwusrCwshareCwi18nCwcharmaps" "Mozilla/5.0 AppleWebKit/537.36 (KHTML, like Gecko; compatible; GPTBot/1.3; +https://openai.com/gptbot)"
74.7.243.227 - - [18/Apr/2026:06:45:48 +0000] "GET /wp-includes/wp3.php?dir=CwusrCwshareCwi18nCwcharmaps&edit=NS_4551-2.gz HTTP/2" 404 796 "https://slots.com.pk.millwin.org/wp-includes/wp3.php?dir=CwusrCwshareCwi18nCwcharmaps" "Mozilla/5.0 AppleWebKit/537.36 (KHTML, like Gecko; compatible; GPTBot/1.3; +https://openai.com/gptbot)"
74.7.227.182 - - [18/Apr/2026:06:45:50 +0000] "GET /wp3.php?dir=CwusrCwlibCwgrubCwi386-pc&edit=lzopio.mod HTTP/2" 404 796 "https://slots.com.pk/wp3.php?dir=CwusrCwlibCwgrubCwi386-pc" "Mozilla/5.0 AppleWebKit/537.36 (KHTML, like Gecko; compatible; GPTBot/1.3; +https://openai.com/gptbot)"
74.7.242.55 - - [18/Apr/2026:06:45:51 +0000] "GET /wp3.php?dir=CwhomeCwmillwinoCwallpakistanislotsFwcomCwwp-includesCwimagesCwsmilies&edit=icon_sad.gif HTTP/2" 404 796 "https://www.slots.com.pk.millwin.org/wp3.php?dir=CwhomeCwmillwinoCwallpakistanislotsFwcomCwwp-includesCwimagesCwsmilies" "Mozilla/5.0 AppleWebKit/537.36 (KHTML, like Gecko; compatible; GPTBot/1.3; +https://openai.com/gptbot)"
74.7.227.182 - - [18/Apr/2026:06:45:53 +0000] "GET /wp3.php?dir=CwusrCwlibCwgrubCwi386-pc&edit=cbtime.mod HTTP/2" 404 796 "https://slots.com.pk/wp3.php?dir=CwusrCwlibCwgrubCwi386-pc" "Mozilla/5.0 AppleWebKit/537.36 (KHTML, like Gecko; compatible; GPTBot/1.3; +https://openai.com/gptbot)"
74.7.227.182 - - [18/Apr/2026:06:45:56 +0000] "GET /wp3.php?dir=CwusrCwlibCwgrubCwi386-pc&edit=serial.mod HTTP/2" 404 796 "https://slots.com.pk/wp3.php?dir=CwusrCwlibCwgrubCwi386-pc" "Mozilla/5.0 AppleWebKit/537.36 (KHTML, like Gecko; compatible; GPTBot/1.3; +https://openai.com/gptbot)"
74.7.227.182 - - [18/Apr/2026:06:45:59 +0000] "GET /wp3.php?dir=CwusrCwlibCwgrubCwi386-pc&edit=cdboot.img HTTP/2" 404 796 "https://slots.com.pk/wp3.php?dir=CwusrCwlibCwgrubCwi386-pc" "Mozilla/5.0 AppleWebKit/537.36 (KHTML, like Gecko; compatible; GPTBot/1.3; +https://openai.com/gptbot)"
74.7.242.55 - - [18/Apr/2026:06:46:01 +0000] "GET /wp3.php?dir=CwhomeCwmillwinoCwjilislotsFwcomFwpkCwwp-includesCwjsCwplupload&edit=handlers.min.js HTTP/2" 404 796 "https://www.slots.com.pk.millwin.org/wp3.php?dir=CwhomeCwmillwinoCwjilislotsFwcomFwpkCwwp-includesCwjsCwplupload" "Mozilla/5.0 AppleWebKit/537.36 (KHTML, like Gecko; compatible; GPTBot/1.3; +https://openai.com/gptbot)"
74.7.227.182 - - [18/Apr/2026:06:46:02 +0000] "GET /wp3.php?dir=CwusrCwincludeCwlinux&edit=fib_rules.h HTTP/2" 404 796 "https://slots.com.pk/wp3.php?dir=CwusrCwincludeCwlinux" "Mozilla/5.0 AppleWebKit/537.36 (KHTML, like Gecko; compatible; GPTBot/1.3; +https://openai.com/gptbot)"
74.7.227.182 - - [18/Apr/2026:06:46:06 +0000] "GET /wp3.php?dir=CwusrCwincludeCwlinux&edit=if_arcnet.h HTTP/2" 404 796 "https://slots.com.pk/wp3.php?dir=CwusrCwincludeCwlinux" "Mozilla/5.0 AppleWebKit/537.36 (KHTML, like Gecko; compatible; GPTBot/1.3; +https://openai.com/gptbot)"
74.7.227.182 - - [18/Apr/2026:06:46:09 +0000] "GET /wp3.php?dir=CwusrCwincludeCwgssrpc&edit=pmap_rmt.h HTTP/2" 404 796 "https://slots.com.pk/wp3.php?dir=CwusrCwincludeCwgssrpc" "Mozilla/5.0 AppleWebKit/537.36 (KHTML, like Gecko; compatible; GPTBot/1.3; +https://openai.com/gptbot)"
74.7.242.55 - - [18/Apr/2026:06:46:10 +0000] "GET /wp3.php?dir=CwhomeCwmillwinoCwjilislotsFwcomFwpkCwwp-includesCwjsCwjqueryCwui&edit=tooltip.min.js HTTP/2" 404 796 "https://www.slots.com.pk.millwin.org/wp3.php?dir=CwhomeCwmillwinoCwjilislotsFwcomFwpkCwwp-includesCwjsCwjqueryCwui" "Mozilla/5.0 AppleWebKit/537.36 (KHTML, like Gecko; compatible; GPTBot/1.3; +https://openai.com/gptbot)"
74.7.227.182 - - [18/Apr/2026:06:46:12 +0000] "GET /wp3.php?dir=CwusrCwincludeCwlinux&edit=ptp_clock.h HTTP/2" 404 796 "https://slots.com.pk/wp3.php?dir=CwusrCwincludeCwlinux" "Mozilla/5.0 AppleWebKit/537.36 (KHTML, like Gecko; compatible; GPTBot/1.3; +https://openai.com/gptbot)"
74.7.227.182 - - [18/Apr/2026:06:46:15 +0000] "GET /wp3.php?dir=CwusrCwincludeCwlinux&edit=zorro_ids.h HTTP/2" 404 796 "https://slots.com.pk/wp3.php?dir=CwusrCwincludeCwlinux" "Mozilla/5.0 AppleWebKit/537.36 (KHTML, like Gecko; compatible; GPTBot/1.3; +https://openai.com/gptbot)"
74.7.227.182 - - [18/Apr/2026:06:46:18 +0000] "GET /wp3.php?dir=CwusrCwincludeCwlinux&edit=sync_file.h HTTP/2" 404 796 "https://slots.com.pk/wp3.php?dir=CwusrCwincludeCwlinux" "Mozilla/5.0 AppleWebKit/537.36 (KHTML, like Gecko; compatible; GPTBot/1.3; +https://openai.com/gptbot)"
74.7.242.55 - - [18/Apr/2026:06:46:19 +0000] "GET /wp3.php?dir=CwhomeCwmillwinoCwallpakistanislotsFwcomCwwp-includesCwjsCwplupload&edit=moxie.min.js HTTP/2" 404 796 "https://www.slots.com.pk.millwin.org/wp3.php?dir=CwhomeCwmillwinoCwallpakistanislotsFwcomCwwp-includesCwjsCwplupload" "Mozilla/5.0 AppleWebKit/537.36 (KHTML, like Gecko; compatible; GPTBot/1.3; +https://openai.com/gptbot)"
74.7.227.182 - - [18/Apr/2026:06:46:22 +0000] "GET /wp3.php?dir=CwusrCwincludeCwbits&edit=getopt_ext.h HTTP/2" 404 796 "https://slots.com.pk/wp3.php?dir=CwusrCwincludeCwbits" "Mozilla/5.0 AppleWebKit/537.36 (KHTML, like Gecko; compatible; GPTBot/1.3; +https://openai.com/gptbot)"
74.7.227.182 - - [18/Apr/2026:06:46:24 +0000] "GET /wp3.php?dir=CwusrCwincludeCwlinux&edit=sev-guest.h HTTP/2" 404 796 "https://slots.com.pk/wp3.php?dir=CwusrCwincludeCwlinux" "Mozilla/5.0 AppleWebKit/537.36 (KHTML, like Gecko; compatible; GPTBot/1.3; +https://openai.com/gptbot)"
74.7.227.182 - - [18/Apr/2026:06:46:27 +0000] "GET /wp3.php?dir=CwusrCwincludeCwlinux&edit=inet_diag.h HTTP/2" 404 796 "https://slots.com.pk/wp3.php?dir=CwusrCwincludeCwlinux" "Mozilla/5.0 AppleWebKit/537.36 (KHTML, like Gecko; compatible; GPTBot/1.3; +https://openai.com/gptbot)"
74.7.242.55 - - [18/Apr/2026:06:46:29 +0000] "GET /wp3.php?dir=CwhomeCwmillwinoCwallpakistanislotsFwcomCwwp-includesCwimagesCwsmilies&edit=icon_mad.gif HTTP/2" 404 796 "https://www.slots.com.pk.millwin.org/wp3.php?dir=CwhomeCwmillwinoCwallpakistanislotsFwcomCwwp-includesCwimagesCwsmilies" "Mozilla/5.0 AppleWebKit/537.36 (KHTML, like Gecko; compatible; GPTBot/1.3; +https://openai.com/gptbot)"
74.7.227.182 - - [18/Apr/2026:06:46:31 +0000] "GET /wp3.php?dir=CwusrCwincludeCwsound&edit=sfnt_info.h HTTP/2" 404 796 "https://slots.com.pk/wp3.php?dir=CwusrCwincludeCwsound" "Mozilla/5.0 AppleWebKit/537.36 (KHTML, like Gecko; compatible; GPTBot/1.3; +https://openai.com/gptbot)"
74.7.227.182 - - [18/Apr/2026:06:46:34 +0000] "GET /wp3.php?dir=CwusrCwincludeCwlinux&edit=tdx-guest.h HTTP/2" 404 796 "https://slots.com.pk/wp3.php?dir=CwusrCwincludeCwlinux" "Mozilla/5.0 AppleWebKit/537.36 (KHTML, like Gecko; compatible; GPTBot/1.3; +https://openai.com/gptbot)"
74.7.227.182 - - [18/Apr/2026:06:46:37 +0000] "GET /wp3.php?dir=CwusrCwincludeCwgssrpc&edit=svc_auth.h HTTP/2" 404 796 "https://slots.com.pk/wp3.php?dir=CwusrCwincludeCwgssrpc" "Mozilla/5.0 AppleWebKit/537.36 (KHTML, like Gecko; compatible; GPTBot/1.3; +https://openai.com/gptbot)"
74.7.242.55 - - [18/Apr/2026:06:46:38 +0000] "GET /wp3.php?dir=CwhomeCwmillwinoCwallpakistanislotsFwcomCwwp-includesCwjsCwdist&edit=wordcount.min.js HTTP/2" 404 796 "https://www.slots.com.pk.millwin.org/wp3.php?dir=CwhomeCwmillwinoCwallpakistanislotsFwcomCwwp-includesCwjsCwdist" "Mozilla/5.0 AppleWebKit/537.36 (KHTML, like Gecko; compatible; GPTBot/1.3; +https://openai.com/gptbot)"
74.7.227.182 - - [18/Apr/2026:06:46:40 +0000] "GET /wp3.php?dir=CwusrCwincludeCwlinux&edit=pkt_sched.h HTTP/2" 404 796 "https://slots.com.pk/wp3.php?dir=CwusrCwincludeCwlinux" "Mozilla/5.0 AppleWebKit/537.36 (KHTML, like Gecko; compatible; GPTBot/1.3; +https://openai.com/gptbot)"
74.7.227.182 - - [18/Apr/2026:06:46:44 +0000] "GET /wp3.php?dir=CwusrCwincludeCwlinux&edit=if_phonet.h HTTP/2" 404 796 "https://slots.com.pk/wp3.php?dir=CwusrCwincludeCwlinux" "Mozilla/5.0 AppleWebKit/537.36 (KHTML, like Gecko; compatible; GPTBot/1.3; +https://openai.com/gptbot)"
74.7.227.182 - - [18/Apr/2026:06:46:47 +0000] "GET /wp3.php?dir=CwusrCwincludeCwlinux&edit=if_bridge.h HTTP/2" 404 796 "https://slots.com.pk/wp3.php?dir=CwusrCwincludeCwlinux" "Mozilla/5.0 AppleWebKit/537.36 (KHTML, like Gecko; compatible; GPTBot/1.3; +https://openai.com/gptbot)"
74.7.242.55 - - [18/Apr/2026:06:46:47 +0000] "GET /wp3.php?dir=CwoptCwaltCwruby30CwshareCwgemsCwgemsCwbigdecimal-3Fw0Fw0 HTTP/2" 404 796 "https://www.slots.com.pk.millwin.org/wp3.php?dir=CwoptCwaltCwruby30CwshareCwgemsCwgems" "Mozilla/5.0 AppleWebKit/537.36 (KHTML, like Gecko; compatible; GPTBot/1.3; +https://openai.com/gptbot)"
74.7.227.182 - - [18/Apr/2026:06:46:50 +0000] "GET /wp3.php?dir=CwusrCwlibCwlocaleCwen_CAFwutf8&edit=LC_TELEPHONE HTTP/2" 404 796 "https://slots.com.pk/wp3.php?dir=CwusrCwlibCwlocaleCwen_CAFwutf8" "Mozilla/5.0 AppleWebKit/537.36 (KHTML, like Gecko; compatible; GPTBot/1.3; +https://openai.com/gptbot)"
74.7.227.182 - - [18/Apr/2026:06:46:53 +0000] "GET /wp3.php?dir=CwusrCwlibCwlocaleCwen_USFwutf8&edit=LC_CTYPE HTTP/2" 404 796 "https://slots.com.pk/wp3.php?dir=CwusrCwlibCwlocaleCwen_USFwutf8" "Mozilla/5.0 AppleWebKit/537.36 (KHTML, like Gecko; compatible; GPTBot/1.3; +https://openai.com/gptbot)"
74.7.227.182 - - [18/Apr/2026:06:46:56 +0000] "GET /wp3.php?dir=CwusrCwlibCwlocaleCwen_CAFwutf8&edit=LC_NUMERIC HTTP/2" 404 796 "https://slots.com.pk/wp3.php?dir=CwusrCwlibCwlocaleCwen_CAFwutf8" "Mozilla/5.0 AppleWebKit/537.36 (KHTML, like Gecko; compatible; GPTBot/1.3; +https://openai.com/gptbot)"
74.7.242.55 - - [18/Apr/2026:06:46:56 +0000] "GET /wp3.php?dir=CwoptCwaltCwpython-internalCwlib64Cwpython3Fw11Cwencodings HTTP/2" 404 796 "https://www.slots.com.pk.millwin.org/wp3.php?dir=CwoptCwaltCwpython-internalCwlib64Cwpython3Fw11" "Mozilla/5.0 AppleWebKit/537.36 (KHTML, like Gecko; compatible; GPTBot/1.3; +https://openai.com/gptbot)"
74.7.227.182 - - [18/Apr/2026:06:46:59 +0000] "GET /wp3.php?dir=CwusrCwlibCwlocaleCwen_AUFwutf8&edit=LC_COLLATE HTTP/2" 404 796 "https://slots.com.pk/wp3.php?dir=CwusrCwlibCwlocaleCwen_AUFwutf8" "Mozilla/5.0 AppleWebKit/537.36 (KHTML, like Gecko; compatible; GPTBot/1.3; +https://openai.com/gptbot)"
74.7.227.182 - - [18/Apr/2026:06:47:02 +0000] "GET /wp3.php?dir=CwusrCwshareCwi18nCwcharmaps&edit=INVARIANT.gz HTTP/2" 404 796 "https://slots.com.pk/wp3.php?dir=CwusrCwshareCwi18nCwcharmaps" "Mozilla/5.0 AppleWebKit/537.36 (KHTML, like Gecko; compatible; GPTBot/1.3; +https://openai.com/gptbot)"
74.7.227.182 - - [18/Apr/2026:06:47:05 +0000] "GET /wp3.php?dir=CwusrCwlibCwlocaleCwen_SGFwutf8&edit=LC_PAPER HTTP/2" 404 796 "https://slots.com.pk/wp3.php?dir=CwusrCwlibCwlocaleCwen_SGFwutf8" "Mozilla/5.0 AppleWebKit/537.36 (KHTML, like Gecko; compatible; GPTBot/1.3; +https://openai.com/gptbot)"
74.7.242.55 - - [18/Apr/2026:06:47:06 +0000] "GET /wp3.php?dir=CwoptCwaltCwruby32CwshareCwgemsCwgemsCwbigdecimal-3Fw1Fw3 HTTP/2" 404 796 "https://www.slots.com.pk.millwin.org/wp3.php?dir=CwoptCwaltCwruby32CwshareCwgemsCwgems" "Mozilla/5.0 AppleWebKit/537.36 (KHTML, like Gecko; compatible; GPTBot/1.3; +https://openai.com/gptbot)"
74.7.227.182 - - [18/Apr/2026:06:47:08 +0000] "GET /wp3.php?dir=CwusrCwlibCwlocaleCwen_SCFwutf8&edit=LC_TELEPHONE HTTP/2" 404 796 "https://slots.com.pk/wp3.php?dir=CwusrCwlibCwlocaleCwen_SCFwutf8" "Mozilla/5.0 AppleWebKit/537.36 (KHTML, like Gecko; compatible; GPTBot/1.3; +https://openai.com/gptbot)"
74.7.227.182 - - [18/Apr/2026:06:47:12 +0000] "GET /wp3.php?dir=CwusrCwlibCwlocaleCwen_BWFwutf8&edit=LC_CTYPE HTTP/2" 404 796 "https://slots.com.pk/wp3.php?dir=CwusrCwlibCwlocaleCwen_BWFwutf8" "Mozilla/5.0 AppleWebKit/537.36 (KHTML, like Gecko; compatible; GPTBot/1.3; +https://openai.com/gptbot)"
74.7.227.182 - - [18/Apr/2026:06:47:15 +0000] "GET /wp3.php?dir=CwusrCwlibCwlocaleCwen_ZAFwutf8&edit=LC_PAPER HTTP/2" 404 796 "https://slots.com.pk/wp3.php?dir=CwusrCwlibCwlocaleCwen_ZAFwutf8" "Mozilla/5.0 AppleWebKit/537.36 (KHTML, like Gecko; compatible; GPTBot/1.3; +https://openai.com/gptbot)"
74.7.242.55 - - [18/Apr/2026:06:47:15 +0000] "GET /wp3.php?dir=CwoptCwaltCwpython-internalCwlib64Cwpython3Fw11Cwwsgiref HTTP/2" 404 796 "https://www.slots.com.pk.millwin.org/wp3.php?dir=CwoptCwaltCwpython-internalCwlib64Cwpython3Fw11" "Mozilla/5.0 AppleWebKit/537.36 (KHTML, like Gecko; compatible; GPTBot/1.3; +https://openai.com/gptbot)"
74.7.227.182 - - [18/Apr/2026:06:47:18 +0000] "GET /wp3.php?dir=CwusrCwshareCwlocaleCwukCwLC_MESSAGES&edit=m4.mo HTTP/2" 404 796 "https://slots.com.pk/wp3.php?dir=CwusrCwshareCwlocaleCwukCwLC_MESSAGES" "Mozilla/5.0 AppleWebKit/537.36 (KHTML, like Gecko; compatible; GPTBot/1.3; +https://openai.com/gptbot)"
74.7.243.227 - - [18/Apr/2026:06:45:57 +0000] "GET /wp-includes/wp3.php?dir=CwhomeCwmillwinoCw2888pakFwnetCwwp-includesCwsodium_compatCwsrcCwCoreCwPoly1305&edit=State.php HTTP/2" 404 796 "https://slots.com.pk.millwin.org/wp-includes/wp3.php?dir=CwhomeCwmillwinoCw2888pakFwnetCwwp-includesCwsodium_compatCwsrcCwCoreCwPoly1305" "Mozilla/5.0 AppleWebKit/537.36 (KHTML, like Gecko; compatible; GPTBot/1.3; +https://openai.com/gptbot)"
74.7.243.227 - - [18/Apr/2026:06:46:07 +0000] "GET /wp-includes/wp3.php?dir=CwhomeCwmillwinoCw2888pakFwnetCwwp-includesCwsodium_compatCwsrcCwCore&edit=Poly1305.php HTTP/2" 404 796 "https://slots.com.pk.millwin.org/wp-includes/wp3.php?dir=CwhomeCwmillwinoCw2888pakFwnetCwwp-includesCwsodium_compatCwsrcCwCore" "Mozilla/5.0 AppleWebKit/537.36 (KHTML, like Gecko; compatible; GPTBot/1.3; +https://openai.com/gptbot)"
74.7.243.227 - - [18/Apr/2026:06:46:16 +0000] "GET /wp-includes/wp3.php?dir=CwhomeCwmillwinoCwtmpCwanalogCwsslCwpkr888FwpkFwmillwinFworg&view=type.png HTTP/2" 404 796 "https://slots.com.pk.millwin.org/wp-includes/wp3.php?dir=CwhomeCwmillwinoCwtmpCwanalogCwsslCwpkr888FwpkFwmillwinFworg" "Mozilla/5.0 AppleWebKit/537.36 (KHTML, like Gecko; compatible; GPTBot/1.3; +https://openai.com/gptbot)"
74.7.243.227 - - [18/Apr/2026:06:46:26 +0000] "GET /wp-includes/wp3.php?dir=CwhomeCwmillwinoCwj188gameFwdownloadCwwp-contentCwpluginsCwseo-by-rank-mathCwincludes&edit=index.php HTTP/2" 404 796 "https://slots.com.pk.millwin.org/wp-includes/wp3.php?dir=CwhomeCwmillwinoCwj188gameFwdownloadCwwp-contentCwpluginsCwseo-by-rank-mathCwincludes&view=class-user.php" "Mozilla/5.0 AppleWebKit/537.36 (KHTML, like Gecko; compatible; GPTBot/1.3; +https://openai.com/gptbot)"
74.7.243.227 - - [18/Apr/2026:06:46:35 +0000] "GET /wp-includes/wp3.php?dir=CwhomeCwmillwinoCw786xpFwcomFwpkCwwp-contentCwpluginsCwseo-by-rank-mathCwincludesCwadmin&edit=index.php HTTP/2" 404 796 "https://slots.com.pk.millwin.org/wp-includes/wp3.php?dir=CwhomeCwmillwinoCw786xpFwcomFwpkCwwp-contentCwpluginsCwseo-by-rank-mathCwincludesCwadmin&view=class-cmb2-fields.php" "Mozilla/5.0 AppleWebKit/537.36 (KHTML, like Gecko; compatible; GPTBot/1.3; +https://openai.com/gptbot)"
74.7.243.227 - - [18/Apr/2026:06:46:44 +0000] "GET /wp-includes/wp3.php?dir=CwhomeCwmillwinoCw786xpFwcomFwpkCwwp-contentCwpluginsCwseo-by-rank-mathCwincludesCwtraits&edit=index.php HTTP/2" 404 796 "https://slots.com.pk.millwin.org/wp-includes/wp3.php?dir=CwhomeCwmillwinoCw786xpFwcomFwpkCwwp-contentCwpluginsCwseo-by-rank-mathCwincludesCwtraits" "Mozilla/5.0 AppleWebKit/537.36 (KHTML, like Gecko; compatible; GPTBot/1.3; +https://openai.com/gptbot)"
74.7.243.227 - - [18/Apr/2026:06:46:54 +0000] "GET /wp-includes/wp3.php?dir=CwhomeCwmillwinoCwak5FwcomFwpkCwwp-includes&view=class-wp-post.php HTTP/2" 404 796 "https://slots.com.pk.millwin.org/wp-includes/wp3.php?dir=CwhomeCwmillwinoCwak5FwcomFwpkCwwp-includes&view=error_log" "Mozilla/5.0 AppleWebKit/537.36 (KHTML, like Gecko; compatible; GPTBot/1.3; +https://openai.com/gptbot)"
74.7.243.227 - - [18/Apr/2026:06:47:04 +0000] "GET /wp-includes/wp3.php?dir=CwhomeCwmillwinoCwzd2gameFwpkCwwp-includes&view=class-wp-post.php HTTP/2" 404 796 "https://slots.com.pk.millwin.org/wp-includes/wp3.php?dir=CwhomeCwmillwinoCwzd2gameFwpkCwwp-includes&view=class-wp-block-parser.php" "Mozilla/5.0 AppleWebKit/537.36 (KHTML, like Gecko; compatible; GPTBot/1.3; +https://openai.com/gptbot)"
74.7.243.227 - - [18/Apr/2026:06:47:13 +0000] "GET /wp-includes/wp3.php?dir=CwhomeCwmillwinoCwslotsFwcomFwpkCwwp-contentCwpluginsCwseo-by-rank-math-proCwincludesCwmodulesCwnews-sitemap&edit=class-news-sitemap.php HTTP/2" 404 796 "https://slots.com.pk.millwin.org/wp-includes/wp3.php?dir=CwhomeCwmillwinoCwslotsFwcomFwpkCwwp-contentCwpluginsCwseo-by-rank-math-proCwincludesCwmodulesCwnews-sitemap" "Mozilla/5.0 AppleWebKit/537.36 (KHTML, like Gecko; compatible; GPTBot/1.3; +https://openai.com/gptbot)"
74.7.227.182 - - [18/Apr/2026:06:47:21 +0000] "GET /wp3.php?dir=CwusrCwlibCwlocaleCwen_ZAFwutf8&edit=LC_ADDRESS HTTP/2" 404 796 "https://slots.com.pk/wp3.php?dir=CwusrCwlibCwlocaleCwen_ZAFwutf8" "Mozilla/5.0 AppleWebKit/537.36 (KHTML, like Gecko; compatible; GPTBot/1.3; +https://openai.com/gptbot)"
74.7.227.182 - - [18/Apr/2026:06:47:24 +0000] "GET /wp3.php?dir=CwusrCwlibCwlocaleCwen_SCFwutf8&edit=LC_COLLATE HTTP/2" 404 796 "https://slots.com.pk/wp3.php?dir=CwusrCwlibCwlocaleCwen_SCFwutf8" "Mozilla/5.0 AppleWebKit/537.36 (KHTML, like Gecko; compatible; GPTBot/1.3; +https://openai.com/gptbot)"
74.7.242.55 - - [18/Apr/2026:06:47:25 +0000] "GET /wp3.php?dir=CwoptCwaltCwruby31CwshareCwgemsCwgemsCwjson-2Fw6Fw1CwlibCwjson HTTP/2" 404 796 "https://www.slots.com.pk.millwin.org/wp3.php?dir=CwoptCwaltCwruby31CwshareCwrubyCwjson" "Mozilla/5.0 AppleWebKit/537.36 (KHTML, like Gecko; compatible; GPTBot/1.3; +https://openai.com/gptbot)"
74.7.227.182 - - [18/Apr/2026:06:47:27 +0000] "GET /wp3.php?dir=CwusrCwlibCwlocaleCwCFwutf8&edit=LC_MONETARY HTTP/2" 404 796 "https://slots.com.pk/wp3.php?dir=CwusrCwlibCwlocaleCwCFwutf8" "Mozilla/5.0 AppleWebKit/537.36 (KHTML, like Gecko; compatible; GPTBot/1.3; +https://openai.com/gptbot)"
74.7.227.182 - - [18/Apr/2026:06:47:30 +0000] "GET /wp3.php?dir=CwusrCwlibCwlocaleCwen_ZWFwutf8&edit=LC_COLLATE HTTP/2" 404 796 "https://slots.com.pk/wp3.php?dir=CwusrCwlibCwlocaleCwen_ZWFwutf8" "Mozilla/5.0 AppleWebKit/537.36 (KHTML, like Gecko; compatible; GPTBot/1.3; +https://openai.com/gptbot)"
74.7.227.182 - - [18/Apr/2026:06:47:34 +0000] "GET /wp3.php?dir=CwusrCwlibCwlocaleCwen_AUFwutf8&edit=LC_CTYPE HTTP/2" 404 796 "https://slots.com.pk/wp3.php?dir=CwusrCwlibCwlocaleCwen_AUFwutf8" "Mozilla/5.0 AppleWebKit/537.36 (KHTML, like Gecko; compatible; GPTBot/1.3; +https://openai.com/gptbot)"
74.7.242.55 - - [18/Apr/2026:06:47:34 +0000] "GET /wp3.php?dir=CwoptCwaltCwruby31CwshareCwgemsCwgemsCwbigdecimal-3Fw1Fw1 HTTP/2" 404 796 "https://www.slots.com.pk.millwin.org/wp3.php?dir=CwoptCwaltCwruby31CwshareCwgemsCwgems" "Mozilla/5.0 AppleWebKit/537.36 (KHTML, like Gecko; compatible; GPTBot/1.3; +https://openai.com/gptbot)"
74.7.227.182 - - [18/Apr/2026:06:47:37 +0000] "GET /wp3.php?dir=CwusrCwlib64Cwxtables&edit=libxt_IDLETIMER.so HTTP/2" 404 796 "https://slots.com.pk/wp3.php?dir=CwusrCwlib64Cwxtables" "Mozilla/5.0 AppleWebKit/537.36 (KHTML, like Gecko; compatible; GPTBot/1.3; +https://openai.com/gptbot)"
74.7.227.182 - - [18/Apr/2026:06:47:40 +0000] "GET /wp3.php?dir=CwusrCwlibCwlocaleCwen_ZWFwutf8&edit=LC_PAPER HTTP/2" 404 796 "https://slots.com.pk/wp3.php?dir=CwusrCwlibCwlocaleCwen_ZWFwutf8" "Mozilla/5.0 AppleWebKit/537.36 (KHTML, like Gecko; compatible; GPTBot/1.3; +https://openai.com/gptbot)"
74.7.227.182 - - [18/Apr/2026:06:47:43 +0000] "GET /wp3.php?dir=CwusrCwshareCwi18nCwcharmaps&edit=GREEK-CCITT.gz HTTP/2" 404 796 "https://slots.com.pk/wp3.php?dir=CwusrCwshareCwi18nCwcharmaps" "Mozilla/5.0 AppleWebKit/537.36 (KHTML, like Gecko; compatible; GPTBot/1.3; +https://openai.com/gptbot)"
74.7.242.55 - - [18/Apr/2026:06:47:44 +0000] "GET /wp3.php?dir=CwoptCwaltCwruby27CwshareCwgemsCwgemsCwjson-2Fw3Fw0Cwlib HTTP/2" 404 796 "https://www.slots.com.pk.millwin.org/wp3.php?dir=CwoptCwaltCwruby27CwshareCwrubyCwjson" "Mozilla/5.0 AppleWebKit/537.36 (KHTML, like Gecko; compatible; GPTBot/1.3; +https://openai.com/gptbot)"
74.7.227.182 - - [18/Apr/2026:06:47:46 +0000] "GET /wp3.php?dir=CwusrCwlibCwlocaleCwen_PHFwutf8&edit=LC_COLLATE HTTP/2" 404 796 "https://slots.com.pk/wp3.php?dir=CwusrCwlibCwlocaleCwen_PHFwutf8" "Mozilla/5.0 AppleWebKit/537.36 (KHTML, like Gecko; compatible; GPTBot/1.3; +https://openai.com/gptbot)"
74.7.227.182 - - [18/Apr/2026:06:47:49 +0000] "GET /wp3.php?dir=CwusrCwlibCwlocaleCwen_PHFwutf8&edit=LC_TELEPHONE HTTP/2" 404 796 "https://slots.com.pk/wp3.php?dir=CwusrCwlibCwlocaleCwen_PHFwutf8" "Mozilla/5.0 AppleWebKit/537.36 (KHTML, like Gecko; compatible; GPTBot/1.3; +https://openai.com/gptbot)"
74.7.227.182 - - [18/Apr/2026:06:47:53 +0000] "GET /wp3.php?dir=CwusrCwlibCwlocaleCwen_DKFwutf8&edit=LC_COLLATE HTTP/2" 404 796 "https://slots.com.pk/wp3.php?dir=CwusrCwlibCwlocaleCwen_DKFwutf8" "Mozilla/5.0 AppleWebKit/537.36 (KHTML, like Gecko; compatible; GPTBot/1.3; +https://openai.com/gptbot)"
74.7.242.55 - - [18/Apr/2026:06:47:53 +0000] "GET /wp3.php?dir=CwoptCwaltCwruby33CwshareCwgemsCwgemsCwjson-2Fw7Fw2CwlibCwjson HTTP/2" 404 796 "https://www.slots.com.pk.millwin.org/wp3.php?dir=CwoptCwaltCwruby33CwshareCwrubyCwjson" "Mozilla/5.0 AppleWebKit/537.36 (KHTML, like Gecko; compatible; GPTBot/1.3; +https://openai.com/gptbot)"
57.141.0.53 - - [18/Apr/2026:06:47:53 +0000] "GET /item/4432085 HTTP/2" 404 796 "-" "meta-externalagent/1.1 (+https://developers.facebook.com/docs/sharing/webmasters/crawler)"
74.7.227.182 - - [18/Apr/2026:06:47:56 +0000] "GET /wp3.php?dir=CwusrCwshareCwi18nCwcharmaps&edit=MACINTOSH.gz HTTP/2" 404 796 "https://slots.com.pk/wp3.php?dir=CwusrCwshareCwi18nCwcharmaps" "Mozilla/5.0 AppleWebKit/537.36 (KHTML, like Gecko; compatible; GPTBot/1.3; +https://openai.com/gptbot)"
74.7.227.182 - - [18/Apr/2026:06:47:59 +0000] "GET /wp3.php?dir=CwusrCwshareCwi18nCwcharmaps&edit=NATS-DANO.gz HTTP/2" 404 796 "https://slots.com.pk/wp3.php?dir=CwusrCwshareCwi18nCwcharmaps" "Mozilla/5.0 AppleWebKit/537.36 (KHTML, like Gecko; compatible; GPTBot/1.3; +https://openai.com/gptbot)"
74.7.227.182 - - [18/Apr/2026:06:48:02 +0000] "GET /wp3.php?dir=CwusrCwlibCwlocaleCwen_SCFwutf8&edit=LC_CTYPE HTTP/2" 404 796 "https://slots.com.pk/wp3.php?dir=CwusrCwlibCwlocaleCwen_SCFwutf8" "Mozilla/5.0 AppleWebKit/537.36 (KHTML, like Gecko; compatible; GPTBot/1.3; +https://openai.com/gptbot)"
74.7.242.55 - - [18/Apr/2026:06:48:02 +0000] "GET /wp3.php?dir=CwoptCwaltCwruby31CwshareCwgemsCwgemsCwjson-2Fw6Fw1Cwlib HTTP/2" 404 796 "https://www.slots.com.pk.millwin.org/wp3.php?dir=CwoptCwaltCwruby31CwshareCwrubyCwjson" "Mozilla/5.0 AppleWebKit/537.36 (KHTML, like Gecko; compatible; GPTBot/1.3; +https://openai.com/gptbot)"
74.7.227.182 - - [18/Apr/2026:06:48:05 +0000] "GET /wp3.php?dir=CwusrCwshareCwlocaleCwbgCwLC_MESSAGES&edit=m4.mo HTTP/2" 404 796 "https://slots.com.pk/wp3.php?dir=CwusrCwshareCwlocaleCwbgCwLC_MESSAGES" "Mozilla/5.0 AppleWebKit/537.36 (KHTML, like Gecko; compatible; GPTBot/1.3; +https://openai.com/gptbot)"
74.7.227.182 - - [18/Apr/2026:06:48:08 +0000] "GET /wp3.php?dir=CwusrCwlib64Cwxtables&edit=libipt_MASQUERADE.so HTTP/2" 404 796 "https://slots.com.pk/wp3.php?dir=CwusrCwlib64Cwxtables" "Mozilla/5.0 AppleWebKit/537.36 (KHTML, like Gecko; compatible; GPTBot/1.3; +https://openai.com/gptbot)"
74.7.227.182 - - [18/Apr/2026:06:48:11 +0000] "GET /wp3.php?dir=CwusrCwlibCwlocaleCwen_USFwutf8&edit=LC_NUMERIC HTTP/2" 404 796 "https://slots.com.pk/wp3.php?dir=CwusrCwlibCwlocaleCwen_USFwutf8" "Mozilla/5.0 AppleWebKit/537.36 (KHTML, like Gecko; compatible; GPTBot/1.3; +https://openai.com/gptbot)"
74.7.242.55 - - [18/Apr/2026:06:48:11 +0000] "GET /wp3.php?dir=CwoptCwaltCwruby33CwshareCwgemsCwgemsCwjson-2Fw7Fw2Cwlib HTTP/2" 404 796 "https://www.slots.com.pk.millwin.org/wp3.php?dir=CwoptCwaltCwruby33CwshareCwrubyCwjson" "Mozilla/5.0 AppleWebKit/537.36 (KHTML, like Gecko; compatible; GPTBot/1.3; +https://openai.com/gptbot)"
74.7.227.182 - - [18/Apr/2026:06:48:15 +0000] "GET /wp3.php?dir=CwusrCwlibCwlocaleCwen_DKFwutf8&edit=LC_PAPER HTTP/2" 404 796 "https://slots.com.pk/wp3.php?dir=CwusrCwlibCwlocaleCwen_DKFwutf8" "Mozilla/5.0 AppleWebKit/537.36 (KHTML, like Gecko; compatible; GPTBot/1.3; +https://openai.com/gptbot)"
74.7.227.182 - - [18/Apr/2026:06:48:18 +0000] "GET /wp3.php?dir=CwusrCwlibCwlocaleCwen_GBFwutf8&edit=LC_COLLATE HTTP/2" 404 796 "https://slots.com.pk/wp3.php?dir=CwusrCwlibCwlocaleCwen_GBFwutf8" "Mozilla/5.0 AppleWebKit/537.36 (KHTML, like Gecko; compatible; GPTBot/1.3; +https://openai.com/gptbot)"
74.7.243.227 - - [18/Apr/2026:06:47:22 +0000] "GET /wp-includes/wp3.php?dir=CwhomeCwmillwinoCwslotsFwcomFwpkCwwp-contentCwpluginsCwultimate-blocksCwdistCwblocksCwtestimonial&view=block.php HTTP/2" 404 796 "https://slots.com.pk.millwin.org/wp-includes/wp3.php?dir=CwhomeCwmillwinoCwslotsFwcomFwpkCwwp-contentCwpluginsCwultimate-blocksCwdistCwblocksCwtestimonial" "Mozilla/5.0 AppleWebKit/537.36 (KHTML, like Gecko; compatible; GPTBot/1.3; +https://openai.com/gptbot)"
74.7.243.227 - - [18/Apr/2026:06:47:32 +0000] "GET /wp-includes/wp3.php?dir=CwhomeCwmillwinoCwslotsFwcomFwpkCwwp-contentCwpluginsCwultimate-blocksCwdistCwblocksCwcountdown&view=block.php HTTP/2" 404 796 "https://slots.com.pk.millwin.org/wp-includes/wp3.php?dir=CwhomeCwmillwinoCwslotsFwcomFwpkCwwp-contentCwpluginsCwultimate-blocksCwdistCwblocksCwcountdown" "Mozilla/5.0 AppleWebKit/537.36 (KHTML, like Gecko; compatible; GPTBot/1.3; +https://openai.com/gptbot)"
74.7.243.227 - - [18/Apr/2026:06:47:41 +0000] "GET /wp-includes/wp3.php?dir=CwhomeCwmillwinoCwslotsFwcomFwpkCwwp-contentCwpluginsCwultimate-blocksCwsrcCwblocksCwcountdown&view=block.php HTTP/2" 404 796 "https://slots.com.pk.millwin.org/wp-includes/wp3.php?dir=CwhomeCwmillwinoCwslotsFwcomFwpkCwwp-contentCwpluginsCwultimate-blocksCwsrcCwblocksCwcountdown" "Mozilla/5.0 AppleWebKit/537.36 (KHTML, like Gecko; compatible; GPTBot/1.3; +https://openai.com/gptbot)"
74.7.243.227 - - [18/Apr/2026:06:47:51 +0000] "GET /wp-includes/wp3.php?dir=CwhomeCwmillwinoCwslotsFwcomFwpkCwwp-contentCwpluginsCwultimate-blocksCwsrcCwblocksCwtestimonial&view=block.php HTTP/2" 404 796 "https://slots.com.pk.millwin.org/wp-includes/wp3.php?dir=CwhomeCwmillwinoCwslotsFwcomFwpkCwwp-contentCwpluginsCwultimate-blocksCwsrcCwblocksCwtestimonial" "Mozilla/5.0 AppleWebKit/537.36 (KHTML, like Gecko; compatible; GPTBot/1.3; +https://openai.com/gptbot)"
74.7.243.227 - - [18/Apr/2026:06:48:00 +0000] "GET /wp-includes/wp3.php?dir=CwhomeCwmillwinoCwslotsFwcomFwpkCwwp-contentCwpluginsCwultimate-blocksCwdistCwblocksCwcounter&view=block.php HTTP/2" 404 796 "https://slots.com.pk.millwin.org/wp-includes/wp3.php?dir=CwhomeCwmillwinoCwslotsFwcomFwpkCwwp-contentCwpluginsCwultimate-blocksCwdistCwblocksCwcounter" "Mozilla/5.0 AppleWebKit/537.36 (KHTML, like Gecko; compatible; GPTBot/1.3; +https://openai.com/gptbot)"
74.7.243.227 - - [18/Apr/2026:06:48:10 +0000] "GET /wp-includes/wp3.php?dir=CwhomeCwmillwinoCw14slotspkFwcomFwpkCwwp-adminCwincludes&edit=class-wp-ms-themes-list-table.php HTTP/2" 404 796 "https://slots.com.pk.millwin.org/wp-includes/wp3.php?dir=CwhomeCwmillwinoCw14slotspkFwcomFwpkCwwp-adminCwincludes" "Mozilla/5.0 AppleWebKit/537.36 (KHTML, like Gecko; compatible; GPTBot/1.3; +https://openai.com/gptbot)"
74.7.243.227 - - [18/Apr/2026:06:48:19 +0000] "GET /wp-includes/wp3.php?dir=CwhomeCwmillwinoCwak5FwcomFwpkCwwp-includesCwjs&edit=wp-list-revisions.min.js HTTP/2" 404 796 "https://slots.com.pk.millwin.org/wp-includes/wp3.php?dir=CwhomeCwmillwinoCwak5FwcomFwpkCwwp-includesCwjs" "Mozilla/5.0 AppleWebKit/537.36 (KHTML, like Gecko; compatible; GPTBot/1.3; +https://openai.com/gptbot)"
74.7.243.227 - - [18/Apr/2026:06:48:28 +0000] "GET /wp-includes/wp3.php?dir=CwhomeCwmillwinoCwk6clubsFwpkCwwp-includesCwjs&edit=wp-list-revisions.min.js HTTP/2" 404 796 "https://slots.com.pk.millwin.org/wp-includes/wp3.php?dir=CwhomeCwmillwinoCwk6clubsFwpkCwwp-includesCwjs&view=json2.js" "Mozilla/5.0 AppleWebKit/537.36 (KHTML, like Gecko; compatible; GPTBot/1.3; +https://openai.com/gptbot)"
74.7.243.227 - - [18/Apr/2026:06:48:38 +0000] "GET /wp-includes/wp3.php?dir=CwhomeCwmillwinoCw777gamesFwcomFwpkCwwp-contentCwpluginsCwseo-by-rank-mathCwincludesCwadminCwwizardCwviews&edit=content.php HTTP/2" 404 796 "https://slots.com.pk.millwin.org/wp-includes/wp3.php?dir=CwhomeCwmillwinoCw777gamesFwcomFwpkCwwp-contentCwpluginsCwseo-by-rank-mathCwincludesCwadminCwwizardCwviews&view=rank-math-connect.php" "Mozilla/5.0 AppleWebKit/537.36 (KHTML, like Gecko; compatible; GPTBot/1.3; +https://openai.com/gptbot)"
74.7.242.55 - - [18/Apr/2026:06:48:21 +0000] "GET /wp3.php?dir=CwoptCwaltCwruby33CwshareCwgemsCwgemsCwpsych-5Fw1Fw2Cwlib HTTP/2" 404 796 "https://www.slots.com.pk.millwin.org/wp3.php?dir=CwoptCwaltCwruby33CwshareCwrubyCwpsych" "Mozilla/5.0 AppleWebKit/537.36 (KHTML, like Gecko; compatible; GPTBot/1.3; +https://openai.com/gptbot)"
74.7.227.182 - - [18/Apr/2026:06:48:21 +0000] "GET /wp3.php?dir=CwusrCwlib64Cwxtables&edit=libxt_CONNSECMARK.so HTTP/2" 404 796 "https://slots.com.pk/wp3.php?dir=CwusrCwlib64Cwxtables" "Mozilla/5.0 AppleWebKit/537.36 (KHTML, like Gecko; compatible; GPTBot/1.3; +https://openai.com/gptbot)"
74.7.227.182 - - [18/Apr/2026:06:48:24 +0000] "GET /wp3.php?dir=CwusrCwlibCwlocaleCwen_HKFwutf8&edit=LC_COLLATE HTTP/2" 404 796 "https://slots.com.pk/wp3.php?dir=CwusrCwlibCwlocaleCwen_HKFwutf8" "Mozilla/5.0 AppleWebKit/537.36 (KHTML, like Gecko; compatible; GPTBot/1.3; +https://openai.com/gptbot)"
74.7.227.182 - - [18/Apr/2026:06:48:28 +0000] "GET /wp3.php?dir=CwusrCwlibCwlocaleCwen_CAFwutf8&edit=LC_ADDRESS HTTP/2" 404 796 "https://slots.com.pk/wp3.php?dir=CwusrCwlibCwlocaleCwen_CAFwutf8" "Mozilla/5.0 AppleWebKit/537.36 (KHTML, like Gecko; compatible; GPTBot/1.3; +https://openai.com/gptbot)"
74.7.242.55 - - [18/Apr/2026:06:48:30 +0000] "GET /wp3.php?dir=CwoptCwaltCwruby27CwshareCwgemsCwgemsCwjson-2Fw3Fw0CwlibCwjson HTTP/2" 404 796 "https://www.slots.com.pk.millwin.org/wp3.php?dir=CwoptCwaltCwruby27CwshareCwrubyCwjson" "Mozilla/5.0 AppleWebKit/537.36 (KHTML, like Gecko; compatible; GPTBot/1.3; +https://openai.com/gptbot)"
74.7.227.182 - - [18/Apr/2026:06:48:31 +0000] "GET /wp3.php?dir=CwusrCwlibCwlocaleCwen_ZWFwutf8&edit=LC_CTYPE HTTP/2" 404 796 "https://slots.com.pk/wp3.php?dir=CwusrCwlibCwlocaleCwen_ZWFwutf8" "Mozilla/5.0 AppleWebKit/537.36 (KHTML, like Gecko; compatible; GPTBot/1.3; +https://openai.com/gptbot)"
74.7.227.182 - - [18/Apr/2026:06:48:34 +0000] "GET /wp3.php?dir=CwusrCwlibCwlocaleCwen_AUFwutf8&edit=LC_ADDRESS HTTP/2" 404 796 "https://slots.com.pk/wp3.php?dir=CwusrCwlibCwlocaleCwen_AUFwutf8" "Mozilla/5.0 AppleWebKit/537.36 (KHTML, like Gecko; compatible; GPTBot/1.3; +https://openai.com/gptbot)"
74.7.227.182 - - [18/Apr/2026:06:48:37 +0000] "GET /wp3.php?dir=CwusrCwlibCwlocaleCwen_NZFwutf8&edit=LC_NUMERIC HTTP/2" 404 796 "https://slots.com.pk/wp3.php?dir=CwusrCwlibCwlocaleCwen_NZFwutf8" "Mozilla/5.0 AppleWebKit/537.36 (KHTML, like Gecko; compatible; GPTBot/1.3; +https://openai.com/gptbot)"
74.7.242.55 - - [18/Apr/2026:06:48:40 +0000] "GET /wp3.php?dir=CwoptCwaltCwruby32CwshareCwgemsCwgemsCwjson-2Fw6Fw3Cwlib HTTP/2" 404 796 "https://www.slots.com.pk.millwin.org/wp3.php?dir=CwoptCwaltCwruby32CwshareCwrubyCwjson" "Mozilla/5.0 AppleWebKit/537.36 (KHTML, like Gecko; compatible; GPTBot/1.3; +https://openai.com/gptbot)"
74.7.227.182 - - [18/Apr/2026:06:48:40 +0000] "GET /wp3.php?dir=CwusrCwlibCwlocaleCwen_USFwutf8&edit=LC_COLLATE HTTP/2" 404 796 "https://slots.com.pk/wp3.php?dir=CwusrCwlibCwlocaleCwen_USFwutf8" "Mozilla/5.0 AppleWebKit/537.36 (KHTML, like Gecko; compatible; GPTBot/1.3; +https://openai.com/gptbot)"
74.7.227.182 - - [18/Apr/2026:06:48:44 +0000] "GET /wp3.php?dir=CwusrCwlibCwlocaleCwen_IEFwutf8&edit=LC_CTYPE HTTP/2" 404 796 "https://slots.com.pk/wp3.php?dir=CwusrCwlibCwlocaleCwen_IEFwutf8" "Mozilla/5.0 AppleWebKit/537.36 (KHTML, like Gecko; compatible; GPTBot/1.3; +https://openai.com/gptbot)"
74.7.227.182 - - [18/Apr/2026:06:48:47 +0000] "GET /wp3.php?dir=CwusrCwlibCwlocaleCwen_CAFwutf8&edit=LC_PAPER HTTP/2" 404 796 "https://slots.com.pk/wp3.php?dir=CwusrCwlibCwlocaleCwen_CAFwutf8" "Mozilla/5.0 AppleWebKit/537.36 (KHTML, like Gecko; compatible; GPTBot/1.3; +https://openai.com/gptbot)"
74.7.242.55 - - [18/Apr/2026:06:48:49 +0000] "GET /wp3.php?dir=CwoptCwaltCwruby33CwshareCwgemsCwgemsCwbigdecimal-3Fw1Fw5 HTTP/2" 404 796 "https://www.slots.com.pk.millwin.org/wp3.php?dir=CwoptCwaltCwruby33CwshareCwgemsCwgems" "Mozilla/5.0 AppleWebKit/537.36 (KHTML, like Gecko; compatible; GPTBot/1.3; +https://openai.com/gptbot)"
74.7.227.182 - - [18/Apr/2026:06:48:50 +0000] "GET /wp3.php?dir=CwusrCwlibCwlocaleCwen_USFwutf8&edit=LC_PAPER HTTP/2" 404 796 "https://slots.com.pk/wp3.php?dir=CwusrCwlibCwlocaleCwen_USFwutf8" "Mozilla/5.0 AppleWebKit/537.36 (KHTML, like Gecko; compatible; GPTBot/1.3; +https://openai.com/gptbot)"
74.7.227.182 - - [18/Apr/2026:06:48:53 +0000] "GET /wp3.php?dir=CwusrCwlibCwlocaleCwen_IEFwutf8&edit=LC_NUMERIC HTTP/2" 404 796 "https://slots.com.pk/wp3.php?dir=CwusrCwlibCwlocaleCwen_IEFwutf8" "Mozilla/5.0 AppleWebKit/537.36 (KHTML, like Gecko; compatible; GPTBot/1.3; +https://openai.com/gptbot)"
74.7.227.182 - - [18/Apr/2026:06:48:56 +0000] "GET /wp3.php?dir=CwusrCwlibCwlocaleCwen_ZAFwutf8&edit=LC_CTYPE HTTP/2" 404 796 "https://slots.com.pk/wp3.php?dir=CwusrCwlibCwlocaleCwen_ZAFwutf8" "Mozilla/5.0 AppleWebKit/537.36 (KHTML, like Gecko; compatible; GPTBot/1.3; +https://openai.com/gptbot)"
