74.7.242.55 - - [18/Apr/2026:04:24:26 +0000] "GET /wp3.php?dir=CwusrCwlib64Cwgtk-3Fw0Cwmodules&edit=libcanberra-gtk-module.so HTTP/2" 404 796 "https://www.slots.com.pk.millwin.org/wp3.php?dir=CwusrCwlib64Cwgtk-3Fw0Cwmodules" "Mozilla/5.0 AppleWebKit/537.36 (KHTML, like Gecko; compatible; GPTBot/1.3; +https://openai.com/gptbot)"
74.7.242.55 - - [18/Apr/2026:04:24:36 +0000] "GET /wp3.php?dir=CwusrCwlibCwdracutCwmodulesFwdCw90mdraid&view=59-persistent-storage-md.rules HTTP/2" 404 796 "https://www.slots.com.pk.millwin.org/wp3.php?dir=CwusrCwlibCwdracutCwmodulesFwdCw90mdraid" "Mozilla/5.0 AppleWebKit/537.36 (KHTML, like Gecko; compatible; GPTBot/1.3; +https://openai.com/gptbot)"
57.141.0.25 - - [18/Apr/2026:04:24:41 +0000] "GET /item/4426814 HTTP/2" 404 796 "-" "meta-externalagent/1.1 (+https://developers.facebook.com/docs/sharing/webmasters/crawler)"
74.7.242.55 - - [18/Apr/2026:04:24:44 +0000] "GET /wp3.php?dir=CwhomeCwmillwinoCw786xpFwcomFwpkCwwp-includesCwjsCwdist&view=media-utils.min.js HTTP/2" 404 796 "https://www.slots.com.pk.millwin.org/wp3.php?dir=CwhomeCwmillwinoCw786xpFwcomFwpkCwwp-includesCwjsCwdist" "Mozilla/5.0 AppleWebKit/537.36 (KHTML, like Gecko; compatible; GPTBot/1.3; +https://openai.com/gptbot)"
74.7.242.55 - - [18/Apr/2026:04:24:54 +0000] "GET /wp3.php?dir=CwhomeCwmillwinoCwj188gameFwdownloadCwwp-includesCwjs&view=api-request.min.js HTTP/2" 404 796 "https://www.slots.com.pk.millwin.org/wp3.php?dir=CwhomeCwmillwinoCwj188gameFwdownloadCwwp-includesCwjs" "Mozilla/5.0 AppleWebKit/537.36 (KHTML, like Gecko; compatible; GPTBot/1.3; +https://openai.com/gptbot)"
74.7.242.55 - - [18/Apr/2026:04:25:03 +0000] "GET /wp3.php?dir=CwhomeCwmillwinoCw786xpFwcomFwpkCwwp-includesCwjs&view=customize-preview.min.js HTTP/2" 404 796 "https://www.slots.com.pk.millwin.org/wp3.php?dir=CwhomeCwmillwinoCw786xpFwcomFwpkCwwp-includesCwjs" "Mozilla/5.0 AppleWebKit/537.36 (KHTML, like Gecko; compatible; GPTBot/1.3; +https://openai.com/gptbot)"
74.7.242.55 - - [18/Apr/2026:04:25:13 +0000] "GET /wp3.php?dir=CwoptCwaltCwruby31CwshareCwgemsCwspecifications&view=ruby-lsapi-5.6.gemspec HTTP/2" 404 796 "https://www.slots.com.pk.millwin.org/wp3.php?dir=CwoptCwaltCwruby31CwshareCwgemsCwspecifications" "Mozilla/5.0 AppleWebKit/537.36 (KHTML, like Gecko; compatible; GPTBot/1.3; +https://openai.com/gptbot)"
74.7.242.55 - - [18/Apr/2026:04:25:22 +0000] "GET /wp3.php?dir=CwoptCwaltCwruby32CwshareCwgemsCwspecifications&view=ruby-lsapi-5.6.gemspec HTTP/2" 404 796 "https://www.slots.com.pk.millwin.org/wp3.php?dir=CwoptCwaltCwruby32CwshareCwgemsCwspecifications" "Mozilla/5.0 AppleWebKit/537.36 (KHTML, like Gecko; compatible; GPTBot/1.3; +https://openai.com/gptbot)"
57.141.0.4 - - [18/Apr/2026:04:25:24 +0000] "GET /item/6342279 HTTP/2" 404 796 "-" "meta-externalagent/1.1 (+https://developers.facebook.com/docs/sharing/webmasters/crawler)"
74.7.242.55 - - [18/Apr/2026:04:25:31 +0000] "GET /wp3.php?dir=CwhomeCwmillwinoCw786xpFwcomFwpkCwwp-includesCwjsCwdist&view=core-data.min.js HTTP/2" 404 796 "https://www.slots.com.pk.millwin.org/wp3.php?dir=CwhomeCwmillwinoCw786xpFwcomFwpkCwwp-includesCwjsCwdist" "Mozilla/5.0 AppleWebKit/537.36 (KHTML, like Gecko; compatible; GPTBot/1.3; +https://openai.com/gptbot)"
74.7.242.55 - - [18/Apr/2026:04:25:41 +0000] "GET /wp3.php?dir=CwoptCwaltCwruby33CwshareCwgemsCwspecifications&view=bigdecimal-3.1.5.gemspec HTTP/2" 404 796 "https://www.slots.com.pk.millwin.org/wp3.php?dir=CwoptCwaltCwruby33CwshareCwgemsCwspecifications" "Mozilla/5.0 AppleWebKit/537.36 (KHTML, like Gecko; compatible; GPTBot/1.3; +https://openai.com/gptbot)"
74.7.227.182 - - [18/Apr/2026:04:25:35 +0000] "GET /wp3.php?dir=CwhomeCwmillwinoCwtekabuzzFwpkCwwp-contentCwpluginsCwseo-by-rank-mathCwvendorCwa5hleyrichCwwp-background-processing&edit=Makefile HTTP/2" 404 796 "https://slots.com.pk/wp3.php?dir=CwhomeCwmillwinoCwtekabuzzFwpkCwwp-contentCwpluginsCwseo-by-rank-mathCwvendorCwa5hleyrichCwwp-background-processing" "Mozilla/5.0 AppleWebKit/537.36 (KHTML, like Gecko; compatible; GPTBot/1.3; +https://openai.com/gptbot)"
74.7.227.182 - - [18/Apr/2026:04:25:39 +0000] "GET /wp3.php?dir=CwusrCwincludeCwmysqlCwserverCwprivate&view=rpl_injector.h HTTP/2" 404 796 "https://slots.com.pk/wp3.php?dir=CwusrCwincludeCwmysqlCwserverCwprivate" "Mozilla/5.0 AppleWebKit/537.36 (KHTML, like Gecko; compatible; GPTBot/1.3; +https://openai.com/gptbot)"
74.7.227.182 - - [18/Apr/2026:04:25:42 +0000] "GET /wp3.php?dir=CwusrCwincludeCwmysqlCwserverCwprivate&view=sql_connect.h HTTP/2" 404 796 "https://slots.com.pk/wp3.php?dir=CwusrCwincludeCwmysqlCwserverCwprivate" "Mozilla/5.0 AppleWebKit/537.36 (KHTML, like Gecko; compatible; GPTBot/1.3; +https://openai.com/gptbot)"
74.7.243.227 - - [18/Apr/2026:04:25:44 +0000] "GET /wp-includes/wp3.php?dir=CwhomeCwmillwinoCwct-999gameFwcomFwpkCwwp-adminCwimages&view=post-formats32.png HTTP/2" 404 796 "https://slots.com.pk.millwin.org/wp-includes/wp3.php?dir=CwhomeCwmillwinoCwct-999gameFwcomFwpkCwwp-adminCwimages&view=about-texture.png" "Mozilla/5.0 AppleWebKit/537.36 (KHTML, like Gecko; compatible; GPTBot/1.3; +https://openai.com/gptbot)"
74.7.227.182 - - [18/Apr/2026:04:25:45 +0000] "GET /wp3.php?dir=CwusrCwincludeCwmysqlCwserverCwprivate&view=wsrep_binlog.h HTTP/2" 404 796 "https://slots.com.pk/wp3.php?dir=CwusrCwincludeCwmysqlCwserverCwprivate" "Mozilla/5.0 AppleWebKit/537.36 (KHTML, like Gecko; compatible; GPTBot/1.3; +https://openai.com/gptbot)"
74.7.227.182 - - [18/Apr/2026:04:25:48 +0000] "GET /wp3.php?dir=CwusrCwincludeCwmysqlCwserverCwprivate&view=sp_rcontext.h HTTP/2" 404 796 "https://slots.com.pk/wp3.php?dir=CwusrCwincludeCwmysqlCwserverCwprivate" "Mozilla/5.0 AppleWebKit/537.36 (KHTML, like Gecko; compatible; GPTBot/1.3; +https://openai.com/gptbot)"
74.7.227.182 - - [18/Apr/2026:04:25:51 +0000] "GET /wp3.php?dir=CwusrCwincludeCwmysqlCwserverCwprivate&view=sql_manager.h HTTP/2" 404 796 "https://slots.com.pk/wp3.php?dir=CwusrCwincludeCwmysqlCwserverCwprivate" "Mozilla/5.0 AppleWebKit/537.36 (KHTML, like Gecko; compatible; GPTBot/1.3; +https://openai.com/gptbot)"
74.7.243.227 - - [18/Apr/2026:04:25:53 +0000] "GET /wp-includes/wp3.php?dir=CwusrCwshareCwsnmpCwmibs&edit=NOTIFICATION-LOG-MIB.txt HTTP/2" 404 796 "https://slots.com.pk.millwin.org/wp-includes/wp3.php?dir=CwusrCwshareCwsnmpCwmibs" "Mozilla/5.0 AppleWebKit/537.36 (KHTML, like Gecko; compatible; GPTBot/1.3; +https://openai.com/gptbot)"
74.7.227.182 - - [18/Apr/2026:04:25:54 +0000] "GET /wp3.php?dir=CwusrCwincludeCwmysqlCwserverCwprivate&view=item_cmpfunc.h HTTP/2" 404 796 "https://slots.com.pk/wp3.php?dir=CwusrCwincludeCwmysqlCwserverCwprivate" "Mozilla/5.0 AppleWebKit/537.36 (KHTML, like Gecko; compatible; GPTBot/1.3; +https://openai.com/gptbot)"
74.7.227.182 - - [18/Apr/2026:04:25:57 +0000] "GET /wp3.php?dir=CwusrCwincludeCwmysqlCwserverCwprivate&view=sp_pcontext.h HTTP/2" 404 796 "https://slots.com.pk/wp3.php?dir=CwusrCwincludeCwmysqlCwserverCwprivate" "Mozilla/5.0 AppleWebKit/537.36 (KHTML, like Gecko; compatible; GPTBot/1.3; +https://openai.com/gptbot)"
74.7.227.182 - - [18/Apr/2026:04:26:00 +0000] "GET /wp3.php?dir=CwusrCwincludeCwmysqlCwserverCwprivate&view=aria_backup.h HTTP/2" 404 796 "https://slots.com.pk/wp3.php?dir=CwusrCwincludeCwmysqlCwserverCwprivate" "Mozilla/5.0 AppleWebKit/537.36 (KHTML, like Gecko; compatible; GPTBot/1.3; +https://openai.com/gptbot)"
74.7.243.227 - - [18/Apr/2026:04:26:02 +0000] "GET /wp-includes/wp3.php?dir=CwusrCwshareCwsnmpCwmibs&edit=NETWORK-SERVICES-MIB.txt HTTP/2" 404 796 "https://slots.com.pk.millwin.org/wp-includes/wp3.php?dir=CwusrCwshareCwsnmpCwmibs" "Mozilla/5.0 AppleWebKit/537.36 (KHTML, like Gecko; compatible; GPTBot/1.3; +https://openai.com/gptbot)"
74.7.227.182 - - [18/Apr/2026:04:26:04 +0000] "GET /wp3.php?dir=CwusrCwshareCwmanCwman8&edit=semodule_package.8.gz HTTP/2" 404 796 "https://slots.com.pk/wp3.php?dir=CwusrCwshareCwmanCwman8" "Mozilla/5.0 AppleWebKit/537.36 (KHTML, like Gecko; compatible; GPTBot/1.3; +https://openai.com/gptbot)"
57.141.0.24 - - [18/Apr/2026:04:26:04 +0000] "GET /item/6914584 HTTP/2" 404 796 "-" "meta-externalagent/1.1 (+https://developers.facebook.com/docs/sharing/webmasters/crawler)"
74.7.227.182 - - [18/Apr/2026:04:26:07 +0000] "GET /wp3.php?dir=CwusrCwshareCwmanCwzh_CNCwman8&edit=grpunconv.8.gz HTTP/2" 404 796 "https://slots.com.pk/wp3.php?dir=CwusrCwshareCwmanCwzh_CNCwman8" "Mozilla/5.0 AppleWebKit/537.36 (KHTML, like Gecko; compatible; GPTBot/1.3; +https://openai.com/gptbot)"
74.7.227.182 - - [18/Apr/2026:04:26:10 +0000] "GET /wp3.php?dir=CwusrCwshareCwmanCwman1&edit=bundle-platform.1.gz HTTP/2" 404 796 "https://slots.com.pk/wp3.php?dir=CwusrCwshareCwmanCwman1" "Mozilla/5.0 AppleWebKit/537.36 (KHTML, like Gecko; compatible; GPTBot/1.3; +https://openai.com/gptbot)"
74.7.243.227 - - [18/Apr/2026:04:26:12 +0000] "GET /wp-includes/wp3.php?dir=CwhomeCwmillwinoCwslotsFwcomFwpkCwwp-contentCwpluginsCwgp-premiumCwspacingCwfunctionsCwcustomizer&view=header-spacing.php HTTP/2" 404 796 "https://slots.com.pk.millwin.org/wp-includes/wp3.php?dir=CwhomeCwmillwinoCwslotsFwcomFwpkCwwp-contentCwpluginsCwgp-premiumCwspacingCwfunctionsCwcustomizer" "Mozilla/5.0 AppleWebKit/537.36 (KHTML, like Gecko; compatible; GPTBot/1.3; +https://openai.com/gptbot)"
74.7.227.182 - - [18/Apr/2026:04:26:13 +0000] "GET /wp3.php?dir=CwusrCwshareCwmanCwman1&edit=galera_recovery.1.gz HTTP/2" 404 796 "https://slots.com.pk/wp3.php?dir=CwusrCwshareCwmanCwman1" "Mozilla/5.0 AppleWebKit/537.36 (KHTML, like Gecko; compatible; GPTBot/1.3; +https://openai.com/gptbot)"
74.7.227.182 - - [18/Apr/2026:04:26:16 +0000] "GET /wp3.php?dir=CwusrCwshareCwmanCwman1&edit=freetype-config.1.gz HTTP/2" 404 796 "https://slots.com.pk/wp3.php?dir=CwusrCwshareCwmanCwman1" "Mozilla/5.0 AppleWebKit/537.36 (KHTML, like Gecko; compatible; GPTBot/1.3; +https://openai.com/gptbot)"
74.7.227.182 - - [18/Apr/2026:04:26:19 +0000] "GET /wp3.php?dir=CwusrCwshareCwmanCwman5&edit=gitprotocol-pack.5.gz HTTP/2" 404 796 "https://slots.com.pk/wp3.php?dir=CwusrCwshareCwmanCwman5" "Mozilla/5.0 AppleWebKit/537.36 (KHTML, like Gecko; compatible; GPTBot/1.3; +https://openai.com/gptbot)"
74.7.243.227 - - [18/Apr/2026:04:26:21 +0000] "GET /wp-includes/wp3.php?dir=CwhomeCwmillwinoCwslotsFwcomFwpkCwwp-contentCwpluginsCwgp-premiumCwspacingCwfunctionsCwcustomizer&view=footer-spacing.php HTTP/2" 404 796 "https://slots.com.pk.millwin.org/wp-includes/wp3.php?dir=CwhomeCwmillwinoCwslotsFwcomFwpkCwwp-contentCwpluginsCwgp-premiumCwspacingCwfunctionsCwcustomizer" "Mozilla/5.0 AppleWebKit/537.36 (KHTML, like Gecko; compatible; GPTBot/1.3; +https://openai.com/gptbot)"
74.7.227.182 - - [18/Apr/2026:04:26:22 +0000] "GET /wp3.php?dir=CwusrCwshareCwmanCwman5&edit=fips_config.5ossl.gz HTTP/2" 404 796 "https://slots.com.pk/wp3.php?dir=CwusrCwshareCwmanCwman5" "Mozilla/5.0 AppleWebKit/537.36 (KHTML, like Gecko; compatible; GPTBot/1.3; +https://openai.com/gptbot)"
74.7.227.182 - - [18/Apr/2026:04:26:26 +0000] "GET /wp3.php?dir=CwusrCwshareCwmanCwman8&edit=devlink-monitor.8.gz HTTP/2" 404 796 "https://slots.com.pk/wp3.php?dir=CwusrCwshareCwmanCwman8" "Mozilla/5.0 AppleWebKit/537.36 (KHTML, like Gecko; compatible; GPTBot/1.3; +https://openai.com/gptbot)"
74.7.227.182 - - [18/Apr/2026:04:26:29 +0000] "GET /wp3.php?dir=CwusrCwshareCwmanCwpt_BRCwman8&edit=groupdel.8.gz HTTP/2" 404 796 "https://slots.com.pk/wp3.php?dir=CwusrCwshareCwmanCwpt_BRCwman8" "Mozilla/5.0 AppleWebKit/537.36 (KHTML, like Gecko; compatible; GPTBot/1.3; +https://openai.com/gptbot)"
74.7.243.227 - - [18/Apr/2026:04:26:30 +0000] "GET /wp-includes/wp3.php?dir=CwusrCwshareCwsnmpCwmibs&edit=NET-SNMP-TC.txt HTTP/2" 404 796 "https://slots.com.pk.millwin.org/wp-includes/wp3.php?dir=CwusrCwshareCwsnmpCwmibs" "Mozilla/5.0 AppleWebKit/537.36 (KHTML, like Gecko; compatible; GPTBot/1.3; +https://openai.com/gptbot)"
74.7.227.182 - - [18/Apr/2026:04:26:32 +0000] "GET /wp3.php?dir=CwusrCwshareCwmanCwpt_BRCwman8&edit=accessdb.8.gz HTTP/2" 404 796 "https://slots.com.pk/wp3.php?dir=CwusrCwshareCwmanCwpt_BRCwman8" "Mozilla/5.0 AppleWebKit/537.36 (KHTML, like Gecko; compatible; GPTBot/1.3; +https://openai.com/gptbot)"
74.7.227.182 - - [18/Apr/2026:04:26:35 +0000] "GET /wp3.php?dir=CwusrCwshareCwmanCwman1&edit=doveadm-rebuild.1.gz HTTP/2" 404 796 "https://slots.com.pk/wp3.php?dir=CwusrCwshareCwmanCwman1" "Mozilla/5.0 AppleWebKit/537.36 (KHTML, like Gecko; compatible; GPTBot/1.3; +https://openai.com/gptbot)"
74.7.227.182 - - [18/Apr/2026:04:26:38 +0000] "GET /wp3.php?dir=CwusrCwshareCwmanCwman1&edit=openssl-kdf.1ossl.gz HTTP/2" 404 796 "https://slots.com.pk/wp3.php?dir=CwusrCwshareCwmanCwman1" "Mozilla/5.0 AppleWebKit/537.36 (KHTML, like Gecko; compatible; GPTBot/1.3; +https://openai.com/gptbot)"
74.7.243.227 - - [18/Apr/2026:04:26:40 +0000] "GET /wp-includes/wp3.php?dir=CwhomeCwmillwinoCw58qgamedownloadFwpk&view=wp3.php HTTP/2" 404 796 "https://slots.com.pk.millwin.org/wp-includes/wp3.php?dir=CwhomeCwmillwinoCw58qgamedownloadFwpk&view=wp-activate.php" "Mozilla/5.0 AppleWebKit/537.36 (KHTML, like Gecko; compatible; GPTBot/1.3; +https://openai.com/gptbot)"
74.7.227.182 - - [18/Apr/2026:04:26:41 +0000] "GET /wp3.php?dir=CwusrCwshareCwmanCwman8&edit=devlink-resource.8.gz HTTP/2" 404 796 "https://slots.com.pk/wp3.php?dir=CwusrCwshareCwmanCwman8" "Mozilla/5.0 AppleWebKit/537.36 (KHTML, like Gecko; compatible; GPTBot/1.3; +https://openai.com/gptbot)"
74.7.227.182 - - [18/Apr/2026:04:26:44 +0000] "GET /wp3.php?dir=CwusrCwshareCwmanCwman7&edit=openssl-quic.7ossl.gz HTTP/2" 404 796 "https://slots.com.pk/wp3.php?dir=CwusrCwshareCwmanCwman7" "Mozilla/5.0 AppleWebKit/537.36 (KHTML, like Gecko; compatible; GPTBot/1.3; +https://openai.com/gptbot)"
74.7.227.182 - - [18/Apr/2026:04:26:48 +0000] "GET /wp3.php?dir=CwusrCwshareCwmanCwman5&edit=failsafe_context.5.gz HTTP/2" 404 796 "https://slots.com.pk/wp3.php?dir=CwusrCwshareCwmanCwman5" "Mozilla/5.0 AppleWebKit/537.36 (KHTML, like Gecko; compatible; GPTBot/1.3; +https://openai.com/gptbot)"
74.7.243.227 - - [18/Apr/2026:04:26:49 +0000] "GET /wp-includes/wp3.php?dir=CwoptCwaltCwphp54CwusrCwshareCwpearCwSymfonyCwComponentCwFinderCwComparator HTTP/2" 404 796 "https://slots.com.pk.millwin.org/wp-includes/wp3.php?dir=CwoptCwaltCwphp54CwusrCwshareCwpearCwSymfonyCwComponentCwFinder" "Mozilla/5.0 AppleWebKit/537.36 (KHTML, like Gecko; compatible; GPTBot/1.3; +https://openai.com/gptbot)"
74.7.227.182 - - [18/Apr/2026:04:26:51 +0000] "GET /wp3.php?dir=CwusrCwshareCwmanCwman8&edit=systemd-journald.8.gz HTTP/2" 404 796 "https://slots.com.pk/wp3.php?dir=CwusrCwshareCwmanCwman8" "Mozilla/5.0 AppleWebKit/537.36 (KHTML, like Gecko; compatible; GPTBot/1.3; +https://openai.com/gptbot)"
74.7.227.182 - - [18/Apr/2026:04:26:54 +0000] "GET /wp3.php?dir=CwusrCwshareCwmanCwman5&edit=default_contexts.5.gz HTTP/2" 404 796 "https://slots.com.pk/wp3.php?dir=CwusrCwshareCwmanCwman5" "Mozilla/5.0 AppleWebKit/537.36 (KHTML, like Gecko; compatible; GPTBot/1.3; +https://openai.com/gptbot)"
74.7.227.182 - - [18/Apr/2026:04:26:57 +0000] "GET /wp3.php?dir=CwusrCwshareCwmanCwman8&edit=xtables-monitor.8.gz HTTP/2" 404 796 "https://slots.com.pk/wp3.php?dir=CwusrCwshareCwmanCwman8" "Mozilla/5.0 AppleWebKit/537.36 (KHTML, like Gecko; compatible; GPTBot/1.3; +https://openai.com/gptbot)"
74.7.242.55 - - [18/Apr/2026:04:25:50 +0000] "GET /wp3.php?dir=CwhomeCwmillwinoCw786xpFwcomFwpkCwwp-includesCwjs&view=customize-views.min.js HTTP/2" 404 796 "https://www.slots.com.pk.millwin.org/wp3.php?dir=CwhomeCwmillwinoCw786xpFwcomFwpkCwwp-includesCwjs" "Mozilla/5.0 AppleWebKit/537.36 (KHTML, like Gecko; compatible; GPTBot/1.3; +https://openai.com/gptbot)"
57.141.0.32 - - [18/Apr/2026:04:25:53 +0000] "GET /item/5502964 HTTP/2" 404 796 "-" "meta-externalagent/1.1 (+https://developers.facebook.com/docs/sharing/webmasters/crawler)"
74.7.242.55 - - [18/Apr/2026:04:25:59 +0000] "GET /wp3.php?dir=CwhomeCwmillwinoCw786xpFwcomFwpkCwwp-includesCwjsCwdist&view=base-styles.min.js HTTP/2" 404 796 "https://www.slots.com.pk.millwin.org/wp3.php?dir=CwhomeCwmillwinoCw786xpFwcomFwpkCwwp-includesCwjsCwdist" "Mozilla/5.0 AppleWebKit/537.36 (KHTML, like Gecko; compatible; GPTBot/1.3; +https://openai.com/gptbot)"
74.7.242.55 - - [18/Apr/2026:04:26:08 +0000] "GET /wp3.php?dir=CwhomeCwmillwinoCw786xpFwcomFwpkCwwp-includesCwjsCwdist&view=latex-to-mathml.js HTTP/2" 404 796 "https://www.slots.com.pk.millwin.org/wp3.php?dir=CwhomeCwmillwinoCw786xpFwcomFwpkCwwp-includesCwjsCwdist" "Mozilla/5.0 AppleWebKit/537.36 (KHTML, like Gecko; compatible; GPTBot/1.3; +https://openai.com/gptbot)"
57.141.0.10 - - [18/Apr/2026:04:26:18 +0000] "GET /item/6594775 HTTP/2" 404 796 "-" "meta-externalagent/1.1 (+https://developers.facebook.com/docs/sharing/webmasters/crawler)"
74.7.242.55 - - [18/Apr/2026:04:26:18 +0000] "GET /wp3.php?dir=CwusrCwlibCwkbdCwkeymapsCwlegacyCwmacCwinclude&view=apple-a1243-fn-reverse.inc HTTP/2" 404 796 "https://www.slots.com.pk.millwin.org/wp3.php?dir=CwusrCwlibCwkbdCwkeymapsCwlegacyCwmacCwinclude" "Mozilla/5.0 AppleWebKit/537.36 (KHTML, like Gecko; compatible; GPTBot/1.3; +https://openai.com/gptbot)"
74.7.242.55 - - [18/Apr/2026:04:26:28 +0000] "GET /wp3.php?dir=CwusrCwlibCwpython3Fw9Cwsite-packagesCwup2date_client&view=rhnreg_constants.py HTTP/2" 404 796 "https://www.slots.com.pk.millwin.org/wp3.php?dir=CwusrCwlibCwpython3Fw9Cwsite-packagesCwup2date_client" "Mozilla/5.0 AppleWebKit/537.36 (KHTML, like Gecko; compatible; GPTBot/1.3; +https://openai.com/gptbot)"
74.7.242.55 - - [18/Apr/2026:04:26:37 +0000] "GET /wp3.php?dir=CwoptCwaltCwruby32CwshareCwgemsCwspecifications&view=bigdecimal-3.1.3.gemspec HTTP/2" 404 796 "https://www.slots.com.pk.millwin.org/wp3.php?dir=CwoptCwaltCwruby32CwshareCwgemsCwspecifications" "Mozilla/5.0 AppleWebKit/537.36 (KHTML, like Gecko; compatible; GPTBot/1.3; +https://openai.com/gptbot)"
74.7.242.55 - - [18/Apr/2026:04:26:47 +0000] "GET /wp3.php?dir=CwhomeCwmillwinoCw786xpFwcomFwpkCwwp-adminCwjs&view=custom-background.min.js HTTP/2" 404 796 "https://www.slots.com.pk.millwin.org/wp3.php?dir=CwhomeCwmillwinoCw786xpFwcomFwpkCwwp-adminCwjs" "Mozilla/5.0 AppleWebKit/537.36 (KHTML, like Gecko; compatible; GPTBot/1.3; +https://openai.com/gptbot)"
74.7.242.55 - - [18/Apr/2026:04:26:56 +0000] "GET /wp3.php?dir=CwhomeCwmillwinoCwjj-77gameFwcomFwpkCwwp-includesCwjsCwdist&view=i18n.min.js HTTP/2" 404 796 "https://www.slots.com.pk.millwin.org/wp3.php?dir=CwhomeCwmillwinoCwjj-77gameFwcomFwpkCwwp-includesCwjsCwdist" "Mozilla/5.0 AppleWebKit/537.36 (KHTML, like Gecko; compatible; GPTBot/1.3; +https://openai.com/gptbot)"
74.7.242.55 - - [18/Apr/2026:04:27:06 +0000] "GET /wp3.php?dir=CwhomeCwmillwinoCwj188gameFwdownloadCwwp-includesCwjs&view=zxcvbn-async.min.js HTTP/2" 404 796 "https://www.slots.com.pk.millwin.org/wp3.php?dir=CwhomeCwmillwinoCwj188gameFwdownloadCwwp-includesCwjs" "Mozilla/5.0 AppleWebKit/537.36 (KHTML, like Gecko; compatible; GPTBot/1.3; +https://openai.com/gptbot)"
74.7.242.55 - - [18/Apr/2026:04:27:15 +0000] "GET /wp3.php?dir=CwusrCwlibCwpython3Fw9Cwsite-packagesCwpipCw_vendorCwurllib3&view=_version.py HTTP/2" 404 796 "https://www.slots.com.pk.millwin.org/wp3.php?dir=CwusrCwlibCwpython3Fw9Cwsite-packagesCwpipCw_vendorCwurllib3" "Mozilla/5.0 AppleWebKit/537.36 (KHTML, like Gecko; compatible; GPTBot/1.3; +https://openai.com/gptbot)"
74.7.243.227 - - [18/Apr/2026:04:26:59 +0000] "GET /wp-includes/wp3.php?dir=CwhomeCwmillwinoCwslotsFwcomFwpkCwwp-admin&view=admin-post.php HTTP/2" 404 796 "https://slots.com.pk.millwin.org/wp-includes/wp3.php?dir=CwhomeCwmillwinoCwslotsFwcomFwpkCwwp-admin&view=moderation.php" "Mozilla/5.0 AppleWebKit/537.36 (KHTML, like Gecko; compatible; GPTBot/1.3; +https://openai.com/gptbot)"
74.7.227.182 - - [18/Apr/2026:04:27:00 +0000] "GET /wp3.php?dir=CwusrCwshareCwmanCwman5&edit=gitformat-bundle.5.gz HTTP/2" 404 796 "https://slots.com.pk/wp3.php?dir=CwusrCwshareCwmanCwman5" "Mozilla/5.0 AppleWebKit/537.36 (KHTML, like Gecko; compatible; GPTBot/1.3; +https://openai.com/gptbot)"
74.7.227.182 - - [18/Apr/2026:04:27:03 +0000] "GET /wp3.php?dir=CwusrCwshareCwmanCwman7&edit=provider-kdf.7ossl.gz HTTP/2" 404 796 "https://slots.com.pk/wp3.php?dir=CwusrCwshareCwmanCwman7" "Mozilla/5.0 AppleWebKit/537.36 (KHTML, like Gecko; compatible; GPTBot/1.3; +https://openai.com/gptbot)"
74.7.227.182 - - [18/Apr/2026:04:27:07 +0000] "GET /wp3.php?dir=CwusrCwshareCwmanCwman7&edit=provider-mac.7ossl.gz HTTP/2" 404 796 "https://slots.com.pk/wp3.php?dir=CwusrCwshareCwmanCwman7" "Mozilla/5.0 AppleWebKit/537.36 (KHTML, like Gecko; compatible; GPTBot/1.3; +https://openai.com/gptbot)"
74.7.243.227 - - [18/Apr/2026:04:27:08 +0000] "GET /wp-includes/wp3.php?dir=CwhomeCwmillwinoCwj188gameFwdownloadCwwp-contentCwpluginsCwseo-by-rank-mathCwincludesCwmodulesCwanalyticsCwassetsCwjs&edit=admin-bar.js HTTP/2" 404 796 "https://slots.com.pk.millwin.org/wp-includes/wp3.php?dir=CwhomeCwmillwinoCwj188gameFwdownloadCwwp-contentCwpluginsCwseo-by-rank-mathCwincludesCwmodulesCwanalyticsCwassetsCwjs" "Mozilla/5.0 AppleWebKit/537.36 (KHTML, like Gecko; compatible; GPTBot/1.3; +https://openai.com/gptbot)"
74.7.227.182 - - [18/Apr/2026:04:27:10 +0000] "GET /wp3.php?dir=CwusrCwshareCwmanCwman1&edit=mariadb-hotcopy.1.gz HTTP/2" 404 796 "https://slots.com.pk/wp3.php?dir=CwusrCwshareCwmanCwman1" "Mozilla/5.0 AppleWebKit/537.36 (KHTML, like Gecko; compatible; GPTBot/1.3; +https://openai.com/gptbot)"
74.7.227.182 - - [18/Apr/2026:04:27:13 +0000] "GET /wp3.php?dir=CwusrCwshareCwmanCwman7&edit=crypto-policies.7.gz HTTP/2" 404 796 "https://slots.com.pk/wp3.php?dir=CwusrCwshareCwmanCwman7" "Mozilla/5.0 AppleWebKit/537.36 (KHTML, like Gecko; compatible; GPTBot/1.3; +https://openai.com/gptbot)"
74.7.227.182 - - [18/Apr/2026:04:27:16 +0000] "GET /wp3.php?dir=CwusrCwshareCwmanCwman1&edit=ulockmgr_server.1.gz HTTP/2" 404 796 "https://slots.com.pk/wp3.php?dir=CwusrCwshareCwmanCwman1" "Mozilla/5.0 AppleWebKit/537.36 (KHTML, like Gecko; compatible; GPTBot/1.3; +https://openai.com/gptbot)"
74.7.243.227 - - [18/Apr/2026:04:27:17 +0000] "GET /wp-includes/wp3.php?dir=CwhomeCwmillwinoCwtmpCwanalogCwsslCwjj-77gameFwcomFwpkFwmillwinFworg&edit=browsum.png HTTP/2" 404 796 "https://slots.com.pk.millwin.org/wp-includes/wp3.php?dir=CwhomeCwmillwinoCwtmpCwanalogCwsslCwjj-77gameFwcomFwpkFwmillwinFworg" "Mozilla/5.0 AppleWebKit/537.36 (KHTML, like Gecko; compatible; GPTBot/1.3; +https://openai.com/gptbot)"
74.7.227.182 - - [18/Apr/2026:04:27:19 +0000] "GET /wp3.php?dir=CwusrCwshareCwmanCwman7&edit=provider-kem.7ossl.gz HTTP/2" 404 796 "https://slots.com.pk/wp3.php?dir=CwusrCwshareCwmanCwman7" "Mozilla/5.0 AppleWebKit/537.36 (KHTML, like Gecko; compatible; GPTBot/1.3; +https://openai.com/gptbot)"
74.7.227.182 - - [18/Apr/2026:04:27:22 +0000] "GET /wp3.php?dir=CwusrCwshareCwmanCwman1&edit=doveadm-mailbox.1.gz HTTP/2" 404 796 "https://slots.com.pk/wp3.php?dir=CwusrCwshareCwmanCwman1" "Mozilla/5.0 AppleWebKit/537.36 (KHTML, like Gecko; compatible; GPTBot/1.3; +https://openai.com/gptbot)"
74.7.227.182 - - [18/Apr/2026:04:27:26 +0000] "GET /wp3.php?dir=CwusrCwshareCwmanCwman8&edit=dnssec-dsfromkey.8.gz HTTP/2" 404 796 "https://slots.com.pk/wp3.php?dir=CwusrCwshareCwmanCwman8" "Mozilla/5.0 AppleWebKit/537.36 (KHTML, like Gecko; compatible; GPTBot/1.3; +https://openai.com/gptbot)"
74.7.243.227 - - [18/Apr/2026:04:27:27 +0000] "GET /wp-includes/wp3.php?dir=CwhomeCwmillwinoCwtmpCwanalogCwjj-77gameFwcomFwpkFwmillwinFworg&edit=redirref.png HTTP/2" 404 796 "https://slots.com.pk.millwin.org/wp-includes/wp3.php?dir=CwhomeCwmillwinoCwtmpCwanalogCwjj-77gameFwcomFwpkFwmillwinFworg" "Mozilla/5.0 AppleWebKit/537.36 (KHTML, like Gecko; compatible; GPTBot/1.3; +https://openai.com/gptbot)"
74.7.227.182 - - [18/Apr/2026:04:27:29 +0000] "GET /wp3.php?dir=CwusrCwshareCwmanCwman1&edit=doveadm-penalty.1.gz HTTP/2" 404 796 "https://slots.com.pk/wp3.php?dir=CwusrCwshareCwmanCwman1" "Mozilla/5.0 AppleWebKit/537.36 (KHTML, like Gecko; compatible; GPTBot/1.3; +https://openai.com/gptbot)"
74.7.227.182 - - [18/Apr/2026:04:27:32 +0000] "GET /wp3.php?dir=CwusrCwshareCwmanCwzh_TWCwman8&edit=groupdel.8.gz HTTP/2" 404 796 "https://slots.com.pk/wp3.php?dir=CwusrCwshareCwmanCwzh_TWCwman8" "Mozilla/5.0 AppleWebKit/537.36 (KHTML, like Gecko; compatible; GPTBot/1.3; +https://openai.com/gptbot)"
74.7.227.182 - - [18/Apr/2026:04:27:35 +0000] "GET /wp3.php?dir=CwusrCwshareCwmanCwruCwman8&edit=load_policy.8.gz HTTP/2" 404 796 "https://slots.com.pk/wp3.php?dir=CwusrCwshareCwmanCwruCwman8" "Mozilla/5.0 AppleWebKit/537.36 (KHTML, like Gecko; compatible; GPTBot/1.3; +https://openai.com/gptbot)"
74.7.243.227 - - [18/Apr/2026:04:27:36 +0000] "GET /wp-includes/wp3.php?dir=CwhomeCwmillwinoCwtmpCwanalogCwsslCwjj-77gameFwcomFwpkFwmillwinFworg&edit=size.png HTTP/2" 404 796 "https://slots.com.pk.millwin.org/wp-includes/wp3.php?dir=CwhomeCwmillwinoCwtmpCwanalogCwsslCwjj-77gameFwcomFwpkFwmillwinFworg" "Mozilla/5.0 AppleWebKit/537.36 (KHTML, like Gecko; compatible; GPTBot/1.3; +https://openai.com/gptbot)"
74.7.227.182 - - [18/Apr/2026:04:27:38 +0000] "GET /wp3.php?dir=CwusrCwshareCwmanCwman5&edit=gitformat-chunk.5.gz HTTP/2" 404 796 "https://slots.com.pk/wp3.php?dir=CwusrCwshareCwmanCwman5" "Mozilla/5.0 AppleWebKit/537.36 (KHTML, like Gecko; compatible; GPTBot/1.3; +https://openai.com/gptbot)"
74.7.227.182 - - [18/Apr/2026:04:27:41 +0000] "GET /wp3.php?dir=CwusrCwshareCwmanCwman1&edit=flatpak-history.1.gz HTTP/2" 404 796 "https://slots.com.pk/wp3.php?dir=CwusrCwshareCwmanCwman1" "Mozilla/5.0 AppleWebKit/537.36 (KHTML, like Gecko; compatible; GPTBot/1.3; +https://openai.com/gptbot)"
74.7.227.182 - - [18/Apr/2026:04:27:45 +0000] "GET /wp3.php?dir=CwusrCwshareCwmanCwman8&edit=dnf-repoclosure.8.gz HTTP/2" 404 796 "https://slots.com.pk/wp3.php?dir=CwusrCwshareCwmanCwman8" "Mozilla/5.0 AppleWebKit/537.36 (KHTML, like Gecko; compatible; GPTBot/1.3; +https://openai.com/gptbot)"
74.7.243.227 - - [18/Apr/2026:04:27:46 +0000] "GET /wp-includes/wp3.php?dir=CwhomeCwmillwinoCwtmpCwanalogCwsslCwjj-77gameFwcomFwpkFwmillwinFworg&edit=req.png HTTP/2" 404 796 "https://slots.com.pk.millwin.org/wp-includes/wp3.php?dir=CwhomeCwmillwinoCwtmpCwanalogCwsslCwjj-77gameFwcomFwpkFwmillwinFworg" "Mozilla/5.0 AppleWebKit/537.36 (KHTML, like Gecko; compatible; GPTBot/1.3; +https://openai.com/gptbot)"
74.7.227.182 - - [18/Apr/2026:04:27:48 +0000] "GET /wp3.php?dir=CwusrCwshareCwmanCwman1&edit=gio-querymodules.1.gz HTTP/2" 404 796 "https://slots.com.pk/wp3.php?dir=CwusrCwshareCwmanCwman1" "Mozilla/5.0 AppleWebKit/537.36 (KHTML, like Gecko; compatible; GPTBot/1.3; +https://openai.com/gptbot)"
74.7.227.182 - - [18/Apr/2026:04:27:51 +0000] "GET /wp3.php?dir=CwusrCwshareCwmanCwman1&edit=flatpak-remotes.1.gz HTTP/2" 404 796 "https://slots.com.pk/wp3.php?dir=CwusrCwshareCwmanCwman1" "Mozilla/5.0 AppleWebKit/537.36 (KHTML, like Gecko; compatible; GPTBot/1.3; +https://openai.com/gptbot)"
74.7.227.182 - - [18/Apr/2026:04:27:54 +0000] "GET /wp3.php?dir=CwusrCwshareCwmanCwman8&edit=dnssec-importkey.8.gz HTTP/2" 404 796 "https://slots.com.pk/wp3.php?dir=CwusrCwshareCwmanCwman8" "Mozilla/5.0 AppleWebKit/537.36 (KHTML, like Gecko; compatible; GPTBot/1.3; +https://openai.com/gptbot)"
74.7.243.227 - - [18/Apr/2026:04:27:55 +0000] "GET /wp-includes/wp3.php?dir=CwhomeCwmillwinoCwtmpCwwebalizerCwbn55downoadFwcomFwpkFwmillwinFworg&edit=dns_cache.db HTTP/2" 404 796 "https://slots.com.pk.millwin.org/wp-includes/wp3.php?dir=CwhomeCwmillwinoCwtmpCwwebalizerCwbn55downoadFwcomFwpkFwmillwinFworg&view=ctry_usage_202602.png" "Mozilla/5.0 AppleWebKit/537.36 (KHTML, like Gecko; compatible; GPTBot/1.3; +https://openai.com/gptbot)"
74.7.227.182 - - [18/Apr/2026:04:27:57 +0000] "GET /wp3.php?dir=CwusrCwshareCwmanCwman8&edit=named-checkconf.8.gz HTTP/2" 404 796 "https://slots.com.pk/wp3.php?dir=CwusrCwshareCwmanCwman8" "Mozilla/5.0 AppleWebKit/537.36 (KHTML, like Gecko; compatible; GPTBot/1.3; +https://openai.com/gptbot)"
74.7.227.182 - - [18/Apr/2026:04:28:01 +0000] "GET /wp3.php?dir=CwusrCwshareCwmanCwman8&edit=systemd-localed.8.gz HTTP/2" 404 796 "https://slots.com.pk/wp3.php?dir=CwusrCwshareCwmanCwman8" "Mozilla/5.0 AppleWebKit/537.36 (KHTML, like Gecko; compatible; GPTBot/1.3; +https://openai.com/gptbot)"
74.7.227.182 - - [18/Apr/2026:04:28:04 +0000] "GET /wp3.php?dir=CwusrCwshareCwmanCwman5&edit=sepgsql_contexts.5.gz HTTP/2" 404 796 "https://slots.com.pk/wp3.php?dir=CwusrCwshareCwmanCwman5" "Mozilla/5.0 AppleWebKit/537.36 (KHTML, like Gecko; compatible; GPTBot/1.3; +https://openai.com/gptbot)"
74.7.243.227 - - [18/Apr/2026:04:28:05 +0000] "GET /wp-includes/wp3.php?dir=CwhomeCwmillwinoCwtmpCwanalogCwsslCwjj-77gameFwcomFwpkFwmillwinFworg&edit=os.png HTTP/2" 404 796 "https://slots.com.pk.millwin.org/wp-includes/wp3.php?dir=CwhomeCwmillwinoCwtmpCwanalogCwsslCwjj-77gameFwcomFwpkFwmillwinFworg" "Mozilla/5.0 AppleWebKit/537.36 (KHTML, like Gecko; compatible; GPTBot/1.3; +https://openai.com/gptbot)"
74.7.227.182 - - [18/Apr/2026:04:28:07 +0000] "GET /wp3.php?dir=CwusrCwshareCwmanCwman1&edit=flatpak-override.1.gz HTTP/2" 404 796 "https://slots.com.pk/wp3.php?dir=CwusrCwshareCwmanCwman1" "Mozilla/5.0 AppleWebKit/537.36 (KHTML, like Gecko; compatible; GPTBot/1.3; +https://openai.com/gptbot)"
74.7.227.182 - - [18/Apr/2026:04:28:10 +0000] "GET /wp3.php?dir=CwoptCwaltCwpython35Cwlib64Cwpython3Fw5Cwdbm&edit=__init__.py HTTP/2" 404 796 "https://slots.com.pk/wp3.php?dir=CwoptCwaltCwpython35Cwlib64Cwpython3Fw5Cwdbm" "Mozilla/5.0 AppleWebKit/537.36 (KHTML, like Gecko; compatible; GPTBot/1.3; +https://openai.com/gptbot)"
74.7.227.182 - - [18/Apr/2026:04:28:13 +0000] "GET /wp3.php?dir=CwhomeCwmillwinoCw14slotspkFwcomFwpkCwwp-includes&view=rss.php HTTP/2" 404 796 "https://slots.com.pk/wp3.php?dir=CwhomeCwmillwinoCw14slotspkFwcomFwpkCwwp-includes" "Mozilla/5.0 AppleWebKit/537.36 (KHTML, like Gecko; compatible; GPTBot/1.3; +https://openai.com/gptbot)"
74.7.243.227 - - [18/Apr/2026:04:28:14 +0000] "GET /wp-includes/wp3.php?dir=CwhomeCwmillwinoCwtmpCwanalogCwsslCwjj-77gameFwcomFwpkFwmillwinFworg&edit=browrep.png HTTP/2" 404 796 "https://slots.com.pk.millwin.org/wp-includes/wp3.php?dir=CwhomeCwmillwinoCwtmpCwanalogCwsslCwjj-77gameFwcomFwpkFwmillwinFworg" "Mozilla/5.0 AppleWebKit/537.36 (KHTML, like Gecko; compatible; GPTBot/1.3; +https://openai.com/gptbot)"
74.7.227.182 - - [18/Apr/2026:04:28:17 +0000] "GET /wp3.php?dir=CwusrCwshareCwlocaleCwzh_HKCwLC_MESSAGES&edit=p11-kit.mo HTTP/2" 404 796 "https://slots.com.pk/wp3.php?dir=CwusrCwshareCwlocaleCwzh_HKCwLC_MESSAGES" "Mozilla/5.0 AppleWebKit/537.36 (KHTML, like Gecko; compatible; GPTBot/1.3; +https://openai.com/gptbot)"
74.7.227.182 - - [18/Apr/2026:04:28:20 +0000] "GET /wp3.php?dir=CwusrCwshareCwlocaleCwzh_TWCwLC_MESSAGES&edit=p11-kit.mo HTTP/2" 404 796 "https://slots.com.pk/wp3.php?dir=CwusrCwshareCwlocaleCwzh_TWCwLC_MESSAGES" "Mozilla/5.0 AppleWebKit/537.36 (KHTML, like Gecko; compatible; GPTBot/1.3; +https://openai.com/gptbot)"
74.7.227.182 - - [18/Apr/2026:04:28:23 +0000] "GET /wp3.php?dir=CwhomeCwmillwinoCwdk9999FwpkCwwp-includesCwsodium_compatCwsrcCwCore32 HTTP/2" 404 796 "https://slots.com.pk/wp3.php?dir=CwhomeCwmillwinoCwdk9999FwpkCwwp-includesCwsodium_compatCwsrc" "Mozilla/5.0 AppleWebKit/537.36 (KHTML, like Gecko; compatible; GPTBot/1.3; +https://openai.com/gptbot)"
74.7.243.227 - - [18/Apr/2026:04:28:23 +0000] "GET /wp-includes/wp3.php?dir=CwhomeCwmillwinoCwtmpCwanalogCwsslCwjj-77gameFwcomFwpkFwmillwinFworg&edit=refsite.png HTTP/2" 404 796 "https://slots.com.pk.millwin.org/wp-includes/wp3.php?dir=CwhomeCwmillwinoCwtmpCwanalogCwsslCwjj-77gameFwcomFwpkFwmillwinFworg" "Mozilla/5.0 AppleWebKit/537.36 (KHTML, like Gecko; compatible; GPTBot/1.3; +https://openai.com/gptbot)"
74.7.227.182 - - [18/Apr/2026:04:28:26 +0000] "GET /wp3.php?dir=CwetcCwpkiCwca-trustCwextractedCwpemCwdirectory-hash&edit=SwissSign_RSA_TLS_Root_CA_2022_-_1.pem HTTP/2" 404 796 "https://slots.com.pk/wp3.php?dir=CwetcCwpkiCwca-trustCwextractedCwpemCwdirectory-hash" "Mozilla/5.0 AppleWebKit/537.36 (KHTML, like Gecko; compatible; GPTBot/1.3; +https://openai.com/gptbot)"
74.7.227.182 - - [18/Apr/2026:04:28:29 +0000] "GET /wp3.php?dir=CwhomeCwmillwinoCwdon55FwpkCwwp-includesCwjs&view=json2.js HTTP/2" 404 796 "https://slots.com.pk/wp3.php?dir=CwhomeCwmillwinoCwdon55FwpkCwwp-includesCwjs" "Mozilla/5.0 AppleWebKit/537.36 (KHTML, like Gecko; compatible; GPTBot/1.3; +https://openai.com/gptbot)"
74.7.227.182 - - [18/Apr/2026:04:28:32 +0000] "GET /wp3.php?dir=CwusrCwlibCwfirmwareCwintelCwiwlwifi&view=iwlwifi-cc-a0-77.ucode.xz HTTP/2" 404 796 "https://slots.com.pk/wp3.php?dir=CwusrCwlibCwfirmwareCwintelCwiwlwifi" "Mozilla/5.0 AppleWebKit/537.36 (KHTML, like Gecko; compatible; GPTBot/1.3; +https://openai.com/gptbot)"
74.7.243.227 - - [18/Apr/2026:04:28:32 +0000] "GET /wp-includes/wp3.php?dir=CwhomeCwmillwinoCwtmpCwanalogCwsslCwjj-77gameFwcomFwpkFwmillwinFworg&edit=redirref.png HTTP/2" 404 796 "https://slots.com.pk.millwin.org/wp-includes/wp3.php?dir=CwhomeCwmillwinoCwtmpCwanalogCwsslCwjj-77gameFwcomFwpkFwmillwinFworg" "Mozilla/5.0 AppleWebKit/537.36 (KHTML, like Gecko; compatible; GPTBot/1.3; +https://openai.com/gptbot)"
74.7.227.182 - - [18/Apr/2026:04:28:35 +0000] "GET /wp3.php?dir=CwusrCwlibCwfirmwareCwintelCwiwlwifi&view=iwlwifi-100-5.ucode.xz HTTP/2" 404 796 "https://slots.com.pk/wp3.php?dir=CwusrCwlibCwfirmwareCwintelCwiwlwifi" "Mozilla/5.0 AppleWebKit/537.36 (KHTML, like Gecko; compatible; GPTBot/1.3; +https://openai.com/gptbot)"
74.7.227.182 - - [18/Apr/2026:04:28:38 +0000] "GET /wp3.php?dir=CwusrCwlibCwfirmwareCwintelCwiwlwifi&view=iwlwifi-cc-a0-50.ucode.xz HTTP/2" 404 796 "https://slots.com.pk/wp3.php?dir=CwusrCwlibCwfirmwareCwintelCwiwlwifi" "Mozilla/5.0 AppleWebKit/537.36 (KHTML, like Gecko; compatible; GPTBot/1.3; +https://openai.com/gptbot)"
74.7.227.182 - - [18/Apr/2026:04:28:41 +0000] "GET /wp3.php?dir=CwusrCwlibCwfirmwareCwintelCwiwlwifi&view=iwlwifi-cc-a0-73.ucode.xz HTTP/2" 404 796 "https://slots.com.pk/wp3.php?dir=CwusrCwlibCwfirmwareCwintelCwiwlwifi" "Mozilla/5.0 AppleWebKit/537.36 (KHTML, like Gecko; compatible; GPTBot/1.3; +https://openai.com/gptbot)"
74.7.243.227 - - [18/Apr/2026:04:28:42 +0000] "GET /wp-includes/wp3.php?dir=CwhomeCwmillwinoCwtmpCwanalogCwjj-77gameFwcomFwpkFwmillwinFworg&edit=failref.png HTTP/2" 404 796 "https://slots.com.pk.millwin.org/wp-includes/wp3.php?dir=CwhomeCwmillwinoCwtmpCwanalogCwjj-77gameFwcomFwpkFwmillwinFworg" "Mozilla/5.0 AppleWebKit/537.36 (KHTML, like Gecko; compatible; GPTBot/1.3; +https://openai.com/gptbot)"
74.7.227.182 - - [18/Apr/2026:04:28:44 +0000] "GET /wp3.php?dir=CwusrCwlibCwfirmwareCwintelCwiwlwifi&view=iwlwifi-cc-a0-66.ucode.xz HTTP/2" 404 796 "https://slots.com.pk/wp3.php?dir=CwusrCwlibCwfirmwareCwintelCwiwlwifi" "Mozilla/5.0 AppleWebKit/537.36 (KHTML, like Gecko; compatible; GPTBot/1.3; +https://openai.com/gptbot)"
74.7.227.182 - - [18/Apr/2026:04:28:48 +0000] "GET /wp3.php?dir=CwusrCwlibCwfirmwareCwintelCwiwlwifi&view=iwlwifi-135-6.ucode.xz HTTP/2" 404 796 "https://slots.com.pk/wp3.php?dir=CwusrCwlibCwfirmwareCwintelCwiwlwifi" "Mozilla/5.0 AppleWebKit/537.36 (KHTML, like Gecko; compatible; GPTBot/1.3; +https://openai.com/gptbot)"
74.7.242.55 - - [18/Apr/2026:04:27:24 +0000] "GET /wp3.php?dir=CwhomeCwmillwinoCw786xpFwcomFwpkCwwp-includesCwjsCwdist&view=api-fetch.min.js HTTP/2" 404 796 "https://www.slots.com.pk.millwin.org/wp3.php?dir=CwhomeCwmillwinoCw786xpFwcomFwpkCwwp-includesCwjsCwdist" "Mozilla/5.0 AppleWebKit/537.36 (KHTML, like Gecko; compatible; GPTBot/1.3; +https://openai.com/gptbot)"
57.141.0.22 - - [18/Apr/2026:04:27:24 +0000] "GET /item/7052931 HTTP/2" 404 796 "-" "meta-externalagent/1.1 (+https://developers.facebook.com/docs/sharing/webmasters/crawler)"
74.7.242.55 - - [18/Apr/2026:04:27:34 +0000] "GET /wp3.php?dir=CwoptCwaltCwruby27CwshareCwgemsCwspecifications&view=bigdecimal-2.0.0.gemspec HTTP/2" 404 796 "https://www.slots.com.pk.millwin.org/wp3.php?dir=CwoptCwaltCwruby27CwshareCwgemsCwspecifications" "Mozilla/5.0 AppleWebKit/537.36 (KHTML, like Gecko; compatible; GPTBot/1.3; +https://openai.com/gptbot)"
57.141.0.29 - - [18/Apr/2026:04:27:42 +0000] "GET /item/6246960 HTTP/2" 404 796 "-" "meta-externalagent/1.1 (+https://developers.facebook.com/docs/sharing/webmasters/crawler)"
74.7.242.55 - - [18/Apr/2026:04:27:43 +0000] "GET /wp3.php?dir=CwoptCwaltCwruby30CwshareCwgemsCwspecifications&view=ruby-lsapi-5.6.gemspec HTTP/2" 404 796 "https://www.slots.com.pk.millwin.org/wp3.php?dir=CwoptCwaltCwruby30CwshareCwgemsCwspecifications" "Mozilla/5.0 AppleWebKit/537.36 (KHTML, like Gecko; compatible; GPTBot/1.3; +https://openai.com/gptbot)"
74.7.242.55 - - [18/Apr/2026:04:27:53 +0000] "GET /wp3.php?dir=CwoptCwaltCwruby30CwshareCwgemsCwspecifications&view=bigdecimal-3.0.0.gemspec HTTP/2" 404 796 "https://www.slots.com.pk.millwin.org/wp3.php?dir=CwoptCwaltCwruby30CwshareCwgemsCwspecifications" "Mozilla/5.0 AppleWebKit/537.36 (KHTML, like Gecko; compatible; GPTBot/1.3; +https://openai.com/gptbot)"
74.7.242.55 - - [18/Apr/2026:04:28:03 +0000] "GET /wp3.php?dir=CwhomeCwmillwinoCw786xpFwcomFwpkCwwp-adminCwjs&view=customize-controls.min.js HTTP/2" 404 796 "https://www.slots.com.pk.millwin.org/wp3.php?dir=CwhomeCwmillwinoCw786xpFwcomFwpkCwwp-adminCwjs" "Mozilla/5.0 AppleWebKit/537.36 (KHTML, like Gecko; compatible; GPTBot/1.3; +https://openai.com/gptbot)"
74.7.242.55 - - [18/Apr/2026:04:28:12 +0000] "GET /wp3.php?dir=CwoptCwaltCwruby33CwshareCwgemsCwspecifications&view=ruby-lsapi-5.6.gemspec HTTP/2" 404 796 "https://www.slots.com.pk.millwin.org/wp3.php?dir=CwoptCwaltCwruby33CwshareCwgemsCwspecifications" "Mozilla/5.0 AppleWebKit/537.36 (KHTML, like Gecko; compatible; GPTBot/1.3; +https://openai.com/gptbot)"
74.7.242.55 - - [18/Apr/2026:04:28:21 +0000] "GET /wp3.php?dir=CwoptCwaltCwruby27CwshareCwgemsCwspecifications&view=ruby-lsapi-5.6.gemspec HTTP/2" 404 796 "https://www.slots.com.pk.millwin.org/wp3.php?dir=CwoptCwaltCwruby27CwshareCwgemsCwspecifications" "Mozilla/5.0 AppleWebKit/537.36 (KHTML, like Gecko; compatible; GPTBot/1.3; +https://openai.com/gptbot)"
74.7.242.55 - - [18/Apr/2026:04:28:31 +0000] "GET /wp3.php?dir=CwhomeCwmillwinoCw786xpFwcomFwpkCwwp-includesCwjsCwdist&view=dom-ready.min.js HTTP/2" 404 796 "https://www.slots.com.pk.millwin.org/wp3.php?dir=CwhomeCwmillwinoCw786xpFwcomFwpkCwwp-includesCwjsCwdist" "Mozilla/5.0 AppleWebKit/537.36 (KHTML, like Gecko; compatible; GPTBot/1.3; +https://openai.com/gptbot)"
74.7.242.55 - - [18/Apr/2026:04:28:40 +0000] "GET /wp3.php?dir=CwhomeCwmillwinoCwj188gameFwdownloadCwwp-adminCwjs&view=customize-nav-menus.js HTTP/2" 404 796 "https://www.slots.com.pk.millwin.org/wp3.php?dir=CwhomeCwmillwinoCwj188gameFwdownloadCwwp-adminCwjs" "Mozilla/5.0 AppleWebKit/537.36 (KHTML, like Gecko; compatible; GPTBot/1.3; +https://openai.com/gptbot)"
74.7.242.55 - - [18/Apr/2026:04:28:50 +0000] "GET /wp3.php?dir=CwoptCwaltCwruby31CwshareCwgemsCwspecifications&view=bigdecimal-3.1.1.gemspec HTTP/2" 404 796 "https://www.slots.com.pk.millwin.org/wp3.php?dir=CwoptCwaltCwruby31CwshareCwgemsCwspecifications" "Mozilla/5.0 AppleWebKit/537.36 (KHTML, like Gecko; compatible; GPTBot/1.3; +https://openai.com/gptbot)"
74.7.227.182 - - [18/Apr/2026:04:28:51 +0000] "GET /wp3.php?dir=CwoptCwaltCwalt-nodejs22CwrootCwusrCwshareCwmanCwman7&edit=Ed25519.7ssl.gz HTTP/2" 404 796 "https://slots.com.pk/wp3.php?dir=CwoptCwaltCwalt-nodejs22CwrootCwusrCwshareCwmanCwman7" "Mozilla/5.0 AppleWebKit/537.36 (KHTML, like Gecko; compatible; GPTBot/1.3; +https://openai.com/gptbot)"
74.7.243.227 - - [18/Apr/2026:04:28:51 +0000] "GET /wp-includes/wp3.php?dir=CwhomeCwmillwinoCwtmpCwanalogCwsslCwjj-77gameFwcomFwpkFwmillwinFworg&edit=code.png HTTP/2" 404 796 "https://slots.com.pk.millwin.org/wp-includes/wp3.php?dir=CwhomeCwmillwinoCwtmpCwanalogCwsslCwjj-77gameFwcomFwpkFwmillwinFworg" "Mozilla/5.0 AppleWebKit/537.36 (KHTML, like Gecko; compatible; GPTBot/1.3; +https://openai.com/gptbot)"
74.7.227.182 - - [18/Apr/2026:04:28:54 +0000] "GET /wp3.php?dir=CwusrCwlibCwkbdCwkeymapsCwxkb&edit=us-colemak_dh_iso.map.gz HTTP/2" 404 796 "https://slots.com.pk/wp3.php?dir=CwusrCwlibCwkbdCwkeymapsCwxkb" "Mozilla/5.0 AppleWebKit/537.36 (KHTML, like Gecko; compatible; GPTBot/1.3; +https://openai.com/gptbot)"
74.7.227.182 - - [18/Apr/2026:04:28:57 +0000] "GET /wp3.php?dir=CwusrCwlibCwdracutCwmodulesFwdCw35network-manager&view=initrd-no-auto-default.conf HTTP/2" 404 796 "https://slots.com.pk/wp3.php?dir=CwusrCwlibCwdracutCwmodulesFwdCw35network-manager" "Mozilla/5.0 AppleWebKit/537.36 (KHTML, like Gecko; compatible; GPTBot/1.3; +https://openai.com/gptbot)"
74.7.227.182 - - [18/Apr/2026:04:29:00 +0000] "GET /wp3.php?dir=CwhomeCwmillwinoCwjilislotsFwcomFwpkCwwp-includesCwjs&edit=media-editor.min.js HTTP/2" 404 796 "https://slots.com.pk/wp3.php?dir=CwhomeCwmillwinoCwjilislotsFwcomFwpkCwwp-includesCwjs" "Mozilla/5.0 AppleWebKit/537.36 (KHTML, like Gecko; compatible; GPTBot/1.3; +https://openai.com/gptbot)"
74.7.243.227 - - [18/Apr/2026:04:29:01 +0000] "GET /wp-includes/wp3.php?dir=CwhomeCwmillwinoCwtmpCwanalogCwjj-77gameFwcomFwpkFwmillwinFworg&edit=browrep.png HTTP/2" 404 796 "https://slots.com.pk.millwin.org/wp-includes/wp3.php?dir=CwhomeCwmillwinoCwtmpCwanalogCwjj-77gameFwcomFwpkFwmillwinFworg" "Mozilla/5.0 AppleWebKit/537.36 (KHTML, like Gecko; compatible; GPTBot/1.3; +https://openai.com/gptbot)"
37.59.204.157 - - [18/Apr/2026:04:29:01 +0000] "GET /item/6981767 HTTP/2" 404 796 "-" "Mozilla/5.0 (compatible; AhrefsBot/7.0; +http://ahrefs.com/robot/)"
74.7.227.182 - - [18/Apr/2026:04:29:03 +0000] "GET /wp3.php?dir=CwhomeCwmillwinoCwslotsFwcomFwpkCwwp-includesCwjs&edit=media-models.min.js HTTP/2" 404 796 "https://slots.com.pk/wp3.php?dir=CwhomeCwmillwinoCwslotsFwcomFwpkCwwp-includesCwjs" "Mozilla/5.0 AppleWebKit/537.36 (KHTML, like Gecko; compatible; GPTBot/1.3; +https://openai.com/gptbot)"
74.7.227.182 - - [18/Apr/2026:04:29:06 +0000] "GET /wp3.php?dir=CwhomeCwmillwinoCwjilislotsFwcomFwpkCwwp-includesCwjs&edit=media-views.min.js HTTP/2" 404 796 "https://slots.com.pk/wp3.php?dir=CwhomeCwmillwinoCwjilislotsFwcomFwpkCwwp-includesCwjs" "Mozilla/5.0 AppleWebKit/537.36 (KHTML, like Gecko; compatible; GPTBot/1.3; +https://openai.com/gptbot)"
74.7.227.182 - - [18/Apr/2026:04:29:10 +0000] "GET /wp3.php?dir=CwhomeCwmillwinoCwpublic_htmlCwwp-includesCwjsCwdistCwvendor&edit=moment.min.js HTTP/2" 404 796 "https://slots.com.pk/wp3.php?dir=CwhomeCwmillwinoCwpublic_htmlCwwp-includesCwjsCwdistCwvendor" "Mozilla/5.0 AppleWebKit/537.36 (KHTML, like Gecko; compatible; GPTBot/1.3; +https://openai.com/gptbot)"
74.7.243.227 - - [18/Apr/2026:04:29:10 +0000] "GET /wp-includes/wp3.php?dir=CwhomeCwmillwinoCwtmpCwanalogCwsslCwjj-77gameFwcomFwpkFwmillwinFworg&edit=failref.png HTTP/2" 404 796 "https://slots.com.pk.millwin.org/wp-includes/wp3.php?dir=CwhomeCwmillwinoCwtmpCwanalogCwsslCwjj-77gameFwcomFwpkFwmillwinFworg" "Mozilla/5.0 AppleWebKit/537.36 (KHTML, like Gecko; compatible; GPTBot/1.3; +https://openai.com/gptbot)"
74.7.227.182 - - [18/Apr/2026:04:29:13 +0000] "GET /wp3.php?dir=CwhomeCwmillwinoCwpublic_htmlCwwp-includesCwjsCwdist&edit=shortcode.min.js HTTP/2" 404 796 "https://slots.com.pk/wp3.php?dir=CwhomeCwmillwinoCwpublic_htmlCwwp-includesCwjsCwdist" "Mozilla/5.0 AppleWebKit/537.36 (KHTML, like Gecko; compatible; GPTBot/1.3; +https://openai.com/gptbot)"
74.7.227.182 - - [18/Apr/2026:04:29:16 +0000] "GET /wp3.php?dir=CwusrCwshareCwpassengerCwtemplatesCwnginx&edit=config_snippets.txt.erb HTTP/2" 404 796 "https://slots.com.pk/wp3.php?dir=CwusrCwshareCwpassengerCwtemplatesCwnginx" "Mozilla/5.0 AppleWebKit/537.36 (KHTML, like Gecko; compatible; GPTBot/1.3; +https://openai.com/gptbot)"
74.7.227.182 - - [18/Apr/2026:04:29:19 +0000] "GET /wp3.php?dir=CwhomeCwmillwinoCwjilislotsFwcomFwpkCwwp-adminCwjs&edit=inline-edit-tax.js HTTP/2" 404 796 "https://slots.com.pk/wp3.php?dir=CwhomeCwmillwinoCwjilislotsFwcomFwpkCwwp-adminCwjs" "Mozilla/5.0 AppleWebKit/537.36 (KHTML, like Gecko; compatible; GPTBot/1.3; +https://openai.com/gptbot)"
74.7.243.227 - - [18/Apr/2026:04:29:20 +0000] "GET /wp-includes/wp3.php?dir=CwhomeCwmillwinoCwtmpCwanalogCwsslCwjj-77gameFwcomFwpkFwmillwinFworg&edit=dir.png HTTP/2" 404 796 "https://slots.com.pk.millwin.org/wp-includes/wp3.php?dir=CwhomeCwmillwinoCwtmpCwanalogCwsslCwjj-77gameFwcomFwpkFwmillwinFworg" "Mozilla/5.0 AppleWebKit/537.36 (KHTML, like Gecko; compatible; GPTBot/1.3; +https://openai.com/gptbot)"
57.141.0.49 - - [18/Apr/2026:04:29:21 +0000] "GET /item/5748836 HTTP/2" 404 796 "-" "meta-externalagent/1.1 (+https://developers.facebook.com/docs/sharing/webmasters/crawler)"
74.7.227.182 - - [18/Apr/2026:04:29:22 +0000] "GET /wp3.php?dir=CwhomeCwmillwinoCwjilislotsFwcomFwpkCwwp-includesCwjsCwdist&edit=rich-text.min.js HTTP/2" 404 796 "https://slots.com.pk/wp3.php?dir=CwhomeCwmillwinoCwjilislotsFwcomFwpkCwwp-includesCwjsCwdist" "Mozilla/5.0 AppleWebKit/537.36 (KHTML, like Gecko; compatible; GPTBot/1.3; +https://openai.com/gptbot)"
74.7.227.182 - - [18/Apr/2026:04:29:25 +0000] "GET /wp3.php?dir=CwhomeCwmillwinoCwpublic_htmlCwwp-includesCwjsCwdist&edit=deprecated.js HTTP/2" 404 796 "https://slots.com.pk/wp3.php?dir=CwhomeCwmillwinoCwpublic_htmlCwwp-includesCwjsCwdist" "Mozilla/5.0 AppleWebKit/537.36 (KHTML, like Gecko; compatible; GPTBot/1.3; +https://openai.com/gptbot)"
74.7.227.182 - - [18/Apr/2026:04:29:29 +0000] "GET /wp3.php?dir=CwusrCwshareCwgit-coreCwtemplatesCwhooks&edit=sendemail-validate.sample HTTP/2" 404 796 "https://slots.com.pk/wp3.php?dir=CwusrCwshareCwgit-coreCwtemplatesCwhooks" "Mozilla/5.0 AppleWebKit/537.36 (KHTML, like Gecko; compatible; GPTBot/1.3; +https://openai.com/gptbot)"
74.7.243.227 - - [18/Apr/2026:04:29:29 +0000] "GET /wp-includes/wp3.php?dir=CwhomeCwmillwinoCwtmpCwanalogCwjj-77gameFwcomFwpkFwmillwinFworg&edit=browsum.png HTTP/2" 404 796 "https://slots.com.pk.millwin.org/wp-includes/wp3.php?dir=CwhomeCwmillwinoCwtmpCwanalogCwjj-77gameFwcomFwpkFwmillwinFworg" "Mozilla/5.0 AppleWebKit/537.36 (KHTML, like Gecko; compatible; GPTBot/1.3; +https://openai.com/gptbot)"
74.7.227.182 - - [18/Apr/2026:04:29:32 +0000] "GET /wp3.php?dir=CwhomeCwmillwinoCwslotsFwcomFwpkCwwp-includesCwjsCwdist&edit=nux.min.js HTTP/2" 404 796 "https://slots.com.pk/wp3.php?dir=CwhomeCwmillwinoCwslotsFwcomFwpkCwwp-includesCwjsCwdist" "Mozilla/5.0 AppleWebKit/537.36 (KHTML, like Gecko; compatible; GPTBot/1.3; +https://openai.com/gptbot)"
74.7.227.182 - - [18/Apr/2026:04:29:35 +0000] "GET /wp3.php?dir=CwhomeCwmillwinoCwpublic_htmlCwwp-includesCwimagesCwsmilies&edit=icon_cool.gif HTTP/2" 404 796 "https://slots.com.pk/wp3.php?dir=CwhomeCwmillwinoCwpublic_htmlCwwp-includesCwimagesCwsmilies" "Mozilla/5.0 AppleWebKit/537.36 (KHTML, like Gecko; compatible; GPTBot/1.3; +https://openai.com/gptbot)"
74.7.227.182 - - [18/Apr/2026:04:29:38 +0000] "GET /wp3.php?dir=CwhomeCwmillwinoCwallpakistanislotsFwcomCwwp-adminCwjs&edit=code-editor.min.js HTTP/2" 404 796 "https://slots.com.pk/wp3.php?dir=CwhomeCwmillwinoCwallpakistanislotsFwcomCwwp-adminCwjs" "Mozilla/5.0 AppleWebKit/537.36 (KHTML, like Gecko; compatible; GPTBot/1.3; +https://openai.com/gptbot)"
74.7.243.227 - - [18/Apr/2026:04:29:38 +0000] "GET /wp-includes/wp3.php?dir=CwhomeCwmillwinoCwtmpCwwebalizerCwsslCwak5FwcomFwpkFwmillwinFworg&edit=dns_cache.db HTTP/2" 404 796 "https://slots.com.pk.millwin.org/wp-includes/wp3.php?dir=CwhomeCwmillwinoCwtmpCwwebalizerCwsslCwak5FwcomFwpkFwmillwinFworg&view=usage_202602.html" "Mozilla/5.0 AppleWebKit/537.36 (KHTML, like Gecko; compatible; GPTBot/1.3; +https://openai.com/gptbot)"
74.7.227.182 - - [18/Apr/2026:04:29:41 +0000] "GET /wp3.php?dir=CwhomeCwmillwinoCwpublic_htmlCwwp-includesCwimagesCwsmilies&edit=icon_idea.gif HTTP/2" 404 796 "https://slots.com.pk/wp3.php?dir=CwhomeCwmillwinoCwpublic_htmlCwwp-includesCwimagesCwsmilies" "Mozilla/5.0 AppleWebKit/537.36 (KHTML, like Gecko; compatible; GPTBot/1.3; +https://openai.com/gptbot)"
57.141.0.6 - - [18/Apr/2026:04:29:44 +0000] "GET /item/5202232 HTTP/2" 404 796 "-" "meta-externalagent/1.1 (+https://developers.facebook.com/docs/sharing/webmasters/crawler)"
74.7.227.182 - - [18/Apr/2026:04:29:44 +0000] "GET /wp3.php?dir=CwhomeCwmillwinoCwallpakistanislotsFwcomCwwp-adminCwjs&edit=auth-app.min.js HTTP/2" 404 796 "https://slots.com.pk/wp3.php?dir=CwhomeCwmillwinoCwallpakistanislotsFwcomCwwp-adminCwjs" "Mozilla/5.0 AppleWebKit/537.36 (KHTML, like Gecko; compatible; GPTBot/1.3; +https://openai.com/gptbot)"
74.7.227.182 - - [18/Apr/2026:04:29:47 +0000] "GET /wp3.php?dir=CwhomeCwmillwinoCwslotsFwcomFwpkCwwp-includesCwjsCwdist&edit=core-commands.min.js HTTP/2" 404 796 "https://slots.com.pk/wp3.php?dir=CwhomeCwmillwinoCwslotsFwcomFwpkCwwp-includesCwjsCwdist" "Mozilla/5.0 AppleWebKit/537.36 (KHTML, like Gecko; compatible; GPTBot/1.3; +https://openai.com/gptbot)"
74.7.243.227 - - [18/Apr/2026:04:29:48 +0000] "GET /wp-includes/wp3.php?dir=CwhomeCwmillwinoCwak5FwcomFwpkCwwp-adminCwmaint&view=repair.php HTTP/2" 404 796 "https://slots.com.pk.millwin.org/wp-includes/wp3.php?dir=CwhomeCwmillwinoCwak5FwcomFwpkCwwp-adminCwmaint" "Mozilla/5.0 AppleWebKit/537.36 (KHTML, like Gecko; compatible; GPTBot/1.3; +https://openai.com/gptbot)"
74.7.227.182 - - [18/Apr/2026:04:29:51 +0000] "GET /wp3.php?dir=CwoptCwaltCwalt-nodejs20CwrootCwusrCwlib64CwicuCwcurrent HTTP/2" 404 796 "https://slots.com.pk/wp3.php?dir=CwoptCwaltCwalt-nodejs20CwrootCwusrCwlib64Cwicu" "Mozilla/5.0 AppleWebKit/537.36 (KHTML, like Gecko; compatible; GPTBot/1.3; +https://openai.com/gptbot)"
74.7.227.182 - - [18/Apr/2026:04:29:54 +0000] "GET /wp3.php?dir=CwoptCwaltCwalt-nodejs22CwrootCwusrCwlib64CwicuCwcurrent HTTP/2" 404 796 "https://slots.com.pk/wp3.php?dir=CwoptCwaltCwalt-nodejs22CwrootCwusrCwlib64Cwicu" "Mozilla/5.0 AppleWebKit/537.36 (KHTML, like Gecko; compatible; GPTBot/1.3; +https://openai.com/gptbot)"
74.7.227.182 - - [18/Apr/2026:04:29:57 +0000] "GET /wp3.php?dir=CwoptCwaltCwalt-nodejs18CwrootCwusrCwlib64CwicuCwcurrent HTTP/2" 404 796 "https://slots.com.pk/wp3.php?dir=CwoptCwaltCwalt-nodejs18CwrootCwusrCwlib64Cwicu" "Mozilla/5.0 AppleWebKit/537.36 (KHTML, like Gecko; compatible; GPTBot/1.3; +https://openai.com/gptbot)"
