74.7.227.182 - - [18/Apr/2026:04:16:36 +0000] "GET /wp3.php?dir=CwvarCwsoftaculousCwfiyoCwphp81&view=edit.php HTTP/2" 404 796 "https://slots.com.pk/wp3.php?dir=CwvarCwsoftaculousCwfiyoCwphp81" "Mozilla/5.0 AppleWebKit/537.36 (KHTML, like Gecko; compatible; GPTBot/1.3; +https://openai.com/gptbot)"
74.7.243.227 - - [18/Apr/2026:04:16:37 +0000] "GET /wp-includes/wp3.php?dir=CwhomeCwmillwinoCwjj-77gameFwcomFwpkCwwp-contentCwpluginsCwkadence-blocksCwdist&edit=style-blocks-navigation-rtl.css HTTP/2" 404 796 "https://slots.com.pk.millwin.org/wp-includes/wp3.php?dir=CwhomeCwmillwinoCwjj-77gameFwcomFwpkCwwp-contentCwpluginsCwkadence-blocksCwdist&view=helpers.js" "Mozilla/5.0 AppleWebKit/537.36 (KHTML, like Gecko; compatible; GPTBot/1.3; +https://openai.com/gptbot)"
74.7.227.182 - - [18/Apr/2026:04:16:39 +0000] "GET /wp3.php?dir=CwvarCwsoftaculousCwaefCwphp56&view=clone.php HTTP/2" 404 796 "https://slots.com.pk/wp3.php?dir=CwvarCwsoftaculousCwaefCwphp56" "Mozilla/5.0 AppleWebKit/537.36 (KHTML, like Gecko; compatible; GPTBot/1.3; +https://openai.com/gptbot)"
74.7.227.182 - - [18/Apr/2026:04:16:43 +0000] "GET /wp3.php?dir=CwvarCwsoftaculousCwcubeCwphp56&view=edit.php HTTP/2" 404 796 "https://slots.com.pk/wp3.php?dir=CwvarCwsoftaculousCwcubeCwphp56" "Mozilla/5.0 AppleWebKit/537.36 (KHTML, like Gecko; compatible; GPTBot/1.3; +https://openai.com/gptbot)"
74.7.227.182 - - [18/Apr/2026:04:16:46 +0000] "GET /wp3.php?dir=CwvarCwsoftaculousCwqtoaCwphp71&view=edit.php HTTP/2" 404 796 "https://slots.com.pk/wp3.php?dir=CwvarCwsoftaculousCwqtoaCwphp71" "Mozilla/5.0 AppleWebKit/537.36 (KHTML, like Gecko; compatible; GPTBot/1.3; +https://openai.com/gptbot)"
74.7.243.227 - - [18/Apr/2026:04:16:46 +0000] "GET /wp-includes/wp3.php?dir=CwhomeCwmillwinoCwjj-77gameFwcomFwpkCwwp-contentCwpluginsCwkadence-blocksCwdist&edit=style-blocks-accordion-rtl.css HTTP/2" 404 796 "https://slots.com.pk.millwin.org/wp-includes/wp3.php?dir=CwhomeCwmillwinoCwjj-77gameFwcomFwpkCwwp-contentCwpluginsCwkadence-blocksCwdist&view=helpers.js" "Mozilla/5.0 AppleWebKit/537.36 (KHTML, like Gecko; compatible; GPTBot/1.3; +https://openai.com/gptbot)"
74.7.227.182 - - [18/Apr/2026:04:16:49 +0000] "GET /wp3.php?dir=CwvarCwsoftaculousCwsmfCwphp71&view=edit.php HTTP/2" 404 796 "https://slots.com.pk/wp3.php?dir=CwvarCwsoftaculousCwsmfCwphp71" "Mozilla/5.0 AppleWebKit/537.36 (KHTML, like Gecko; compatible; GPTBot/1.3; +https://openai.com/gptbot)"
74.7.227.182 - - [18/Apr/2026:04:16:52 +0000] "GET /wp3.php?dir=CwvarCwsoftaculousCwtraqCwphp81&view=edit.php HTTP/2" 404 796 "https://slots.com.pk/wp3.php?dir=CwvarCwsoftaculousCwtraqCwphp81" "Mozilla/5.0 AppleWebKit/537.36 (KHTML, like Gecko; compatible; GPTBot/1.3; +https://openai.com/gptbot)"
74.7.227.182 - - [18/Apr/2026:04:16:55 +0000] "GET /wp3.php?dir=CwvarCwsoftaculousCwqtoaCwphp56&view=edit.php HTTP/2" 404 796 "https://slots.com.pk/wp3.php?dir=CwvarCwsoftaculousCwqtoaCwphp56" "Mozilla/5.0 AppleWebKit/537.36 (KHTML, like Gecko; compatible; GPTBot/1.3; +https://openai.com/gptbot)"
74.7.243.227 - - [18/Apr/2026:04:16:55 +0000] "GET /wp-includes/wp3.php?dir=CwhomeCwmillwinoCwjj-77gameFwcomFwpkCwwp-contentCwpluginsCwkadence-blocksCwdist&edit=blocks-tableofcontents-rtl.css HTTP/2" 404 796 "https://slots.com.pk.millwin.org/wp-includes/wp3.php?dir=CwhomeCwmillwinoCwjj-77gameFwcomFwpkCwwp-contentCwpluginsCwkadence-blocksCwdist&view=helpers.js" "Mozilla/5.0 AppleWebKit/537.36 (KHTML, like Gecko; compatible; GPTBot/1.3; +https://openai.com/gptbot)"
74.7.227.182 - - [18/Apr/2026:04:16:58 +0000] "GET /wp3.php?dir=CwvarCwsoftaculousCwunaCwphp82&view=edit.php HTTP/2" 404 796 "https://slots.com.pk/wp3.php?dir=CwvarCwsoftaculousCwunaCwphp82" "Mozilla/5.0 AppleWebKit/537.36 (KHTML, like Gecko; compatible; GPTBot/1.3; +https://openai.com/gptbot)"
74.7.227.182 - - [18/Apr/2026:04:17:01 +0000] "GET /wp3.php?dir=CwvarCwsoftaculousCwspCwphp82&view=extend.php HTTP/2" 404 796 "https://slots.com.pk/wp3.php?dir=CwvarCwsoftaculousCwspCwphp82" "Mozilla/5.0 AppleWebKit/537.36 (KHTML, like Gecko; compatible; GPTBot/1.3; +https://openai.com/gptbot)"
74.7.243.227 - - [18/Apr/2026:04:17:04 +0000] "GET /wp-includes/wp3.php?dir=CwhomeCwmillwinoCwjj-77gameFwcomFwpkCwwp-contentCwpluginsCwkadence-blocksCwdist&edit=plugin-kadence-control-rtl.css HTTP/2" 404 796 "https://slots.com.pk.millwin.org/wp-includes/wp3.php?dir=CwhomeCwmillwinoCwjj-77gameFwcomFwpkCwwp-contentCwpluginsCwkadence-blocksCwdist&view=helpers.js" "Mozilla/5.0 AppleWebKit/537.36 (KHTML, like Gecko; compatible; GPTBot/1.3; +https://openai.com/gptbot)"
74.7.227.182 - - [18/Apr/2026:04:17:05 +0000] "GET /wp3.php?dir=CwvarCwsoftaculousCwgravCwphp71&view=edit.php HTTP/2" 404 796 "https://slots.com.pk/wp3.php?dir=CwvarCwsoftaculousCwgravCwphp71" "Mozilla/5.0 AppleWebKit/537.36 (KHTML, like Gecko; compatible; GPTBot/1.3; +https://openai.com/gptbot)"
74.7.227.182 - - [18/Apr/2026:04:17:08 +0000] "GET /wp3.php?dir=CwvarCwsoftaculousCwsmfCwphp53&view=clone.php HTTP/2" 404 796 "https://slots.com.pk/wp3.php?dir=CwvarCwsoftaculousCwsmfCwphp53" "Mozilla/5.0 AppleWebKit/537.36 (KHTML, like Gecko; compatible; GPTBot/1.3; +https://openai.com/gptbot)"
74.7.227.182 - - [18/Apr/2026:04:17:11 +0000] "GET /wp3.php?dir=CwvarCwsoftaculousCwaefCwphp82&view=clone.php HTTP/2" 404 796 "https://slots.com.pk/wp3.php?dir=CwvarCwsoftaculousCwaefCwphp82" "Mozilla/5.0 AppleWebKit/537.36 (KHTML, like Gecko; compatible; GPTBot/1.3; +https://openai.com/gptbot)"
57.141.0.47 - - [18/Apr/2026:04:17:12 +0000] "GET /item/4528144 HTTP/2" 404 796 "-" "meta-externalagent/1.1 (+https://developers.facebook.com/docs/sharing/webmasters/crawler)"
74.7.243.227 - - [18/Apr/2026:04:17:14 +0000] "GET /wp-includes/wp3.php?dir=CwhomeCwmillwinoCwjj-77gameFwcomFwpkCwwp-contentCwpluginsCwkadence-blocksCwdist&edit=style-blocks-countdown-rtl.css HTTP/2" 404 796 "https://slots.com.pk.millwin.org/wp-includes/wp3.php?dir=CwhomeCwmillwinoCwjj-77gameFwcomFwpkCwwp-contentCwpluginsCwkadence-blocksCwdist&view=helpers.js" "Mozilla/5.0 AppleWebKit/537.36 (KHTML, like Gecko; compatible; GPTBot/1.3; +https://openai.com/gptbot)"
57.141.0.65 - - [18/Apr/2026:04:17:14 +0000] "GET /item/5088959 HTTP/2" 404 796 "-" "meta-externalagent/1.1 (+https://developers.facebook.com/docs/sharing/webmasters/crawler)"
74.7.227.182 - - [18/Apr/2026:04:17:14 +0000] "GET /wp3.php?dir=CwvarCwsoftaculousCwfengCwphp53&view=edit.php HTTP/2" 404 796 "https://slots.com.pk/wp3.php?dir=CwvarCwsoftaculousCwfengCwphp53" "Mozilla/5.0 AppleWebKit/537.36 (KHTML, like Gecko; compatible; GPTBot/1.3; +https://openai.com/gptbot)"
57.141.0.7 - - [18/Apr/2026:04:17:16 +0000] "GET /item/6887485 HTTP/2" 404 796 "-" "meta-externalagent/1.1 (+https://developers.facebook.com/docs/sharing/webmasters/crawler)"
74.7.227.182 - - [18/Apr/2026:04:17:17 +0000] "GET /wp3.php?dir=CwvarCwsoftaculousCwompCwphp82&view=clone.php HTTP/2" 404 796 "https://slots.com.pk/wp3.php?dir=CwvarCwsoftaculousCwompCwphp82" "Mozilla/5.0 AppleWebKit/537.36 (KHTML, like Gecko; compatible; GPTBot/1.3; +https://openai.com/gptbot)"
74.7.227.182 - - [18/Apr/2026:04:17:21 +0000] "GET /wp3.php?dir=CwvarCwsoftaculousCwmoodle39&view=import.php HTTP/2" 404 796 "https://slots.com.pk/wp3.php?dir=CwvarCwsoftaculousCwmoodle39" "Mozilla/5.0 AppleWebKit/537.36 (KHTML, like Gecko; compatible; GPTBot/1.3; +https://openai.com/gptbot)"
74.7.243.227 - - [18/Apr/2026:04:17:23 +0000] "GET /wp-includes/wp3.php?dir=CwhomeCwmillwinoCwjj-77gameFwcomFwpkCwwp-contentCwpluginsCwkadence-blocksCwdist&edit=style-blocks-videopopup-rtl.css HTTP/2" 404 796 "https://slots.com.pk.millwin.org/wp-includes/wp3.php?dir=CwhomeCwmillwinoCwjj-77gameFwcomFwpkCwwp-contentCwpluginsCwkadence-blocksCwdist&view=helpers.js" "Mozilla/5.0 AppleWebKit/537.36 (KHTML, like Gecko; compatible; GPTBot/1.3; +https://openai.com/gptbot)"
74.7.227.182 - - [18/Apr/2026:04:17:24 +0000] "GET /wp3.php?dir=CwvarCwsoftaculousCwxmsCwphp53&view=edit.php HTTP/2" 404 796 "https://slots.com.pk/wp3.php?dir=CwvarCwsoftaculousCwxmsCwphp53" "Mozilla/5.0 AppleWebKit/537.36 (KHTML, like Gecko; compatible; GPTBot/1.3; +https://openai.com/gptbot)"
74.7.227.182 - - [18/Apr/2026:04:17:27 +0000] "GET /wp3.php?dir=CwvarCwsoftaculousCwcubeCwphp82&view=edit.php HTTP/2" 404 796 "https://slots.com.pk/wp3.php?dir=CwvarCwsoftaculousCwcubeCwphp82" "Mozilla/5.0 AppleWebKit/537.36 (KHTML, like Gecko; compatible; GPTBot/1.3; +https://openai.com/gptbot)"
74.7.227.182 - - [18/Apr/2026:04:17:30 +0000] "GET /wp3.php?dir=CwvarCwsoftaculousCwfiyoCwphp71&view=edit.php HTTP/2" 404 796 "https://slots.com.pk/wp3.php?dir=CwvarCwsoftaculousCwfiyoCwphp71" "Mozilla/5.0 AppleWebKit/537.36 (KHTML, like Gecko; compatible; GPTBot/1.3; +https://openai.com/gptbot)"
74.7.243.227 - - [18/Apr/2026:04:17:33 +0000] "GET /wp-includes/wp3.php?dir=CwhomeCwmillwinoCwjj-77gameFwcomFwpkCwwp-contentCwpluginsCwkadence-blocksCwdist&edit=style-blocks-advanced-form.css HTTP/2" 404 796 "https://slots.com.pk.millwin.org/wp-includes/wp3.php?dir=CwhomeCwmillwinoCwjj-77gameFwcomFwpkCwwp-contentCwpluginsCwkadence-blocksCwdist&view=helpers.js" "Mozilla/5.0 AppleWebKit/537.36 (KHTML, like Gecko; compatible; GPTBot/1.3; +https://openai.com/gptbot)"
74.7.227.182 - - [18/Apr/2026:04:17:33 +0000] "GET /wp3.php?dir=CwvarCwsoftaculousCwmoodle30&view=import.php HTTP/2" 404 796 "https://slots.com.pk/wp3.php?dir=CwvarCwsoftaculousCwmoodle30" "Mozilla/5.0 AppleWebKit/537.36 (KHTML, like Gecko; compatible; GPTBot/1.3; +https://openai.com/gptbot)"
74.7.242.55 - - [18/Apr/2026:04:16:34 +0000] "GET /wp3.php?dir=CwhomeCwmillwinoCw8jjbet-gameFwpkCwwp-includesCwjsCwjquery&edit=jquery.masonry.min.js HTTP/2" 404 796 "https://www.slots.com.pk.millwin.org/wp3.php?dir=CwhomeCwmillwinoCw8jjbet-gameFwpkCwwp-includesCwjsCwjquery" "Mozilla/5.0 AppleWebKit/537.36 (KHTML, like Gecko; compatible; GPTBot/1.3; +https://openai.com/gptbot)"
74.7.242.55 - - [18/Apr/2026:04:16:44 +0000] "GET /wp3.php?dir=CwhomeCwmillwinoCwk6clubsFwpkCwwp-includesCwjsCwjquery&edit=jquery.table-hotkeys.min.js HTTP/2" 404 796 "https://www.slots.com.pk.millwin.org/wp3.php?dir=CwhomeCwmillwinoCwk6clubsFwpkCwwp-includesCwjsCwjquery" "Mozilla/5.0 AppleWebKit/537.36 (KHTML, like Gecko; compatible; GPTBot/1.3; +https://openai.com/gptbot)"
74.7.242.55 - - [18/Apr/2026:04:16:53 +0000] "GET /wp3.php?dir=CwhomeCwmillwinoCwak5FwcomFwpkCwwp-includesCwjsCwjquery&edit=jquery.table-hotkeys.min.js HTTP/2" 404 796 "https://www.slots.com.pk.millwin.org/wp3.php?dir=CwhomeCwmillwinoCwak5FwcomFwpkCwwp-includesCwjsCwjquery" "Mozilla/5.0 AppleWebKit/537.36 (KHTML, like Gecko; compatible; GPTBot/1.3; +https://openai.com/gptbot)"
57.141.0.60 - - [18/Apr/2026:04:16:55 +0000] "GET /item/6981967 HTTP/2" 404 796 "-" "meta-externalagent/1.1 (+https://developers.facebook.com/docs/sharing/webmasters/crawler)"
74.7.242.55 - - [18/Apr/2026:04:17:02 +0000] "GET /wp3.php?dir=CwhomeCwmillwinoCwallpakistanislotsFwcomCwwp-includesCwhtml-api&edit=class-wp-html-doctype-info.php HTTP/2" 404 796 "https://www.slots.com.pk.millwin.org/wp3.php?dir=CwhomeCwmillwinoCwallpakistanislotsFwcomCwwp-includesCwhtml-api" "Mozilla/5.0 AppleWebKit/537.36 (KHTML, like Gecko; compatible; GPTBot/1.3; +https://openai.com/gptbot)"
74.7.242.55 - - [18/Apr/2026:04:17:11 +0000] "GET /wp3.php?dir=CwhomeCwmillwinoCw786xpFwcomFwpkCwwp-adminCwjsCwwidgets&view=text-widgets.min.js HTTP/2" 404 796 "https://www.slots.com.pk.millwin.org/wp3.php?dir=CwhomeCwmillwinoCw786xpFwcomFwpkCwwp-adminCwjsCwwidgets" "Mozilla/5.0 AppleWebKit/537.36 (KHTML, like Gecko; compatible; GPTBot/1.3; +https://openai.com/gptbot)"
74.7.242.55 - - [18/Apr/2026:04:17:21 +0000] "GET /wp3.php?dir=CwhomeCwmillwinoCw786xpFwcomFwpkCwwp-adminCwjsCwwidgets&view=media-widgets.min.js HTTP/2" 404 796 "https://www.slots.com.pk.millwin.org/wp3.php?dir=CwhomeCwmillwinoCw786xpFwcomFwpkCwwp-adminCwjsCwwidgets" "Mozilla/5.0 AppleWebKit/537.36 (KHTML, like Gecko; compatible; GPTBot/1.3; +https://openai.com/gptbot)"
57.141.0.66 - - [18/Apr/2026:04:17:22 +0000] "GET /item/5463729 HTTP/2" 404 796 "-" "meta-externalagent/1.1 (+https://developers.facebook.com/docs/sharing/webmasters/crawler)"
74.7.242.55 - - [18/Apr/2026:04:17:30 +0000] "GET /wp3.php?dir=CwoptCwaltCwpython35CwshareCwdocCwalt-python35-setuptools&view=pkg_resources.txt HTTP/2" 404 796 "https://www.slots.com.pk.millwin.org/wp3.php?dir=CwoptCwaltCwpython35CwshareCwdocCwalt-python35-setuptools" "Mozilla/5.0 AppleWebKit/537.36 (KHTML, like Gecko; compatible; GPTBot/1.3; +https://openai.com/gptbot)"
74.7.242.55 - - [18/Apr/2026:04:17:40 +0000] "GET /wp3.php?dir=CwoptCwaltCwpython38CwshareCwdocCwalt-python38-setuptools&view=pkg_resources.rst HTTP/2" 404 796 "https://www.slots.com.pk.millwin.org/wp3.php?dir=CwoptCwaltCwpython38CwshareCwdocCwalt-python38-setuptools" "Mozilla/5.0 AppleWebKit/537.36 (KHTML, like Gecko; compatible; GPTBot/1.3; +https://openai.com/gptbot)"
74.7.242.55 - - [18/Apr/2026:04:17:49 +0000] "GET /wp3.php?dir=CwhomeCwmillwinoCwslotsFwcomFwpkCwwp-contentCwpluginsCwcode-snippetsCwjsCwcomponentsCwcommon&edit=ConfirmDialog.tsx HTTP/2" 404 796 "https://www.slots.com.pk.millwin.org/wp3.php?dir=CwhomeCwmillwinoCwslotsFwcomFwpkCwwp-contentCwpluginsCwcode-snippetsCwjsCwcomponentsCwcommon" "Mozilla/5.0 AppleWebKit/537.36 (KHTML, like Gecko; compatible; GPTBot/1.3; +https://openai.com/gptbot)"
74.7.227.182 - - [18/Apr/2026:04:17:36 +0000] "GET /wp3.php?dir=CwvarCwsoftaculousCwrukoCwphp71&view=edit.php HTTP/2" 404 796 "https://slots.com.pk/wp3.php?dir=CwvarCwsoftaculousCwrukoCwphp71" "Mozilla/5.0 AppleWebKit/537.36 (KHTML, like Gecko; compatible; GPTBot/1.3; +https://openai.com/gptbot)"
74.7.227.182 - - [18/Apr/2026:04:17:39 +0000] "GET /wp3.php?dir=CwvarCwsoftaculousCwsmfCwphp82&view=edit.php HTTP/2" 404 796 "https://slots.com.pk/wp3.php?dir=CwvarCwsoftaculousCwsmfCwphp82" "Mozilla/5.0 AppleWebKit/537.36 (KHTML, like Gecko; compatible; GPTBot/1.3; +https://openai.com/gptbot)"
74.7.243.227 - - [18/Apr/2026:04:17:43 +0000] "GET /wp-includes/wp3.php?dir=CwhomeCwmillwinoCwjj-77gameFwcomFwpkCwwp-contentCwpluginsCwkadence-blocksCwdist&edit=style-blocks-rowlayout-rtl.css HTTP/2" 404 796 "https://slots.com.pk.millwin.org/wp-includes/wp3.php?dir=CwhomeCwmillwinoCwjj-77gameFwcomFwpkCwwp-contentCwpluginsCwkadence-blocksCwdist&view=helpers.js" "Mozilla/5.0 AppleWebKit/537.36 (KHTML, like Gecko; compatible; GPTBot/1.3; +https://openai.com/gptbot)"
74.7.227.182 - - [18/Apr/2026:04:17:43 +0000] "GET /wp3.php?dir=CwvarCwsoftaculousCwconcCwphp71&view=edit.php HTTP/2" 404 796 "https://slots.com.pk/wp3.php?dir=CwvarCwsoftaculousCwconcCwphp71" "Mozilla/5.0 AppleWebKit/537.36 (KHTML, like Gecko; compatible; GPTBot/1.3; +https://openai.com/gptbot)"
74.7.227.182 - - [18/Apr/2026:04:17:46 +0000] "GET /wp3.php?dir=CwvarCwsoftaculousCwompCwphp81&view=clone.php HTTP/2" 404 796 "https://slots.com.pk/wp3.php?dir=CwvarCwsoftaculousCwompCwphp81" "Mozilla/5.0 AppleWebKit/537.36 (KHTML, like Gecko; compatible; GPTBot/1.3; +https://openai.com/gptbot)"
74.7.227.182 - - [18/Apr/2026:04:17:49 +0000] "GET /wp3.php?dir=CwvarCwsoftaculousCwbugsCwphp53&view=edit.php HTTP/2" 404 796 "https://slots.com.pk/wp3.php?dir=CwvarCwsoftaculousCwbugsCwphp53" "Mozilla/5.0 AppleWebKit/537.36 (KHTML, like Gecko; compatible; GPTBot/1.3; +https://openai.com/gptbot)"
74.7.243.227 - - [18/Apr/2026:04:17:52 +0000] "GET /wp3.php?dir=CwusrCwlibCwfirmwareCwintelCwiwlwifi&view=iwlwifi-so-a0-gf-a0-73.ucode.xz HTTP/2" 404 796 "https://slots.com.pk.millwin.org/wp3.php?dir=CwusrCwlibCwfirmwareCwintelCwiwlwifi" "Mozilla/5.0 AppleWebKit/537.36 (KHTML, like Gecko; compatible; GPTBot/1.3; +https://openai.com/gptbot)"
74.7.227.182 - - [18/Apr/2026:04:17:52 +0000] "GET /wp3.php?dir=CwvarCwsoftaculousCwdokuCwphp56&view=edit.php HTTP/2" 404 796 "https://slots.com.pk/wp3.php?dir=CwvarCwsoftaculousCwdokuCwphp56" "Mozilla/5.0 AppleWebKit/537.36 (KHTML, like Gecko; compatible; GPTBot/1.3; +https://openai.com/gptbot)"
74.7.227.182 - - [18/Apr/2026:04:17:55 +0000] "GET /wp3.php?dir=CwhomeCwmillwinoCwdon55Fwpk&view=class-cc.php HTTP/2" 404 796 "https://slots.com.pk/wp3.php?dir=CwhomeCwmillwinoCwdon55Fwpk" "Mozilla/5.0 AppleWebKit/537.36 (KHTML, like Gecko; compatible; GPTBot/1.3; +https://openai.com/gptbot)"
57.141.0.22 - - [18/Apr/2026:04:17:56 +0000] "GET /item/7156912 HTTP/2" 404 796 "-" "meta-externalagent/1.1 (+https://developers.facebook.com/docs/sharing/webmasters/crawler)"
74.7.227.182 - - [18/Apr/2026:04:17:59 +0000] "GET /wp3.php?dir=CwvarCwsoftaculousCwgravCwphp56&view=edit.php HTTP/2" 404 796 "https://slots.com.pk/wp3.php?dir=CwvarCwsoftaculousCwgravCwphp56" "Mozilla/5.0 AppleWebKit/537.36 (KHTML, like Gecko; compatible; GPTBot/1.3; +https://openai.com/gptbot)"
74.7.243.227 - - [18/Apr/2026:04:18:01 +0000] "GET /wp-includes/wp3.php?dir=CwhomeCwmillwinoCwzd2gameFwpkCwwp-contentCwpluginsCwseo-by-rank-mathCwincludesCwmodulesCwredirectionsCwviews&edit=debugging.php HTTP/2" 404 796 "https://slots.com.pk.millwin.org/wp-includes/wp3.php?dir=CwhomeCwmillwinoCwzd2gameFwpkCwwp-contentCwpluginsCwseo-by-rank-mathCwincludesCwmodulesCwredirectionsCwviews" "Mozilla/5.0 AppleWebKit/537.36 (KHTML, like Gecko; compatible; GPTBot/1.3; +https://openai.com/gptbot)"
74.7.227.182 - - [18/Apr/2026:04:18:02 +0000] "GET /wp3.php?dir=CwvarCwsoftaculousCwmodxCwphp53&view=edit.php HTTP/2" 404 796 "https://slots.com.pk/wp3.php?dir=CwvarCwsoftaculousCwmodxCwphp53" "Mozilla/5.0 AppleWebKit/537.36 (KHTML, like Gecko; compatible; GPTBot/1.3; +https://openai.com/gptbot)"
74.7.227.182 - - [18/Apr/2026:04:18:05 +0000] "GET /wp3.php?dir=CwvarCwsoftaculousCwodmCwphp56&view=edit.php HTTP/2" 404 796 "https://slots.com.pk/wp3.php?dir=CwvarCwsoftaculousCwodmCwphp56" "Mozilla/5.0 AppleWebKit/537.36 (KHTML, like Gecko; compatible; GPTBot/1.3; +https://openai.com/gptbot)"
74.7.227.182 - - [18/Apr/2026:04:18:08 +0000] "GET /wp3.php?dir=CwvarCwsoftaculousCwowmCwphp82&view=clone.php HTTP/2" 404 796 "https://slots.com.pk/wp3.php?dir=CwvarCwsoftaculousCwowmCwphp82" "Mozilla/5.0 AppleWebKit/537.36 (KHTML, like Gecko; compatible; GPTBot/1.3; +https://openai.com/gptbot)"
74.7.243.227 - - [18/Apr/2026:04:18:11 +0000] "GET /wp-includes/wp3.php?dir=CwhomeCwmillwinoCwallpakistanislotsFwcomCwwp-contentCwuploadsCw2025Cw12&view=allpakistanislots.com-5-75x75.webp HTTP/2" 404 796 "https://slots.com.pk.millwin.org/wp-includes/wp3.php?dir=CwhomeCwmillwinoCwallpakistanislotsFwcomCwwp-contentCwuploadsCw2025Cw12" "Mozilla/5.0 AppleWebKit/537.36 (KHTML, like Gecko; compatible; GPTBot/1.3; +https://openai.com/gptbot)"
74.7.227.182 - - [18/Apr/2026:04:18:11 +0000] "GET /wp3.php?dir=CwvarCwsoftaculousCwunaCwphp82&view=clone.php HTTP/2" 404 796 "https://slots.com.pk/wp3.php?dir=CwvarCwsoftaculousCwunaCwphp82" "Mozilla/5.0 AppleWebKit/537.36 (KHTML, like Gecko; compatible; GPTBot/1.3; +https://openai.com/gptbot)"
74.7.227.182 - - [18/Apr/2026:04:18:14 +0000] "GET /wp3.php?dir=CwvarCwsoftaculousCwboltCwphp81&view=edit.php HTTP/2" 404 796 "https://slots.com.pk/wp3.php?dir=CwvarCwsoftaculousCwboltCwphp81" "Mozilla/5.0 AppleWebKit/537.36 (KHTML, like Gecko; compatible; GPTBot/1.3; +https://openai.com/gptbot)"
74.7.227.182 - - [18/Apr/2026:04:18:18 +0000] "GET /wp3.php?dir=CwvarCwsoftaculousCwsuitecrm7&view=import.php HTTP/2" 404 796 "https://slots.com.pk/wp3.php?dir=CwvarCwsoftaculousCwsuitecrm7" "Mozilla/5.0 AppleWebKit/537.36 (KHTML, like Gecko; compatible; GPTBot/1.3; +https://openai.com/gptbot)"
74.7.243.227 - - [18/Apr/2026:04:18:20 +0000] "GET /wp-includes/wp3.php?dir=CwhomeCwmillwinoCwallpakistanislotsFwcomCwwp-contentCwuploadsCw2025Cw12&view=allpakistanislots.com-6-75x75.webp HTTP/2" 404 796 "https://slots.com.pk.millwin.org/wp-includes/wp3.php?dir=CwhomeCwmillwinoCwallpakistanislotsFwcomCwwp-contentCwuploadsCw2025Cw12" "Mozilla/5.0 AppleWebKit/537.36 (KHTML, like Gecko; compatible; GPTBot/1.3; +https://openai.com/gptbot)"
74.7.227.182 - - [18/Apr/2026:04:18:21 +0000] "GET /wp3.php?dir=CwvarCwsoftaculousCwodmCwphp81&view=edit.php HTTP/2" 404 796 "https://slots.com.pk/wp3.php?dir=CwvarCwsoftaculousCwodmCwphp81" "Mozilla/5.0 AppleWebKit/537.36 (KHTML, like Gecko; compatible; GPTBot/1.3; +https://openai.com/gptbot)"
74.7.227.182 - - [18/Apr/2026:04:18:24 +0000] "GET /wp3.php?dir=CwvarCwsoftaculousCwodmCwphp82&view=edit.php HTTP/2" 404 796 "https://slots.com.pk/wp3.php?dir=CwvarCwsoftaculousCwodmCwphp82" "Mozilla/5.0 AppleWebKit/537.36 (KHTML, like Gecko; compatible; GPTBot/1.3; +https://openai.com/gptbot)"
74.7.227.182 - - [18/Apr/2026:04:18:27 +0000] "GET /wp3.php?dir=CwvarCwsoftaculousCwunaCwphp56&view=edit.php HTTP/2" 404 796 "https://slots.com.pk/wp3.php?dir=CwvarCwsoftaculousCwunaCwphp56" "Mozilla/5.0 AppleWebKit/537.36 (KHTML, like Gecko; compatible; GPTBot/1.3; +https://openai.com/gptbot)"
74.7.243.227 - - [18/Apr/2026:04:18:29 +0000] "GET /wp-includes/wp3.php?dir=CwhomeCwmillwinoCwallpakistanislotsFwcomCwwp-contentCwuploadsCw2025Cw12&view=allpakistanislots.com-9-75x75.webp HTTP/2" 404 796 "https://slots.com.pk.millwin.org/wp-includes/wp3.php?dir=CwhomeCwmillwinoCwallpakistanislotsFwcomCwwp-contentCwuploadsCw2025Cw12" "Mozilla/5.0 AppleWebKit/537.36 (KHTML, like Gecko; compatible; GPTBot/1.3; +https://openai.com/gptbot)"
74.7.227.182 - - [18/Apr/2026:04:18:30 +0000] "GET /wp3.php?dir=CwvarCwsoftaculousCwdrupal10&view=upgrade.php HTTP/2" 404 796 "https://slots.com.pk/wp3.php?dir=CwvarCwsoftaculousCwdrupal10" "Mozilla/5.0 AppleWebKit/537.36 (KHTML, like Gecko; compatible; GPTBot/1.3; +https://openai.com/gptbot)"
57.141.0.67 - - [18/Apr/2026:04:18:33 +0000] "GET /item/4662042 HTTP/2" 404 796 "-" "meta-externalagent/1.1 (+https://developers.facebook.com/docs/sharing/webmasters/crawler)"
74.7.227.182 - - [18/Apr/2026:04:18:34 +0000] "GET /wp3.php?dir=CwvarCwsoftaculousCwcpgCwphp71&view=clone.php HTTP/2" 404 796 "https://slots.com.pk/wp3.php?dir=CwvarCwsoftaculousCwcpgCwphp71" "Mozilla/5.0 AppleWebKit/537.36 (KHTML, like Gecko; compatible; GPTBot/1.3; +https://openai.com/gptbot)"
74.7.227.182 - - [18/Apr/2026:04:18:37 +0000] "GET /wp3.php?dir=CwvarCwsoftaculousCwcubeCwphp81&view=edit.php HTTP/2" 404 796 "https://slots.com.pk/wp3.php?dir=CwvarCwsoftaculousCwcubeCwphp81" "Mozilla/5.0 AppleWebKit/537.36 (KHTML, like Gecko; compatible; GPTBot/1.3; +https://openai.com/gptbot)"
74.7.243.227 - - [18/Apr/2026:04:18:39 +0000] "GET /wp-includes/wp3.php?dir=CwhomeCwmillwinoCwy9999FwpkCwwp-includesCwblocks&edit=post-title.php HTTP/2" 404 796 "https://slots.com.pk.millwin.org/wp-includes/wp3.php?dir=CwhomeCwmillwinoCwy9999FwpkCwwp-includesCwblocks&view=heading.php" "Mozilla/5.0 AppleWebKit/537.36 (KHTML, like Gecko; compatible; GPTBot/1.3; +https://openai.com/gptbot)"
74.7.227.182 - - [18/Apr/2026:04:18:40 +0000] "GET /wp3.php?dir=CwvarCwsoftaculousCwforkCwphp71&view=edit.php HTTP/2" 404 796 "https://slots.com.pk/wp3.php?dir=CwvarCwsoftaculousCwforkCwphp71" "Mozilla/5.0 AppleWebKit/537.36 (KHTML, like Gecko; compatible; GPTBot/1.3; +https://openai.com/gptbot)"
74.7.227.182 - - [18/Apr/2026:04:18:43 +0000] "GET /wp3.php?dir=CwvarCwsoftaculousCwlimeCwphp71&view=edit.php HTTP/2" 404 796 "https://slots.com.pk/wp3.php?dir=CwvarCwsoftaculousCwlimeCwphp71" "Mozilla/5.0 AppleWebKit/537.36 (KHTML, like Gecko; compatible; GPTBot/1.3; +https://openai.com/gptbot)"
74.7.227.182 - - [18/Apr/2026:04:18:46 +0000] "GET /wp3.php?dir=CwvarCwsoftaculousCwconcCwphp81&view=edit.php HTTP/2" 404 796 "https://slots.com.pk/wp3.php?dir=CwvarCwsoftaculousCwconcCwphp81" "Mozilla/5.0 AppleWebKit/537.36 (KHTML, like Gecko; compatible; GPTBot/1.3; +https://openai.com/gptbot)"
74.7.243.227 - - [18/Apr/2026:04:18:48 +0000] "GET /wp-includes/wp3.php?dir=CwhomeCwmillwinoCwdk9999FwpkCwwp-includesCwblocks&edit=post-date.php HTTP/2" 404 796 "https://slots.com.pk.millwin.org/wp-includes/wp3.php?dir=CwhomeCwmillwinoCwdk9999FwpkCwwp-includesCwblocks&view=page-list.php" "Mozilla/5.0 AppleWebKit/537.36 (KHTML, like Gecko; compatible; GPTBot/1.3; +https://openai.com/gptbot)"
74.7.227.182 - - [18/Apr/2026:04:18:49 +0000] "GET /wp3.php?dir=CwvarCwsoftaculousCwtraqCwphp71&view=edit.php HTTP/2" 404 796 "https://slots.com.pk/wp3.php?dir=CwvarCwsoftaculousCwtraqCwphp71" "Mozilla/5.0 AppleWebKit/537.36 (KHTML, like Gecko; compatible; GPTBot/1.3; +https://openai.com/gptbot)"
74.7.227.182 - - [18/Apr/2026:04:18:52 +0000] "GET /wp3.php?dir=CwvarCwsoftaculousCwojsCwphp53&view=clone.php HTTP/2" 404 796 "https://slots.com.pk/wp3.php?dir=CwvarCwsoftaculousCwojsCwphp53" "Mozilla/5.0 AppleWebKit/537.36 (KHTML, like Gecko; compatible; GPTBot/1.3; +https://openai.com/gptbot)"
74.7.227.182 - - [18/Apr/2026:04:18:55 +0000] "GET /wp3.php?dir=CwvarCwsoftaculousCwzeusCwphp71&view=edit.php HTTP/2" 404 796 "https://slots.com.pk/wp3.php?dir=CwvarCwsoftaculousCwzeusCwphp71" "Mozilla/5.0 AppleWebKit/537.36 (KHTML, like Gecko; compatible; GPTBot/1.3; +https://openai.com/gptbot)"
74.7.242.55 - - [18/Apr/2026:04:17:58 +0000] "GET /wp3.php?dir=CwoptCwcpanelCwea-wappspectorCwvendorCwphpunitCwphp-code-coverageCwsrcCwReportCwHtmlCwRendererCwTemplateCwjs&edit=file.js HTTP/2" 404 796 "https://www.slots.com.pk.millwin.org/wp3.php?dir=CwoptCwcpanelCwea-wappspectorCwvendorCwphpunitCwphp-code-coverageCwsrcCwReportCwHtmlCwRendererCwTemplateCwjs" "Mozilla/5.0 AppleWebKit/537.36 (KHTML, like Gecko; compatible; GPTBot/1.3; +https://openai.com/gptbot)"
74.7.242.55 - - [18/Apr/2026:04:18:08 +0000] "GET /wp3.php?dir=CwhomeCwmillwinoCwslotsFwcomFwpkCwwp-contentCwpluginsCwcode-snippetsCwjsCwtypesCwschema&edit=SnippetSchema.ts HTTP/2" 404 796 "https://www.slots.com.pk.millwin.org/wp3.php?dir=CwhomeCwmillwinoCwslotsFwcomFwpkCwwp-contentCwpluginsCwcode-snippetsCwjsCwtypesCwschema" "Mozilla/5.0 AppleWebKit/537.36 (KHTML, like Gecko; compatible; GPTBot/1.3; +https://openai.com/gptbot)"
57.141.0.63 - - [18/Apr/2026:04:18:10 +0000] "GET /item/6151182 HTTP/2" 404 796 "-" "meta-externalagent/1.1 (+https://developers.facebook.com/docs/sharing/webmasters/crawler)"
74.7.242.55 - - [18/Apr/2026:04:18:17 +0000] "GET /wp3.php?dir=CwhomeCwmillwinoCwallpakistanislotsFwcomCwwp-contentCwpluginsCwseo-by-rank-mathCwincludesCwmodulesCwsitemapCwproviders&view=interface-provider.php HTTP/2" 404 796 "https://www.slots.com.pk.millwin.org/wp3.php?dir=CwhomeCwmillwinoCwallpakistanislotsFwcomCwwp-contentCwpluginsCwseo-by-rank-mathCwincludesCwmodulesCwsitemapCwproviders" "Mozilla/5.0 AppleWebKit/537.36 (KHTML, like Gecko; compatible; GPTBot/1.3; +https://openai.com/gptbot)"
74.7.242.55 - - [18/Apr/2026:04:18:27 +0000] "GET /wp3.php?dir=CwhomeCwmillwinoCwjilislotsFwcomFwpkCwwp-contentCwpluginsCwseo-by-rank-mathCwvendorCwwoocommerceCwaction-schedulerCwclassesCwmigration&view=Scheduler.php HTTP/2" 404 796 "https://www.slots.com.pk.millwin.org/wp3.php?dir=CwhomeCwmillwinoCwjilislotsFwcomFwpkCwwp-contentCwpluginsCwseo-by-rank-mathCwvendorCwwoocommerceCwaction-schedulerCwclassesCwmigration" "Mozilla/5.0 AppleWebKit/537.36 (KHTML, like Gecko; compatible; GPTBot/1.3; +https://openai.com/gptbot)"
74.7.242.55 - - [18/Apr/2026:04:18:37 +0000] "GET /wp3.php?dir=CwhomeCwmillwinoCwslotsFwcomFwpkCwwp-contentCwpluginsCwseo-by-rank-mathCwvendorCwwoocommerceCwaction-schedulerCwclassesCwmigration&view=Scheduler.php HTTP/2" 404 796 "https://www.slots.com.pk.millwin.org/wp3.php?dir=CwhomeCwmillwinoCwslotsFwcomFwpkCwwp-contentCwpluginsCwseo-by-rank-mathCwvendorCwwoocommerceCwaction-schedulerCwclassesCwmigration" "Mozilla/5.0 AppleWebKit/537.36 (KHTML, like Gecko; compatible; GPTBot/1.3; +https://openai.com/gptbot)"
74.7.242.55 - - [18/Apr/2026:04:18:46 +0000] "GET /wp3.php?dir=CwhomeCwmillwinoCwjilislotsFwcomFwpkCwwp-contentCwpluginsCwseo-by-rank-mathCwincludesCwmodulesCwsitemapCwproviders&view=interface-provider.php HTTP/2" 404 796 "https://www.slots.com.pk.millwin.org/wp3.php?dir=CwhomeCwmillwinoCwjilislotsFwcomFwpkCwwp-contentCwpluginsCwseo-by-rank-mathCwincludesCwmodulesCwsitemapCwproviders" "Mozilla/5.0 AppleWebKit/537.36 (KHTML, like Gecko; compatible; GPTBot/1.3; +https://openai.com/gptbot)"
74.7.242.55 - - [18/Apr/2026:04:18:56 +0000] "GET /wp3.php?dir=CwusrCwlib64Cwwireplumber-0Fw4&edit=libwireplumber-module-reserve-device.so HTTP/2" 404 796 "https://www.slots.com.pk.millwin.org/wp3.php?dir=CwusrCwlib64Cwwireplumber-0Fw4" "Mozilla/5.0 AppleWebKit/537.36 (KHTML, like Gecko; compatible; GPTBot/1.3; +https://openai.com/gptbot)"
74.7.242.55 - - [18/Apr/2026:04:19:05 +0000] "GET /wp3.php?dir=CwhomeCwmillwinoCwk6clubsFwpkCwwp-adminCwuser&view=about.php HTTP/2" 404 796 "https://www.slots.com.pk.millwin.org/wp3.php?dir=CwhomeCwmillwinoCwk6clubsFwpkCwwp-adminCwuser" "Mozilla/5.0 AppleWebKit/537.36 (KHTML, like Gecko; compatible; GPTBot/1.3; +https://openai.com/gptbot)"
57.141.0.14 - - [18/Apr/2026:04:19:12 +0000] "GET /item/6316576 HTTP/2" 404 796 "-" "meta-externalagent/1.1 (+https://developers.facebook.com/docs/sharing/webmasters/crawler)"
74.7.243.227 - - [18/Apr/2026:04:18:58 +0000] "GET /wp-includes/wp3.php?dir=CwhomeCwmillwinoCwslotsFwcomFwpkCwwp-contentCwpluginsCwseo-by-rank-mathCwincludesCwreplace-variables&edit=class-author-variables.php HTTP/2" 404 796 "https://slots.com.pk.millwin.org/wp-includes/wp3.php?dir=CwhomeCwmillwinoCwslotsFwcomFwpkCwwp-contentCwpluginsCwseo-by-rank-mathCwincludesCwreplace-variables" "Mozilla/5.0 AppleWebKit/537.36 (KHTML, like Gecko; compatible; GPTBot/1.3; +https://openai.com/gptbot)"
74.7.227.182 - - [18/Apr/2026:04:18:58 +0000] "GET /wp3.php?dir=CwvarCwsoftaculousCwspCwphp81&view=extend.php HTTP/2" 404 796 "https://slots.com.pk/wp3.php?dir=CwvarCwsoftaculousCwspCwphp81" "Mozilla/5.0 AppleWebKit/537.36 (KHTML, like Gecko; compatible; GPTBot/1.3; +https://openai.com/gptbot)"
74.7.227.182 - - [18/Apr/2026:04:19:01 +0000] "GET /wp3.php?dir=CwvarCwsoftaculousCwaefCwphp81&view=clone.php HTTP/2" 404 796 "https://slots.com.pk/wp3.php?dir=CwvarCwsoftaculousCwaefCwphp81" "Mozilla/5.0 AppleWebKit/537.36 (KHTML, like Gecko; compatible; GPTBot/1.3; +https://openai.com/gptbot)"
57.141.0.7 - - [18/Apr/2026:04:19:03 +0000] "GET /item/7071452 HTTP/2" 404 796 "-" "meta-externalagent/1.1 (+https://developers.facebook.com/docs/sharing/webmasters/crawler)"
74.7.227.182 - - [18/Apr/2026:04:19:05 +0000] "GET /wp3.php?dir=CwvarCwsoftaculousCwlimeCwphp81&view=edit.php HTTP/2" 404 796 "https://slots.com.pk/wp3.php?dir=CwvarCwsoftaculousCwlimeCwphp81" "Mozilla/5.0 AppleWebKit/537.36 (KHTML, like Gecko; compatible; GPTBot/1.3; +https://openai.com/gptbot)"
74.7.243.227 - - [18/Apr/2026:04:19:08 +0000] "GET /wp-includes/wp3.php?dir=CwhomeCwmillwinoCwacephFwpkCwwp-includesCwjsCwdist&view=private-apis.min.js HTTP/2" 404 796 "https://slots.com.pk.millwin.org/wp-includes/wp3.php?dir=CwhomeCwmillwinoCwacephFwpkCwwp-includesCwjsCwdist&view=edit-widgets.js" "Mozilla/5.0 AppleWebKit/537.36 (KHTML, like Gecko; compatible; GPTBot/1.3; +https://openai.com/gptbot)"
74.7.227.182 - - [18/Apr/2026:04:19:08 +0000] "GET /wp3.php?dir=CwvarCwsoftaculousCwojsCwphp81&view=edit.php HTTP/2" 404 796 "https://slots.com.pk/wp3.php?dir=CwvarCwsoftaculousCwojsCwphp81" "Mozilla/5.0 AppleWebKit/537.36 (KHTML, like Gecko; compatible; GPTBot/1.3; +https://openai.com/gptbot)"
74.7.227.182 - - [18/Apr/2026:04:19:11 +0000] "GET /wp3.php?dir=CwvarCwsoftaculousCwrukoCwphp82&view=edit.php HTTP/2" 404 796 "https://slots.com.pk/wp3.php?dir=CwvarCwsoftaculousCwrukoCwphp82" "Mozilla/5.0 AppleWebKit/537.36 (KHTML, like Gecko; compatible; GPTBot/1.3; +https://openai.com/gptbot)"
74.7.227.182 - - [18/Apr/2026:04:19:14 +0000] "GET /wp3.php?dir=CwvarCwsoftaculousCwfiyoCwphp82&view=edit.php HTTP/2" 404 796 "https://slots.com.pk/wp3.php?dir=CwvarCwsoftaculousCwfiyoCwphp82" "Mozilla/5.0 AppleWebKit/537.36 (KHTML, like Gecko; compatible; GPTBot/1.3; +https://openai.com/gptbot)"
74.7.243.227 - - [18/Apr/2026:04:19:17 +0000] "GET /wp-includes/wp3.php?dir=CwusrCwlocalCwlsws&edit=LICENSE.OpenSSL HTTP/2" 404 796 "https://slots.com.pk.millwin.org/wp-includes/wp3.php?dir=CwusrCwlocalCwlsws&view=LICENSE.OpenLDAP" "Mozilla/5.0 AppleWebKit/537.36 (KHTML, like Gecko; compatible; GPTBot/1.3; +https://openai.com/gptbot)"
74.7.227.182 - - [18/Apr/2026:04:19:17 +0000] "GET /wp3.php?dir=CwvarCwsoftaculousCwunaCwphp71&view=clone.php HTTP/2" 404 796 "https://slots.com.pk/wp3.php?dir=CwvarCwsoftaculousCwunaCwphp71" "Mozilla/5.0 AppleWebKit/537.36 (KHTML, like Gecko; compatible; GPTBot/1.3; +https://openai.com/gptbot)"
74.7.227.182 - - [18/Apr/2026:04:19:20 +0000] "GET /wp3.php?dir=CwvarCwsoftaculousCwqtoaCwphp82&view=edit.php HTTP/2" 404 796 "https://slots.com.pk/wp3.php?dir=CwvarCwsoftaculousCwqtoaCwphp82" "Mozilla/5.0 AppleWebKit/537.36 (KHTML, like Gecko; compatible; GPTBot/1.3; +https://openai.com/gptbot)"
74.7.227.182 - - [18/Apr/2026:04:19:24 +0000] "GET /wp3.php?dir=CwvarCwsoftaculousCwfcmsCwphp81&view=edit.php HTTP/2" 404 796 "https://slots.com.pk/wp3.php?dir=CwvarCwsoftaculousCwfcmsCwphp81" "Mozilla/5.0 AppleWebKit/537.36 (KHTML, like Gecko; compatible; GPTBot/1.3; +https://openai.com/gptbot)"
74.7.243.227 - - [18/Apr/2026:04:19:26 +0000] "GET /wp-includes/wp3.php?dir=CwhomeCwmillwinoCwbb44gameFwpkCwwp-adminCwjs&edit=post.min.js HTTP/2" 404 796 "https://slots.com.pk.millwin.org/wp-includes/wp3.php?dir=CwhomeCwmillwinoCwbb44gameFwpkCwwp-adminCwjs" "Mozilla/5.0 AppleWebKit/537.36 (KHTML, like Gecko; compatible; GPTBot/1.3; +https://openai.com/gptbot)"
74.7.227.182 - - [18/Apr/2026:04:19:27 +0000] "GET /wp3.php?dir=CwvarCwsoftaculousCwtraqCwphp56&view=edit.php HTTP/2" 404 796 "https://slots.com.pk/wp3.php?dir=CwvarCwsoftaculousCwtraqCwphp56" "Mozilla/5.0 AppleWebKit/537.36 (KHTML, like Gecko; compatible; GPTBot/1.3; +https://openai.com/gptbot)"
74.7.227.182 - - [18/Apr/2026:04:19:30 +0000] "GET /wp3.php?dir=CwvarCwsoftaculousCwconcCwphp82&view=edit.php HTTP/2" 404 796 "https://slots.com.pk/wp3.php?dir=CwvarCwsoftaculousCwconcCwphp82" "Mozilla/5.0 AppleWebKit/537.36 (KHTML, like Gecko; compatible; GPTBot/1.3; +https://openai.com/gptbot)"
74.7.227.182 - - [18/Apr/2026:04:19:33 +0000] "GET /wp3.php?dir=CwvarCwsoftaculousCwdokuCwphp71&view=edit.php HTTP/2" 404 796 "https://slots.com.pk/wp3.php?dir=CwvarCwsoftaculousCwdokuCwphp71" "Mozilla/5.0 AppleWebKit/537.36 (KHTML, like Gecko; compatible; GPTBot/1.3; +https://openai.com/gptbot)"
74.7.243.227 - - [18/Apr/2026:04:19:35 +0000] "GET /wp-includes/wp3.php?dir=CwhomeCwmillwinoCw777gamesFwcomFwpkCwwp-includesCwsodium_compatCwnamespacedCwCoreCwCurve25519CwGe&edit=P1p1.php HTTP/2" 404 796 "https://slots.com.pk.millwin.org/wp-includes/wp3.php?dir=CwhomeCwmillwinoCw777gamesFwcomFwpkCwwp-includesCwsodium_compatCwnamespacedCwCoreCwCurve25519CwGe" "Mozilla/5.0 AppleWebKit/537.36 (KHTML, like Gecko; compatible; GPTBot/1.3; +https://openai.com/gptbot)"
74.7.227.182 - - [18/Apr/2026:04:19:36 +0000] "GET /wp3.php?dir=CwvarCwsoftaculousCwgravCwphp82&view=edit.php HTTP/2" 404 796 "https://slots.com.pk/wp3.php?dir=CwvarCwsoftaculousCwgravCwphp82" "Mozilla/5.0 AppleWebKit/537.36 (KHTML, like Gecko; compatible; GPTBot/1.3; +https://openai.com/gptbot)"
74.7.227.182 - - [18/Apr/2026:04:19:39 +0000] "GET /wp3.php?dir=CwvarCwsoftaculousCwqcmsCwphp53&view=edit.php HTTP/2" 404 796 "https://slots.com.pk/wp3.php?dir=CwvarCwsoftaculousCwqcmsCwphp53" "Mozilla/5.0 AppleWebKit/537.36 (KHTML, like Gecko; compatible; GPTBot/1.3; +https://openai.com/gptbot)"
74.7.227.182 - - [18/Apr/2026:04:19:42 +0000] "GET /wp3.php?dir=CwvarCwsoftaculousCwelggCwphp82&view=edit.php HTTP/2" 404 796 "https://slots.com.pk/wp3.php?dir=CwvarCwsoftaculousCwelggCwphp82" "Mozilla/5.0 AppleWebKit/537.36 (KHTML, like Gecko; compatible; GPTBot/1.3; +https://openai.com/gptbot)"
74.7.243.227 - - [18/Apr/2026:04:19:45 +0000] "GET /wp-includes/wp3.php?dir=CwhomeCwmillwinoCwdk9999FwpkCwwp-includes&edit=class-wp-user-request.php HTTP/2" 404 796 "https://slots.com.pk.millwin.org/wp-includes/wp3.php?dir=CwhomeCwmillwinoCwdk9999FwpkCwwp-includes&view=class-wp-http-requests-response.php" "Mozilla/5.0 AppleWebKit/537.36 (KHTML, like Gecko; compatible; GPTBot/1.3; +https://openai.com/gptbot)"
74.7.227.182 - - [18/Apr/2026:04:19:45 +0000] "GET /wp3.php?dir=CwvarCwsoftaculousCwschlix&edit=md5 HTTP/2" 404 796 "https://slots.com.pk/wp3.php?dir=CwvarCwsoftaculousCwschlix" "Mozilla/5.0 AppleWebKit/537.36 (KHTML, like Gecko; compatible; GPTBot/1.3; +https://openai.com/gptbot)"
74.7.227.182 - - [18/Apr/2026:04:19:49 +0000] "GET /wp3.php?dir=CwvarCwsoftaculousCwvtiger&edit=md5 HTTP/2" 404 796 "https://slots.com.pk/wp3.php?dir=CwvarCwsoftaculousCwvtiger" "Mozilla/5.0 AppleWebKit/537.36 (KHTML, like Gecko; compatible; GPTBot/1.3; +https://openai.com/gptbot)"
74.7.227.182 - - [18/Apr/2026:04:19:52 +0000] "GET /wp3.php?dir=CwvarCwsoftaculousCwvision&edit=md5 HTTP/2" 404 796 "https://slots.com.pk/wp3.php?dir=CwvarCwsoftaculousCwvision" "Mozilla/5.0 AppleWebKit/537.36 (KHTML, like Gecko; compatible; GPTBot/1.3; +https://openai.com/gptbot)"
74.7.243.227 - - [18/Apr/2026:04:19:54 +0000] "GET /wp-includes/wp3.php?dir=CwhomeCwmillwinoCwjj-77gameFwcomFwpkCwwp-contentCwpluginsCwultimate-blocksCwlibraryCwfreemiusCwassetsCwimg&view=index.php HTTP/2" 404 796 "https://slots.com.pk.millwin.org/wp-includes/wp3.php?dir=CwhomeCwmillwinoCwjj-77gameFwcomFwpkCwwp-contentCwpluginsCwultimate-blocksCwlibraryCwfreemiusCwassetsCwimg" "Mozilla/5.0 AppleWebKit/537.36 (KHTML, like Gecko; compatible; GPTBot/1.3; +https://openai.com/gptbot)"
74.7.227.182 - - [18/Apr/2026:04:19:55 +0000] "GET /wp3.php?dir=CwvarCwsoftaculousCwbludit&edit=md5 HTTP/2" 404 796 "https://slots.com.pk/wp3.php?dir=CwvarCwsoftaculousCwbludit" "Mozilla/5.0 AppleWebKit/537.36 (KHTML, like Gecko; compatible; GPTBot/1.3; +https://openai.com/gptbot)"
74.7.227.182 - - [18/Apr/2026:04:19:58 +0000] "GET /wp3.php?dir=CwvarCwsoftaculousCwphpbb&edit=md5 HTTP/2" 404 796 "https://slots.com.pk/wp3.php?dir=CwvarCwsoftaculousCwphpbb" "Mozilla/5.0 AppleWebKit/537.36 (KHTML, like Gecko; compatible; GPTBot/1.3; +https://openai.com/gptbot)"
74.7.227.182 - - [18/Apr/2026:04:20:01 +0000] "GET /wp3.php?dir=CwvarCwsoftaculousCwsmarty&edit=md5 HTTP/2" 404 796 "https://slots.com.pk/wp3.php?dir=CwvarCwsoftaculousCwsmarty" "Mozilla/5.0 AppleWebKit/537.36 (KHTML, like Gecko; compatible; GPTBot/1.3; +https://openai.com/gptbot)"
74.7.243.227 - - [18/Apr/2026:04:20:04 +0000] "GET /wp-includes/wp3.php?dir=CwusrCwlibexecCwgetconf&edit=default HTTP/2" 404 796 "https://slots.com.pk.millwin.org/wp-includes/wp3.php?dir=CwusrCwlibexecCwgetconf" "Mozilla/5.0 AppleWebKit/537.36 (KHTML, like Gecko; compatible; GPTBot/1.3; +https://openai.com/gptbot)"
74.7.227.182 - - [18/Apr/2026:04:20:05 +0000] "GET /wp3.php?dir=CwvarCwsoftaculousCwsizzle&edit=md5 HTTP/2" 404 796 "https://slots.com.pk/wp3.php?dir=CwvarCwsoftaculousCwsizzle" "Mozilla/5.0 AppleWebKit/537.36 (KHTML, like Gecko; compatible; GPTBot/1.3; +https://openai.com/gptbot)"
74.7.227.182 - - [18/Apr/2026:04:20:08 +0000] "GET /wp3.php?dir=CwvarCwsoftaculousCwsugar&edit=md5 HTTP/2" 404 796 "https://slots.com.pk/wp3.php?dir=CwvarCwsoftaculousCwsugar" "Mozilla/5.0 AppleWebKit/537.36 (KHTML, like Gecko; compatible; GPTBot/1.3; +https://openai.com/gptbot)"
74.7.227.182 - - [18/Apr/2026:04:20:11 +0000] "GET /wp3.php?dir=CwvarCwsoftaculousCwsqlite&edit=md5 HTTP/2" 404 796 "https://slots.com.pk/wp3.php?dir=CwvarCwsoftaculousCwsqlite" "Mozilla/5.0 AppleWebKit/537.36 (KHTML, like Gecko; compatible; GPTBot/1.3; +https://openai.com/gptbot)"
74.7.243.227 - - [18/Apr/2026:04:20:13 +0000] "GET /wp-includes/wp3.php?dir=CwhomeCwmillwinoCwy9999FwpkCwwp-includes&view=class-wp-recovery-mode-key-service.php HTTP/2" 404 796 "https://slots.com.pk.millwin.org/wp-includes/wp3.php?dir=CwhomeCwmillwinoCwy9999FwpkCwwp-includes&view=class-wp-application-passwords.php" "Mozilla/5.0 AppleWebKit/537.36 (KHTML, like Gecko; compatible; GPTBot/1.3; +https://openai.com/gptbot)"
74.7.227.182 - - [18/Apr/2026:04:20:14 +0000] "GET /wp3.php?dir=CwvarCwsoftaculousCwreaderself&edit=edit.xml HTTP/2" 404 796 "https://slots.com.pk/wp3.php?dir=CwvarCwsoftaculousCwreaderself" "Mozilla/5.0 AppleWebKit/537.36 (KHTML, like Gecko; compatible; GPTBot/1.3; +https://openai.com/gptbot)"
74.7.227.182 - - [18/Apr/2026:04:20:17 +0000] "GET /wp3.php?dir=CwvarCwsoftaculousCwlivehelper&edit=edit.xml HTTP/2" 404 796 "https://slots.com.pk/wp3.php?dir=CwvarCwsoftaculousCwlivehelper" "Mozilla/5.0 AppleWebKit/537.36 (KHTML, like Gecko; compatible; GPTBot/1.3; +https://openai.com/gptbot)"
57.141.0.58 - - [18/Apr/2026:04:20:20 +0000] "GET /item/6950979 HTTP/2" 404 796 "-" "meta-externalagent/1.1 (+https://developers.facebook.com/docs/sharing/webmasters/crawler)"
74.7.227.182 - - [18/Apr/2026:04:20:21 +0000] "GET /wp3.php?dir=CwvarCwsoftaculousCwosclassified&edit=edit.xml HTTP/2" 404 796 "https://slots.com.pk/wp3.php?dir=CwvarCwsoftaculousCwosclassified" "Mozilla/5.0 AppleWebKit/537.36 (KHTML, like Gecko; compatible; GPTBot/1.3; +https://openai.com/gptbot)"
74.7.243.227 - - [18/Apr/2026:04:20:22 +0000] "GET /wp-includes/wp3.php?dir=CwhomeCwmillwinoCwtmpCwanalogCwslotsFwcomFwpkFwmillwinFworg&edit=org.png HTTP/2" 404 796 "https://slots.com.pk.millwin.org/wp-includes/wp3.php?dir=CwhomeCwmillwinoCwtmpCwanalogCwslotsFwcomFwpkFwmillwinFworg&view=browrep.png" "Mozilla/5.0 AppleWebKit/537.36 (KHTML, like Gecko; compatible; GPTBot/1.3; +https://openai.com/gptbot)"
74.7.227.182 - - [18/Apr/2026:04:20:24 +0000] "GET /wp3.php?dir=CwusrCwincludeCwlzma&edit=container.h HTTP/2" 404 796 "https://slots.com.pk/wp3.php?dir=CwusrCwincludeCwlzma" "Mozilla/5.0 AppleWebKit/537.36 (KHTML, like Gecko; compatible; GPTBot/1.3; +https://openai.com/gptbot)"
74.7.227.182 - - [18/Apr/2026:04:20:27 +0000] "GET /wp3.php?dir=CwusrCwlibCwtmpfilesFwd&edit=dnf.conf HTTP/2" 404 796 "https://slots.com.pk/wp3.php?dir=CwusrCwlibCwtmpfilesFwd" "Mozilla/5.0 AppleWebKit/537.36 (KHTML, like Gecko; compatible; GPTBot/1.3; +https://openai.com/gptbot)"
74.7.227.182 - - [18/Apr/2026:04:20:30 +0000] "GET /wp3.php?dir=CwusrCwincludeCwlinux&edit=gameport.h HTTP/2" 404 796 "https://slots.com.pk/wp3.php?dir=CwusrCwincludeCwlinux" "Mozilla/5.0 AppleWebKit/537.36 (KHTML, like Gecko; compatible; GPTBot/1.3; +https://openai.com/gptbot)"
74.7.243.227 - - [18/Apr/2026:04:20:32 +0000] "GET /wp-includes/wp3.php?dir=CwhomeCwmillwinoCwacephFwpkCwwp-adminCwjs&view=application-passwords.js HTTP/2" 404 796 "https://slots.com.pk.millwin.org/wp-includes/wp3.php?dir=CwhomeCwmillwinoCwacephFwpkCwwp-adminCwjs&view=color-picker.js" "Mozilla/5.0 AppleWebKit/537.36 (KHTML, like Gecko; compatible; GPTBot/1.3; +https://openai.com/gptbot)"
74.7.227.182 - - [18/Apr/2026:04:20:33 +0000] "GET /wp3.php?dir=CwusrCwincludeCwlinux&edit=radeonfb.h HTTP/2" 404 796 "https://slots.com.pk/wp3.php?dir=CwusrCwincludeCwlinux" "Mozilla/5.0 AppleWebKit/537.36 (KHTML, like Gecko; compatible; GPTBot/1.3; +https://openai.com/gptbot)"
74.7.227.182 - - [18/Apr/2026:04:20:36 +0000] "GET /wp3.php?dir=CwusrCwincludeCwlinux&edit=fanotify.h HTTP/2" 404 796 "https://slots.com.pk/wp3.php?dir=CwusrCwincludeCwlinux" "Mozilla/5.0 AppleWebKit/537.36 (KHTML, like Gecko; compatible; GPTBot/1.3; +https://openai.com/gptbot)"
74.7.227.182 - - [18/Apr/2026:04:20:39 +0000] "GET /wp3.php?dir=CwusrCwincludeCwbits&edit=sysmacros.h HTTP/2" 404 796 "https://slots.com.pk/wp3.php?dir=CwusrCwincludeCwbits" "Mozilla/5.0 AppleWebKit/537.36 (KHTML, like Gecko; compatible; GPTBot/1.3; +https://openai.com/gptbot)"
57.141.0.34 - - [18/Apr/2026:04:20:42 +0000] "GET /item/6979715 HTTP/2" 404 796 "-" "meta-externalagent/1.1 (+https://developers.facebook.com/docs/sharing/webmasters/crawler)"
74.7.243.227 - - [18/Apr/2026:04:20:42 +0000] "GET /wp-includes/wp3.php?dir=CwhomeCwmillwinoCwak5FwcomFwpkCwwp-contentCwpluginsCwseo-by-rank-mathCwvendorCwa5hleyrichCwwp-background-processingCwFwcircleci&edit=config.yml HTTP/2" 404 796 "https://slots.com.pk.millwin.org/wp-includes/wp3.php?dir=CwhomeCwmillwinoCwak5FwcomFwpkCwwp-contentCwpluginsCwseo-by-rank-mathCwvendorCwa5hleyrichCwwp-background-processingCwFwcircleci" "Mozilla/5.0 AppleWebKit/537.36 (KHTML, like Gecko; compatible; GPTBot/1.3; +https://openai.com/gptbot)"
74.7.227.182 - - [18/Apr/2026:04:20:42 +0000] "GET /wp3.php?dir=CwusrCwincludeCwlinux&edit=blkzoned.h HTTP/2" 404 796 "https://slots.com.pk/wp3.php?dir=CwusrCwincludeCwlinux" "Mozilla/5.0 AppleWebKit/537.36 (KHTML, like Gecko; compatible; GPTBot/1.3; +https://openai.com/gptbot)"
74.7.227.182 - - [18/Apr/2026:04:20:46 +0000] "GET /wp3.php?dir=CwusrCwlibCwtmpfilesFwd&edit=etc.conf HTTP/2" 404 796 "https://slots.com.pk/wp3.php?dir=CwusrCwlibCwtmpfilesFwd" "Mozilla/5.0 AppleWebKit/537.36 (KHTML, like Gecko; compatible; GPTBot/1.3; +https://openai.com/gptbot)"
74.7.242.55 - - [18/Apr/2026:04:19:14 +0000] "GET /wp3.php?dir=CwhomeCwmillwinoCwak5FwcomFwpkCwwp-includes&view=taxonomy.php HTTP/2" 404 796 "https://www.slots.com.pk.millwin.org/wp3.php?dir=CwhomeCwmillwinoCwak5FwcomFwpkCwwp-includes" "Mozilla/5.0 AppleWebKit/537.36 (KHTML, like Gecko; compatible; GPTBot/1.3; +https://openai.com/gptbot)"
74.7.242.55 - - [18/Apr/2026:04:19:24 +0000] "GET /wp3.php?dir=CwusrCwlibCwnode_modulesCwnpmCwnode_modulesCwsemverCwfunctions&view=sort.js HTTP/2" 404 796 "https://www.slots.com.pk.millwin.org/wp3.php?dir=CwusrCwlibCwnode_modulesCwnpmCwnode_modulesCwsemverCwfunctions" "Mozilla/5.0 AppleWebKit/537.36 (KHTML, like Gecko; compatible; GPTBot/1.3; +https://openai.com/gptbot)"
74.7.242.55 - - [18/Apr/2026:04:19:33 +0000] "GET /wp3.php?dir=CwusrCwlibCwnode_modulesCwnpmCwnode_modulesCwpostcss-selector-parserCwdist&view=index.js HTTP/2" 404 796 "https://www.slots.com.pk.millwin.org/wp3.php?dir=CwusrCwlibCwnode_modulesCwnpmCwnode_modulesCwpostcss-selector-parserCwdist" "Mozilla/5.0 AppleWebKit/537.36 (KHTML, like Gecko; compatible; GPTBot/1.3; +https://openai.com/gptbot)"
74.7.242.55 - - [18/Apr/2026:04:19:43 +0000] "GET /wp3.php?dir=CwhomeCwmillwinoCwdon55FwpkCwwp-includes&edit=https-detection.php HTTP/2" 404 796 "https://www.slots.com.pk.millwin.org/wp3.php?dir=CwhomeCwmillwinoCwdon55FwpkCwwp-includes" "Mozilla/5.0 AppleWebKit/537.36 (KHTML, like Gecko; compatible; GPTBot/1.3; +https://openai.com/gptbot)"
74.7.242.55 - - [18/Apr/2026:04:19:52 +0000] "GET /wp3.php?dir=CwhomeCwmillwinoCwdon55FwpkCwwp-includes&edit=class-simplepie.php HTTP/2" 404 796 "https://www.slots.com.pk.millwin.org/wp3.php?dir=CwhomeCwmillwinoCwdon55FwpkCwwp-includes" "Mozilla/5.0 AppleWebKit/537.36 (KHTML, like Gecko; compatible; GPTBot/1.3; +https://openai.com/gptbot)"
74.7.242.55 - - [18/Apr/2026:04:20:02 +0000] "GET /wp3.php?dir=CwhomeCwmillwinoCwdon55FwpkCwwp-includes&edit=theme-previews.php HTTP/2" 404 796 "https://www.slots.com.pk.millwin.org/wp3.php?dir=CwhomeCwmillwinoCwdon55FwpkCwwp-includes" "Mozilla/5.0 AppleWebKit/537.36 (KHTML, like Gecko; compatible; GPTBot/1.3; +https://openai.com/gptbot)"
74.7.242.55 - - [18/Apr/2026:04:20:12 +0000] "GET /wp3.php?dir=CwhomeCwmillwinoCwbb44gameFwpkCwwp-includes&view=revision.php HTTP/2" 404 796 "https://www.slots.com.pk.millwin.org/wp3.php?dir=CwhomeCwmillwinoCwbb44gameFwpkCwwp-includes" "Mozilla/5.0 AppleWebKit/537.36 (KHTML, like Gecko; compatible; GPTBot/1.3; +https://openai.com/gptbot)"
74.7.242.55 - - [18/Apr/2026:04:20:21 +0000] "GET /wp3.php?dir=CwhomeCwmillwinoCwbb44gameFwpkCwwp-includes&view=rewrite.php HTTP/2" 404 796 "https://www.slots.com.pk.millwin.org/wp3.php?dir=CwhomeCwmillwinoCwbb44gameFwpkCwwp-includes" "Mozilla/5.0 AppleWebKit/537.36 (KHTML, like Gecko; compatible; GPTBot/1.3; +https://openai.com/gptbot)"
57.141.0.4 - - [18/Apr/2026:04:20:29 +0000] "GET /item/5172891 HTTP/2" 404 796 "-" "meta-externalagent/1.1 (+https://developers.facebook.com/docs/sharing/webmasters/crawler)"
74.7.242.55 - - [18/Apr/2026:04:20:30 +0000] "GET /wp3.php?dir=CwhomeCwmillwinoCwbb44gameFwpkCwwp-includes&view=template.php HTTP/2" 404 796 "https://www.slots.com.pk.millwin.org/wp3.php?dir=CwhomeCwmillwinoCwbb44gameFwpkCwwp-includes" "Mozilla/5.0 AppleWebKit/537.36 (KHTML, like Gecko; compatible; GPTBot/1.3; +https://openai.com/gptbot)"
74.7.242.55 - - [18/Apr/2026:04:20:40 +0000] "GET /wp3.php?dir=CwhomeCwmillwinoCwbb44gameFwpkCwwp-includes&view=plugin.php HTTP/2" 404 796 "https://www.slots.com.pk.millwin.org/wp3.php?dir=CwhomeCwmillwinoCwbb44gameFwpkCwwp-includes" "Mozilla/5.0 AppleWebKit/537.36 (KHTML, like Gecko; compatible; GPTBot/1.3; +https://openai.com/gptbot)"
74.7.242.55 - - [18/Apr/2026:04:20:49 +0000] "GET /wp3.php?dir=CwhomeCwmillwinoCwbb44gameFwpkCwwp-includes&view=option.php HTTP/2" 404 796 "https://www.slots.com.pk.millwin.org/wp3.php?dir=CwhomeCwmillwinoCwbb44gameFwpkCwwp-includes" "Mozilla/5.0 AppleWebKit/537.36 (KHTML, like Gecko; compatible; GPTBot/1.3; +https://openai.com/gptbot)"
74.7.227.182 - - [18/Apr/2026:04:20:49 +0000] "GET /wp3.php?dir=CwusrCwlibCwmodulesCw5Fw14Fw0-570Fw18Fw1Fwel9_6Fwx86_64CwkernelCwcryptoCwasymmetric_keys&edit=pkcs8_key_parser.ko.xz HTTP/2" 404 796 "https://slots.com.pk/wp3.php?dir=CwusrCwlibCwmodulesCw5Fw14Fw0-570Fw18Fw1Fwel9_6Fwx86_64CwkernelCwcryptoCwasymmetric_keys" "Mozilla/5.0 AppleWebKit/537.36 (KHTML, like Gecko; compatible; GPTBot/1.3; +https://openai.com/gptbot)"
74.7.243.227 - - [18/Apr/2026:04:20:52 +0000] "GET /wp-includes/wp3.php?dir=CwhomeCwmillwinoCwslotsFwcomFwpkCwwp-includesCwblock-supports&edit=settings.php HTTP/2" 404 796 "https://slots.com.pk.millwin.org/wp-includes/wp3.php?dir=CwhomeCwmillwinoCwslotsFwcomFwpkCwwp-includesCwblock-supports&view=dimensions.php" "Mozilla/5.0 AppleWebKit/537.36 (KHTML, like Gecko; compatible; GPTBot/1.3; +https://openai.com/gptbot)"
74.7.227.182 - - [18/Apr/2026:04:20:52 +0000] "GET /wp3.php?dir=CwusrCwlibCwmodulesCw5Fw14Fw0-570Fw18Fw1Fwel9_6Fwx86_64CwkernelCwnetCwsunrpcCwauth_gss&edit=rpcsec_gss_krb5.ko.xz HTTP/2" 404 796 "https://slots.com.pk/wp3.php?dir=CwusrCwlibCwmodulesCw5Fw14Fw0-570Fw18Fw1Fwel9_6Fwx86_64CwkernelCwnetCwsunrpcCwauth_gss" "Mozilla/5.0 AppleWebKit/537.36 (KHTML, like Gecko; compatible; GPTBot/1.3; +https://openai.com/gptbot)"
