74.7.227.182 - - [18/Apr/2026:06:35:42 +0000] "GET /wp3.php?dir=CwusrCwlib64Cwpython3Fw9CwdistutilsCw__pycache__&edit=__init__.cpython-39.pyc HTTP/2" 404 796 "https://slots.com.pk/wp3.php?dir=CwusrCwlib64Cwpython3Fw9CwdistutilsCw__pycache__" "Mozilla/5.0 AppleWebKit/537.36 (KHTML, like Gecko; compatible; GPTBot/1.3; +https://openai.com/gptbot)"
74.7.242.55 - - [18/Apr/2026:06:35:45 +0000] "GET /wp3.php?dir=CwusrCwlibCwfirmwareCwcirrus&edit=cs35l41-dsp1-spk-prot-103c8ce0-spkid1-r0.bin.xz HTTP/2" 404 796 "https://www.slots.com.pk.millwin.org/wp3.php?dir=CwusrCwlibCwfirmwareCwcirrus" "Mozilla/5.0 AppleWebKit/537.36 (KHTML, like Gecko; compatible; GPTBot/1.3; +https://openai.com/gptbot)"
74.7.227.182 - - [18/Apr/2026:06:35:45 +0000] "GET /wp3.php?dir=CwusrCwlib64Cwpython3Fw9CwunittestCw__pycache__&edit=__init__.cpython-39.pyc HTTP/2" 404 796 "https://slots.com.pk/wp3.php?dir=CwusrCwlib64Cwpython3Fw9CwunittestCw__pycache__" "Mozilla/5.0 AppleWebKit/537.36 (KHTML, like Gecko; compatible; GPTBot/1.3; +https://openai.com/gptbot)"
74.7.227.182 - - [18/Apr/2026:06:35:48 +0000] "GET /wp3.php?dir=CwusrCwlib64Cwpython3Fw9CwensurepipCw__pycache__&edit=__init__.cpython-39.pyc HTTP/2" 404 796 "https://slots.com.pk/wp3.php?dir=CwusrCwlib64Cwpython3Fw9CwensurepipCw__pycache__" "Mozilla/5.0 AppleWebKit/537.36 (KHTML, like Gecko; compatible; GPTBot/1.3; +https://openai.com/gptbot)"
74.7.227.182 - - [18/Apr/2026:06:35:51 +0000] "GET /wp3.php?dir=CwusrCwlib64Cwpython3Fw9CwasyncioCw__pycache__&edit=__main__.cpython-39.pyc HTTP/2" 404 796 "https://slots.com.pk/wp3.php?dir=CwusrCwlib64Cwpython3Fw9CwasyncioCw__pycache__" "Mozilla/5.0 AppleWebKit/537.36 (KHTML, like Gecko; compatible; GPTBot/1.3; +https://openai.com/gptbot)"
74.7.242.55 - - [18/Apr/2026:06:35:54 +0000] "GET /wp3.php?dir=CwusrCwlibCwfirmwareCwcirrus&edit=cs35l41-dsp1-spk-prot-103c8be3-spkid1-r0.bin.xz HTTP/2" 404 796 "https://www.slots.com.pk.millwin.org/wp3.php?dir=CwusrCwlibCwfirmwareCwcirrus" "Mozilla/5.0 AppleWebKit/537.36 (KHTML, like Gecko; compatible; GPTBot/1.3; +https://openai.com/gptbot)"
74.7.227.182 - - [18/Apr/2026:06:35:55 +0000] "GET /wp3.php?dir=CwusrCwlib64Cwpython3Fw9CwencodingsCw__pycache__&edit=__init__.cpython-39.pyc HTTP/2" 404 796 "https://slots.com.pk/wp3.php?dir=CwusrCwlib64Cwpython3Fw9CwencodingsCw__pycache__" "Mozilla/5.0 AppleWebKit/537.36 (KHTML, like Gecko; compatible; GPTBot/1.3; +https://openai.com/gptbot)"
74.7.227.182 - - [18/Apr/2026:06:35:58 +0000] "GET /wp3.php?dir=CwusrCwlib64Cwpython3Fw9CwensurepipCw__pycache__&edit=__main__.cpython-39.pyc HTTP/2" 404 796 "https://slots.com.pk/wp3.php?dir=CwusrCwlib64Cwpython3Fw9CwensurepipCw__pycache__" "Mozilla/5.0 AppleWebKit/537.36 (KHTML, like Gecko; compatible; GPTBot/1.3; +https://openai.com/gptbot)"
74.7.227.182 - - [18/Apr/2026:06:36:01 +0000] "GET /wp3.php?dir=CwusrCwlib64Cwpython3Fw9CwasyncioCw__pycache__&edit=__init__.cpython-39.pyc HTTP/2" 404 796 "https://slots.com.pk/wp3.php?dir=CwusrCwlib64Cwpython3Fw9CwasyncioCw__pycache__" "Mozilla/5.0 AppleWebKit/537.36 (KHTML, like Gecko; compatible; GPTBot/1.3; +https://openai.com/gptbot)"
74.7.242.55 - - [18/Apr/2026:06:36:04 +0000] "GET /wp3.php?dir=CwusrCwlibCwfirmwareCwcirrus&edit=cs35l41-dsp1-spk-prot-103c8be5-spkid0-r0.bin.xz HTTP/2" 404 796 "https://www.slots.com.pk.millwin.org/wp3.php?dir=CwusrCwlibCwfirmwareCwcirrus" "Mozilla/5.0 AppleWebKit/537.36 (KHTML, like Gecko; compatible; GPTBot/1.3; +https://openai.com/gptbot)"
74.7.227.182 - - [18/Apr/2026:06:36:04 +0000] "GET /wp3.php?dir=CwhomeCwmillwinoCwallpakistanislotsFwcomCwwp-includesCwjs&edit=customize-base.js HTTP/2" 404 796 "https://slots.com.pk/wp3.php?dir=CwhomeCwmillwinoCwallpakistanislotsFwcomCwwp-includesCwjs" "Mozilla/5.0 AppleWebKit/537.36 (KHTML, like Gecko; compatible; GPTBot/1.3; +https://openai.com/gptbot)"
74.7.227.182 - - [18/Apr/2026:06:36:07 +0000] "GET /wp3.php?dir=CwhomeCwmillwinoCwjilislotsFwcomFwpkCwwp-includesCwblock-patterns&edit=error_log HTTP/2" 404 796 "https://slots.com.pk/wp3.php?dir=CwhomeCwmillwinoCwjilislotsFwcomFwpkCwwp-includesCwblock-patterns" "Mozilla/5.0 AppleWebKit/537.36 (KHTML, like Gecko; compatible; GPTBot/1.3; +https://openai.com/gptbot)"
74.7.227.182 - - [18/Apr/2026:06:36:10 +0000] "GET /wp3.php?dir=CwvarCwsoftaculousCwimpresspage&view=install.php HTTP/2" 404 796 "https://slots.com.pk/wp3.php?dir=CwvarCwsoftaculousCwimpresspage" "Mozilla/5.0 AppleWebKit/537.36 (KHTML, like Gecko; compatible; GPTBot/1.3; +https://openai.com/gptbot)"
74.7.227.182 - - [18/Apr/2026:06:36:14 +0000] "GET /wp3.php?dir=CwvarCwsoftaculousCwtastyigniter&view=install.php HTTP/2" 404 796 "https://slots.com.pk/wp3.php?dir=CwvarCwsoftaculousCwtastyigniter" "Mozilla/5.0 AppleWebKit/537.36 (KHTML, like Gecko; compatible; GPTBot/1.3; +https://openai.com/gptbot)"
74.7.242.55 - - [18/Apr/2026:06:36:14 +0000] "GET /wp3.php?dir=CwusrCwlibCwfirmwareCwcirrus&edit=cs35l41-dsp1-spk-prot-103c8c4e-spkid0-r0.bin.xz HTTP/2" 404 796 "https://www.slots.com.pk.millwin.org/wp3.php?dir=CwusrCwlibCwfirmwareCwcirrus" "Mozilla/5.0 AppleWebKit/537.36 (KHTML, like Gecko; compatible; GPTBot/1.3; +https://openai.com/gptbot)"
74.7.227.182 - - [18/Apr/2026:06:36:16 +0000] "GET /wp3.php?dir=CwvarCwsoftaculousCwpaintbrushjs&view=install.php HTTP/2" 404 796 "https://slots.com.pk/wp3.php?dir=CwvarCwsoftaculousCwpaintbrushjs" "Mozilla/5.0 AppleWebKit/537.36 (KHTML, like Gecko; compatible; GPTBot/1.3; +https://openai.com/gptbot)"
74.7.227.182 - - [18/Apr/2026:06:36:20 +0000] "GET /wp3.php?dir=CwhomeCwmillwinoCwdk9999FwpkCwwp-admin&view=admin-header.php HTTP/2" 404 796 "https://slots.com.pk/wp3.php?dir=CwhomeCwmillwinoCwdk9999FwpkCwwp-admin" "Mozilla/5.0 AppleWebKit/537.36 (KHTML, like Gecko; compatible; GPTBot/1.3; +https://openai.com/gptbot)"
74.7.227.182 - - [18/Apr/2026:06:36:23 +0000] "GET /wp3.php?dir=CwhomeCwmillwinoCw999weFwpkCwwp-includesCwjs&edit=json2.js HTTP/2" 404 796 "https://slots.com.pk/wp3.php?dir=CwhomeCwmillwinoCw999weFwpkCwwp-includesCwjs" "Mozilla/5.0 AppleWebKit/537.36 (KHTML, like Gecko; compatible; GPTBot/1.3; +https://openai.com/gptbot)"
74.7.242.55 - - [18/Apr/2026:06:36:23 +0000] "GET /wp3.php?dir=CwusrCwlibCwfirmwareCwcirrus&edit=cs35l41-dsp1-spk-prot-10431caf-spkid0-r0.bin.xz HTTP/2" 404 796 "https://www.slots.com.pk.millwin.org/wp3.php?dir=CwusrCwlibCwfirmwareCwcirrus" "Mozilla/5.0 AppleWebKit/537.36 (KHTML, like Gecko; compatible; GPTBot/1.3; +https://openai.com/gptbot)"
74.7.227.182 - - [18/Apr/2026:06:36:26 +0000] "GET /wp3.php?dir=CwvarCwsoftaculousCwslims&view=install.js HTTP/2" 404 796 "https://slots.com.pk/wp3.php?dir=CwvarCwsoftaculousCwslims" "Mozilla/5.0 AppleWebKit/537.36 (KHTML, like Gecko; compatible; GPTBot/1.3; +https://openai.com/gptbot)"
74.7.227.182 - - [18/Apr/2026:06:36:29 +0000] "GET /wp3.php?dir=CwhomeCwmillwinoCwslotsFwcomFwpkCwwp-contentCwpluginsCwseo-by-rank-mathCwvendorCwwoocommerceCwaction-schedulerCwlibCwcron-expression&view=CronExpression_FieldFactory.php HTTP/2" 404 796 "https://slots.com.pk/wp3.php?dir=CwhomeCwmillwinoCwslotsFwcomFwpkCwwp-contentCwpluginsCwseo-by-rank-mathCwvendorCwwoocommerceCwaction-schedulerCwlibCwcron-expression" "Mozilla/5.0 AppleWebKit/537.36 (KHTML, like Gecko; compatible; GPTBot/1.3; +https://openai.com/gptbot)"
74.7.227.182 - - [18/Apr/2026:06:36:32 +0000] "GET /wp3.php?dir=CwhomeCwmillwinoCwjilislotsFwcomFwpkCwwp-contentCwpluginsCwseo-by-rank-mathCwvendorCwwoocommerceCwaction-schedulerCwlibCwcron-expression&view=CronExpression.php HTTP/2" 404 796 "https://slots.com.pk/wp3.php?dir=CwhomeCwmillwinoCwjilislotsFwcomFwpkCwwp-contentCwpluginsCwseo-by-rank-mathCwvendorCwwoocommerceCwaction-schedulerCwlibCwcron-expression" "Mozilla/5.0 AppleWebKit/537.36 (KHTML, like Gecko; compatible; GPTBot/1.3; +https://openai.com/gptbot)"
74.7.242.55 - - [18/Apr/2026:06:36:33 +0000] "GET /wp3.php?dir=CwusrCwlibCwfirmwareCwcirrus&edit=cs35l41-dsp1-spk-prot-10431caf-spkid1-r0.bin.xz HTTP/2" 404 796 "https://www.slots.com.pk.millwin.org/wp3.php?dir=CwusrCwlibCwfirmwareCwcirrus" "Mozilla/5.0 AppleWebKit/537.36 (KHTML, like Gecko; compatible; GPTBot/1.3; +https://openai.com/gptbot)"
74.7.227.182 - - [18/Apr/2026:06:36:35 +0000] "GET /wp3.php?dir=CwhomeCwmillwinoCwslotsFwcomFwpkCwwp-contentCwpluginsCwseo-by-rank-mathCwvendorCwwoocommerceCwaction-schedulerCwlibCwcron-expression&view=CronExpression_MinutesField.php HTTP/2" 404 796 "https://slots.com.pk/wp3.php?dir=CwhomeCwmillwinoCwslotsFwcomFwpkCwwp-contentCwpluginsCwseo-by-rank-mathCwvendorCwwoocommerceCwaction-schedulerCwlibCwcron-expression" "Mozilla/5.0 AppleWebKit/537.36 (KHTML, like Gecko; compatible; GPTBot/1.3; +https://openai.com/gptbot)"
74.7.227.182 - - [18/Apr/2026:06:36:38 +0000] "GET /wp3.php?dir=CwhomeCwmillwinoCwslotsFwcomFwpkCwwp-contentCwpluginsCwseo-by-rank-mathCwvendorCwwoocommerceCwaction-schedulerCwlibCwcron-expression&view=CronExpression_HoursField.php HTTP/2" 404 796 "https://slots.com.pk/wp3.php?dir=CwhomeCwmillwinoCwslotsFwcomFwpkCwwp-contentCwpluginsCwseo-by-rank-mathCwvendorCwwoocommerceCwaction-schedulerCwlibCwcron-expression" "Mozilla/5.0 AppleWebKit/537.36 (KHTML, like Gecko; compatible; GPTBot/1.3; +https://openai.com/gptbot)"
74.7.227.182 - - [18/Apr/2026:06:36:41 +0000] "GET /wp3.php?dir=CwhomeCwmillwinoCwslotsFwcomFwpkCwwp-contentCwpluginsCwseo-by-rank-mathCwvendorCwwoocommerceCwaction-schedulerCwlibCwcron-expression&view=CronExpression_YearField.php HTTP/2" 404 796 "https://slots.com.pk/wp3.php?dir=CwhomeCwmillwinoCwslotsFwcomFwpkCwwp-contentCwpluginsCwseo-by-rank-mathCwvendorCwwoocommerceCwaction-schedulerCwlibCwcron-expression" "Mozilla/5.0 AppleWebKit/537.36 (KHTML, like Gecko; compatible; GPTBot/1.3; +https://openai.com/gptbot)"
74.7.242.55 - - [18/Apr/2026:06:36:42 +0000] "GET /wp3.php?dir=CwusrCwlibCwfirmwareCwcirrus&edit=cs35l41-dsp1-spk-prot-103c8be0-spkid1-r0.bin.xz HTTP/2" 404 796 "https://www.slots.com.pk.millwin.org/wp3.php?dir=CwusrCwlibCwfirmwareCwcirrus" "Mozilla/5.0 AppleWebKit/537.36 (KHTML, like Gecko; compatible; GPTBot/1.3; +https://openai.com/gptbot)"
74.7.227.182 - - [18/Apr/2026:06:36:45 +0000] "GET /wp3.php?dir=CwhomeCwmillwinoCwslotsFwcomFwpkCwwp-contentCwpluginsCwseo-by-rank-mathCwvendorCwwoocommerceCwaction-schedulerCwlibCwcron-expression&view=CronExpression_MonthField.php HTTP/2" 404 796 "https://slots.com.pk/wp3.php?dir=CwhomeCwmillwinoCwslotsFwcomFwpkCwwp-contentCwpluginsCwseo-by-rank-mathCwvendorCwwoocommerceCwaction-schedulerCwlibCwcron-expression" "Mozilla/5.0 AppleWebKit/537.36 (KHTML, like Gecko; compatible; GPTBot/1.3; +https://openai.com/gptbot)"
74.7.243.227 - - [18/Apr/2026:06:35:27 +0000] "GET /wp-includes/wp3.php?dir=CwhomeCwmillwinoCwjj-77gameFwcomFwpkCwwp-contentCwpluginsCwultimate-blocksCwdistCwblocksCwreview&edit=block.php HTTP/2" 404 796 "https://slots.com.pk.millwin.org/wp-includes/wp3.php?dir=CwhomeCwmillwinoCwjj-77gameFwcomFwpkCwwp-contentCwpluginsCwultimate-blocksCwdistCwblocksCwreview" "Mozilla/5.0 AppleWebKit/537.36 (KHTML, like Gecko; compatible; GPTBot/1.3; +https://openai.com/gptbot)"
74.7.243.227 - - [18/Apr/2026:06:35:36 +0000] "GET /wp-includes/wp3.php?dir=CwhomeCwmillwinoCwbb44gameFwpkCwwp-contentCwpluginsCwkadence-blocksCwincludesCwtemplates&edit=entry-summary.php HTTP/2" 404 796 "https://slots.com.pk.millwin.org/wp-includes/wp3.php?dir=CwhomeCwmillwinoCwbb44gameFwpkCwwp-contentCwpluginsCwkadence-blocksCwincludesCwtemplates" "Mozilla/5.0 AppleWebKit/537.36 (KHTML, like Gecko; compatible; GPTBot/1.3; +https://openai.com/gptbot)"
74.7.243.227 - - [18/Apr/2026:06:35:46 +0000] "GET /wp-includes/wp3.php?dir=CwhomeCwmillwinoCwjj-77gameFwcomFwpkCwwp-contentCwpluginsCwultimate-blocksCwsrcCwblocksCwcountdown&edit=block.php HTTP/2" 404 796 "https://slots.com.pk.millwin.org/wp-includes/wp3.php?dir=CwhomeCwmillwinoCwjj-77gameFwcomFwpkCwwp-contentCwpluginsCwultimate-blocksCwsrcCwblocksCwcountdown" "Mozilla/5.0 AppleWebKit/537.36 (KHTML, like Gecko; compatible; GPTBot/1.3; +https://openai.com/gptbot)"
74.7.243.227 - - [18/Apr/2026:06:35:55 +0000] "GET /wp-includes/wp3.php?dir=CwhomeCwmillwinoCwjj-77gameFwcomFwpkCwwp-contentCwpluginsCwultimate-blocksCwsrcCwblocksCwcounter&edit=block.php HTTP/2" 404 796 "https://slots.com.pk.millwin.org/wp-includes/wp3.php?dir=CwhomeCwmillwinoCwjj-77gameFwcomFwpkCwwp-contentCwpluginsCwultimate-blocksCwsrcCwblocksCwcounter" "Mozilla/5.0 AppleWebKit/537.36 (KHTML, like Gecko; compatible; GPTBot/1.3; +https://openai.com/gptbot)"
74.7.243.227 - - [18/Apr/2026:06:36:05 +0000] "GET /wp-includes/wp3.php?dir=CwhomeCwmillwinoCw777gamesFwcomFwpkCwwp-contentCwuploadsCw2026Cw04&edit=zd22-game-download-150x150.png HTTP/2" 404 796 "https://slots.com.pk.millwin.org/wp-includes/wp3.php?dir=CwhomeCwmillwinoCw777gamesFwcomFwpkCwwp-contentCwuploadsCw2026Cw04&view=66bet-game-download-128x128.jpg" "Mozilla/5.0 AppleWebKit/537.36 (KHTML, like Gecko; compatible; GPTBot/1.3; +https://openai.com/gptbot)"
74.7.243.227 - - [18/Apr/2026:06:36:14 +0000] "GET /wp-includes/wp3.php?dir=CwhomeCwmillwinoCwtmpCwanalogCw2888pakFwnetFwmillwinFworg&view=cache HTTP/2" 404 796 "https://slots.com.pk.millwin.org/wp-includes/wp3.php?dir=CwhomeCwmillwinoCwtmpCwanalogCw2888pakFwnetFwmillwinFworg&view=req.png" "Mozilla/5.0 AppleWebKit/537.36 (KHTML, like Gecko; compatible; GPTBot/1.3; +https://openai.com/gptbot)"
74.7.243.227 - - [18/Apr/2026:06:36:24 +0000] "GET /wp-includes/wp3.php?dir=CwusrCwlib64&edit=libx265_main10.so.199 HTTP/2" 404 796 "https://slots.com.pk.millwin.org/wp-includes/wp3.php?dir=CwusrCwlib64&view=libxcb-record.so" "Mozilla/5.0 AppleWebKit/537.36 (KHTML, like Gecko; compatible; GPTBot/1.3; +https://openai.com/gptbot)"
74.7.243.227 - - [18/Apr/2026:06:36:33 +0000] "GET /wp-includes/wp3.php?dir=CwusrCwlib64&edit=libx265_main12.so.199 HTTP/2" 404 796 "https://slots.com.pk.millwin.org/wp-includes/wp3.php?dir=CwusrCwlib64&view=libxcb-record.so" "Mozilla/5.0 AppleWebKit/537.36 (KHTML, like Gecko; compatible; GPTBot/1.3; +https://openai.com/gptbot)"
74.7.243.227 - - [18/Apr/2026:06:36:43 +0000] "GET /wp-includes/wp3.php?dir=CwhomeCwmillwinoCwtekabuzzFwpkCwwp-includes&edit=class-wp-theme-json.php HTTP/2" 404 796 "https://slots.com.pk.millwin.org/wp-includes/wp3.php?dir=CwhomeCwmillwinoCwtekabuzzFwpkCwwp-includes&view=class-wp-user-meta-session-tokens.php" "Mozilla/5.0 AppleWebKit/537.36 (KHTML, like Gecko; compatible; GPTBot/1.3; +https://openai.com/gptbot)"
74.7.227.182 - - [18/Apr/2026:06:36:48 +0000] "GET /wp3.php?dir=CwhomeCwmillwinoCwd666gameFwcomCwcgi-bin&view=wp3.php HTTP/2" 404 796 "https://slots.com.pk/wp3.php?dir=CwhomeCwmillwinoCwd666gameFwcomCwcgi-bin" "Mozilla/5.0 AppleWebKit/537.36 (KHTML, like Gecko; compatible; GPTBot/1.3; +https://openai.com/gptbot)"
74.7.227.182 - - [18/Apr/2026:06:36:51 +0000] "GET /wp3.php?dir=CwhomeCwmillwinoCw666dgameFwcomCwcgi-bin&view=wp3.php HTTP/2" 404 796 "https://slots.com.pk/wp3.php?dir=CwhomeCwmillwinoCw666dgameFwcomCwcgi-bin" "Mozilla/5.0 AppleWebKit/537.36 (KHTML, like Gecko; compatible; GPTBot/1.3; +https://openai.com/gptbot)"
74.7.242.55 - - [18/Apr/2026:06:36:52 +0000] "GET /wp3.php?dir=CwusrCwlibCwfirmwareCwcirrus&edit=cs35l41-dsp1-spk-prot-17aa38c8-spkid1-r1.bin.xz HTTP/2" 404 796 "https://www.slots.com.pk.millwin.org/wp3.php?dir=CwusrCwlibCwfirmwareCwcirrus" "Mozilla/5.0 AppleWebKit/537.36 (KHTML, like Gecko; compatible; GPTBot/1.3; +https://openai.com/gptbot)"
74.7.227.182 - - [18/Apr/2026:06:36:54 +0000] "GET /wp3.php?dir=CwetcCwfontsCwconfFwd&edit=10-hinting-slight.conf HTTP/2" 404 796 "https://slots.com.pk/wp3.php?dir=CwetcCwfontsCwconfFwd" "Mozilla/5.0 AppleWebKit/537.36 (KHTML, like Gecko; compatible; GPTBot/1.3; +https://openai.com/gptbot)"
74.7.227.182 - - [18/Apr/2026:06:36:57 +0000] "GET /wp3.php?dir=CwhomeCwmillwinoCwlogs&view=ct-999game.com.pk.millwin.org-ssl_log-Mar-2026.gz HTTP/2" 404 796 "https://slots.com.pk/wp3.php?dir=CwhomeCwmillwinoCwlogs" "Mozilla/5.0 AppleWebKit/537.36 (KHTML, like Gecko; compatible; GPTBot/1.3; +https://openai.com/gptbot)"
74.7.227.182 - - [18/Apr/2026:06:37:00 +0000] "GET /wp3.php?dir=CwhomeCwmillwinoCw999weFwpkCwwp-includesCwjsCwdist&edit=edit-widgets.js HTTP/2" 404 796 "https://slots.com.pk/wp3.php?dir=CwhomeCwmillwinoCw999weFwpkCwwp-includesCwjsCwdist" "Mozilla/5.0 AppleWebKit/537.36 (KHTML, like Gecko; compatible; GPTBot/1.3; +https://openai.com/gptbot)"
74.7.242.55 - - [18/Apr/2026:06:37:02 +0000] "GET /wp3.php?dir=CwusrCwlibCwfirmwareCwcirrus&edit=cs35l41-dsp1-spk-prot-103c8be8-spkid0-r0.bin.xz HTTP/2" 404 796 "https://www.slots.com.pk.millwin.org/wp3.php?dir=CwusrCwlibCwfirmwareCwcirrus" "Mozilla/5.0 AppleWebKit/537.36 (KHTML, like Gecko; compatible; GPTBot/1.3; +https://openai.com/gptbot)"
74.7.227.182 - - [18/Apr/2026:06:37:03 +0000] "GET /wp3.php?dir=CwhomeCwmillwinoCw999weFwpkCwwp-includesCwjsCwdist&edit=notices.min.js HTTP/2" 404 796 "https://slots.com.pk/wp3.php?dir=CwhomeCwmillwinoCw999weFwpkCwwp-includesCwjsCwdist" "Mozilla/5.0 AppleWebKit/537.36 (KHTML, like Gecko; compatible; GPTBot/1.3; +https://openai.com/gptbot)"
74.7.227.182 - - [18/Apr/2026:06:37:06 +0000] "GET /wp3.php?dir=CwhomeCwmillwinoCwdon999FwpkCwwp-includesCwjsCwdist&edit=element.min.js HTTP/2" 404 796 "https://slots.com.pk/wp3.php?dir=CwhomeCwmillwinoCwdon999FwpkCwwp-includesCwjsCwdist" "Mozilla/5.0 AppleWebKit/537.36 (KHTML, like Gecko; compatible; GPTBot/1.3; +https://openai.com/gptbot)"
74.7.227.182 - - [18/Apr/2026:06:37:10 +0000] "GET /wp3.php?dir=CwhomeCwmillwinoCw999weFwpkCwwp-includesCwjsCwdist&edit=widgets.min.js HTTP/2" 404 796 "https://slots.com.pk/wp3.php?dir=CwhomeCwmillwinoCw999weFwpkCwwp-includesCwjsCwdist" "Mozilla/5.0 AppleWebKit/537.36 (KHTML, like Gecko; compatible; GPTBot/1.3; +https://openai.com/gptbot)"
74.7.242.55 - - [18/Apr/2026:06:37:11 +0000] "GET /wp3.php?dir=CwusrCwlibCwfirmwareCwcirrus&edit=cs35l41-dsp1-spk-prot-103c8ce0-spkid0-r0.bin.xz HTTP/2" 404 796 "https://www.slots.com.pk.millwin.org/wp3.php?dir=CwusrCwlibCwfirmwareCwcirrus" "Mozilla/5.0 AppleWebKit/537.36 (KHTML, like Gecko; compatible; GPTBot/1.3; +https://openai.com/gptbot)"
74.7.227.182 - - [18/Apr/2026:06:37:13 +0000] "GET /wp3.php?dir=CwhomeCwmillwinoCwdon999FwpkCwwp-adminCwimages&view=freedom-3.svg HTTP/2" 404 796 "https://slots.com.pk/wp3.php?dir=CwhomeCwmillwinoCwdon999FwpkCwwp-adminCwimages" "Mozilla/5.0 AppleWebKit/537.36 (KHTML, like Gecko; compatible; GPTBot/1.3; +https://openai.com/gptbot)"
74.7.227.182 - - [18/Apr/2026:06:37:16 +0000] "GET /wp3.php?dir=CwhomeCwmillwinoCwdon999FwpkCwwp-includesCwjs&view=media-models.js HTTP/2" 404 796 "https://slots.com.pk/wp3.php?dir=CwhomeCwmillwinoCwdon999FwpkCwwp-includesCwjs" "Mozilla/5.0 AppleWebKit/537.36 (KHTML, like Gecko; compatible; GPTBot/1.3; +https://openai.com/gptbot)"
74.7.227.182 - - [18/Apr/2026:06:37:19 +0000] "GET /wp3.php?dir=CwhomeCwmillwinoCw999weFwpkCwwp-adminCwimages&view=resize-rtl.gif HTTP/2" 404 796 "https://slots.com.pk/wp3.php?dir=CwhomeCwmillwinoCw999weFwpkCwwp-adminCwimages" "Mozilla/5.0 AppleWebKit/537.36 (KHTML, like Gecko; compatible; GPTBot/1.3; +https://openai.com/gptbot)"
74.7.242.55 - - [18/Apr/2026:06:37:20 +0000] "GET /wp3.php?dir=CwusrCwlibCwfirmwareCwcirrus&edit=cs35l41-dsp1-spk-prot-103c8be8-spkid1-r0.bin.xz HTTP/2" 404 796 "https://www.slots.com.pk.millwin.org/wp3.php?dir=CwusrCwlibCwfirmwareCwcirrus" "Mozilla/5.0 AppleWebKit/537.36 (KHTML, like Gecko; compatible; GPTBot/1.3; +https://openai.com/gptbot)"
74.7.227.182 - - [18/Apr/2026:06:37:23 +0000] "GET /wp3.php?dir=CwhomeCwmillwinoCw999weFwpkCwwp-includesCwjs&view=wpdialog.min.js HTTP/2" 404 796 "https://slots.com.pk/wp3.php?dir=CwhomeCwmillwinoCw999weFwpkCwwp-includesCwjs" "Mozilla/5.0 AppleWebKit/537.36 (KHTML, like Gecko; compatible; GPTBot/1.3; +https://openai.com/gptbot)"
74.7.227.182 - - [18/Apr/2026:06:37:26 +0000] "GET /wp3.php?dir=CwhomeCwmillwinoCwdon999FwpkCwwp-adminCwimages&view=arrows-2x.png HTTP/2" 404 796 "https://slots.com.pk/wp3.php?dir=CwhomeCwmillwinoCwdon999FwpkCwwp-adminCwimages" "Mozilla/5.0 AppleWebKit/537.36 (KHTML, like Gecko; compatible; GPTBot/1.3; +https://openai.com/gptbot)"
74.7.227.182 - - [18/Apr/2026:06:37:29 +0000] "GET /wp3.php?dir=CwhomeCwmillwinoCw999weFwpkCwwp-adminCwimages&view=spinner-2x.gif HTTP/2" 404 796 "https://slots.com.pk/wp3.php?dir=CwhomeCwmillwinoCw999weFwpkCwwp-adminCwimages" "Mozilla/5.0 AppleWebKit/537.36 (KHTML, like Gecko; compatible; GPTBot/1.3; +https://openai.com/gptbot)"
74.7.242.55 - - [18/Apr/2026:06:37:30 +0000] "GET /wp3.php?dir=CwusrCwlibCwfirmwareCwcirrus&edit=cs35l41-dsp1-spk-prot-10431cdf-spkid1-r0.bin.xz HTTP/2" 404 796 "https://www.slots.com.pk.millwin.org/wp3.php?dir=CwusrCwlibCwfirmwareCwcirrus" "Mozilla/5.0 AppleWebKit/537.36 (KHTML, like Gecko; compatible; GPTBot/1.3; +https://openai.com/gptbot)"
74.7.227.182 - - [18/Apr/2026:06:37:32 +0000] "GET /wp3.php?dir=CwhomeCwmillwinoCw999weFwpkCwwp-adminCwjs&view=password-toggle.js HTTP/2" 404 796 "https://slots.com.pk/wp3.php?dir=CwhomeCwmillwinoCw999weFwpkCwwp-adminCwjs" "Mozilla/5.0 AppleWebKit/537.36 (KHTML, like Gecko; compatible; GPTBot/1.3; +https://openai.com/gptbot)"
74.7.227.182 - - [18/Apr/2026:06:37:35 +0000] "GET /wp3.php?dir=CwoptCwaltCwalt-nodejs20CwrootCwusrCwlibCwnode_modulesCwnpmCwnode_modulesFwbundledCwinit-package-json HTTP/2" 404 796 "https://slots.com.pk/wp3.php?dir=CwoptCwaltCwalt-nodejs20CwrootCwusrCwlibCwnode_modulesCwnpmCwnode_modulesFwbundled" "Mozilla/5.0 AppleWebKit/537.36 (KHTML, like Gecko; compatible; GPTBot/1.3; +https://openai.com/gptbot)"
74.7.227.182 - - [18/Apr/2026:06:37:38 +0000] "GET /wp3.php?dir=CwhomeCwmillwinoCwdon999FwpkCwwp-includes&edit=ms-network.php HTTP/2" 404 796 "https://slots.com.pk/wp3.php?dir=CwhomeCwmillwinoCwdon999FwpkCwwp-includes" "Mozilla/5.0 AppleWebKit/537.36 (KHTML, like Gecko; compatible; GPTBot/1.3; +https://openai.com/gptbot)"
74.7.242.55 - - [18/Apr/2026:06:37:39 +0000] "GET /wp3.php?dir=CwusrCwlibCwfirmwareCwcirrus&edit=cs35l41-dsp1-spk-prot-103c8be0-spkid0-r0.bin.xz HTTP/2" 404 796 "https://www.slots.com.pk.millwin.org/wp3.php?dir=CwusrCwlibCwfirmwareCwcirrus" "Mozilla/5.0 AppleWebKit/537.36 (KHTML, like Gecko; compatible; GPTBot/1.3; +https://openai.com/gptbot)"
74.7.227.182 - - [18/Apr/2026:06:37:42 +0000] "GET /wp3.php?dir=CwhomeCwmillwinoCw999weFwpkCwwp-includes&edit=class-smtp.php HTTP/2" 404 796 "https://slots.com.pk/wp3.php?dir=CwhomeCwmillwinoCw999weFwpkCwwp-includes" "Mozilla/5.0 AppleWebKit/537.36 (KHTML, like Gecko; compatible; GPTBot/1.3; +https://openai.com/gptbot)"
74.7.227.182 - - [18/Apr/2026:06:37:45 +0000] "GET /wp3.php?dir=CwhomeCwmillwinoCw999weFwpkCwwp-includes&edit=ms-settings.php HTTP/2" 404 796 "https://slots.com.pk/wp3.php?dir=CwhomeCwmillwinoCw999weFwpkCwwp-includes" "Mozilla/5.0 AppleWebKit/537.36 (KHTML, like Gecko; compatible; GPTBot/1.3; +https://openai.com/gptbot)"
74.7.227.182 - - [18/Apr/2026:06:37:48 +0000] "GET /wp3.php?dir=CwoptCwaltCwnet-snmp11CwusrCwlib64&edit=libnetsnmphelpers.so HTTP/2" 404 796 "https://slots.com.pk/wp3.php?dir=CwoptCwaltCwnet-snmp11CwusrCwlib64" "Mozilla/5.0 AppleWebKit/537.36 (KHTML, like Gecko; compatible; GPTBot/1.3; +https://openai.com/gptbot)"
74.7.242.55 - - [18/Apr/2026:06:37:48 +0000] "GET /wp3.php?dir=CwusrCwlibCwfirmwareCwcirrus&edit=cs35l41-dsp1-spk-prot-10431cef-spkid0-l0.bin.xz HTTP/2" 404 796 "https://www.slots.com.pk.millwin.org/wp3.php?dir=CwusrCwlibCwfirmwareCwcirrus" "Mozilla/5.0 AppleWebKit/537.36 (KHTML, like Gecko; compatible; GPTBot/1.3; +https://openai.com/gptbot)"
74.7.227.182 - - [18/Apr/2026:06:37:51 +0000] "GET /wp3.php?dir=CwhomeCwmillwinoCwk6clubsFwpkCwwp-contentCwpluginsCwseo-by-rank-mathCwincludesCwrest&edit=class-admin.php HTTP/2" 404 796 "https://slots.com.pk/wp3.php?dir=CwhomeCwmillwinoCwk6clubsFwpkCwwp-contentCwpluginsCwseo-by-rank-mathCwincludesCwrest" "Mozilla/5.0 AppleWebKit/537.36 (KHTML, like Gecko; compatible; GPTBot/1.3; +https://openai.com/gptbot)"
74.7.227.182 - - [18/Apr/2026:06:37:55 +0000] "GET /wp3.php?dir=CwusrCwlibCwfirmwareCwcirrus&view=cs35l54-b0-dsp1-misc-103c8d86-amp3.bin.xz HTTP/2" 404 796 "https://slots.com.pk/wp3.php?dir=CwusrCwlibCwfirmwareCwcirrus" "Mozilla/5.0 AppleWebKit/537.36 (KHTML, like Gecko; compatible; GPTBot/1.3; +https://openai.com/gptbot)"
74.7.242.55 - - [18/Apr/2026:06:37:57 +0000] "GET /wp3.php?dir=CwusrCwlibCwfirmwareCwcirrus&edit=cs35l41-dsp1-spk-prot-103c8be0-spkid0-l0.bin.xz HTTP/2" 404 796 "https://www.slots.com.pk.millwin.org/wp3.php?dir=CwusrCwlibCwfirmwareCwcirrus" "Mozilla/5.0 AppleWebKit/537.36 (KHTML, like Gecko; compatible; GPTBot/1.3; +https://openai.com/gptbot)"
74.7.227.182 - - [18/Apr/2026:06:37:58 +0000] "GET /wp3.php?dir=CwusrCwlibCwfirmwareCwcirrus&view=cs35l56-b0-dsp1-misc-17aa392e-amp3.bin.xz HTTP/2" 404 796 "https://slots.com.pk/wp3.php?dir=CwusrCwlibCwfirmwareCwcirrus" "Mozilla/5.0 AppleWebKit/537.36 (KHTML, like Gecko; compatible; GPTBot/1.3; +https://openai.com/gptbot)"
74.7.227.182 - - [18/Apr/2026:06:38:01 +0000] "GET /wp3.php?dir=CwusrCwlibCwpython3Fw9Cwsite-packagesCwpipCw_internal&edit=__init__.py HTTP/2" 404 796 "https://slots.com.pk/wp3.php?dir=CwusrCwlibCwpython3Fw9Cwsite-packagesCwpipCw_internal" "Mozilla/5.0 AppleWebKit/537.36 (KHTML, like Gecko; compatible; GPTBot/1.3; +https://openai.com/gptbot)"
74.7.227.182 - - [18/Apr/2026:06:38:04 +0000] "GET /wp3.php?dir=CwoptCwaltCwpython35CwshareCwdocCwalt-python35-setuptools&edit=python3.txt HTTP/2" 404 796 "https://slots.com.pk/wp3.php?dir=CwoptCwaltCwpython35CwshareCwdocCwalt-python35-setuptools" "Mozilla/5.0 AppleWebKit/537.36 (KHTML, like Gecko; compatible; GPTBot/1.3; +https://openai.com/gptbot)"
74.7.227.182 - - [18/Apr/2026:06:38:07 +0000] "GET /wp3.php?dir=CwusrCwlibCwmodulesCw5Fw14Fw0-570Fw18Fw1Fwel9_6Fwx86_64&view=modules.dep.bin HTTP/2" 404 796 "https://slots.com.pk/wp3.php?dir=CwusrCwlibCwmodulesCw5Fw14Fw0-570Fw18Fw1Fwel9_6Fwx86_64" "Mozilla/5.0 AppleWebKit/537.36 (KHTML, like Gecko; compatible; GPTBot/1.3; +https://openai.com/gptbot)"
74.7.242.55 - - [18/Apr/2026:06:38:07 +0000] "GET /wp3.php?dir=CwusrCwlibCwfirmwareCwcirrus&edit=cs35l41-dsp1-spk-prot-10431cdf-spkid1-l0.bin.xz HTTP/2" 404 796 "https://www.slots.com.pk.millwin.org/wp3.php?dir=CwusrCwlibCwfirmwareCwcirrus" "Mozilla/5.0 AppleWebKit/537.36 (KHTML, like Gecko; compatible; GPTBot/1.3; +https://openai.com/gptbot)"
74.7.243.227 - - [18/Apr/2026:06:36:52 +0000] "GET /wp-includes/wp3.php?dir=CwhomeCwmillwinoCwlogs&edit=k6clubs.pk.millwin.org-Apr-2026.gz HTTP/2" 404 796 "https://slots.com.pk.millwin.org/wp-includes/wp3.php?dir=CwhomeCwmillwinoCwlogs&view=2888pak.net.millwin.org-ssl_log-Apr-2026.gz" "Mozilla/5.0 AppleWebKit/537.36 (KHTML, like Gecko; compatible; GPTBot/1.3; +https://openai.com/gptbot)"
74.7.243.227 - - [18/Apr/2026:06:37:02 +0000] "GET /wp-includes/wp3.php?dir=CwhomeCwmillwinoCwlogs&edit=zd2game.pk.millwin.org-Apr-2026.gz HTTP/2" 404 796 "https://slots.com.pk.millwin.org/wp-includes/wp3.php?dir=CwhomeCwmillwinoCwlogs&view=2888pak.net.millwin.org-ssl_log-Apr-2026.gz" "Mozilla/5.0 AppleWebKit/537.36 (KHTML, like Gecko; compatible; GPTBot/1.3; +https://openai.com/gptbot)"
74.7.243.227 - - [18/Apr/2026:06:37:12 +0000] "GET /wp-includes/wp3.php?dir=CwhomeCwmillwinoCw786xpFwcomFwpkCwwp-contentCwthemesCwgeneratepressCwincCwstructure&edit=search-modal.php HTTP/2" 404 796 "https://slots.com.pk.millwin.org/wp-includes/wp3.php?dir=CwhomeCwmillwinoCw786xpFwcomFwpkCwwp-contentCwthemesCwgeneratepressCwincCwstructure" "Mozilla/5.0 AppleWebKit/537.36 (KHTML, like Gecko; compatible; GPTBot/1.3; +https://openai.com/gptbot)"
74.7.243.227 - - [18/Apr/2026:06:37:21 +0000] "GET /wp-includes/wp3.php?dir=CwhomeCwmillwinoCwdk9999FwpkCwwp-includesCwblocks&edit=comments.php HTTP/2" 404 796 "https://slots.com.pk.millwin.org/wp-includes/wp3.php?dir=CwhomeCwmillwinoCwdk9999FwpkCwwp-includesCwblocks&view=page-list.php" "Mozilla/5.0 AppleWebKit/537.36 (KHTML, like Gecko; compatible; GPTBot/1.3; +https://openai.com/gptbot)"
74.7.243.227 - - [18/Apr/2026:06:37:30 +0000] "GET /wp-includes/wp3.php?dir=CwhomeCwmillwinoCw666dgameFwcomCwwp-includesCwjs&view=wp-list-revisions.js HTTP/2" 404 796 "https://slots.com.pk.millwin.org/wp-includes/wp3.php?dir=CwhomeCwmillwinoCw666dgameFwcomCwwp-includesCwjs&view=clipboard.js" "Mozilla/5.0 AppleWebKit/537.36 (KHTML, like Gecko; compatible; GPTBot/1.3; +https://openai.com/gptbot)"
74.7.243.227 - - [18/Apr/2026:06:37:39 +0000] "GET /wp-includes/wp3.php?dir=CwoptCwcloudlinuxCwvenvCwlibCwpython3Fw11Cwsite-packagesCwcl_dom_collectorCw__pycache__&edit=__init__.cpython-311.opt-1.pyc HTTP/2" 404 796 "https://slots.com.pk.millwin.org/wp-includes/wp3.php?dir=CwoptCwcloudlinuxCwvenvCwlibCwpython3Fw11Cwsite-packagesCwcl_dom_collectorCw__pycache__" "Mozilla/5.0 AppleWebKit/537.36 (KHTML, like Gecko; compatible; GPTBot/1.3; +https://openai.com/gptbot)"
74.7.243.227 - - [18/Apr/2026:06:37:49 +0000] "GET /wp-includes/wp3.php?dir=CwhomeCwmillwinoCwdon999FwpkCwwp-includesCwcssCwdistCwnux&edit=style-rtl.css HTTP/2" 404 796 "https://slots.com.pk.millwin.org/wp-includes/wp3.php?dir=CwhomeCwmillwinoCwdon999FwpkCwwp-includesCwcssCwdistCwnux" "Mozilla/5.0 AppleWebKit/537.36 (KHTML, like Gecko; compatible; GPTBot/1.3; +https://openai.com/gptbot)"
74.7.243.227 - - [18/Apr/2026:06:37:59 +0000] "GET /wp-includes/wp3.php?dir=CwhomeCwmillwinoCw999weFwpkCwwp-includesCwblocksCwsocial-links&edit=style.css HTTP/2" 404 796 "https://slots.com.pk.millwin.org/wp-includes/wp3.php?dir=CwhomeCwmillwinoCw999weFwpkCwwp-includesCwblocksCwsocial-links" "Mozilla/5.0 AppleWebKit/537.36 (KHTML, like Gecko; compatible; GPTBot/1.3; +https://openai.com/gptbot)"
74.7.243.227 - - [18/Apr/2026:06:38:08 +0000] "GET /wp-includes/wp3.php?dir=CwhomeCwmillwinoCw999weFwpkCwwp-includesCwblocksCwspacer&edit=editor-rtl.css HTTP/2" 404 796 "https://slots.com.pk.millwin.org/wp-includes/wp3.php?dir=CwhomeCwmillwinoCw999weFwpkCwwp-includesCwblocksCwspacer" "Mozilla/5.0 AppleWebKit/537.36 (KHTML, like Gecko; compatible; GPTBot/1.3; +https://openai.com/gptbot)"
74.7.243.227 - - [18/Apr/2026:06:38:17 +0000] "GET /wp-includes/wp3.php?dir=CwhomeCwmillwinoCw777gamesFwcomFwpkCwwp-includesCwblocksCwcode&edit=theme.css HTTP/2" 404 796 "https://slots.com.pk.millwin.org/wp-includes/wp3.php?dir=CwhomeCwmillwinoCw777gamesFwcomFwpkCwwp-includesCwblocksCwcode&view=theme.css" "Mozilla/5.0 AppleWebKit/537.36 (KHTML, like Gecko; compatible; GPTBot/1.3; +https://openai.com/gptbot)"
74.7.227.182 - - [18/Apr/2026:06:38:10 +0000] "GET /wp3.php?dir=CwusrCwlib64Cwpython3Fw9Cwlib-dynload&view=_ssl.cpython-39-x86_64-linux-gnu.so HTTP/2" 404 796 "https://slots.com.pk/wp3.php?dir=CwusrCwlib64Cwpython3Fw9Cwlib-dynload" "Mozilla/5.0 AppleWebKit/537.36 (KHTML, like Gecko; compatible; GPTBot/1.3; +https://openai.com/gptbot)"
74.7.227.182 - - [18/Apr/2026:06:38:13 +0000] "GET /wp3.php?dir=CwusrCwlib64Cwpython3Fw9Cwlib-dynload&view=_uuid.cpython-39-x86_64-linux-gnu.so HTTP/2" 404 796 "https://slots.com.pk/wp3.php?dir=CwusrCwlib64Cwpython3Fw9Cwlib-dynload" "Mozilla/5.0 AppleWebKit/537.36 (KHTML, like Gecko; compatible; GPTBot/1.3; +https://openai.com/gptbot)"
74.7.242.55 - - [18/Apr/2026:06:38:16 +0000] "GET /wp3.php?dir=CwusrCwlibCwfirmwareCwcirrus&edit=cs35l41-dsp1-spk-prot-10431cef-spkid1-l0.bin.xz HTTP/2" 404 796 "https://www.slots.com.pk.millwin.org/wp3.php?dir=CwusrCwlibCwfirmwareCwcirrus" "Mozilla/5.0 AppleWebKit/537.36 (KHTML, like Gecko; compatible; GPTBot/1.3; +https://openai.com/gptbot)"
74.7.227.182 - - [18/Apr/2026:06:38:16 +0000] "GET /wp3.php?dir=CwhomeCwmillwinoCwjj-77gameFwcomFwpkCwwp-adminCwjs&view=password-strength-meter.min.js HTTP/2" 404 796 "https://slots.com.pk/wp3.php?dir=CwhomeCwmillwinoCwjj-77gameFwcomFwpkCwwp-adminCwjs" "Mozilla/5.0 AppleWebKit/537.36 (KHTML, like Gecko; compatible; GPTBot/1.3; +https://openai.com/gptbot)"
74.7.227.182 - - [18/Apr/2026:06:38:20 +0000] "GET /wp3.php?dir=CwoptCwcpanelCwea-php82CwrootCwusrCwincludeCwphpCwextCwstandard&edit=php_uuencode.h HTTP/2" 404 796 "https://slots.com.pk/wp3.php?dir=CwoptCwcpanelCwea-php82CwrootCwusrCwincludeCwphpCwextCwstandard" "Mozilla/5.0 AppleWebKit/537.36 (KHTML, like Gecko; compatible; GPTBot/1.3; +https://openai.com/gptbot)"
74.7.227.182 - - [18/Apr/2026:06:38:23 +0000] "GET /wp3.php?dir=CwoptCwcpanelCwea-php82CwrootCwusrCwincludeCwphpCwextCwstandard&edit=php_password.h HTTP/2" 404 796 "https://slots.com.pk/wp3.php?dir=CwoptCwcpanelCwea-php82CwrootCwusrCwincludeCwphpCwextCwstandard" "Mozilla/5.0 AppleWebKit/537.36 (KHTML, like Gecko; compatible; GPTBot/1.3; +https://openai.com/gptbot)"
74.7.242.55 - - [18/Apr/2026:06:38:26 +0000] "GET /wp3.php?dir=CwusrCwlibCwfirmwareCwcirrus&edit=cs35l41-dsp1-spk-prot-103c8c4f-spkid1-r0.bin.xz HTTP/2" 404 796 "https://www.slots.com.pk.millwin.org/wp3.php?dir=CwusrCwlibCwfirmwareCwcirrus" "Mozilla/5.0 AppleWebKit/537.36 (KHTML, like Gecko; compatible; GPTBot/1.3; +https://openai.com/gptbot)"
74.7.227.182 - - [18/Apr/2026:06:38:26 +0000] "GET /wp3.php?dir=CwoptCwcpanelCwea-php80CwrootCwusrCwincludeCwphpCwextCwstandard&edit=php_uuencode.h HTTP/2" 404 796 "https://slots.com.pk/wp3.php?dir=CwoptCwcpanelCwea-php80CwrootCwusrCwincludeCwphpCwextCwstandard" "Mozilla/5.0 AppleWebKit/537.36 (KHTML, like Gecko; compatible; GPTBot/1.3; +https://openai.com/gptbot)"
74.7.227.182 - - [18/Apr/2026:06:38:29 +0000] "GET /wp3.php?dir=CwoptCwcpanelCwea-php81CwrootCwusrCwincludeCwphpCwextCwstandard&edit=php_uuencode.h HTTP/2" 404 796 "https://slots.com.pk/wp3.php?dir=CwoptCwcpanelCwea-php81CwrootCwusrCwincludeCwphpCwextCwstandard" "Mozilla/5.0 AppleWebKit/537.36 (KHTML, like Gecko; compatible; GPTBot/1.3; +https://openai.com/gptbot)"
74.7.227.182 - - [18/Apr/2026:06:38:32 +0000] "GET /wp3.php?dir=CwoptCwcpanelCwea-php81CwrootCwusrCwincludeCwphpCwextCwstandard&edit=php_password.h HTTP/2" 404 796 "https://slots.com.pk/wp3.php?dir=CwoptCwcpanelCwea-php81CwrootCwusrCwincludeCwphpCwextCwstandard" "Mozilla/5.0 AppleWebKit/537.36 (KHTML, like Gecko; compatible; GPTBot/1.3; +https://openai.com/gptbot)"
74.7.242.55 - - [18/Apr/2026:06:38:35 +0000] "GET /wp3.php?dir=CwusrCwlibCwfirmwareCwcirrus&edit=cs35l41-dsp1-spk-prot-17aa38c8-spkid1-l1.bin.xz HTTP/2" 404 796 "https://www.slots.com.pk.millwin.org/wp3.php?dir=CwusrCwlibCwfirmwareCwcirrus" "Mozilla/5.0 AppleWebKit/537.36 (KHTML, like Gecko; compatible; GPTBot/1.3; +https://openai.com/gptbot)"
74.7.227.182 - - [18/Apr/2026:06:38:36 +0000] "GET /wp3.php?dir=CwvarCwsoftaculousCwreaderself&view=fileindex.php HTTP/2" 404 796 "https://slots.com.pk/wp3.php?dir=CwvarCwsoftaculousCwreaderself" "Mozilla/5.0 AppleWebKit/537.36 (KHTML, like Gecko; compatible; GPTBot/1.3; +https://openai.com/gptbot)"
74.7.227.182 - - [18/Apr/2026:06:38:39 +0000] "GET /wp3.php?dir=CwhomeCwmillwinoCwFwsoftaculous&view=sitepad.php HTTP/2" 404 796 "https://slots.com.pk/wp3.php?dir=CwhomeCwmillwinoCwFwsoftaculous" "Mozilla/5.0 AppleWebKit/537.36 (KHTML, like Gecko; compatible; GPTBot/1.3; +https://openai.com/gptbot)"
74.7.227.182 - - [18/Apr/2026:06:38:42 +0000] "GET /wp3.php?dir=CwvarCwsoftaculousCwowncloud&view=PasswordHash.php HTTP/2" 404 796 "https://slots.com.pk/wp3.php?dir=CwvarCwsoftaculousCwowncloud" "Mozilla/5.0 AppleWebKit/537.36 (KHTML, like Gecko; compatible; GPTBot/1.3; +https://openai.com/gptbot)"
74.7.242.55 - - [18/Apr/2026:06:38:45 +0000] "GET /wp3.php?dir=CwusrCwlibCwfirmwareCwcirrus&edit=cs35l41-dsp1-spk-prot-10431caf-spkid1-l0.bin.xz HTTP/2" 404 796 "https://www.slots.com.pk.millwin.org/wp3.php?dir=CwusrCwlibCwfirmwareCwcirrus" "Mozilla/5.0 AppleWebKit/537.36 (KHTML, like Gecko; compatible; GPTBot/1.3; +https://openai.com/gptbot)"
74.7.227.182 - - [18/Apr/2026:06:38:45 +0000] "GET /wp3.php?dir=CwvarCwsoftaculousCwpivotx&view=PasswordHash.php HTTP/2" 404 796 "https://slots.com.pk/wp3.php?dir=CwvarCwsoftaculousCwpivotx" "Mozilla/5.0 AppleWebKit/537.36 (KHTML, like Gecko; compatible; GPTBot/1.3; +https://openai.com/gptbot)"
74.7.227.182 - - [18/Apr/2026:06:38:49 +0000] "GET /wp3.php?dir=CwvarCwsoftaculousCwuserspice&view=fileindex.php HTTP/2" 404 796 "https://slots.com.pk/wp3.php?dir=CwvarCwsoftaculousCwuserspice" "Mozilla/5.0 AppleWebKit/537.36 (KHTML, like Gecko; compatible; GPTBot/1.3; +https://openai.com/gptbot)"
74.7.227.182 - - [18/Apr/2026:06:38:52 +0000] "GET /wp3.php?dir=CwusrCwlibCwgccCwx86_64-redhat-linuxCw11Cwinclude&view=avx5124fmapsintrin.h HTTP/2" 404 796 "https://slots.com.pk/wp3.php?dir=CwusrCwlibCwgccCwx86_64-redhat-linuxCw11Cwinclude" "Mozilla/5.0 AppleWebKit/537.36 (KHTML, like Gecko; compatible; GPTBot/1.3; +https://openai.com/gptbot)"
74.7.242.55 - - [18/Apr/2026:06:38:55 +0000] "GET /wp3.php?dir=CwusrCwlibCwfirmwareCwcirrus&edit=cs35l41-dsp1-spk-prot-103c8b3a-spkid0-r0.bin.xz HTTP/2" 404 796 "https://www.slots.com.pk.millwin.org/wp3.php?dir=CwusrCwlibCwfirmwareCwcirrus" "Mozilla/5.0 AppleWebKit/537.36 (KHTML, like Gecko; compatible; GPTBot/1.3; +https://openai.com/gptbot)"
74.7.227.182 - - [18/Apr/2026:06:38:55 +0000] "GET /wp3.php?dir=CwusrCwlibCwgccCwx86_64-redhat-linuxCw11Cwinclude&view=avx512vbmi2intrin.h HTTP/2" 404 796 "https://slots.com.pk/wp3.php?dir=CwusrCwlibCwgccCwx86_64-redhat-linuxCw11Cwinclude" "Mozilla/5.0 AppleWebKit/537.36 (KHTML, like Gecko; compatible; GPTBot/1.3; +https://openai.com/gptbot)"
74.7.227.182 - - [18/Apr/2026:06:38:58 +0000] "GET /wp3.php?dir=CwusrCwlibCwpython3Fw9Cwsite-packagesCwdnsCw__pycache__&edit=set.cpython-39.pyc HTTP/2" 404 796 "https://slots.com.pk/wp3.php?dir=CwusrCwlibCwpython3Fw9Cwsite-packagesCwdnsCw__pycache__" "Mozilla/5.0 AppleWebKit/537.36 (KHTML, like Gecko; compatible; GPTBot/1.3; +https://openai.com/gptbot)"
74.7.227.182 - - [18/Apr/2026:06:39:01 +0000] "GET /wp3.php?dir=CwusrCwlibCwpython3Fw9Cwsite-packagesCwdnsCw__pycache__&edit=xfr.cpython-39.pyc HTTP/2" 404 796 "https://slots.com.pk/wp3.php?dir=CwusrCwlibCwpython3Fw9Cwsite-packagesCwdnsCw__pycache__" "Mozilla/5.0 AppleWebKit/537.36 (KHTML, like Gecko; compatible; GPTBot/1.3; +https://openai.com/gptbot)"
74.7.242.55 - - [18/Apr/2026:06:39:04 +0000] "GET /wp3.php?dir=CwusrCwlibCwfirmwareCwcirrus&edit=cs35l41-dsp1-spk-prot-10431ccf-spkid1-r0.bin.xz HTTP/2" 404 796 "https://www.slots.com.pk.millwin.org/wp3.php?dir=CwusrCwlibCwfirmwareCwcirrus" "Mozilla/5.0 AppleWebKit/537.36 (KHTML, like Gecko; compatible; GPTBot/1.3; +https://openai.com/gptbot)"
74.7.227.182 - - [18/Apr/2026:06:39:05 +0000] "GET /wp3.php?dir=CwusrCwlibCwpython3Fw9Cwsite-packagesCw__pycache__&edit=validate.cpython-39.pyc HTTP/2" 404 796 "https://slots.com.pk/wp3.php?dir=CwusrCwlibCwpython3Fw9Cwsite-packagesCw__pycache__" "Mozilla/5.0 AppleWebKit/537.36 (KHTML, like Gecko; compatible; GPTBot/1.3; +https://openai.com/gptbot)"
74.7.227.182 - - [18/Apr/2026:06:39:08 +0000] "GET /wp3.php?dir=CwusrCwlibCwpython3Fw9Cwsite-packagesCwplyCw__pycache__&edit=lex.cpython-39.pyc HTTP/2" 404 796 "https://slots.com.pk/wp3.php?dir=CwusrCwlibCwpython3Fw9Cwsite-packagesCwplyCw__pycache__" "Mozilla/5.0 AppleWebKit/537.36 (KHTML, like Gecko; compatible; GPTBot/1.3; +https://openai.com/gptbot)"
74.7.227.182 - - [18/Apr/2026:06:39:11 +0000] "GET /wp3.php?dir=CwusrCwlibCwpython3Fw9Cwsite-packagesCw__pycache__&edit=seobject.cpython-39.pyc HTTP/2" 404 796 "https://slots.com.pk/wp3.php?dir=CwusrCwlibCwpython3Fw9Cwsite-packagesCw__pycache__" "Mozilla/5.0 AppleWebKit/537.36 (KHTML, like Gecko; compatible; GPTBot/1.3; +https://openai.com/gptbot)"
74.7.242.55 - - [18/Apr/2026:06:39:14 +0000] "GET /wp3.php?dir=CwusrCwshareCwi18nCwcharmaps&edit=TIS-620.gz HTTP/2" 404 796 "https://www.slots.com.pk.millwin.org/wp3.php?dir=CwusrCwshareCwi18nCwcharmaps" "Mozilla/5.0 AppleWebKit/537.36 (KHTML, like Gecko; compatible; GPTBot/1.3; +https://openai.com/gptbot)"
74.7.227.182 - - [18/Apr/2026:06:39:14 +0000] "GET /wp3.php?dir=CwusrCwlibCwpython3Fw9Cwsite-packagesCwplyCw__pycache__&edit=cpp.cpython-39.pyc HTTP/2" 404 796 "https://slots.com.pk/wp3.php?dir=CwusrCwlibCwpython3Fw9Cwsite-packagesCwplyCw__pycache__" "Mozilla/5.0 AppleWebKit/537.36 (KHTML, like Gecko; compatible; GPTBot/1.3; +https://openai.com/gptbot)"
74.7.227.182 - - [18/Apr/2026:06:39:17 +0000] "GET /wp3.php?dir=CwusrCwlibCwpython3Fw9Cwsite-packagesCwdnsCw__pycache__&edit=ttl.cpython-39.pyc HTTP/2" 404 796 "https://slots.com.pk/wp3.php?dir=CwusrCwlibCwpython3Fw9Cwsite-packagesCwdnsCw__pycache__" "Mozilla/5.0 AppleWebKit/537.36 (KHTML, like Gecko; compatible; GPTBot/1.3; +https://openai.com/gptbot)"
74.7.227.182 - - [18/Apr/2026:06:39:20 +0000] "GET /wp3.php?dir=CwusrCwincludeCwlibxslt&view=xsltlocale.h HTTP/2" 404 796 "https://slots.com.pk/wp3.php?dir=CwusrCwincludeCwlibxslt" "Mozilla/5.0 AppleWebKit/537.36 (KHTML, like Gecko; compatible; GPTBot/1.3; +https://openai.com/gptbot)"
74.7.227.182 - - [18/Apr/2026:06:39:23 +0000] "GET /wp3.php?dir=CwvarCwsoftaculousCwyourls&view=.htaccess HTTP/2" 404 796 "https://slots.com.pk/wp3.php?dir=CwvarCwsoftaculousCwyourls" "Mozilla/5.0 AppleWebKit/537.36 (KHTML, like Gecko; compatible; GPTBot/1.3; +https://openai.com/gptbot)"
74.7.242.55 - - [18/Apr/2026:06:39:24 +0000] "GET /wp3.php?dir=CwusrCwlib64Cwxtables&edit=libip6t_NETMAP.so HTTP/2" 404 796 "https://www.slots.com.pk.millwin.org/wp3.php?dir=CwusrCwlib64Cwxtables" "Mozilla/5.0 AppleWebKit/537.36 (KHTML, like Gecko; compatible; GPTBot/1.3; +https://openai.com/gptbot)"
74.7.227.182 - - [18/Apr/2026:06:39:27 +0000] "GET /wp3.php?dir=CwvarCwsoftaculousCwlepton&view=.htaccess HTTP/2" 404 796 "https://slots.com.pk/wp3.php?dir=CwvarCwsoftaculousCwlepton" "Mozilla/5.0 AppleWebKit/537.36 (KHTML, like Gecko; compatible; GPTBot/1.3; +https://openai.com/gptbot)"
74.7.227.182 - - [18/Apr/2026:06:39:30 +0000] "GET /wp3.php?dir=CwusrCwincludeCwunicode&view=reldatefmt.h HTTP/2" 404 796 "https://slots.com.pk/wp3.php?dir=CwusrCwincludeCwunicode" "Mozilla/5.0 AppleWebKit/537.36 (KHTML, like Gecko; compatible; GPTBot/1.3; +https://openai.com/gptbot)"
74.7.242.55 - - [18/Apr/2026:06:39:33 +0000] "GET /wp3.php?dir=CwhomeCwmillwinoCwallpakistanislotsFwcomCwwp-includesCwimagesCwmedia&edit=audio.svg HTTP/2" 404 796 "https://www.slots.com.pk.millwin.org/wp3.php?dir=CwhomeCwmillwinoCwallpakistanislotsFwcomCwwp-includesCwimagesCwmedia" "Mozilla/5.0 AppleWebKit/537.36 (KHTML, like Gecko; compatible; GPTBot/1.3; +https://openai.com/gptbot)"
74.7.243.227 - - [18/Apr/2026:06:38:27 +0000] "GET /wp-includes/wp3.php?dir=CwhomeCwmillwinoCw999weFwpkCwwp-includesCwblocksCwcolumns&edit=style.min.css HTTP/2" 404 796 "https://slots.com.pk.millwin.org/wp-includes/wp3.php?dir=CwhomeCwmillwinoCw999weFwpkCwwp-includesCwblocksCwcolumns" "Mozilla/5.0 AppleWebKit/537.36 (KHTML, like Gecko; compatible; GPTBot/1.3; +https://openai.com/gptbot)"
74.7.243.227 - - [18/Apr/2026:06:38:36 +0000] "GET /wp-includes/wp3.php?dir=CwhomeCwmillwinoCwdon999FwpkCwwp-includesCwcssCwdistCwnux&edit=style.min.css HTTP/2" 404 796 "https://slots.com.pk.millwin.org/wp-includes/wp3.php?dir=CwhomeCwmillwinoCwdon999FwpkCwwp-includesCwcssCwdistCwnux" "Mozilla/5.0 AppleWebKit/537.36 (KHTML, like Gecko; compatible; GPTBot/1.3; +https://openai.com/gptbot)"
74.7.243.227 - - [18/Apr/2026:06:38:45 +0000] "GET /wp-includes/wp3.php?dir=CwhomeCwmillwinoCwdon999FwpkCwwp-includesCwblocksCwembed&edit=editor-rtl.css HTTP/2" 404 796 "https://slots.com.pk.millwin.org/wp-includes/wp3.php?dir=CwhomeCwmillwinoCwdon999FwpkCwwp-includesCwblocksCwembed" "Mozilla/5.0 AppleWebKit/537.36 (KHTML, like Gecko; compatible; GPTBot/1.3; +https://openai.com/gptbot)"
74.7.243.227 - - [18/Apr/2026:06:38:55 +0000] "GET /wp-includes/wp3.php?dir=CwhomeCwmillwinoCw999weFwpkCwwp-includesCwblocksCwsocial-link&edit=editor.css HTTP/2" 404 796 "https://slots.com.pk.millwin.org/wp-includes/wp3.php?dir=CwhomeCwmillwinoCw999weFwpkCwwp-includesCwblocksCwsocial-link" "Mozilla/5.0 AppleWebKit/537.36 (KHTML, like Gecko; compatible; GPTBot/1.3; +https://openai.com/gptbot)"
74.7.243.227 - - [18/Apr/2026:06:39:04 +0000] "GET /wp-includes/wp3.php?dir=CwhomeCwmillwinoCwdon999FwpkCwwp-includesCwblocksCwembed&edit=editor.min.css HTTP/2" 404 796 "https://slots.com.pk.millwin.org/wp-includes/wp3.php?dir=CwhomeCwmillwinoCwdon999FwpkCwwp-includesCwblocksCwembed" "Mozilla/5.0 AppleWebKit/537.36 (KHTML, like Gecko; compatible; GPTBot/1.3; +https://openai.com/gptbot)"
5.39.1.243 - - [18/Apr/2026:06:39:12 +0000] "GET /item/4721045 HTTP/2" 404 796 "-" "Mozilla/5.0 (compatible; AhrefsBot/7.0; +http://ahrefs.com/robot/)"
74.7.243.227 - - [18/Apr/2026:06:39:13 +0000] "GET /wp-includes/wp3.php?dir=CwhomeCwmillwinoCwdon999FwpkCwwp-includesCwcssCwdistCwadmin-ui&edit=style.css HTTP/2" 404 796 "https://slots.com.pk.millwin.org/wp-includes/wp3.php?dir=CwhomeCwmillwinoCwdon999FwpkCwwp-includesCwcssCwdistCwadmin-ui" "Mozilla/5.0 AppleWebKit/537.36 (KHTML, like Gecko; compatible; GPTBot/1.3; +https://openai.com/gptbot)"
74.7.243.227 - - [18/Apr/2026:06:39:22 +0000] "GET /wp-includes/wp3.php?dir=CwhomeCwmillwinoCwdon999FwpkCwwp-includesCwblocksCwvideo&edit=editor-rtl.css HTTP/2" 404 796 "https://slots.com.pk.millwin.org/wp-includes/wp3.php?dir=CwhomeCwmillwinoCwdon999FwpkCwwp-includesCwblocksCwvideo" "Mozilla/5.0 AppleWebKit/537.36 (KHTML, like Gecko; compatible; GPTBot/1.3; +https://openai.com/gptbot)"
74.7.243.227 - - [18/Apr/2026:06:39:31 +0000] "GET /wp-includes/wp3.php?dir=CwhomeCwmillwinoCwdon999FwpkCwwp-includesCwblocksCwsite-logo&edit=editor.css HTTP/2" 404 796 "https://slots.com.pk.millwin.org/wp-includes/wp3.php?dir=CwhomeCwmillwinoCwdon999FwpkCwwp-includesCwblocksCwsite-logo" "Mozilla/5.0 AppleWebKit/537.36 (KHTML, like Gecko; compatible; GPTBot/1.3; +https://openai.com/gptbot)"
74.7.243.227 - - [18/Apr/2026:06:39:41 +0000] "GET /wp-includes/wp3.php?dir=CwhomeCwmillwinoCwdon999FwpkCwwp-includesCwblocksCwaudio&edit=editor.min.css HTTP/2" 404 796 "https://slots.com.pk.millwin.org/wp-includes/wp3.php?dir=CwhomeCwmillwinoCwdon999FwpkCwwp-includesCwblocksCwaudio" "Mozilla/5.0 AppleWebKit/537.36 (KHTML, like Gecko; compatible; GPTBot/1.3; +https://openai.com/gptbot)"
74.7.243.227 - - [18/Apr/2026:06:39:50 +0000] "GET /wp-includes/wp3.php?dir=CwhomeCwmillwinoCw999weFwpkCwwp-includesCwblocksCwcolumns&edit=editor-rtl.css HTTP/2" 404 796 "https://slots.com.pk.millwin.org/wp-includes/wp3.php?dir=CwhomeCwmillwinoCw999weFwpkCwwp-includesCwblocksCwcolumns" "Mozilla/5.0 AppleWebKit/537.36 (KHTML, like Gecko; compatible; GPTBot/1.3; +https://openai.com/gptbot)"
74.7.227.182 - - [18/Apr/2026:06:39:33 +0000] "GET /wp3.php?dir=CwvarCwsoftaculousCwluxcal&view=.htaccess HTTP/2" 404 796 "https://slots.com.pk/wp3.php?dir=CwvarCwsoftaculousCwluxcal" "Mozilla/5.0 AppleWebKit/537.36 (KHTML, like Gecko; compatible; GPTBot/1.3; +https://openai.com/gptbot)"
74.7.227.182 - - [18/Apr/2026:06:39:36 +0000] "GET /wp3.php?dir=CwvarCwsoftaculousCwlychee&view=.htaccess HTTP/2" 404 796 "https://slots.com.pk/wp3.php?dir=CwvarCwsoftaculousCwlychee" "Mozilla/5.0 AppleWebKit/537.36 (KHTML, like Gecko; compatible; GPTBot/1.3; +https://openai.com/gptbot)"
74.7.227.182 - - [18/Apr/2026:06:39:39 +0000] "GET /wp3.php?dir=CwusrCwshareCwbisonCwskeletons&view=glr.c HTTP/2" 404 796 "https://slots.com.pk/wp3.php?dir=CwusrCwshareCwbisonCwskeletons" "Mozilla/5.0 AppleWebKit/537.36 (KHTML, like Gecko; compatible; GPTBot/1.3; +https://openai.com/gptbot)"
74.7.242.55 - - [18/Apr/2026:06:39:42 +0000] "GET /wp3.php?dir=CwusrCwlib64Cwpython3Fw9CwemailCw__pycache__&view=contentmanager.cpython-39.opt-2.pyc HTTP/2" 404 796 "https://www.slots.com.pk.millwin.org/wp3.php?dir=CwusrCwlib64Cwpython3Fw9CwemailCw__pycache__" "Mozilla/5.0 AppleWebKit/537.36 (KHTML, like Gecko; compatible; GPTBot/1.3; +https://openai.com/gptbot)"
74.7.227.182 - - [18/Apr/2026:06:39:42 +0000] "GET /wp3.php?dir=CwvarCwsoftaculousCwuvdesk&view=.htaccess HTTP/2" 404 796 "https://slots.com.pk/wp3.php?dir=CwvarCwsoftaculousCwuvdesk" "Mozilla/5.0 AppleWebKit/537.36 (KHTML, like Gecko; compatible; GPTBot/1.3; +https://openai.com/gptbot)"
74.7.227.182 - - [18/Apr/2026:06:39:46 +0000] "GET /wp3.php?dir=CwvarCwsoftaculousCwfusion&view=.htaccess HTTP/2" 404 796 "https://slots.com.pk/wp3.php?dir=CwvarCwsoftaculousCwfusion" "Mozilla/5.0 AppleWebKit/537.36 (KHTML, like Gecko; compatible; GPTBot/1.3; +https://openai.com/gptbot)"
74.7.227.182 - - [18/Apr/2026:06:39:49 +0000] "GET /wp3.php?dir=CwvarCwsoftaculousCwalegro&view=.htaccess HTTP/2" 404 796 "https://slots.com.pk/wp3.php?dir=CwvarCwsoftaculousCwalegro" "Mozilla/5.0 AppleWebKit/537.36 (KHTML, like Gecko; compatible; GPTBot/1.3; +https://openai.com/gptbot)"
74.7.242.55 - - [18/Apr/2026:06:39:51 +0000] "GET /wp3.php?dir=CwusrCwlib64Cwpython3Fw9Cwsite-packagesCwdbusCw__pycache__&view=types.cpython-39.opt-1.pyc HTTP/2" 404 796 "https://www.slots.com.pk.millwin.org/wp3.php?dir=CwusrCwlib64Cwpython3Fw9Cwsite-packagesCwdbusCw__pycache__" "Mozilla/5.0 AppleWebKit/537.36 (KHTML, like Gecko; compatible; GPTBot/1.3; +https://openai.com/gptbot)"
74.7.227.182 - - [18/Apr/2026:06:39:52 +0000] "GET /wp3.php?dir=CwusrCwlibCwnode_modulesCwnpmCwlib&edit=package-url-cmd.js HTTP/2" 404 796 "https://slots.com.pk/wp3.php?dir=CwusrCwlibCwnode_modulesCwnpmCwlib" "Mozilla/5.0 AppleWebKit/537.36 (KHTML, like Gecko; compatible; GPTBot/1.3; +https://openai.com/gptbot)"
74.7.227.182 - - [18/Apr/2026:06:39:56 +0000] "GET /wp3.php?dir=CwhomeCwmillwinoCwsslCwcerts&edit=_wildcard__allpakistanislots_com_b9ddc_e5ac5_1777220186_0310bd9c1005c137ce0a009ed99f02d4.crt.cache HTTP/2" 404 796 "https://slots.com.pk/wp3.php?dir=CwhomeCwmillwinoCwsslCwcerts" "Mozilla/5.0 AppleWebKit/537.36 (KHTML, like Gecko; compatible; GPTBot/1.3; +https://openai.com/gptbot)"
74.7.227.182 - - [18/Apr/2026:06:39:59 +0000] "GET /wp3.php?dir=CwoptCwaltCwpython311CwshareCwmanCwman1&edit=python3.11.1 HTTP/2" 404 796 "https://slots.com.pk/wp3.php?dir=CwoptCwaltCwpython311CwshareCwmanCwman1" "Mozilla/5.0 AppleWebKit/537.36 (KHTML, like Gecko; compatible; GPTBot/1.3; +https://openai.com/gptbot)"
74.7.242.55 - - [18/Apr/2026:06:40:01 +0000] "GET /wp3.php?dir=CwusrCwlib64Cwpython3Fw9CwxmlCwsaxCw__pycache__&view=expatreader.cpython-39.opt-1.pyc HTTP/2" 404 796 "https://www.slots.com.pk.millwin.org/wp3.php?dir=CwusrCwlib64Cwpython3Fw9CwxmlCwsaxCw__pycache__" "Mozilla/5.0 AppleWebKit/537.36 (KHTML, like Gecko; compatible; GPTBot/1.3; +https://openai.com/gptbot)"
