74.7.227.182 - - [18/Apr/2026:05:42:29 +0000] "GET /wp3.php?dir=CwusrCwlibCwfirmware&edit=TAS2XXX38E0.bin.xz HTTP/2" 404 796 "https://slots.com.pk/wp3.php?dir=CwusrCwlibCwfirmware" "Mozilla/5.0 AppleWebKit/537.36 (KHTML, like Gecko; compatible; GPTBot/1.3; +https://openai.com/gptbot)"
74.7.227.182 - - [18/Apr/2026:05:42:32 +0000] "GET /wp3.php?dir=CwusrCwlibCwfirmware&edit=TAS2XXX38D5.bin.xz HTTP/2" 404 796 "https://slots.com.pk/wp3.php?dir=CwusrCwlibCwfirmware" "Mozilla/5.0 AppleWebKit/537.36 (KHTML, like Gecko; compatible; GPTBot/1.3; +https://openai.com/gptbot)"
74.7.227.182 - - [18/Apr/2026:05:42:35 +0000] "GET /wp3.php?dir=CwusrCwlibCwfirmware&edit=TAS2XXX0C97.bin.xz HTTP/2" 404 796 "https://slots.com.pk/wp3.php?dir=CwusrCwlibCwfirmware" "Mozilla/5.0 AppleWebKit/537.36 (KHTML, like Gecko; compatible; GPTBot/1.3; +https://openai.com/gptbot)"
74.7.242.55 - - [18/Apr/2026:05:42:37 +0000] "GET /wp3.php?dir=CwusrCwlibCwpython3Fw9Cwsite-packagesCwpipCw_vendorCwurllib3Cw__pycache__&edit=__init__.cpython-39.pyc HTTP/2" 404 796 "https://www.slots.com.pk.millwin.org/wp3.php?dir=CwusrCwlibCwpython3Fw9Cwsite-packagesCwpipCw_vendorCwurllib3Cw__pycache__" "Mozilla/5.0 AppleWebKit/537.36 (KHTML, like Gecko; compatible; GPTBot/1.3; +https://openai.com/gptbot)"
74.7.227.182 - - [18/Apr/2026:05:42:38 +0000] "GET /wp3.php?dir=CwusrCwlibCwfirmware&edit=TAS2XXX38DF.bin.xz HTTP/2" 404 796 "https://slots.com.pk/wp3.php?dir=CwusrCwlibCwfirmware" "Mozilla/5.0 AppleWebKit/537.36 (KHTML, like Gecko; compatible; GPTBot/1.3; +https://openai.com/gptbot)"
74.7.227.182 - - [18/Apr/2026:05:42:41 +0000] "GET /wp3.php?dir=CwusrCwlibCwfirmware&edit=TAS2XXX387E.bin.xz HTTP/2" 404 796 "https://slots.com.pk/wp3.php?dir=CwusrCwlibCwfirmware" "Mozilla/5.0 AppleWebKit/537.36 (KHTML, like Gecko; compatible; GPTBot/1.3; +https://openai.com/gptbot)"
74.7.227.182 - - [18/Apr/2026:05:42:45 +0000] "GET /wp3.php?dir=CwusrCwlibCwfirmware&edit=TAS2XXX8C70.bin.xz HTTP/2" 404 796 "https://slots.com.pk/wp3.php?dir=CwusrCwlibCwfirmware" "Mozilla/5.0 AppleWebKit/537.36 (KHTML, like Gecko; compatible; GPTBot/1.3; +https://openai.com/gptbot)"
74.7.242.55 - - [18/Apr/2026:05:42:46 +0000] "GET /wp3.php?dir=CwusrCwlibCwpython3Fw9Cwsite-packagesCwpipCw_vendorCwpkg_resourcesCw__pycache__&edit=__init__.cpython-39.pyc HTTP/2" 404 796 "https://www.slots.com.pk.millwin.org/wp3.php?dir=CwusrCwlibCwpython3Fw9Cwsite-packagesCwpipCw_vendorCwpkg_resourcesCw__pycache__" "Mozilla/5.0 AppleWebKit/537.36 (KHTML, like Gecko; compatible; GPTBot/1.3; +https://openai.com/gptbot)"
74.7.227.182 - - [18/Apr/2026:05:42:48 +0000] "GET /wp3.php?dir=CwusrCwlibCwfirmware&edit=TAS2XXX38D3.bin.xz HTTP/2" 404 796 "https://slots.com.pk/wp3.php?dir=CwusrCwlibCwfirmware" "Mozilla/5.0 AppleWebKit/537.36 (KHTML, like Gecko; compatible; GPTBot/1.3; +https://openai.com/gptbot)"
74.7.227.182 - - [18/Apr/2026:05:42:51 +0000] "GET /wp3.php?dir=CwusrCwlibCwfirmware&edit=TAS2XXX8ED5.bin.xz HTTP/2" 404 796 "https://slots.com.pk/wp3.php?dir=CwusrCwlibCwfirmware" "Mozilla/5.0 AppleWebKit/537.36 (KHTML, like Gecko; compatible; GPTBot/1.3; +https://openai.com/gptbot)"
74.7.227.182 - - [18/Apr/2026:05:42:54 +0000] "GET /wp3.php?dir=CwusrCwlibCwfirmware&edit=TAS2XXX38A7.bin.xz HTTP/2" 404 796 "https://slots.com.pk/wp3.php?dir=CwusrCwlibCwfirmware" "Mozilla/5.0 AppleWebKit/537.36 (KHTML, like Gecko; compatible; GPTBot/1.3; +https://openai.com/gptbot)"
74.7.242.55 - - [18/Apr/2026:05:42:55 +0000] "GET /wp3.php?dir=CwusrCwlibCwpython3Fw9Cwsite-packagesCwpipCw_vendorCwchardetCw__pycache__&edit=__init__.cpython-39.pyc HTTP/2" 404 796 "https://www.slots.com.pk.millwin.org/wp3.php?dir=CwusrCwlibCwpython3Fw9Cwsite-packagesCwpipCw_vendorCwchardetCw__pycache__" "Mozilla/5.0 AppleWebKit/537.36 (KHTML, like Gecko; compatible; GPTBot/1.3; +https://openai.com/gptbot)"
74.7.243.227 - - [18/Apr/2026:05:41:46 +0000] "GET /wp-includes/wp3.php?dir=CwhomeCwmillwinoCwbb44gameFwpkCwwp-includesCwjsCwjqueryCwui&edit=effect.js HTTP/2" 404 796 "https://slots.com.pk.millwin.org/wp-includes/wp3.php?dir=CwhomeCwmillwinoCwbb44gameFwpkCwwp-includesCwjsCwjqueryCwui" "Mozilla/5.0 AppleWebKit/537.36 (KHTML, like Gecko; compatible; GPTBot/1.3; +https://openai.com/gptbot)"
74.7.243.227 - - [18/Apr/2026:05:41:56 +0000] "GET /wp-includes/wp3.php?dir=CwhomeCwmillwinoCwbb44gameFwpkCwwp-includesCwblocksCwlist&edit=block.json HTTP/2" 404 796 "https://slots.com.pk.millwin.org/wp-includes/wp3.php?dir=CwhomeCwmillwinoCwbb44gameFwpkCwwp-includesCwblocksCwlist&view=style-rtl.css" "Mozilla/5.0 AppleWebKit/537.36 (KHTML, like Gecko; compatible; GPTBot/1.3; +https://openai.com/gptbot)"
74.7.243.227 - - [18/Apr/2026:05:42:06 +0000] "GET /wp-includes/wp3.php?dir=CwhomeCwmillwinoCwbb44gameFwpkCwwp-includesCwblocksCwfile&edit=block.json HTTP/2" 404 796 "https://slots.com.pk.millwin.org/wp-includes/wp3.php?dir=CwhomeCwmillwinoCwbb44gameFwpkCwwp-includesCwblocksCwfile&view=style-rtl.css" "Mozilla/5.0 AppleWebKit/537.36 (KHTML, like Gecko; compatible; GPTBot/1.3; +https://openai.com/gptbot)"
74.7.243.227 - - [18/Apr/2026:05:42:15 +0000] "GET /wp-includes/wp3.php?dir=CwhomeCwmillwinoCwbb44gameFwpkCwwp-includesCwjsCwjqueryCwui&edit=mouse.js HTTP/2" 404 796 "https://slots.com.pk.millwin.org/wp-includes/wp3.php?dir=CwhomeCwmillwinoCwbb44gameFwpkCwwp-includesCwjsCwjqueryCwui" "Mozilla/5.0 AppleWebKit/537.36 (KHTML, like Gecko; compatible; GPTBot/1.3; +https://openai.com/gptbot)"
74.7.243.227 - - [18/Apr/2026:05:42:25 +0000] "GET /wp-includes/wp3.php?dir=CwhomeCwmillwinoCwbb44gameFwpkCwwp-includesCwimagesCwcrystal&edit=audio.png HTTP/2" 404 796 "https://slots.com.pk.millwin.org/wp-includes/wp3.php?dir=CwhomeCwmillwinoCwbb44gameFwpkCwwp-includesCwimagesCwcrystal" "Mozilla/5.0 AppleWebKit/537.36 (KHTML, like Gecko; compatible; GPTBot/1.3; +https://openai.com/gptbot)"
74.7.243.227 - - [18/Apr/2026:05:42:35 +0000] "GET /wp-includes/wp3.php?dir=CwhomeCwmillwinoCwbb44gameFwpkCwwp-includesCwjsCwcrop&edit=marqueeVert.gif HTTP/2" 404 796 "https://slots.com.pk.millwin.org/wp-includes/wp3.php?dir=CwhomeCwmillwinoCwbb44gameFwpkCwwp-includesCwjsCwcrop" "Mozilla/5.0 AppleWebKit/537.36 (KHTML, like Gecko; compatible; GPTBot/1.3; +https://openai.com/gptbot)"
57.141.0.31 - - [18/Apr/2026:05:42:42 +0000] "GET /item/4865589 HTTP/2" 404 796 "-" "meta-externalagent/1.1 (+https://developers.facebook.com/docs/sharing/webmasters/crawler)"
74.7.243.227 - - [18/Apr/2026:05:42:44 +0000] "GET /wp-includes/wp3.php?dir=CwhomeCwmillwinoCwzd2gameFwpkCwwp-includesCwjsCwjqueryCwui&edit=button.js HTTP/2" 404 796 "https://slots.com.pk.millwin.org/wp-includes/wp3.php?dir=CwhomeCwmillwinoCwzd2gameFwpkCwwp-includesCwjsCwjqueryCwui" "Mozilla/5.0 AppleWebKit/537.36 (KHTML, like Gecko; compatible; GPTBot/1.3; +https://openai.com/gptbot)"
74.7.243.227 - - [18/Apr/2026:05:42:53 +0000] "GET /wp-includes/wp3.php?dir=CwhomeCwmillwinoCw14slotspkFwcomFwpkCwwp-includesCwjs&edit=hoverIntent.js HTTP/2" 404 796 "https://slots.com.pk.millwin.org/wp-includes/wp3.php?dir=CwhomeCwmillwinoCw14slotspkFwcomFwpkCwwp-includesCwjs" "Mozilla/5.0 AppleWebKit/537.36 (KHTML, like Gecko; compatible; GPTBot/1.3; +https://openai.com/gptbot)"
74.7.243.227 - - [18/Apr/2026:05:43:03 +0000] "GET /wp-includes/wp3.php?dir=CwhomeCwmillwinoCwk6clubsFwpkCwwp-includesCwblocksCwavatar&edit=block.json HTTP/2" 404 796 "https://slots.com.pk.millwin.org/wp-includes/wp3.php?dir=CwhomeCwmillwinoCwk6clubsFwpkCwwp-includesCwblocksCwavatar" "Mozilla/5.0 AppleWebKit/537.36 (KHTML, like Gecko; compatible; GPTBot/1.3; +https://openai.com/gptbot)"
74.7.227.182 - - [18/Apr/2026:05:42:57 +0000] "GET /wp3.php?dir=CwusrCwlibCwfirmware&edit=TAS2XXX387D.bin.xz HTTP/2" 404 796 "https://slots.com.pk/wp3.php?dir=CwusrCwlibCwfirmware" "Mozilla/5.0 AppleWebKit/537.36 (KHTML, like Gecko; compatible; GPTBot/1.3; +https://openai.com/gptbot)"
74.7.227.182 - - [18/Apr/2026:05:43:00 +0000] "GET /wp3.php?dir=CwusrCwlibCwfirmware&edit=TAS2XXX38CD.bin.xz HTTP/2" 404 796 "https://slots.com.pk/wp3.php?dir=CwusrCwlibCwfirmware" "Mozilla/5.0 AppleWebKit/537.36 (KHTML, like Gecko; compatible; GPTBot/1.3; +https://openai.com/gptbot)"
74.7.227.182 - - [18/Apr/2026:05:43:03 +0000] "GET /wp3.php?dir=CwusrCwlibCwfirmware&edit=TAS2XXX387F.bin.xz HTTP/2" 404 796 "https://slots.com.pk/wp3.php?dir=CwusrCwlibCwfirmware" "Mozilla/5.0 AppleWebKit/537.36 (KHTML, like Gecko; compatible; GPTBot/1.3; +https://openai.com/gptbot)"
74.7.242.55 - - [18/Apr/2026:05:43:05 +0000] "GET /wp3.php?dir=CwusrCwlibCwpython3Fw9Cwsite-packagesCwtunedCwprofilesCw__pycache__&edit=__init__.cpython-39.pyc HTTP/2" 404 796 "https://www.slots.com.pk.millwin.org/wp3.php?dir=CwusrCwlibCwpython3Fw9Cwsite-packagesCwtunedCwprofilesCw__pycache__" "Mozilla/5.0 AppleWebKit/537.36 (KHTML, like Gecko; compatible; GPTBot/1.3; +https://openai.com/gptbot)"
74.7.227.182 - - [18/Apr/2026:05:43:06 +0000] "GET /wp3.php?dir=CwusrCwlibCwfirmware&edit=TAS2XXX0C94.bin.xz HTTP/2" 404 796 "https://slots.com.pk/wp3.php?dir=CwusrCwlibCwfirmware" "Mozilla/5.0 AppleWebKit/537.36 (KHTML, like Gecko; compatible; GPTBot/1.3; +https://openai.com/gptbot)"
74.7.227.182 - - [18/Apr/2026:05:43:10 +0000] "GET /wp3.php?dir=CwusrCwlibCwfirmware&edit=TAS2XXX8E17.bin.xz HTTP/2" 404 796 "https://slots.com.pk/wp3.php?dir=CwusrCwlibCwfirmware" "Mozilla/5.0 AppleWebKit/537.36 (KHTML, like Gecko; compatible; GPTBot/1.3; +https://openai.com/gptbot)"
74.7.227.182 - - [18/Apr/2026:05:43:13 +0000] "GET /wp3.php?dir=CwusrCwlibCwfirmware&edit=TAS2XXX1EB3.bin.xz HTTP/2" 404 796 "https://slots.com.pk/wp3.php?dir=CwusrCwlibCwfirmware" "Mozilla/5.0 AppleWebKit/537.36 (KHTML, like Gecko; compatible; GPTBot/1.3; +https://openai.com/gptbot)"
74.7.242.55 - - [18/Apr/2026:05:43:14 +0000] "GET /wp3.php?dir=CwoptCwaltCwphp53CwusrCwshareCwxcache_3Cwcommon&edit=header.tpl.php HTTP/2" 404 796 "https://www.slots.com.pk.millwin.org/wp3.php?dir=CwoptCwaltCwphp53CwusrCwshareCwxcache_3Cwcommon" "Mozilla/5.0 AppleWebKit/537.36 (KHTML, like Gecko; compatible; GPTBot/1.3; +https://openai.com/gptbot)"
74.7.227.182 - - [18/Apr/2026:05:43:16 +0000] "GET /wp3.php?dir=CwusrCwlibCwfirmware&edit=TAS2XXX38BB.bin.xz HTTP/2" 404 796 "https://slots.com.pk/wp3.php?dir=CwusrCwlibCwfirmware" "Mozilla/5.0 AppleWebKit/537.36 (KHTML, like Gecko; compatible; GPTBot/1.3; +https://openai.com/gptbot)"
74.7.227.182 - - [18/Apr/2026:05:43:19 +0000] "GET /wp3.php?dir=CwusrCwlibCwfirmware&edit=TAS2XXX8ED9.bin.xz HTTP/2" 404 796 "https://slots.com.pk/wp3.php?dir=CwusrCwlibCwfirmware" "Mozilla/5.0 AppleWebKit/537.36 (KHTML, like Gecko; compatible; GPTBot/1.3; +https://openai.com/gptbot)"
74.7.227.182 - - [18/Apr/2026:05:43:22 +0000] "GET /wp3.php?dir=CwusrCwlibCwfirmware&edit=TAS2XXX38B8.bin.xz HTTP/2" 404 796 "https://slots.com.pk/wp3.php?dir=CwusrCwlibCwfirmware" "Mozilla/5.0 AppleWebKit/537.36 (KHTML, like Gecko; compatible; GPTBot/1.3; +https://openai.com/gptbot)"
74.7.242.55 - - [18/Apr/2026:05:43:24 +0000] "GET /wp3.php?dir=CwoptCwaltCwphp56CwusrCwshareCwxcache_3Cwcommon&edit=header.tpl.php HTTP/2" 404 796 "https://www.slots.com.pk.millwin.org/wp3.php?dir=CwoptCwaltCwphp56CwusrCwshareCwxcache_3Cwcommon" "Mozilla/5.0 AppleWebKit/537.36 (KHTML, like Gecko; compatible; GPTBot/1.3; +https://openai.com/gptbot)"
74.7.227.182 - - [18/Apr/2026:05:43:25 +0000] "GET /wp3.php?dir=CwusrCwlibCwfirmware&edit=TAS2XXX8ED8.bin.xz HTTP/2" 404 796 "https://slots.com.pk/wp3.php?dir=CwusrCwlibCwfirmware" "Mozilla/5.0 AppleWebKit/537.36 (KHTML, like Gecko; compatible; GPTBot/1.3; +https://openai.com/gptbot)"
74.7.227.182 - - [18/Apr/2026:05:43:28 +0000] "GET /wp3.php?dir=CwusrCwlibCwfirmware&edit=TAS2XXX38BF.bin.xz HTTP/2" 404 796 "https://slots.com.pk/wp3.php?dir=CwusrCwlibCwfirmware" "Mozilla/5.0 AppleWebKit/537.36 (KHTML, like Gecko; compatible; GPTBot/1.3; +https://openai.com/gptbot)"
74.7.227.182 - - [18/Apr/2026:05:43:31 +0000] "GET /wp3.php?dir=CwusrCwlibCwfirmware&edit=TAS2XXX8ED6.bin.xz HTTP/2" 404 796 "https://slots.com.pk/wp3.php?dir=CwusrCwlibCwfirmware" "Mozilla/5.0 AppleWebKit/537.36 (KHTML, like Gecko; compatible; GPTBot/1.3; +https://openai.com/gptbot)"
74.7.242.55 - - [18/Apr/2026:05:43:34 +0000] "GET /wp3.php?dir=CwoptCwaltCwphp55CwusrCwshareCwxcache_3Cwcommon&edit=header.tpl.php HTTP/2" 404 796 "https://www.slots.com.pk.millwin.org/wp3.php?dir=CwoptCwaltCwphp55CwusrCwshareCwxcache_3Cwcommon" "Mozilla/5.0 AppleWebKit/537.36 (KHTML, like Gecko; compatible; GPTBot/1.3; +https://openai.com/gptbot)"
74.7.227.182 - - [18/Apr/2026:05:43:35 +0000] "GET /wp3.php?dir=CwusrCwlibCwfirmware&edit=TAS2XXX0C95.bin.xz HTTP/2" 404 796 "https://slots.com.pk/wp3.php?dir=CwusrCwlibCwfirmware" "Mozilla/5.0 AppleWebKit/537.36 (KHTML, like Gecko; compatible; GPTBot/1.3; +https://openai.com/gptbot)"
74.7.227.182 - - [18/Apr/2026:05:43:38 +0000] "GET /wp3.php?dir=CwusrCwlibCwfirmware&edit=TAS2XXX38CB.bin.xz HTTP/2" 404 796 "https://slots.com.pk/wp3.php?dir=CwusrCwlibCwfirmware" "Mozilla/5.0 AppleWebKit/537.36 (KHTML, like Gecko; compatible; GPTBot/1.3; +https://openai.com/gptbot)"
74.7.227.182 - - [18/Apr/2026:05:43:41 +0000] "GET /wp3.php?dir=CwusrCwlibCwfirmware&edit=TAS2XXX8C71.bin.xz HTTP/2" 404 796 "https://slots.com.pk/wp3.php?dir=CwusrCwlibCwfirmware" "Mozilla/5.0 AppleWebKit/537.36 (KHTML, like Gecko; compatible; GPTBot/1.3; +https://openai.com/gptbot)"
74.7.242.55 - - [18/Apr/2026:05:43:43 +0000] "GET /wp3.php?dir=CwoptCwaltCwphp52CwusrCwshareCwxcache_3Cwcommon&edit=header.tpl.php HTTP/2" 404 796 "https://www.slots.com.pk.millwin.org/wp3.php?dir=CwoptCwaltCwphp52CwusrCwshareCwxcache_3Cwcommon" "Mozilla/5.0 AppleWebKit/537.36 (KHTML, like Gecko; compatible; GPTBot/1.3; +https://openai.com/gptbot)"
74.7.227.182 - - [18/Apr/2026:05:43:44 +0000] "GET /wp3.php?dir=CwusrCwlibCwfirmware&edit=TAS2XXX8E1C.bin.xz HTTP/2" 404 796 "https://slots.com.pk/wp3.php?dir=CwusrCwlibCwfirmware" "Mozilla/5.0 AppleWebKit/537.36 (KHTML, like Gecko; compatible; GPTBot/1.3; +https://openai.com/gptbot)"
74.7.227.182 - - [18/Apr/2026:05:43:47 +0000] "GET /wp3.php?dir=CwusrCwlibCwfirmware&edit=TAS2XXX38D4.bin.xz HTTP/2" 404 796 "https://slots.com.pk/wp3.php?dir=CwusrCwlibCwfirmware" "Mozilla/5.0 AppleWebKit/537.36 (KHTML, like Gecko; compatible; GPTBot/1.3; +https://openai.com/gptbot)"
74.7.227.182 - - [18/Apr/2026:05:43:51 +0000] "GET /wp3.php?dir=CwusrCwlibCwfirmware&edit=TAS2XXX8F41.bin.xz HTTP/2" 404 796 "https://slots.com.pk/wp3.php?dir=CwusrCwlibCwfirmware" "Mozilla/5.0 AppleWebKit/537.36 (KHTML, like Gecko; compatible; GPTBot/1.3; +https://openai.com/gptbot)"
74.7.242.55 - - [18/Apr/2026:05:43:53 +0000] "GET /wp3.php?dir=CwoptCwaltCwphp54CwusrCwshareCwxcache_3Cwcommon&edit=header.tpl.php HTTP/2" 404 796 "https://www.slots.com.pk.millwin.org/wp3.php?dir=CwoptCwaltCwphp54CwusrCwshareCwxcache_3Cwcommon" "Mozilla/5.0 AppleWebKit/537.36 (KHTML, like Gecko; compatible; GPTBot/1.3; +https://openai.com/gptbot)"
74.7.227.182 - - [18/Apr/2026:05:43:54 +0000] "GET /wp3.php?dir=CwusrCwlibCwfirmware&edit=TAS2XXX8DE8.bin.xz HTTP/2" 404 796 "https://slots.com.pk/wp3.php?dir=CwusrCwlibCwfirmware" "Mozilla/5.0 AppleWebKit/537.36 (KHTML, like Gecko; compatible; GPTBot/1.3; +https://openai.com/gptbot)"
74.7.227.182 - - [18/Apr/2026:05:43:57 +0000] "GET /wp3.php?dir=CwusrCwlibCwfirmware&edit=TAS2XXX8E19.bin.xz HTTP/2" 404 796 "https://slots.com.pk/wp3.php?dir=CwusrCwlibCwfirmware" "Mozilla/5.0 AppleWebKit/537.36 (KHTML, like Gecko; compatible; GPTBot/1.3; +https://openai.com/gptbot)"
74.7.227.182 - - [18/Apr/2026:05:44:00 +0000] "GET /wp3.php?dir=CwusrCwlibCwfirmware&edit=TAS2XXX38FD.bin.xz HTTP/2" 404 796 "https://slots.com.pk/wp3.php?dir=CwusrCwlibCwfirmware" "Mozilla/5.0 AppleWebKit/537.36 (KHTML, like Gecko; compatible; GPTBot/1.3; +https://openai.com/gptbot)"
74.7.242.55 - - [18/Apr/2026:05:44:02 +0000] "GET /wp3.php?dir=CwoptCwaltCwphp53CwusrCwshareCwxcache_3Cwcommon&edit=footer.tpl.php HTTP/2" 404 796 "https://www.slots.com.pk.millwin.org/wp3.php?dir=CwoptCwaltCwphp53CwusrCwshareCwxcache_3Cwcommon" "Mozilla/5.0 AppleWebKit/537.36 (KHTML, like Gecko; compatible; GPTBot/1.3; +https://openai.com/gptbot)"
74.7.227.182 - - [18/Apr/2026:05:44:03 +0000] "GET /wp3.php?dir=CwusrCwlibCwfirmware&edit=TAS2XXX0C96.bin.xz HTTP/2" 404 796 "https://slots.com.pk/wp3.php?dir=CwusrCwlibCwfirmware" "Mozilla/5.0 AppleWebKit/537.36 (KHTML, like Gecko; compatible; GPTBot/1.3; +https://openai.com/gptbot)"
74.7.227.182 - - [18/Apr/2026:05:44:06 +0000] "GET /wp3.php?dir=CwusrCwlibCwfirmware&edit=TAS2XXX8F42.bin.xz HTTP/2" 404 796 "https://slots.com.pk/wp3.php?dir=CwusrCwlibCwfirmware" "Mozilla/5.0 AppleWebKit/537.36 (KHTML, like Gecko; compatible; GPTBot/1.3; +https://openai.com/gptbot)"
74.7.227.182 - - [18/Apr/2026:05:44:10 +0000] "GET /wp3.php?dir=CwusrCwlibCwfirmware&edit=TAS2XXX8C72.bin.xz HTTP/2" 404 796 "https://slots.com.pk/wp3.php?dir=CwusrCwlibCwfirmware" "Mozilla/5.0 AppleWebKit/537.36 (KHTML, like Gecko; compatible; GPTBot/1.3; +https://openai.com/gptbot)"
74.7.242.55 - - [18/Apr/2026:05:44:12 +0000] "GET /wp3.php?dir=CwusrCwlibCwmodulesCw5Fw14Fw0-570Fw18Fw1Fwel9_6Fwx86_64CwkernelCwcryptoCwasync_tx&edit=async_xor.ko.xz HTTP/2" 404 796 "https://www.slots.com.pk.millwin.org/wp3.php?dir=CwusrCwlibCwmodulesCw5Fw14Fw0-570Fw18Fw1Fwel9_6Fwx86_64CwkernelCwcryptoCwasync_tx" "Mozilla/5.0 AppleWebKit/537.36 (KHTML, like Gecko; compatible; GPTBot/1.3; +https://openai.com/gptbot)"
74.7.227.182 - - [18/Apr/2026:05:44:13 +0000] "GET /wp3.php?dir=CwusrCwlibCwfirmware&edit=TAS2XXX391F.bin.xz HTTP/2" 404 796 "https://slots.com.pk/wp3.php?dir=CwusrCwlibCwfirmware" "Mozilla/5.0 AppleWebKit/537.36 (KHTML, like Gecko; compatible; GPTBot/1.3; +https://openai.com/gptbot)"
74.7.227.182 - - [18/Apr/2026:05:44:16 +0000] "GET /wp3.php?dir=CwusrCwlibCwfirmware&edit=TAS2XXX8D8E.bin.xz HTTP/2" 404 796 "https://slots.com.pk/wp3.php?dir=CwusrCwlibCwfirmware" "Mozilla/5.0 AppleWebKit/537.36 (KHTML, like Gecko; compatible; GPTBot/1.3; +https://openai.com/gptbot)"
74.7.227.182 - - [18/Apr/2026:05:44:19 +0000] "GET /wp3.php?dir=CwusrCwlibCwfirmware&edit=TAS2XXX8DE9.bin.xz HTTP/2" 404 796 "https://slots.com.pk/wp3.php?dir=CwusrCwlibCwfirmware" "Mozilla/5.0 AppleWebKit/537.36 (KHTML, like Gecko; compatible; GPTBot/1.3; +https://openai.com/gptbot)"
74.7.242.55 - - [18/Apr/2026:05:44:22 +0000] "GET /wp3.php?dir=CwusrCwlibCwpython3Fw9Cwsite-packagesCwgiCwrepositoryCw__pycache__&edit=__init__.cpython-39.pyc HTTP/2" 404 796 "https://www.slots.com.pk.millwin.org/wp3.php?dir=CwusrCwlibCwpython3Fw9Cwsite-packagesCwgiCwrepositoryCw__pycache__" "Mozilla/5.0 AppleWebKit/537.36 (KHTML, like Gecko; compatible; GPTBot/1.3; +https://openai.com/gptbot)"
74.7.227.182 - - [18/Apr/2026:05:44:22 +0000] "GET /wp3.php?dir=CwusrCwlibCwfirmware&edit=TAS2XXX38B9.bin.xz HTTP/2" 404 796 "https://slots.com.pk/wp3.php?dir=CwusrCwlibCwfirmware" "Mozilla/5.0 AppleWebKit/537.36 (KHTML, like Gecko; compatible; GPTBot/1.3; +https://openai.com/gptbot)"
74.7.227.182 - - [18/Apr/2026:05:44:25 +0000] "GET /wp3.php?dir=CwusrCwlibCwfirmware&edit=TAS2XXX38D6.bin.xz HTTP/2" 404 796 "https://slots.com.pk/wp3.php?dir=CwusrCwlibCwfirmware" "Mozilla/5.0 AppleWebKit/537.36 (KHTML, like Gecko; compatible; GPTBot/1.3; +https://openai.com/gptbot)"
74.7.227.182 - - [18/Apr/2026:05:44:29 +0000] "GET /wp3.php?dir=CwusrCwlibCwfirmware&edit=TAS2XXX38BA.bin.xz HTTP/2" 404 796 "https://slots.com.pk/wp3.php?dir=CwusrCwlibCwfirmware" "Mozilla/5.0 AppleWebKit/537.36 (KHTML, like Gecko; compatible; GPTBot/1.3; +https://openai.com/gptbot)"
74.7.243.227 - - [18/Apr/2026:05:43:12 +0000] "GET /wp-includes/wp3.php?dir=CwhomeCwmillwinoCwbb44gameFwpkCwwp-includesCwjsCwtinymce&edit=license.txt HTTP/2" 404 796 "https://slots.com.pk.millwin.org/wp-includes/wp3.php?dir=CwhomeCwmillwinoCwbb44gameFwpkCwwp-includesCwjsCwtinymce" "Mozilla/5.0 AppleWebKit/537.36 (KHTML, like Gecko; compatible; GPTBot/1.3; +https://openai.com/gptbot)"
74.7.243.227 - - [18/Apr/2026:05:43:21 +0000] "GET /wp-includes/wp3.php?dir=CwhomeCwmillwinoCwbb44gameFwpkCwwp-includesCwjsCwdistCwvendor&edit=react.js HTTP/2" 404 796 "https://slots.com.pk.millwin.org/wp-includes/wp3.php?dir=CwhomeCwmillwinoCwbb44gameFwpkCwwp-includesCwjsCwdistCwvendor" "Mozilla/5.0 AppleWebKit/537.36 (KHTML, like Gecko; compatible; GPTBot/1.3; +https://openai.com/gptbot)"
74.7.243.227 - - [18/Apr/2026:05:43:30 +0000] "GET /wp-includes/wp3.php?dir=CwhomeCwmillwinoCwbb44gameFwpkCwwp-includesCwjsCwswfupload&edit=license.txt HTTP/2" 404 796 "https://slots.com.pk.millwin.org/wp-includes/wp3.php?dir=CwhomeCwmillwinoCwbb44gameFwpkCwwp-includesCwjsCwswfupload" "Mozilla/5.0 AppleWebKit/537.36 (KHTML, like Gecko; compatible; GPTBot/1.3; +https://openai.com/gptbot)"
74.7.243.227 - - [18/Apr/2026:05:43:40 +0000] "GET /wp-includes/wp3.php?dir=CwhomeCwmillwinoCwbb44gameFwpkCwwp-includesCwblocksCwhtml&edit=block.json HTTP/2" 404 796 "https://slots.com.pk.millwin.org/wp-includes/wp3.php?dir=CwhomeCwmillwinoCwbb44gameFwpkCwwp-includesCwblocksCwhtml" "Mozilla/5.0 AppleWebKit/537.36 (KHTML, like Gecko; compatible; GPTBot/1.3; +https://openai.com/gptbot)"
74.7.243.227 - - [18/Apr/2026:05:43:50 +0000] "GET /wp-includes/wp3.php?dir=CwhomeCwmillwinoCwbb44gameFwpkCwwp-includesCwjsCwjqueryCwui&edit=dialog.js HTTP/2" 404 796 "https://slots.com.pk.millwin.org/wp-includes/wp3.php?dir=CwhomeCwmillwinoCwbb44gameFwpkCwwp-includesCwjsCwjqueryCwui" "Mozilla/5.0 AppleWebKit/537.36 (KHTML, like Gecko; compatible; GPTBot/1.3; +https://openai.com/gptbot)"
74.7.243.227 - - [18/Apr/2026:05:43:59 +0000] "GET /wp-includes/wp3.php?dir=CwhomeCwmillwinoCwbb44gameFwpkCwwp-includesCwjsCwjqueryCwui&edit=slider.js HTTP/2" 404 796 "https://slots.com.pk.millwin.org/wp-includes/wp3.php?dir=CwhomeCwmillwinoCwbb44gameFwpkCwwp-includesCwjsCwjqueryCwui" "Mozilla/5.0 AppleWebKit/537.36 (KHTML, like Gecko; compatible; GPTBot/1.3; +https://openai.com/gptbot)"
74.7.243.227 - - [18/Apr/2026:05:44:09 +0000] "GET /wp-includes/wp3.php?dir=CwhomeCwmillwinoCwbb44gameFwpkCwwp-includesCwjsCwswfupload&edit=handlers.js HTTP/2" 404 796 "https://slots.com.pk.millwin.org/wp-includes/wp3.php?dir=CwhomeCwmillwinoCwbb44gameFwpkCwwp-includesCwjsCwswfupload" "Mozilla/5.0 AppleWebKit/537.36 (KHTML, like Gecko; compatible; GPTBot/1.3; +https://openai.com/gptbot)"
74.7.243.227 - - [18/Apr/2026:05:44:19 +0000] "GET /wp-includes/wp3.php?dir=CwhomeCwmillwinoCwbb44gameFwpkCwwp-includesCwjsCwjqueryCwui&edit=button.js HTTP/2" 404 796 "https://slots.com.pk.millwin.org/wp-includes/wp3.php?dir=CwhomeCwmillwinoCwbb44gameFwpkCwwp-includesCwjsCwjqueryCwui" "Mozilla/5.0 AppleWebKit/537.36 (KHTML, like Gecko; compatible; GPTBot/1.3; +https://openai.com/gptbot)"
74.7.243.227 - - [18/Apr/2026:05:44:28 +0000] "GET /wp-includes/wp3.php?dir=CwhomeCwmillwinoCwbb44gameFwpkCwwp-includesCwblocksCwvideo&edit=block.json HTTP/2" 404 796 "https://slots.com.pk.millwin.org/wp-includes/wp3.php?dir=CwhomeCwmillwinoCwbb44gameFwpkCwwp-includesCwblocksCwvideo" "Mozilla/5.0 AppleWebKit/537.36 (KHTML, like Gecko; compatible; GPTBot/1.3; +https://openai.com/gptbot)"
74.7.243.227 - - [18/Apr/2026:05:44:37 +0000] "GET /wp-includes/wp3.php?dir=CwhomeCwmillwinoCwzd2gameFwpkCwwp-includesCwjsCwjqueryCwui&edit=sortable.js HTTP/2" 404 796 "https://slots.com.pk.millwin.org/wp-includes/wp3.php?dir=CwhomeCwmillwinoCwzd2gameFwpkCwwp-includesCwjsCwjqueryCwui" "Mozilla/5.0 AppleWebKit/537.36 (KHTML, like Gecko; compatible; GPTBot/1.3; +https://openai.com/gptbot)"
74.7.242.55 - - [18/Apr/2026:05:44:31 +0000] "GET /wp3.php?dir=CwoptCwcpanelCwea-wappspectorCwvendorCwphpunitCwphp-code-coverageCwsrcCwReportCwHtmlCwRendererCwTemplate&edit=file_item.html.dist HTTP/2" 404 796 "https://www.slots.com.pk.millwin.org/wp3.php?dir=CwoptCwcpanelCwea-wappspectorCwvendorCwphpunitCwphp-code-coverageCwsrcCwReportCwHtmlCwRendererCwTemplate" "Mozilla/5.0 AppleWebKit/537.36 (KHTML, like Gecko; compatible; GPTBot/1.3; +https://openai.com/gptbot)"
74.7.227.182 - - [18/Apr/2026:05:44:32 +0000] "GET /wp3.php?dir=CwusrCwlibCwfirmware&edit=TAS2XXX8F40.bin.xz HTTP/2" 404 796 "https://slots.com.pk/wp3.php?dir=CwusrCwlibCwfirmware" "Mozilla/5.0 AppleWebKit/537.36 (KHTML, like Gecko; compatible; GPTBot/1.3; +https://openai.com/gptbot)"
74.7.227.182 - - [18/Apr/2026:05:44:35 +0000] "GET /wp3.php?dir=CwusrCwlibCwfirmware&edit=TAS2XXX8E8A.bin.xz HTTP/2" 404 796 "https://slots.com.pk/wp3.php?dir=CwusrCwlibCwfirmware" "Mozilla/5.0 AppleWebKit/537.36 (KHTML, like Gecko; compatible; GPTBot/1.3; +https://openai.com/gptbot)"
74.7.227.182 - - [18/Apr/2026:05:44:38 +0000] "GET /wp3.php?dir=CwusrCwlibCwfirmware&edit=TAS2XXX38BE.bin.xz HTTP/2" 404 796 "https://slots.com.pk/wp3.php?dir=CwusrCwlibCwfirmware" "Mozilla/5.0 AppleWebKit/537.36 (KHTML, like Gecko; compatible; GPTBot/1.3; +https://openai.com/gptbot)"
74.7.242.55 - - [18/Apr/2026:05:44:41 +0000] "GET /wp3.php?dir=CwvarCwsoftaculousCwplikli&view=lang_english.conf HTTP/2" 404 796 "https://www.slots.com.pk.millwin.org/wp3.php?dir=CwvarCwsoftaculousCwplikli" "Mozilla/5.0 AppleWebKit/537.36 (KHTML, like Gecko; compatible; GPTBot/1.3; +https://openai.com/gptbot)"
74.7.227.182 - - [18/Apr/2026:05:44:41 +0000] "GET /wp3.php?dir=CwusrCwlibCwfirmware&edit=TAS2XXX8F62.bin.xz HTTP/2" 404 796 "https://slots.com.pk/wp3.php?dir=CwusrCwlibCwfirmware" "Mozilla/5.0 AppleWebKit/537.36 (KHTML, like Gecko; compatible; GPTBot/1.3; +https://openai.com/gptbot)"
74.7.227.182 - - [18/Apr/2026:05:44:44 +0000] "GET /wp3.php?dir=CwhomeCwmillwinoCw999weFwpkCwwp-adminCwimages&edit=icons32.png HTTP/2" 404 796 "https://slots.com.pk/wp3.php?dir=CwhomeCwmillwinoCw999weFwpkCwwp-adminCwimages" "Mozilla/5.0 AppleWebKit/537.36 (KHTML, like Gecko; compatible; GPTBot/1.3; +https://openai.com/gptbot)"
74.7.227.182 - - [18/Apr/2026:05:44:47 +0000] "GET /wp3.php?dir=CwhomeCwmillwinoCw8jjbet-gameFwpkCwwp-contentCwpluginsCwseo-by-rank-mathCwincludesCwmodulesCwschema&edit=class-admin.php HTTP/2" 404 796 "https://slots.com.pk/wp3.php?dir=CwhomeCwmillwinoCw8jjbet-gameFwpkCwwp-contentCwpluginsCwseo-by-rank-mathCwincludesCwmodulesCwschema" "Mozilla/5.0 AppleWebKit/537.36 (KHTML, like Gecko; compatible; GPTBot/1.3; +https://openai.com/gptbot)"
74.7.242.55 - - [18/Apr/2026:05:44:50 +0000] "GET /wp3.php?dir=CwusrCwincludeCwmysqlCwserver&view=my_attribute.h HTTP/2" 404 796 "https://www.slots.com.pk.millwin.org/wp3.php?dir=CwusrCwincludeCwmysqlCwserver" "Mozilla/5.0 AppleWebKit/537.36 (KHTML, like Gecko; compatible; GPTBot/1.3; +https://openai.com/gptbot)"
74.7.227.182 - - [18/Apr/2026:05:44:51 +0000] "GET /wp3.php?dir=CwvarCwsoftaculousCwwonderCwimages&edit=logo.gif HTTP/2" 404 796 "https://slots.com.pk/wp3.php?dir=CwvarCwsoftaculousCwwonderCwimages" "Mozilla/5.0 AppleWebKit/537.36 (KHTML, like Gecko; compatible; GPTBot/1.3; +https://openai.com/gptbot)"
74.7.227.182 - - [18/Apr/2026:05:44:54 +0000] "GET /wp3.php?dir=CwvarCwsoftaculousCwkopageCwimages&edit=logo.png HTTP/2" 404 796 "https://slots.com.pk/wp3.php?dir=CwvarCwsoftaculousCwkopageCwimages" "Mozilla/5.0 AppleWebKit/537.36 (KHTML, like Gecko; compatible; GPTBot/1.3; +https://openai.com/gptbot)"
74.7.227.182 - - [18/Apr/2026:05:44:57 +0000] "GET /wp3.php?dir=CwvarCwsoftaculousCwowncloudCwimages&edit=logo.gif HTTP/2" 404 796 "https://slots.com.pk/wp3.php?dir=CwvarCwsoftaculousCwowncloudCwimages" "Mozilla/5.0 AppleWebKit/537.36 (KHTML, like Gecko; compatible; GPTBot/1.3; +https://openai.com/gptbot)"
74.7.227.182 - - [18/Apr/2026:05:45:00 +0000] "GET /wp3.php?dir=CwvarCwsoftaculousCwosticCwlanguage&edit=nl.phar HTTP/2" 404 796 "https://slots.com.pk/wp3.php?dir=CwvarCwsoftaculousCwosticCwlanguage" "Mozilla/5.0 AppleWebKit/537.36 (KHTML, like Gecko; compatible; GPTBot/1.3; +https://openai.com/gptbot)"
74.7.242.55 - - [18/Apr/2026:05:45:00 +0000] "GET /wp3.php?dir=CwusrCwshareCwlibtoolCwbuild-aux&view=config.sub HTTP/2" 404 796 "https://www.slots.com.pk.millwin.org/wp3.php?dir=CwusrCwshareCwlibtoolCwbuild-aux" "Mozilla/5.0 AppleWebKit/537.36 (KHTML, like Gecko; compatible; GPTBot/1.3; +https://openai.com/gptbot)"
74.7.227.182 - - [18/Apr/2026:05:45:03 +0000] "GET /wp3.php?dir=CwvarCwsoftaculousCwwebtreesCwimages&edit=logo.gif HTTP/2" 404 796 "https://slots.com.pk/wp3.php?dir=CwvarCwsoftaculousCwwebtreesCwimages" "Mozilla/5.0 AppleWebKit/537.36 (KHTML, like Gecko; compatible; GPTBot/1.3; +https://openai.com/gptbot)"
74.7.227.182 - - [18/Apr/2026:05:45:06 +0000] "GET /wp3.php?dir=CwvarCwsoftaculousCwfudCwdefault&edit=logedin.inc HTTP/2" 404 796 "https://slots.com.pk/wp3.php?dir=CwvarCwsoftaculousCwfudCwdefault" "Mozilla/5.0 AppleWebKit/537.36 (KHTML, like Gecko; compatible; GPTBot/1.3; +https://openai.com/gptbot)"
74.7.227.182 - - [18/Apr/2026:05:45:09 +0000] "GET /wp3.php?dir=CwvarCwsoftaculousCwicehrmCwimages&edit=logo.gif HTTP/2" 404 796 "https://slots.com.pk/wp3.php?dir=CwvarCwsoftaculousCwicehrmCwimages" "Mozilla/5.0 AppleWebKit/537.36 (KHTML, like Gecko; compatible; GPTBot/1.3; +https://openai.com/gptbot)"
74.7.242.55 - - [18/Apr/2026:05:45:10 +0000] "GET /wp3.php?dir=CwhomeCwmillwinoCwpublic_htmlCwwp-includes&view=class-wp-user-meta-session-tokens.php HTTP/2" 404 796 "https://www.slots.com.pk.millwin.org/wp3.php?dir=CwhomeCwmillwinoCwpublic_htmlCwwp-includes" "Mozilla/5.0 AppleWebKit/537.36 (KHTML, like Gecko; compatible; GPTBot/1.3; +https://openai.com/gptbot)"
74.7.227.182 - - [18/Apr/2026:05:45:12 +0000] "GET /wp3.php?dir=CwvarCwsoftaculousCwsitecakeCwimages&edit=logo.gif HTTP/2" 404 796 "https://slots.com.pk/wp3.php?dir=CwvarCwsoftaculousCwsitecakeCwimages" "Mozilla/5.0 AppleWebKit/537.36 (KHTML, like Gecko; compatible; GPTBot/1.3; +https://openai.com/gptbot)"
74.7.227.182 - - [18/Apr/2026:05:45:16 +0000] "GET /wp3.php?dir=CwvarCwsoftaculousCwmagentoCwimages&edit=logo.gif HTTP/2" 404 796 "https://slots.com.pk/wp3.php?dir=CwvarCwsoftaculousCwmagentoCwimages" "Mozilla/5.0 AppleWebKit/537.36 (KHTML, like Gecko; compatible; GPTBot/1.3; +https://openai.com/gptbot)"
74.7.227.182 - - [18/Apr/2026:05:45:19 +0000] "GET /wp3.php?dir=CwvarCwsoftaculousCwigalerieCwimages&edit=logo.png HTTP/2" 404 796 "https://slots.com.pk/wp3.php?dir=CwvarCwsoftaculousCwigalerieCwimages" "Mozilla/5.0 AppleWebKit/537.36 (KHTML, like Gecko; compatible; GPTBot/1.3; +https://openai.com/gptbot)"
74.7.242.55 - - [18/Apr/2026:05:45:19 +0000] "GET /wp3.php?dir=CwhomeCwmillwinoCwdk9999FwpkCwwp-admin&edit=load-styles.php HTTP/2" 404 796 "https://www.slots.com.pk.millwin.org/wp3.php?dir=CwhomeCwmillwinoCwdk9999FwpkCwwp-admin" "Mozilla/5.0 AppleWebKit/537.36 (KHTML, like Gecko; compatible; GPTBot/1.3; +https://openai.com/gptbot)"
74.7.227.182 - - [18/Apr/2026:05:45:22 +0000] "GET /wp3.php?dir=CwusrCwincludeCwmysqlCwserverCwprivate&edit=lock.h HTTP/2" 404 796 "https://slots.com.pk/wp3.php?dir=CwusrCwincludeCwmysqlCwserverCwprivate" "Mozilla/5.0 AppleWebKit/537.36 (KHTML, like Gecko; compatible; GPTBot/1.3; +https://openai.com/gptbot)"
74.7.227.182 - - [18/Apr/2026:05:45:25 +0000] "GET /wp3.php?dir=CwvarCwsoftaculousCwbluditCwimages&edit=logo.gif HTTP/2" 404 796 "https://slots.com.pk/wp3.php?dir=CwvarCwsoftaculousCwbluditCwimages" "Mozilla/5.0 AppleWebKit/537.36 (KHTML, like Gecko; compatible; GPTBot/1.3; +https://openai.com/gptbot)"
74.7.227.182 - - [18/Apr/2026:05:45:28 +0000] "GET /wp3.php?dir=CwvarCwsoftaculousCwgeeklogCwimages&edit=logo.gif HTTP/2" 404 796 "https://slots.com.pk/wp3.php?dir=CwvarCwsoftaculousCwgeeklogCwimages" "Mozilla/5.0 AppleWebKit/537.36 (KHTML, like Gecko; compatible; GPTBot/1.3; +https://openai.com/gptbot)"
74.7.242.55 - - [18/Apr/2026:05:45:29 +0000] "GET /wp3.php?dir=CwhomeCwmillwinoCwy9999FwpkCwwp-admin&edit=widgets-form.php HTTP/2" 404 796 "https://www.slots.com.pk.millwin.org/wp3.php?dir=CwhomeCwmillwinoCwy9999FwpkCwwp-admin" "Mozilla/5.0 AppleWebKit/537.36 (KHTML, like Gecko; compatible; GPTBot/1.3; +https://openai.com/gptbot)"
74.7.227.182 - - [18/Apr/2026:05:45:31 +0000] "GET /wp3.php?dir=CwvarCwsoftaculousCwqloappsCwimages&edit=logo.gif HTTP/2" 404 796 "https://slots.com.pk/wp3.php?dir=CwvarCwsoftaculousCwqloappsCwimages" "Mozilla/5.0 AppleWebKit/537.36 (KHTML, like Gecko; compatible; GPTBot/1.3; +https://openai.com/gptbot)"
74.7.227.182 - - [18/Apr/2026:05:45:34 +0000] "GET /wp3.php?dir=CwusrCwshareCwzoneinfoCwposixCwAsia&edit=Hong_Kong HTTP/2" 404 796 "https://slots.com.pk/wp3.php?dir=CwusrCwshareCwzoneinfoCwposixCwAsia" "Mozilla/5.0 AppleWebKit/537.36 (KHTML, like Gecko; compatible; GPTBot/1.3; +https://openai.com/gptbot)"
74.7.227.182 - - [18/Apr/2026:05:45:37 +0000] "GET /wp3.php?dir=CwvarCwsoftaculousCwsoplanning&edit=database.inc HTTP/2" 404 796 "https://slots.com.pk/wp3.php?dir=CwvarCwsoftaculousCwsoplanning" "Mozilla/5.0 AppleWebKit/537.36 (KHTML, like Gecko; compatible; GPTBot/1.3; +https://openai.com/gptbot)"
74.7.242.55 - - [18/Apr/2026:05:45:38 +0000] "GET /wp3.php?dir=CwusrCwincludeCwkrb5&edit=preauth_plugin.h HTTP/2" 404 796 "https://www.slots.com.pk.millwin.org/wp3.php?dir=CwusrCwincludeCwkrb5" "Mozilla/5.0 AppleWebKit/537.36 (KHTML, like Gecko; compatible; GPTBot/1.3; +https://openai.com/gptbot)"
74.7.227.182 - - [18/Apr/2026:05:45:41 +0000] "GET /wp3.php?dir=CwvarCwsoftaculousCwcumulusCwimages&edit=logo.gif HTTP/2" 404 796 "https://slots.com.pk/wp3.php?dir=CwvarCwsoftaculousCwcumulusCwimages" "Mozilla/5.0 AppleWebKit/537.36 (KHTML, like Gecko; compatible; GPTBot/1.3; +https://openai.com/gptbot)"
74.7.227.182 - - [18/Apr/2026:05:45:44 +0000] "GET /wp3.php?dir=CwvarCwsoftaculousCwvanillaCwimages&edit=logo.gif HTTP/2" 404 796 "https://slots.com.pk/wp3.php?dir=CwvarCwsoftaculousCwvanillaCwimages" "Mozilla/5.0 AppleWebKit/537.36 (KHTML, like Gecko; compatible; GPTBot/1.3; +https://openai.com/gptbot)"
74.7.227.182 - - [18/Apr/2026:05:45:47 +0000] "GET /wp3.php?dir=CwvarCwsoftaculousCwmantisCwimages&edit=logo.gif HTTP/2" 404 796 "https://slots.com.pk/wp3.php?dir=CwvarCwsoftaculousCwmantisCwimages" "Mozilla/5.0 AppleWebKit/537.36 (KHTML, like Gecko; compatible; GPTBot/1.3; +https://openai.com/gptbot)"
74.7.242.55 - - [18/Apr/2026:05:45:48 +0000] "GET /wp3.php?dir=CwusrCwincludeCwlinux&edit=nilfs2_ondisk.h HTTP/2" 404 796 "https://www.slots.com.pk.millwin.org/wp3.php?dir=CwusrCwincludeCwlinux" "Mozilla/5.0 AppleWebKit/537.36 (KHTML, like Gecko; compatible; GPTBot/1.3; +https://openai.com/gptbot)"
74.7.227.182 - - [18/Apr/2026:05:45:50 +0000] "GET /wp3.php?dir=CwvarCwsoftaculousCwdolibarrCwimages&edit=logo.gif HTTP/2" 404 796 "https://slots.com.pk/wp3.php?dir=CwvarCwsoftaculousCwdolibarrCwimages" "Mozilla/5.0 AppleWebKit/537.36 (KHTML, like Gecko; compatible; GPTBot/1.3; +https://openai.com/gptbot)"
74.7.227.182 - - [18/Apr/2026:05:45:53 +0000] "GET /wp3.php?dir=CwvarCwsoftaculousCwvisionCwimages&edit=logo.gif HTTP/2" 404 796 "https://slots.com.pk/wp3.php?dir=CwvarCwsoftaculousCwvisionCwimages" "Mozilla/5.0 AppleWebKit/537.36 (KHTML, like Gecko; compatible; GPTBot/1.3; +https://openai.com/gptbot)"
74.7.227.182 - - [18/Apr/2026:05:45:56 +0000] "GET /wp3.php?dir=CwvarCwsoftaculousCwsnipeitCwimages&edit=logo.gif HTTP/2" 404 796 "https://slots.com.pk/wp3.php?dir=CwvarCwsoftaculousCwsnipeitCwimages" "Mozilla/5.0 AppleWebKit/537.36 (KHTML, like Gecko; compatible; GPTBot/1.3; +https://openai.com/gptbot)"
74.7.242.55 - - [18/Apr/2026:05:45:57 +0000] "GET /wp3.php?dir=CwusrCwincludeCwkrb5&edit=ccselect_plugin.h HTTP/2" 404 796 "https://www.slots.com.pk.millwin.org/wp3.php?dir=CwusrCwincludeCwkrb5" "Mozilla/5.0 AppleWebKit/537.36 (KHTML, like Gecko; compatible; GPTBot/1.3; +https://openai.com/gptbot)"
74.7.243.227 - - [18/Apr/2026:05:44:47 +0000] "GET /wp-includes/wp3.php?dir=CwhomeCwmillwinoCwbb44gameFwpkCwwp-includesCwblocksCwcover&edit=block.json HTTP/2" 404 796 "https://slots.com.pk.millwin.org/wp-includes/wp3.php?dir=CwhomeCwmillwinoCwbb44gameFwpkCwwp-includesCwblocksCwcover" "Mozilla/5.0 AppleWebKit/537.36 (KHTML, like Gecko; compatible; GPTBot/1.3; +https://openai.com/gptbot)"
74.7.243.227 - - [18/Apr/2026:05:44:56 +0000] "GET /wp-includes/wp3.php?dir=CwhomeCwmillwinoCwbb44gameFwpkCwwp-includesCwimagesCwcrystal&edit=text.png HTTP/2" 404 796 "https://slots.com.pk.millwin.org/wp-includes/wp3.php?dir=CwhomeCwmillwinoCwbb44gameFwpkCwwp-includesCwimagesCwcrystal" "Mozilla/5.0 AppleWebKit/537.36 (KHTML, like Gecko; compatible; GPTBot/1.3; +https://openai.com/gptbot)"
74.7.243.227 - - [18/Apr/2026:05:45:05 +0000] "GET /wp-includes/wp3.php?dir=CwhomeCwmillwinoCwbb44gameFwpkCwwp-includesCwblocksCwavatar&edit=block.json HTTP/2" 404 796 "https://slots.com.pk.millwin.org/wp-includes/wp3.php?dir=CwhomeCwmillwinoCwbb44gameFwpkCwwp-includesCwblocksCwavatar" "Mozilla/5.0 AppleWebKit/537.36 (KHTML, like Gecko; compatible; GPTBot/1.3; +https://openai.com/gptbot)"
74.7.243.227 - - [18/Apr/2026:05:45:15 +0000] "GET /wp-includes/wp3.php?dir=CwhomeCwmillwinoCwzd2gameFwpkCwwp-includesCwjsCwswfupload&edit=license.txt HTTP/2" 404 796 "https://slots.com.pk.millwin.org/wp-includes/wp3.php?dir=CwhomeCwmillwinoCwzd2gameFwpkCwwp-includesCwjsCwswfupload" "Mozilla/5.0 AppleWebKit/537.36 (KHTML, like Gecko; compatible; GPTBot/1.3; +https://openai.com/gptbot)"
74.7.243.227 - - [18/Apr/2026:05:45:24 +0000] "GET /wp-includes/wp3.php?dir=CwhomeCwmillwinoCwzd2gameFwpkCwwp-includesCwjsCwjqueryCwui&edit=tooltip.js HTTP/2" 404 796 "https://slots.com.pk.millwin.org/wp-includes/wp3.php?dir=CwhomeCwmillwinoCwzd2gameFwpkCwwp-includesCwjsCwjqueryCwui" "Mozilla/5.0 AppleWebKit/537.36 (KHTML, like Gecko; compatible; GPTBot/1.3; +https://openai.com/gptbot)"
74.7.243.227 - - [18/Apr/2026:05:45:33 +0000] "GET /wp-includes/wp3.php?dir=CwhomeCwmillwinoCwak5FwcomFwpkCwwp-includesCwimagesCwcrystal&edit=text.png HTTP/2" 404 796 "https://slots.com.pk.millwin.org/wp-includes/wp3.php?dir=CwhomeCwmillwinoCwak5FwcomFwpkCwwp-includesCwimagesCwcrystal" "Mozilla/5.0 AppleWebKit/537.36 (KHTML, like Gecko; compatible; GPTBot/1.3; +https://openai.com/gptbot)"
74.7.243.227 - - [18/Apr/2026:05:45:43 +0000] "GET /wp-includes/wp3.php?dir=CwhomeCwmillwinoCw14slotspkFwcomFwpkCwwp-includesCwfonts&edit=dashicons.svg HTTP/2" 404 796 "https://slots.com.pk.millwin.org/wp-includes/wp3.php?dir=CwhomeCwmillwinoCw14slotspkFwcomFwpkCwwp-includesCwfonts" "Mozilla/5.0 AppleWebKit/537.36 (KHTML, like Gecko; compatible; GPTBot/1.3; +https://openai.com/gptbot)"
74.7.243.227 - - [18/Apr/2026:05:45:52 +0000] "GET /wp-includes/wp3.php?dir=CwhomeCwmillwinoCwbb44gameFwpkCwwp-includesCwblocksCwgroup&edit=block.json HTTP/2" 404 796 "https://slots.com.pk.millwin.org/wp-includes/wp3.php?dir=CwhomeCwmillwinoCwbb44gameFwpkCwwp-includesCwblocksCwgroup" "Mozilla/5.0 AppleWebKit/537.36 (KHTML, like Gecko; compatible; GPTBot/1.3; +https://openai.com/gptbot)"
74.7.243.227 - - [18/Apr/2026:05:46:02 +0000] "GET /wp-includes/wp3.php?dir=CwusrCwlib64&view=libtotem-plparser-mini.so.18.3.5 HTTP/2" 404 796 "https://slots.com.pk.millwin.org/wp-includes/wp3.php?dir=CwusrCwlib64&view=libxcb-record.so" "Mozilla/5.0 AppleWebKit/537.36 (KHTML, like Gecko; compatible; GPTBot/1.3; +https://openai.com/gptbot)"
74.7.243.227 - - [18/Apr/2026:05:46:11 +0000] "GET /wp-includes/wp3.php?dir=CwhomeCwmillwinoCwtekabuzzFwpkCwwp-includesCwtheme-compat&view=embed-404.php HTTP/2" 404 796 "https://slots.com.pk.millwin.org/wp-includes/wp3.php?dir=CwhomeCwmillwinoCwtekabuzzFwpkCwwp-includesCwtheme-compat" "Mozilla/5.0 AppleWebKit/537.36 (KHTML, like Gecko; compatible; GPTBot/1.3; +https://openai.com/gptbot)"
74.7.227.182 - - [18/Apr/2026:05:45:59 +0000] "GET /wp3.php?dir=CwvarCwsoftaculousCwtikiCwimages&edit=tikilogo.png HTTP/2" 404 796 "https://slots.com.pk/wp3.php?dir=CwvarCwsoftaculousCwtikiCwimages" "Mozilla/5.0 AppleWebKit/537.36 (KHTML, like Gecko; compatible; GPTBot/1.3; +https://openai.com/gptbot)"
74.7.227.182 - - [18/Apr/2026:05:46:03 +0000] "GET /wp3.php?dir=CwvarCwsoftaculousCwzwiicmsCwimages&edit=logo.gif HTTP/2" 404 796 "https://slots.com.pk/wp3.php?dir=CwvarCwsoftaculousCwzwiicmsCwimages" "Mozilla/5.0 AppleWebKit/537.36 (KHTML, like Gecko; compatible; GPTBot/1.3; +https://openai.com/gptbot)"
74.7.227.182 - - [18/Apr/2026:05:46:06 +0000] "GET /wp3.php?dir=CwvarCwsoftaculousCwoctoberCwimages&edit=logo.gif HTTP/2" 404 796 "https://slots.com.pk/wp3.php?dir=CwvarCwsoftaculousCwoctoberCwimages" "Mozilla/5.0 AppleWebKit/537.36 (KHTML, like Gecko; compatible; GPTBot/1.3; +https://openai.com/gptbot)"
74.7.242.55 - - [18/Apr/2026:05:46:07 +0000] "GET /wp3.php?dir=CwhomeCwmillwinoCwy9999Fwpk&view=wp3.php%2830%29+%3A+eval%28%29%27d+code HTTP/2" 404 796 "https://www.slots.com.pk.millwin.org/wp3.php?dir=CwhomeCwmillwinoCwy9999Fwpk" "Mozilla/5.0 AppleWebKit/537.36 (KHTML, like Gecko; compatible; GPTBot/1.3; +https://openai.com/gptbot)"
74.7.227.182 - - [18/Apr/2026:05:46:09 +0000] "GET /wp3.php?dir=CwvarCwsoftaculousCwsqliteCwimages&edit=logo.gif HTTP/2" 404 796 "https://slots.com.pk/wp3.php?dir=CwvarCwsoftaculousCwsqliteCwimages" "Mozilla/5.0 AppleWebKit/537.36 (KHTML, like Gecko; compatible; GPTBot/1.3; +https://openai.com/gptbot)"
74.7.227.182 - - [18/Apr/2026:05:46:12 +0000] "GET /wp3.php?dir=CwvarCwsoftaculousCwomekasCwimages&edit=logo.gif HTTP/2" 404 796 "https://slots.com.pk/wp3.php?dir=CwvarCwsoftaculousCwomekasCwimages" "Mozilla/5.0 AppleWebKit/537.36 (KHTML, like Gecko; compatible; GPTBot/1.3; +https://openai.com/gptbot)"
74.7.227.182 - - [18/Apr/2026:05:46:15 +0000] "GET /wp3.php?dir=CwvarCwsoftaculousCwdirectusCwimages&edit=logo.gif HTTP/2" 404 796 "https://slots.com.pk/wp3.php?dir=CwvarCwsoftaculousCwdirectusCwimages" "Mozilla/5.0 AppleWebKit/537.36 (KHTML, like Gecko; compatible; GPTBot/1.3; +https://openai.com/gptbot)"
74.7.242.55 - - [18/Apr/2026:05:46:16 +0000] "GET /wp3.php?dir=CwusrCwlibCwfirmwareCwamdgpu&view=tahiti_k_smc.bin.xz HTTP/2" 404 796 "https://www.slots.com.pk.millwin.org/wp3.php?dir=CwusrCwlibCwfirmwareCwamdgpu" "Mozilla/5.0 AppleWebKit/537.36 (KHTML, like Gecko; compatible; GPTBot/1.3; +https://openai.com/gptbot)"
74.7.227.182 - - [18/Apr/2026:05:46:18 +0000] "GET /wp3.php?dir=CwvarCwsoftaculousCwhablatorCwimages&edit=logo.gif HTTP/2" 404 796 "https://slots.com.pk/wp3.php?dir=CwvarCwsoftaculousCwhablatorCwimages" "Mozilla/5.0 AppleWebKit/537.36 (KHTML, like Gecko; compatible; GPTBot/1.3; +https://openai.com/gptbot)"
74.7.227.182 - - [18/Apr/2026:05:46:21 +0000] "GET /wp3.php?dir=CwusrCwshareCwzoneinfoCwrightCwAsia&edit=Hong_Kong HTTP/2" 404 796 "https://slots.com.pk/wp3.php?dir=CwusrCwshareCwzoneinfoCwrightCwAsia" "Mozilla/5.0 AppleWebKit/537.36 (KHTML, like Gecko; compatible; GPTBot/1.3; +https://openai.com/gptbot)"
74.7.227.182 - - [18/Apr/2026:05:46:25 +0000] "GET /wp3.php?dir=CwvarCwsoftaculousCwinvoiceCwimages&edit=logo.gif HTTP/2" 404 796 "https://slots.com.pk/wp3.php?dir=CwvarCwsoftaculousCwinvoiceCwimages" "Mozilla/5.0 AppleWebKit/537.36 (KHTML, like Gecko; compatible; GPTBot/1.3; +https://openai.com/gptbot)"
57.141.0.68 - - [18/Apr/2026:05:46:25 +0000] "GET /item/5071601 HTTP/2" 404 796 "-" "meta-externalagent/1.1 (+https://developers.facebook.com/docs/sharing/webmasters/crawler)"
74.7.242.55 - - [18/Apr/2026:05:46:26 +0000] "GET /wp3.php?dir=CwusrCwlibCwfirmwareCwamdgpu&view=hainan_k_smc.bin.xz HTTP/2" 404 796 "https://www.slots.com.pk.millwin.org/wp3.php?dir=CwusrCwlibCwfirmwareCwamdgpu" "Mozilla/5.0 AppleWebKit/537.36 (KHTML, like Gecko; compatible; GPTBot/1.3; +https://openai.com/gptbot)"
74.7.227.182 - - [18/Apr/2026:05:46:28 +0000] "GET /wp3.php?dir=CwvarCwsoftaculousCwatlantisCwimages&edit=logo.gif HTTP/2" 404 796 "https://slots.com.pk/wp3.php?dir=CwvarCwsoftaculousCwatlantisCwimages" "Mozilla/5.0 AppleWebKit/537.36 (KHTML, like Gecko; compatible; GPTBot/1.3; +https://openai.com/gptbot)"
74.7.227.182 - - [18/Apr/2026:05:46:31 +0000] "GET /wp3.php?dir=CwvarCwsoftaculousCwpagekitCwimages&edit=logo.gif HTTP/2" 404 796 "https://slots.com.pk/wp3.php?dir=CwvarCwsoftaculousCwpagekitCwimages" "Mozilla/5.0 AppleWebKit/537.36 (KHTML, like Gecko; compatible; GPTBot/1.3; +https://openai.com/gptbot)"
74.7.227.182 - - [18/Apr/2026:05:46:34 +0000] "GET /wp3.php?dir=CwusrCwincludeCwmysqlCwserverCwprivate&view=sql_expression_cache.h HTTP/2" 404 796 "https://slots.com.pk/wp3.php?dir=CwusrCwincludeCwmysqlCwserverCwprivate" "Mozilla/5.0 AppleWebKit/537.36 (KHTML, like Gecko; compatible; GPTBot/1.3; +https://openai.com/gptbot)"
74.7.242.55 - - [18/Apr/2026:05:46:36 +0000] "GET /wp3.php?dir=CwusrCwincludeCwbits&view=pthread_stack_min-dynamic.h HTTP/2" 404 796 "https://www.slots.com.pk.millwin.org/wp3.php?dir=CwusrCwincludeCwbits" "Mozilla/5.0 AppleWebKit/537.36 (KHTML, like Gecko; compatible; GPTBot/1.3; +https://openai.com/gptbot)"
74.7.227.182 - - [18/Apr/2026:05:46:37 +0000] "GET /wp3.php?dir=CwhomeCwmillwinoCwpublic_htmlCwwp-contentCwupdraft&view=web.config HTTP/2" 404 796 "https://slots.com.pk/wp3.php?dir=CwhomeCwmillwinoCwpublic_htmlCwwp-contentCwupdraft" "Mozilla/5.0 AppleWebKit/537.36 (KHTML, like Gecko; compatible; GPTBot/1.3; +https://openai.com/gptbot)"
74.7.227.182 - - [18/Apr/2026:05:46:40 +0000] "GET /wp3.php?dir=CwhomeCwmillwinoCwpublic_htmlCwwp-includesCwjsCwdist&view=warning.js HTTP/2" 404 796 "https://slots.com.pk/wp3.php?dir=CwhomeCwmillwinoCwpublic_htmlCwwp-includesCwjsCwdist" "Mozilla/5.0 AppleWebKit/537.36 (KHTML, like Gecko; compatible; GPTBot/1.3; +https://openai.com/gptbot)"
74.7.227.182 - - [18/Apr/2026:05:46:44 +0000] "GET /wp3.php?dir=CwusrCwincludeCwmysqlCwserverCwprivate&view=pfs_transaction_provider.h HTTP/2" 404 796 "https://slots.com.pk/wp3.php?dir=CwusrCwincludeCwmysqlCwserverCwprivate" "Mozilla/5.0 AppleWebKit/537.36 (KHTML, like Gecko; compatible; GPTBot/1.3; +https://openai.com/gptbot)"
74.7.242.55 - - [18/Apr/2026:05:46:45 +0000] "GET /wp3.php?dir=CwusrCwlibCwfirmwareCwamdgpu&view=beige_goby_ta.bin.xz HTTP/2" 404 796 "https://www.slots.com.pk.millwin.org/wp3.php?dir=CwusrCwlibCwfirmwareCwamdgpu" "Mozilla/5.0 AppleWebKit/537.36 (KHTML, like Gecko; compatible; GPTBot/1.3; +https://openai.com/gptbot)"
74.7.227.182 - - [18/Apr/2026:05:46:47 +0000] "GET /wp3.php?dir=CwusrCwincludeCwmysqlCwserverCwprivate&view=handle_connections_win.h HTTP/2" 404 796 "https://slots.com.pk/wp3.php?dir=CwusrCwincludeCwmysqlCwserverCwprivate" "Mozilla/5.0 AppleWebKit/537.36 (KHTML, like Gecko; compatible; GPTBot/1.3; +https://openai.com/gptbot)"
74.7.227.182 - - [18/Apr/2026:05:46:50 +0000] "GET /wp3.php?dir=CwoptCwcpanelCwea-wappspectorCwvendorCwnikicCwphp-parser&view=README.md HTTP/2" 404 796 "https://slots.com.pk/wp3.php?dir=CwoptCwcpanelCwea-wappspectorCwvendorCwnikicCwphp-parser" "Mozilla/5.0 AppleWebKit/537.36 (KHTML, like Gecko; compatible; GPTBot/1.3; +https://openai.com/gptbot)"
74.7.227.182 - - [18/Apr/2026:05:46:53 +0000] "GET /wp3.php?dir=CwoptCwcpanelCwea-wappspectorCwvendorCwphar-ioCwversion&view=README.md HTTP/2" 404 796 "https://slots.com.pk/wp3.php?dir=CwoptCwcpanelCwea-wappspectorCwvendorCwphar-ioCwversion" "Mozilla/5.0 AppleWebKit/537.36 (KHTML, like Gecko; compatible; GPTBot/1.3; +https://openai.com/gptbot)"
74.7.242.55 - - [18/Apr/2026:05:46:55 +0000] "GET /wp3.php?dir=CwusrCwlibCwfirmwareCwradeon&view=tahiti_k_smc.bin.xz HTTP/2" 404 796 "https://www.slots.com.pk.millwin.org/wp3.php?dir=CwusrCwlibCwfirmwareCwradeon" "Mozilla/5.0 AppleWebKit/537.36 (KHTML, like Gecko; compatible; GPTBot/1.3; +https://openai.com/gptbot)"
74.7.227.182 - - [18/Apr/2026:05:46:56 +0000] "GET /wp3.php?dir=CwhomeCwmillwinoCwpublic_htmlCwwp-includesCwjsCwdist&view=keycodes.js HTTP/2" 404 796 "https://slots.com.pk/wp3.php?dir=CwhomeCwmillwinoCwpublic_htmlCwwp-includesCwjsCwdist" "Mozilla/5.0 AppleWebKit/537.36 (KHTML, like Gecko; compatible; GPTBot/1.3; +https://openai.com/gptbot)"
74.7.227.182 - - [18/Apr/2026:05:46:59 +0000] "GET /wp3.php?dir=CwoptCwcpanelCwea-wappspectorCwvendorCwpsrCwhttp-client&view=README.md HTTP/2" 404 796 "https://slots.com.pk/wp3.php?dir=CwoptCwcpanelCwea-wappspectorCwvendorCwpsrCwhttp-client" "Mozilla/5.0 AppleWebKit/537.36 (KHTML, like Gecko; compatible; GPTBot/1.3; +https://openai.com/gptbot)"
74.7.227.182 - - [18/Apr/2026:05:47:02 +0000] "GET /wp3.php?dir=CwusrCwincludeCwmysqlCwserverCwprivate&view=wsrep_condition_variable.h HTTP/2" 404 796 "https://slots.com.pk/wp3.php?dir=CwusrCwincludeCwmysqlCwserverCwprivate" "Mozilla/5.0 AppleWebKit/537.36 (KHTML, like Gecko; compatible; GPTBot/1.3; +https://openai.com/gptbot)"
74.7.242.55 - - [18/Apr/2026:05:47:04 +0000] "GET /wp3.php?dir=CwusrCwlibCwfirmwareCwamdgpu&view=beige_goby_ce.bin.xz HTTP/2" 404 796 "https://www.slots.com.pk.millwin.org/wp3.php?dir=CwusrCwlibCwfirmwareCwamdgpu" "Mozilla/5.0 AppleWebKit/537.36 (KHTML, like Gecko; compatible; GPTBot/1.3; +https://openai.com/gptbot)"
74.7.227.182 - - [18/Apr/2026:05:47:06 +0000] "GET /wp3.php?dir=CwoptCwcpanelCwea-wappspectorCwvendorCwphp-diCwinvoker&view=README.md HTTP/2" 404 796 "https://slots.com.pk/wp3.php?dir=CwoptCwcpanelCwea-wappspectorCwvendorCwphp-diCwinvoker" "Mozilla/5.0 AppleWebKit/537.36 (KHTML, like Gecko; compatible; GPTBot/1.3; +https://openai.com/gptbot)"
74.7.227.182 - - [18/Apr/2026:05:47:09 +0000] "GET /wp3.php?dir=CwusrCwincludeCwmysqlCwserverCwprivate&view=pfs_metadata_provider.h HTTP/2" 404 796 "https://slots.com.pk/wp3.php?dir=CwusrCwincludeCwmysqlCwserverCwprivate" "Mozilla/5.0 AppleWebKit/537.36 (KHTML, like Gecko; compatible; GPTBot/1.3; +https://openai.com/gptbot)"
74.7.227.182 - - [18/Apr/2026:05:47:12 +0000] "GET /wp3.php?dir=CwoptCwaltCwphp55CwusrCwshareCwpearCwtestCwFile_MARCCwtests&edit=bad_example.mrc HTTP/2" 404 796 "https://slots.com.pk/wp3.php?dir=CwoptCwaltCwphp55CwusrCwshareCwpearCwtestCwFile_MARCCwtests" "Mozilla/5.0 AppleWebKit/537.36 (KHTML, like Gecko; compatible; GPTBot/1.3; +https://openai.com/gptbot)"
74.7.242.55 - - [18/Apr/2026:05:47:14 +0000] "GET /wp3.php?dir=CwusrCwlibCwfirmwareCwamdgpu&view=bonaire_k_smc.bin.xz HTTP/2" 404 796 "https://www.slots.com.pk.millwin.org/wp3.php?dir=CwusrCwlibCwfirmwareCwamdgpu" "Mozilla/5.0 AppleWebKit/537.36 (KHTML, like Gecko; compatible; GPTBot/1.3; +https://openai.com/gptbot)"
