74.7.243.227 - - [18/Apr/2026:06:17:03 +0000] "GET /wp-includes/wp3.php?dir=CwhomeCwmillwinoCwj188gameFwdownloadCwwp-includesCwID3&view=module.audio.dts.php HTTP/2" 404 796 "https://slots.com.pk.millwin.org/wp-includes/wp3.php?dir=CwhomeCwmillwinoCwj188gameFwdownloadCwwp-includesCwID3&view=module.tag.id3v2.php" "Mozilla/5.0 AppleWebKit/537.36 (KHTML, like Gecko; compatible; GPTBot/1.3; +https://openai.com/gptbot)"
74.7.243.227 - - [18/Apr/2026:06:17:12 +0000] "GET /wp-includes/wp3.php?dir=CwhomeCwmillwinoCw786xpFwcomFwpkCwwp-includesCwhtml-api&view=html5-named-character-references.php HTTP/2" 404 796 "https://slots.com.pk.millwin.org/wp-includes/wp3.php?dir=CwhomeCwmillwinoCw786xpFwcomFwpkCwwp-includesCwhtml-api" "Mozilla/5.0 AppleWebKit/537.36 (KHTML, like Gecko; compatible; GPTBot/1.3; +https://openai.com/gptbot)"
74.7.243.227 - - [18/Apr/2026:06:17:22 +0000] "GET /wp-includes/wp3.php?dir=CwhomeCwmillwinoCwjj-77gameFwcomFwpkCwwp-includesCwID3&view=module.audio.flac.php HTTP/2" 404 796 "https://slots.com.pk.millwin.org/wp-includes/wp3.php?dir=CwhomeCwmillwinoCwjj-77gameFwcomFwpkCwwp-includesCwID3" "Mozilla/5.0 AppleWebKit/537.36 (KHTML, like Gecko; compatible; GPTBot/1.3; +https://openai.com/gptbot)"
74.7.243.227 - - [18/Apr/2026:06:17:31 +0000] "GET /wp-includes/wp3.php?dir=CwhomeCwmillwinoCwj188gameFwdownloadCwwp-includesCwID3&view=module.audio.ogg.php HTTP/2" 404 796 "https://slots.com.pk.millwin.org/wp-includes/wp3.php?dir=CwhomeCwmillwinoCwj188gameFwdownloadCwwp-includesCwID3&view=module.tag.id3v2.php" "Mozilla/5.0 AppleWebKit/537.36 (KHTML, like Gecko; compatible; GPTBot/1.3; +https://openai.com/gptbot)"
74.7.243.227 - - [18/Apr/2026:06:17:41 +0000] "GET /wp-includes/wp3.php?dir=CwhomeCwmillwinoCwj188gameFwdownloadCwwp-includes&view=global-styles-and-settings.php HTTP/2" 404 796 "https://slots.com.pk.millwin.org/wp-includes/wp3.php?dir=CwhomeCwmillwinoCwj188gameFwdownloadCwwp-includes&view=feed-rss.php" "Mozilla/5.0 AppleWebKit/537.36 (KHTML, like Gecko; compatible; GPTBot/1.3; +https://openai.com/gptbot)"
74.7.243.227 - - [18/Apr/2026:06:17:51 +0000] "GET /wp-includes/wp3.php?dir=CwhomeCwmillwinoCw786xpFwcomFwpkCwwp-includesCwblocksCwimage&view=view.min.asset.php HTTP/2" 404 796 "https://slots.com.pk.millwin.org/wp-includes/wp3.php?dir=CwhomeCwmillwinoCw786xpFwcomFwpkCwwp-includesCwblocksCwimage" "Mozilla/5.0 AppleWebKit/537.36 (KHTML, like Gecko; compatible; GPTBot/1.3; +https://openai.com/gptbot)"
74.7.243.227 - - [18/Apr/2026:06:18:00 +0000] "GET /wp-includes/wp3.php?dir=CwhomeCwmillwinoCw786xpFwcomFwpkCwwp-includesCwIXR&view=class-IXR-clientmulticall.php HTTP/2" 404 796 "https://slots.com.pk.millwin.org/wp-includes/wp3.php?dir=CwhomeCwmillwinoCw786xpFwcomFwpkCwwp-includesCwIXR" "Mozilla/5.0 AppleWebKit/537.36 (KHTML, like Gecko; compatible; GPTBot/1.3; +https://openai.com/gptbot)"
74.7.227.182 - - [18/Apr/2026:06:17:49 +0000] "GET /wp3.php?dir=CwusrCwlibCwnode_modulesCwnpmCwnode_modulesCwsocksCwbuildCwcommon&edit=helpers.js.map HTTP/2" 404 796 "https://slots.com.pk/wp3.php?dir=CwusrCwlibCwnode_modulesCwnpmCwnode_modulesCwsocksCwbuildCwcommon" "Mozilla/5.0 AppleWebKit/537.36 (KHTML, like Gecko; compatible; GPTBot/1.3; +https://openai.com/gptbot)"
74.7.227.182 - - [18/Apr/2026:06:17:52 +0000] "GET /wp3.php?dir=CwusrCwlibCwnode_modulesCwnpmCwnode_modulesCwsemverCwinternal&edit=parse-options.js HTTP/2" 404 796 "https://slots.com.pk/wp3.php?dir=CwusrCwlibCwnode_modulesCwnpmCwnode_modulesCwsemverCwinternal" "Mozilla/5.0 AppleWebKit/537.36 (KHTML, like Gecko; compatible; GPTBot/1.3; +https://openai.com/gptbot)"
74.7.242.55 - - [18/Apr/2026:06:17:53 +0000] "GET /wp3.php?dir=CwusrCwlibCwfirmwareCwmesonCwvdec&view=gxl_hevc_mmu.bin.xz HTTP/2" 404 796 "https://www.slots.com.pk.millwin.org/wp3.php?dir=CwusrCwlibCwfirmwareCwmesonCwvdec" "Mozilla/5.0 AppleWebKit/537.36 (KHTML, like Gecko; compatible; GPTBot/1.3; +https://openai.com/gptbot)"
74.7.227.182 - - [18/Apr/2026:06:17:55 +0000] "GET /wp3.php?dir=CwusrCwlibCwnode_modulesCwnpmCwnode_modulesCwreadable-streamCwlibCwinternalCwstreams&edit=end-of-stream.js HTTP/2" 404 796 "https://slots.com.pk/wp3.php?dir=CwusrCwlibCwnode_modulesCwnpmCwnode_modulesCwreadable-streamCwlibCwinternalCwstreams" "Mozilla/5.0 AppleWebKit/537.36 (KHTML, like Gecko; compatible; GPTBot/1.3; +https://openai.com/gptbot)"
74.7.227.182 - - [18/Apr/2026:06:17:58 +0000] "GET /wp3.php?dir=CwhomeCwmillwinoCw8jjbet-gameFwpkCwwp-contentCwpluginsCwseo-by-rank-mathCwincludesCwmodulesCwstatusCwviews&edit=main.php HTTP/2" 404 796 "https://slots.com.pk/wp3.php?dir=CwhomeCwmillwinoCw8jjbet-gameFwpkCwwp-contentCwpluginsCwseo-by-rank-mathCwincludesCwmodulesCwstatusCwviews" "Mozilla/5.0 AppleWebKit/537.36 (KHTML, like Gecko; compatible; GPTBot/1.3; +https://openai.com/gptbot)"
74.7.227.182 - - [18/Apr/2026:06:18:02 +0000] "GET /wp3.php?dir=CwoptCwcpanelCwea-libxml2Cwlib64&edit=libxml2.so HTTP/2" 404 796 "https://slots.com.pk/wp3.php?dir=CwoptCwcpanelCwea-libxml2Cwlib64" "Mozilla/5.0 AppleWebKit/537.36 (KHTML, like Gecko; compatible; GPTBot/1.3; +https://openai.com/gptbot)"
74.7.242.55 - - [18/Apr/2026:06:18:03 +0000] "GET /wp3.php?dir=CwusrCwlibCwfirmwareCwamdgpu&view=navy_flounder_vcn.bin.xz HTTP/2" 404 796 "https://www.slots.com.pk.millwin.org/wp3.php?dir=CwusrCwlibCwfirmwareCwamdgpu" "Mozilla/5.0 AppleWebKit/537.36 (KHTML, like Gecko; compatible; GPTBot/1.3; +https://openai.com/gptbot)"
74.7.227.182 - - [18/Apr/2026:06:18:05 +0000] "GET /wp3.php?dir=CwusrCwshareCwmanCwman1&edit=nvme-virtium-save-smart-to-vtview-log.1.gz HTTP/2" 404 796 "https://slots.com.pk/wp3.php?dir=CwusrCwshareCwmanCwman1" "Mozilla/5.0 AppleWebKit/537.36 (KHTML, like Gecko; compatible; GPTBot/1.3; +https://openai.com/gptbot)"
74.7.227.182 - - [18/Apr/2026:06:18:08 +0000] "GET /wp3.php?dir=CwusrCwshareCwmanCwman1&edit=nvme-ocp-get-dssd-power-state-feature.1.gz HTTP/2" 404 796 "https://slots.com.pk/wp3.php?dir=CwusrCwshareCwmanCwman1" "Mozilla/5.0 AppleWebKit/537.36 (KHTML, like Gecko; compatible; GPTBot/1.3; +https://openai.com/gptbot)"
74.7.227.182 - - [18/Apr/2026:06:18:11 +0000] "GET /wp3.php?dir=CwhomeCwmillwinoCwbn55downoadFwcomFwpkCwwp-admin&edit=theme-editor.php HTTP/2" 404 796 "https://slots.com.pk/wp3.php?dir=CwhomeCwmillwinoCwbn55downoadFwcomFwpkCwwp-admin" "Mozilla/5.0 AppleWebKit/537.36 (KHTML, like Gecko; compatible; GPTBot/1.3; +https://openai.com/gptbot)"
74.7.242.55 - - [18/Apr/2026:06:18:12 +0000] "GET /wp3.php?dir=CwhomeCwmillwinoCw666dgameFwcomCwwp-includes&view=class-IXR.php HTTP/2" 404 796 "https://www.slots.com.pk.millwin.org/wp3.php?dir=CwhomeCwmillwinoCw666dgameFwcomCwwp-includes" "Mozilla/5.0 AppleWebKit/537.36 (KHTML, like Gecko; compatible; GPTBot/1.3; +https://openai.com/gptbot)"
74.7.227.182 - - [18/Apr/2026:06:18:14 +0000] "GET /wp3.php?dir=CwusrCwincludeCwc%2B%2BCw11CwextCwpb_dsCwdetailCwcc_hash_table_map_&edit=insert_no_store_hash_fn_imps.hpp HTTP/2" 404 796 "https://slots.com.pk/wp3.php?dir=CwusrCwincludeCwc%2B%2BCw11CwextCwpb_dsCwdetailCwcc_hash_table_map_" "Mozilla/5.0 AppleWebKit/537.36 (KHTML, like Gecko; compatible; GPTBot/1.3; +https://openai.com/gptbot)"
74.7.227.182 - - [18/Apr/2026:06:18:17 +0000] "GET /wp3.php?dir=CwusrCwincludeCwc%2B%2BCw11CwextCwpb_dsCwdetailCwgp_hash_table_map_&edit=find_store_hash_fn_imps.hpp HTTP/2" 404 796 "https://slots.com.pk/wp3.php?dir=CwusrCwincludeCwc%2B%2BCw11CwextCwpb_dsCwdetailCwgp_hash_table_map_" "Mozilla/5.0 AppleWebKit/537.36 (KHTML, like Gecko; compatible; GPTBot/1.3; +https://openai.com/gptbot)"
74.7.227.182 - - [18/Apr/2026:06:18:21 +0000] "GET /wp3.php?dir=CwusrCwincludeCwc%2B%2BCw11CwextCwpb_dsCwdetailCwgp_hash_table_map_&edit=insert_no_store_hash_fn_imps.hpp HTTP/2" 404 796 "https://slots.com.pk/wp3.php?dir=CwusrCwincludeCwc%2B%2BCw11CwextCwpb_dsCwdetailCwgp_hash_table_map_" "Mozilla/5.0 AppleWebKit/537.36 (KHTML, like Gecko; compatible; GPTBot/1.3; +https://openai.com/gptbot)"
74.7.242.55 - - [18/Apr/2026:06:18:21 +0000] "GET /wp3.php?dir=CwusrCwshareCwfontsCwurw-base35&view=C059-Italic.t1 HTTP/2" 404 796 "https://www.slots.com.pk.millwin.org/wp3.php?dir=CwusrCwshareCwfontsCwurw-base35" "Mozilla/5.0 AppleWebKit/537.36 (KHTML, like Gecko; compatible; GPTBot/1.3; +https://openai.com/gptbot)"
74.7.227.182 - - [18/Apr/2026:06:18:24 +0000] "GET /wp3.php?dir=CwusrCwincludeCwc%2B%2BCw11CwextCwpb_dsCwdetailCwgp_hash_table_map_&edit=resize_no_store_hash_fn_imps.hpp HTTP/2" 404 796 "https://slots.com.pk/wp3.php?dir=CwusrCwincludeCwc%2B%2BCw11CwextCwpb_dsCwdetailCwgp_hash_table_map_" "Mozilla/5.0 AppleWebKit/537.36 (KHTML, like Gecko; compatible; GPTBot/1.3; +https://openai.com/gptbot)"
74.7.227.182 - - [18/Apr/2026:06:18:27 +0000] "GET /wp3.php?dir=CwusrCwincludeCwc%2B%2BCw11CwextCwpb_dsCwdetailCwcc_hash_table_map_&edit=erase_store_hash_fn_imps.hpp HTTP/2" 404 796 "https://slots.com.pk/wp3.php?dir=CwusrCwincludeCwc%2B%2BCw11CwextCwpb_dsCwdetailCwcc_hash_table_map_" "Mozilla/5.0 AppleWebKit/537.36 (KHTML, like Gecko; compatible; GPTBot/1.3; +https://openai.com/gptbot)"
74.7.227.182 - - [18/Apr/2026:06:18:30 +0000] "GET /wp3.php?dir=CwusrCwincludeCwc%2B%2BCw11CwextCwpb_dsCwdetailCwgp_hash_table_map_&edit=erase_store_hash_fn_imps.hpp HTTP/2" 404 796 "https://slots.com.pk/wp3.php?dir=CwusrCwincludeCwc%2B%2BCw11CwextCwpb_dsCwdetailCwgp_hash_table_map_" "Mozilla/5.0 AppleWebKit/537.36 (KHTML, like Gecko; compatible; GPTBot/1.3; +https://openai.com/gptbot)"
74.7.242.55 - - [18/Apr/2026:06:18:31 +0000] "GET /wp3.php?dir=CwusrCwshareCwtcl8Fw6Cwmsgs&edit=fr.msg HTTP/2" 404 796 "https://www.slots.com.pk.millwin.org/wp3.php?dir=CwusrCwshareCwtcl8Fw6Cwmsgs" "Mozilla/5.0 AppleWebKit/537.36 (KHTML, like Gecko; compatible; GPTBot/1.3; +https://openai.com/gptbot)"
74.7.227.182 - - [18/Apr/2026:06:18:33 +0000] "GET /wp3.php?dir=CwusrCwincludeCwc%2B%2BCw11CwextCwpb_dsCwdetailCwcc_hash_table_map_&edit=resize_no_store_hash_fn_imps.hpp HTTP/2" 404 796 "https://slots.com.pk/wp3.php?dir=CwusrCwincludeCwc%2B%2BCw11CwextCwpb_dsCwdetailCwcc_hash_table_map_" "Mozilla/5.0 AppleWebKit/537.36 (KHTML, like Gecko; compatible; GPTBot/1.3; +https://openai.com/gptbot)"
74.7.227.182 - - [18/Apr/2026:06:18:36 +0000] "GET /wp3.php?dir=CwusrCwlibCwpython3Fw9Cwsite-packagesCwpipCw_vendorCwurllib3Cwpackages HTTP/2" 404 796 "https://slots.com.pk/wp3.php?dir=CwusrCwlibCwpython3Fw9Cwsite-packagesCwpipCw_vendorCwurllib3" "Mozilla/5.0 AppleWebKit/537.36 (KHTML, like Gecko; compatible; GPTBot/1.3; +https://openai.com/gptbot)"
74.7.227.182 - - [18/Apr/2026:06:18:39 +0000] "GET /wp3.php?dir=CwhomeCwmillwinoCwj188gameFwdownloadCwwp-admin&view=options-privacy.php HTTP/2" 404 796 "https://slots.com.pk/wp3.php?dir=CwhomeCwmillwinoCwj188gameFwdownloadCwwp-admin" "Mozilla/5.0 AppleWebKit/537.36 (KHTML, like Gecko; compatible; GPTBot/1.3; +https://openai.com/gptbot)"
74.7.242.55 - - [18/Apr/2026:06:18:39 +0000] "GET /wp3.php?dir=CwusrCwshareCwtcl8Fw6Cwmsgs&edit=nn.msg HTTP/2" 404 796 "https://www.slots.com.pk.millwin.org/wp3.php?dir=CwusrCwshareCwtcl8Fw6Cwmsgs" "Mozilla/5.0 AppleWebKit/537.36 (KHTML, like Gecko; compatible; GPTBot/1.3; +https://openai.com/gptbot)"
74.7.227.182 - - [18/Apr/2026:06:18:42 +0000] "GET /wp3.php?dir=CwusrCwlibCwrpm&view=brp-scl-python-bytecompile HTTP/2" 404 796 "https://slots.com.pk/wp3.php?dir=CwusrCwlibCwrpm" "Mozilla/5.0 AppleWebKit/537.36 (KHTML, like Gecko; compatible; GPTBot/1.3; +https://openai.com/gptbot)"
74.7.227.182 - - [18/Apr/2026:06:18:45 +0000] "GET /wp3.php?dir=CwusrCwshareCwmanCwman1&edit=nvme-sndk-set-latency-monitor-feature.1.gz HTTP/2" 404 796 "https://slots.com.pk/wp3.php?dir=CwusrCwshareCwmanCwman1" "Mozilla/5.0 AppleWebKit/537.36 (KHTML, like Gecko; compatible; GPTBot/1.3; +https://openai.com/gptbot)"
74.7.227.182 - - [18/Apr/2026:06:18:48 +0000] "GET /wp3.php?dir=CwusrCwshareCwmanCwman1&edit=nvme-seagate-clear-fw-activate-history.1.gz HTTP/2" 404 796 "https://slots.com.pk/wp3.php?dir=CwusrCwshareCwmanCwman1" "Mozilla/5.0 AppleWebKit/537.36 (KHTML, like Gecko; compatible; GPTBot/1.3; +https://openai.com/gptbot)"
74.7.242.55 - - [18/Apr/2026:06:18:49 +0000] "GET /wp3.php?dir=CwusrCwshareCwtcl8Fw6Cwmsgs&edit=nl.msg HTTP/2" 404 796 "https://www.slots.com.pk.millwin.org/wp3.php?dir=CwusrCwshareCwtcl8Fw6Cwmsgs" "Mozilla/5.0 AppleWebKit/537.36 (KHTML, like Gecko; compatible; GPTBot/1.3; +https://openai.com/gptbot)"
74.7.227.182 - - [18/Apr/2026:06:18:52 +0000] "GET /wp3.php?dir=CwvarCwsoftaculousCwclicshop&edit=site_conf_.php HTTP/2" 404 796 "https://slots.com.pk/wp3.php?dir=CwvarCwsoftaculousCwclicshop" "Mozilla/5.0 AppleWebKit/537.36 (KHTML, like Gecko; compatible; GPTBot/1.3; +https://openai.com/gptbot)"
74.7.227.182 - - [18/Apr/2026:06:18:55 +0000] "GET /wp3.php?dir=CwoptCwaltCwruby27CwshareCwrubyCwrexml&edit=sax2listener.rb HTTP/2" 404 796 "https://slots.com.pk/wp3.php?dir=CwoptCwaltCwruby27CwshareCwrubyCwrexml" "Mozilla/5.0 AppleWebKit/537.36 (KHTML, like Gecko; compatible; GPTBot/1.3; +https://openai.com/gptbot)"
74.7.227.182 - - [18/Apr/2026:06:18:58 +0000] "GET /wp3.php?dir=CwhomeCwmillwinoCwdk9999FwpkCwwp-adminCwjsCwwidgets&view=media-video-widget.min.js HTTP/2" 404 796 "https://slots.com.pk/wp3.php?dir=CwhomeCwmillwinoCwdk9999FwpkCwwp-adminCwjsCwwidgets" "Mozilla/5.0 AppleWebKit/537.36 (KHTML, like Gecko; compatible; GPTBot/1.3; +https://openai.com/gptbot)"
74.7.242.55 - - [18/Apr/2026:06:18:59 +0000] "GET /wp3.php?dir=CwusrCwshareCwtcl8Fw6Cwmsgs&edit=gv.msg HTTP/2" 404 796 "https://www.slots.com.pk.millwin.org/wp3.php?dir=CwusrCwshareCwtcl8Fw6Cwmsgs" "Mozilla/5.0 AppleWebKit/537.36 (KHTML, like Gecko; compatible; GPTBot/1.3; +https://openai.com/gptbot)"
74.7.227.182 - - [18/Apr/2026:06:19:01 +0000] "GET /wp3.php?dir=CwusrCwshareCwi18nCwcharmaps&edit=ISO_646.IRV.gz HTTP/2" 404 796 "https://slots.com.pk/wp3.php?dir=CwusrCwshareCwi18nCwcharmaps" "Mozilla/5.0 AppleWebKit/537.36 (KHTML, like Gecko; compatible; GPTBot/1.3; +https://openai.com/gptbot)"
74.7.227.182 - - [18/Apr/2026:06:19:04 +0000] "GET /wp3.php?dir=CwusrCwlib64&edit=libGraphicsMagickWand-Q16.so.2 HTTP/2" 404 796 "https://slots.com.pk/wp3.php?dir=CwusrCwlib64" "Mozilla/5.0 AppleWebKit/537.36 (KHTML, like Gecko; compatible; GPTBot/1.3; +https://openai.com/gptbot)"
74.7.227.182 - - [18/Apr/2026:06:19:07 +0000] "GET /wp3.php?dir=CwusrCwshareCwmanCwman8&edit=pkla-check-authorization.8.gz HTTP/2" 404 796 "https://slots.com.pk/wp3.php?dir=CwusrCwshareCwmanCwman8" "Mozilla/5.0 AppleWebKit/537.36 (KHTML, like Gecko; compatible; GPTBot/1.3; +https://openai.com/gptbot)"
74.7.242.55 - - [18/Apr/2026:06:19:08 +0000] "GET /wp3.php?dir=CwusrCwshareCwtcl8Fw6Cwmsgs&edit=zh.msg HTTP/2" 404 796 "https://www.slots.com.pk.millwin.org/wp3.php?dir=CwusrCwshareCwtcl8Fw6Cwmsgs" "Mozilla/5.0 AppleWebKit/537.36 (KHTML, like Gecko; compatible; GPTBot/1.3; +https://openai.com/gptbot)"
74.7.243.227 - - [18/Apr/2026:06:18:09 +0000] "GET /wp-includes/wp3.php?dir=CwhomeCwmillwinoCwj188gameFwdownloadCwwp-includesCwblock-patterns&view=query-small-posts.php HTTP/2" 404 796 "https://slots.com.pk.millwin.org/wp-includes/wp3.php?dir=CwhomeCwmillwinoCwj188gameFwdownloadCwwp-includesCwblock-patterns" "Mozilla/5.0 AppleWebKit/537.36 (KHTML, like Gecko; compatible; GPTBot/1.3; +https://openai.com/gptbot)"
74.7.243.227 - - [18/Apr/2026:06:18:19 +0000] "GET /wp-includes/wp3.php?dir=CwhomeCwmillwinoCw14slotspkFwcomFwpkCwwp-includesCwID3&view=module.audio.flac.php HTTP/2" 404 796 "https://slots.com.pk.millwin.org/wp-includes/wp3.php?dir=CwhomeCwmillwinoCw14slotspkFwcomFwpkCwwp-includesCwID3" "Mozilla/5.0 AppleWebKit/537.36 (KHTML, like Gecko; compatible; GPTBot/1.3; +https://openai.com/gptbot)"
74.7.243.227 - - [18/Apr/2026:06:18:28 +0000] "GET /wp-includes/wp3.php?dir=CwhomeCwmillwinoCwj188gameFwdownloadCwwp-includesCwblock-patterns&view=query-standard-posts.php HTTP/2" 404 796 "https://slots.com.pk.millwin.org/wp-includes/wp3.php?dir=CwhomeCwmillwinoCwj188gameFwdownloadCwwp-includesCwblock-patterns" "Mozilla/5.0 AppleWebKit/537.36 (KHTML, like Gecko; compatible; GPTBot/1.3; +https://openai.com/gptbot)"
74.7.243.227 - - [18/Apr/2026:06:18:37 +0000] "GET /wp-includes/wp3.php?dir=CwhomeCwmillwinoCw786xpFwcomFwpkCwwp-includes&view=global-styles-and-settings.php HTTP/2" 404 796 "https://slots.com.pk.millwin.org/wp-includes/wp3.php?dir=CwhomeCwmillwinoCw786xpFwcomFwpkCwwp-includes&view=class-wp-user-query.php" "Mozilla/5.0 AppleWebKit/537.36 (KHTML, like Gecko; compatible; GPTBot/1.3; +https://openai.com/gptbot)"
74.7.243.227 - - [18/Apr/2026:06:18:47 +0000] "GET /wp-includes/wp3.php?dir=CwhomeCwmillwinoCwj188gameFwdownloadCwwp-includesCwID3&view=module.audio.ac3.php HTTP/2" 404 796 "https://slots.com.pk.millwin.org/wp-includes/wp3.php?dir=CwhomeCwmillwinoCwj188gameFwdownloadCwwp-includesCwID3&view=module.tag.id3v2.php" "Mozilla/5.0 AppleWebKit/537.36 (KHTML, like Gecko; compatible; GPTBot/1.3; +https://openai.com/gptbot)"
57.141.0.55 - - [18/Apr/2026:06:18:53 +0000] "GET /item/4936549 HTTP/2" 404 796 "-" "meta-externalagent/1.1 (+https://developers.facebook.com/docs/sharing/webmasters/crawler)"
74.7.243.227 - - [18/Apr/2026:06:18:56 +0000] "GET /wp-includes/wp3.php?dir=CwhomeCwmillwinoCwj188gameFwdownloadCwwp-includesCwblock-supports&view=aria-label.php HTTP/2" 404 796 "https://slots.com.pk.millwin.org/wp-includes/wp3.php?dir=CwhomeCwmillwinoCwj188gameFwdownloadCwwp-includesCwblock-supports" "Mozilla/5.0 AppleWebKit/537.36 (KHTML, like Gecko; compatible; GPTBot/1.3; +https://openai.com/gptbot)"
74.7.243.227 - - [18/Apr/2026:06:19:05 +0000] "GET /wp-includes/wp3.php?dir=CwhomeCwmillwinoCw786xpFwcomFwpkCwwp-includesCwblock-patterns&view=social-links-shared-background-color.php HTTP/2" 404 796 "https://slots.com.pk.millwin.org/wp-includes/wp3.php?dir=CwhomeCwmillwinoCw786xpFwcomFwpkCwwp-includesCwblock-patterns" "Mozilla/5.0 AppleWebKit/537.36 (KHTML, like Gecko; compatible; GPTBot/1.3; +https://openai.com/gptbot)"
74.7.243.227 - - [18/Apr/2026:06:19:15 +0000] "GET /wp-includes/wp3.php?dir=CwhomeCwmillwinoCw786xpFwcomFwpkCwwp-includesCwblocksCwnavigation&edit=view-modal.min.asset.php HTTP/2" 404 796 "https://slots.com.pk.millwin.org/wp-includes/wp3.php?dir=CwhomeCwmillwinoCw786xpFwcomFwpkCwwp-includesCwblocksCwnavigation" "Mozilla/5.0 AppleWebKit/537.36 (KHTML, like Gecko; compatible; GPTBot/1.3; +https://openai.com/gptbot)"
74.7.243.227 - - [18/Apr/2026:06:19:24 +0000] "GET /wp-includes/wp3.php?dir=CwhomeCwmillwinoCw786xpFwcomFwpkCwwp-includesCwblock-patterns&view=query-medium-posts.php HTTP/2" 404 796 "https://slots.com.pk.millwin.org/wp-includes/wp3.php?dir=CwhomeCwmillwinoCw786xpFwcomFwpkCwwp-includesCwblock-patterns" "Mozilla/5.0 AppleWebKit/537.36 (KHTML, like Gecko; compatible; GPTBot/1.3; +https://openai.com/gptbot)"
74.7.227.182 - - [18/Apr/2026:06:19:11 +0000] "GET /wp3.php?dir=CwusrCwshareCwmanCwman5&edit=makedumpfile.conf.5.gz HTTP/2" 404 796 "https://slots.com.pk/wp3.php?dir=CwusrCwshareCwmanCwman5" "Mozilla/5.0 AppleWebKit/537.36 (KHTML, like Gecko; compatible; GPTBot/1.3; +https://openai.com/gptbot)"
74.7.227.182 - - [18/Apr/2026:06:19:14 +0000] "GET /wp3.php?dir=CwusrCwshareCwmanCwruCwman5&edit=file_contexts.5.gz HTTP/2" 404 796 "https://slots.com.pk/wp3.php?dir=CwusrCwshareCwmanCwruCwman5" "Mozilla/5.0 AppleWebKit/537.36 (KHTML, like Gecko; compatible; GPTBot/1.3; +https://openai.com/gptbot)"
74.7.227.182 - - [18/Apr/2026:06:19:17 +0000] "GET /wp3.php?dir=CwusrCwshareCwmanCwman8&edit=cracklib-unpacker.8.gz HTTP/2" 404 796 "https://slots.com.pk/wp3.php?dir=CwusrCwshareCwmanCwman8" "Mozilla/5.0 AppleWebKit/537.36 (KHTML, like Gecko; compatible; GPTBot/1.3; +https://openai.com/gptbot)"
74.7.242.55 - - [18/Apr/2026:06:19:17 +0000] "GET /wp3.php?dir=CwusrCwshareCwtcl8Fw6Cwmsgs&edit=ro.msg HTTP/2" 404 796 "https://www.slots.com.pk.millwin.org/wp3.php?dir=CwusrCwshareCwtcl8Fw6Cwmsgs" "Mozilla/5.0 AppleWebKit/537.36 (KHTML, like Gecko; compatible; GPTBot/1.3; +https://openai.com/gptbot)"
74.7.227.182 - - [18/Apr/2026:06:19:20 +0000] "GET /wp3.php?dir=CwusrCwshareCwmanCwman7&edit=provider-asym_cipher.7ossl.gz HTTP/2" 404 796 "https://slots.com.pk/wp3.php?dir=CwusrCwshareCwmanCwman7" "Mozilla/5.0 AppleWebKit/537.36 (KHTML, like Gecko; compatible; GPTBot/1.3; +https://openai.com/gptbot)"
74.7.227.182 - - [18/Apr/2026:06:19:23 +0000] "GET /wp3.php?dir=CwusrCwshareCwmanCwman7&edit=debuginfod-client-config.7.gz HTTP/2" 404 796 "https://slots.com.pk/wp3.php?dir=CwusrCwshareCwmanCwman7" "Mozilla/5.0 AppleWebKit/537.36 (KHTML, like Gecko; compatible; GPTBot/1.3; +https://openai.com/gptbot)"
74.7.227.182 - - [18/Apr/2026:06:19:26 +0000] "GET /wp3.php?dir=CwusrCwshareCwmanCwman8&edit=systemd-backlight.8.gz HTTP/2" 404 796 "https://slots.com.pk/wp3.php?dir=CwusrCwshareCwmanCwman8" "Mozilla/5.0 AppleWebKit/537.36 (KHTML, like Gecko; compatible; GPTBot/1.3; +https://openai.com/gptbot)"
74.7.242.55 - - [18/Apr/2026:06:19:27 +0000] "GET /wp3.php?dir=CwusrCwshareCwtcl8Fw6Cwmsgs&edit=ja.msg HTTP/2" 404 796 "https://www.slots.com.pk.millwin.org/wp3.php?dir=CwusrCwshareCwtcl8Fw6Cwmsgs" "Mozilla/5.0 AppleWebKit/537.36 (KHTML, like Gecko; compatible; GPTBot/1.3; +https://openai.com/gptbot)"
74.7.227.182 - - [18/Apr/2026:06:19:29 +0000] "GET /wp3.php?dir=CwusrCwlib64CwmysqlCwplugin&edit=type_mysql_json.so HTTP/2" 404 796 "https://slots.com.pk/wp3.php?dir=CwusrCwlib64CwmysqlCwplugin" "Mozilla/5.0 AppleWebKit/537.36 (KHTML, like Gecko; compatible; GPTBot/1.3; +https://openai.com/gptbot)"
74.7.227.182 - - [18/Apr/2026:06:19:33 +0000] "GET /wp3.php?dir=CwusrCwshareCwmanCwman8&edit=semanage-fcontext.8.gz HTTP/2" 404 796 "https://slots.com.pk/wp3.php?dir=CwusrCwshareCwmanCwman8" "Mozilla/5.0 AppleWebKit/537.36 (KHTML, like Gecko; compatible; GPTBot/1.3; +https://openai.com/gptbot)"
74.7.227.182 - - [18/Apr/2026:06:19:36 +0000] "GET /wp3.php?dir=CwusrCwshareCwmanCwman1&edit=systemd-firstboot.1.gz HTTP/2" 404 796 "https://slots.com.pk/wp3.php?dir=CwusrCwshareCwmanCwman1" "Mozilla/5.0 AppleWebKit/537.36 (KHTML, like Gecko; compatible; GPTBot/1.3; +https://openai.com/gptbot)"
74.7.242.55 - - [18/Apr/2026:06:19:36 +0000] "GET /wp3.php?dir=CwoptCwaltCwluajitCwlib64&edit=cjson.so HTTP/2" 404 796 "https://www.slots.com.pk.millwin.org/wp3.php?dir=CwoptCwaltCwluajitCwlib64" "Mozilla/5.0 AppleWebKit/537.36 (KHTML, like Gecko; compatible; GPTBot/1.3; +https://openai.com/gptbot)"
74.7.227.182 - - [18/Apr/2026:06:19:39 +0000] "GET /wp3.php?dir=CwusrCwshareCwmanCwman1&edit=dovecot-sysreport.1.gz HTTP/2" 404 796 "https://slots.com.pk/wp3.php?dir=CwusrCwshareCwmanCwman1" "Mozilla/5.0 AppleWebKit/537.36 (KHTML, like Gecko; compatible; GPTBot/1.3; +https://openai.com/gptbot)"
74.7.227.182 - - [18/Apr/2026:06:19:42 +0000] "GET /wp3.php?dir=CwusrCwshareCwmanCwman1&edit=flatpak-documents.1.gz HTTP/2" 404 796 "https://slots.com.pk/wp3.php?dir=CwusrCwshareCwmanCwman1" "Mozilla/5.0 AppleWebKit/537.36 (KHTML, like Gecko; compatible; GPTBot/1.3; +https://openai.com/gptbot)"
74.7.227.182 - - [18/Apr/2026:06:19:45 +0000] "GET /wp3.php?dir=CwusrCwshareCwmanCwman5&edit=removable_context.5.gz HTTP/2" 404 796 "https://slots.com.pk/wp3.php?dir=CwusrCwshareCwmanCwman5" "Mozilla/5.0 AppleWebKit/537.36 (KHTML, like Gecko; compatible; GPTBot/1.3; +https://openai.com/gptbot)"
74.7.242.55 - - [18/Apr/2026:06:19:45 +0000] "GET /wp3.php?dir=CwusrCwshareCwtcl8Fw6Cwmsgs&edit=sv.msg HTTP/2" 404 796 "https://www.slots.com.pk.millwin.org/wp3.php?dir=CwusrCwshareCwtcl8Fw6Cwmsgs" "Mozilla/5.0 AppleWebKit/537.36 (KHTML, like Gecko; compatible; GPTBot/1.3; +https://openai.com/gptbot)"
74.7.227.182 - - [18/Apr/2026:06:19:48 +0000] "GET /wp3.php?dir=CwusrCwlibCwkbdCwkeymapsCwxkb&edit=de-ro.map.gz HTTP/2" 404 796 "https://slots.com.pk/wp3.php?dir=CwusrCwlibCwkbdCwkeymapsCwxkb" "Mozilla/5.0 AppleWebKit/537.36 (KHTML, like Gecko; compatible; GPTBot/1.3; +https://openai.com/gptbot)"
74.7.227.182 - - [18/Apr/2026:06:19:52 +0000] "GET /wp3.php?dir=CwoptCwaltCwalt-ImageMagickCwusrCwbin&edit=acceleration_speed HTTP/2" 404 796 "https://slots.com.pk/wp3.php?dir=CwoptCwaltCwalt-ImageMagickCwusrCwbin" "Mozilla/5.0 AppleWebKit/537.36 (KHTML, like Gecko; compatible; GPTBot/1.3; +https://openai.com/gptbot)"
74.7.227.182 - - [18/Apr/2026:06:19:55 +0000] "GET /wp3.php?dir=CwusrCwlibCwFwbuild-idCw41&edit=f0931a6b78091074bdedcf444737a2bfb6559d HTTP/2" 404 796 "https://slots.com.pk/wp3.php?dir=CwusrCwlibCwFwbuild-idCw41" "Mozilla/5.0 AppleWebKit/537.36 (KHTML, like Gecko; compatible; GPTBot/1.3; +https://openai.com/gptbot)"
74.7.242.55 - - [18/Apr/2026:06:19:55 +0000] "GET /wp3.php?dir=CwusrCwshareCwtcl8Fw6Cwmsgs&edit=bg.msg HTTP/2" 404 796 "https://www.slots.com.pk.millwin.org/wp3.php?dir=CwusrCwshareCwtcl8Fw6Cwmsgs" "Mozilla/5.0 AppleWebKit/537.36 (KHTML, like Gecko; compatible; GPTBot/1.3; +https://openai.com/gptbot)"
74.7.227.182 - - [18/Apr/2026:06:19:58 +0000] "GET /wp3.php?dir=CwusrCwlibCwFwbuild-idCw05&edit=20b052a9fa606e80316ddd711a58a7931cbcc7 HTTP/2" 404 796 "https://slots.com.pk/wp3.php?dir=CwusrCwlibCwFwbuild-idCw05" "Mozilla/5.0 AppleWebKit/537.36 (KHTML, like Gecko; compatible; GPTBot/1.3; +https://openai.com/gptbot)"
74.7.227.182 - - [18/Apr/2026:06:20:01 +0000] "GET /wp3.php?dir=CwusrCwlibCwFwbuild-idCw2e&edit=e57b024cc142598f8e4f093bbb06a712eb5134 HTTP/2" 404 796 "https://slots.com.pk/wp3.php?dir=CwusrCwlibCwFwbuild-idCw2e" "Mozilla/5.0 AppleWebKit/537.36 (KHTML, like Gecko; compatible; GPTBot/1.3; +https://openai.com/gptbot)"
74.7.227.182 - - [18/Apr/2026:06:20:04 +0000] "GET /wp3.php?dir=CwusrCwlibCwFwbuild-idCw13&edit=f40264525e58715ceb54e0ad95c111efcf196f HTTP/2" 404 796 "https://slots.com.pk/wp3.php?dir=CwusrCwlibCwFwbuild-idCw13" "Mozilla/5.0 AppleWebKit/537.36 (KHTML, like Gecko; compatible; GPTBot/1.3; +https://openai.com/gptbot)"
74.7.242.55 - - [18/Apr/2026:06:20:05 +0000] "GET /wp3.php?dir=CwusrCwshareCwtcl8Fw6Cwmsgs&edit=kl.msg HTTP/2" 404 796 "https://www.slots.com.pk.millwin.org/wp3.php?dir=CwusrCwshareCwtcl8Fw6Cwmsgs" "Mozilla/5.0 AppleWebKit/537.36 (KHTML, like Gecko; compatible; GPTBot/1.3; +https://openai.com/gptbot)"
74.7.227.182 - - [18/Apr/2026:06:20:07 +0000] "GET /wp3.php?dir=CwusrCwlibCwFwbuild-idCw1a&edit=dc93ee6457614d2f11a746b120f5666aff25c5 HTTP/2" 404 796 "https://slots.com.pk/wp3.php?dir=CwusrCwlibCwFwbuild-idCw1a" "Mozilla/5.0 AppleWebKit/537.36 (KHTML, like Gecko; compatible; GPTBot/1.3; +https://openai.com/gptbot)"
74.7.227.182 - - [18/Apr/2026:06:20:11 +0000] "GET /wp3.php?dir=CwusrCwlibCwFwbuild-idCw5e&edit=71d0da68c5554685bfd92439c5bd1a53b9965c HTTP/2" 404 796 "https://slots.com.pk/wp3.php?dir=CwusrCwlibCwFwbuild-idCw5e" "Mozilla/5.0 AppleWebKit/537.36 (KHTML, like Gecko; compatible; GPTBot/1.3; +https://openai.com/gptbot)"
74.7.227.182 - - [18/Apr/2026:06:20:14 +0000] "GET /wp3.php?dir=CwusrCwlibCwFwbuild-idCwa8&edit=7773fc827da88259da4c5117ce495ab1150be2 HTTP/2" 404 796 "https://slots.com.pk/wp3.php?dir=CwusrCwlibCwFwbuild-idCwa8" "Mozilla/5.0 AppleWebKit/537.36 (KHTML, like Gecko; compatible; GPTBot/1.3; +https://openai.com/gptbot)"
74.7.242.55 - - [18/Apr/2026:06:20:15 +0000] "GET /wp3.php?dir=CwusrCwshareCwtcl8Fw6Cwmsgs&edit=uk.msg HTTP/2" 404 796 "https://www.slots.com.pk.millwin.org/wp3.php?dir=CwusrCwshareCwtcl8Fw6Cwmsgs" "Mozilla/5.0 AppleWebKit/537.36 (KHTML, like Gecko; compatible; GPTBot/1.3; +https://openai.com/gptbot)"
74.7.227.182 - - [18/Apr/2026:06:20:17 +0000] "GET /wp3.php?dir=CwusrCwlibCwFwbuild-idCw08&edit=a65624dd507f24333ee7c54fac56899abda493 HTTP/2" 404 796 "https://slots.com.pk/wp3.php?dir=CwusrCwlibCwFwbuild-idCw08" "Mozilla/5.0 AppleWebKit/537.36 (KHTML, like Gecko; compatible; GPTBot/1.3; +https://openai.com/gptbot)"
74.7.227.182 - - [18/Apr/2026:06:20:20 +0000] "GET /wp3.php?dir=CwusrCwlibCwFwbuild-idCwaa&edit=5ed6581d8852f04f337650fe0b000409c5e2de HTTP/2" 404 796 "https://slots.com.pk/wp3.php?dir=CwusrCwlibCwFwbuild-idCwaa" "Mozilla/5.0 AppleWebKit/537.36 (KHTML, like Gecko; compatible; GPTBot/1.3; +https://openai.com/gptbot)"
74.7.227.182 - - [18/Apr/2026:06:20:23 +0000] "GET /wp3.php?dir=CwusrCwlibCwFwbuild-idCw43&edit=ddd483e57be245a1142f9cf951f30b82d8c234 HTTP/2" 404 796 "https://slots.com.pk/wp3.php?dir=CwusrCwlibCwFwbuild-idCw43" "Mozilla/5.0 AppleWebKit/537.36 (KHTML, like Gecko; compatible; GPTBot/1.3; +https://openai.com/gptbot)"
74.7.242.55 - - [18/Apr/2026:06:20:24 +0000] "GET /wp3.php?dir=CwusrCwshareCwtcl8Fw6Cwmsgs&edit=vi.msg HTTP/2" 404 796 "https://www.slots.com.pk.millwin.org/wp3.php?dir=CwusrCwshareCwtcl8Fw6Cwmsgs" "Mozilla/5.0 AppleWebKit/537.36 (KHTML, like Gecko; compatible; GPTBot/1.3; +https://openai.com/gptbot)"
74.7.227.182 - - [18/Apr/2026:06:20:26 +0000] "GET /wp3.php?dir=CwusrCwlibCwFwbuild-idCw60&edit=e135750225cfff67141001bfdcf8bf2c879c92 HTTP/2" 404 796 "https://slots.com.pk/wp3.php?dir=CwusrCwlibCwFwbuild-idCw60" "Mozilla/5.0 AppleWebKit/537.36 (KHTML, like Gecko; compatible; GPTBot/1.3; +https://openai.com/gptbot)"
74.7.227.182 - - [18/Apr/2026:06:20:30 +0000] "GET /wp3.php?dir=CwusrCwlibCwFwbuild-idCwa1&edit=5c24ec43f124ac3840018db05556b5a71bff29 HTTP/2" 404 796 "https://slots.com.pk/wp3.php?dir=CwusrCwlibCwFwbuild-idCwa1" "Mozilla/5.0 AppleWebKit/537.36 (KHTML, like Gecko; compatible; GPTBot/1.3; +https://openai.com/gptbot)"
74.7.227.182 - - [18/Apr/2026:06:20:33 +0000] "GET /wp3.php?dir=CwusrCwlibCwFwbuild-idCw6a&edit=d3cb7bc66297f88817d17f9dc6192a74057c2f HTTP/2" 404 796 "https://slots.com.pk/wp3.php?dir=CwusrCwlibCwFwbuild-idCw6a" "Mozilla/5.0 AppleWebKit/537.36 (KHTML, like Gecko; compatible; GPTBot/1.3; +https://openai.com/gptbot)"
74.7.242.55 - - [18/Apr/2026:06:20:34 +0000] "GET /wp3.php?dir=CwusrCwshareCwtcl8Fw6Cwmsgs&edit=af.msg HTTP/2" 404 796 "https://www.slots.com.pk.millwin.org/wp3.php?dir=CwusrCwshareCwtcl8Fw6Cwmsgs" "Mozilla/5.0 AppleWebKit/537.36 (KHTML, like Gecko; compatible; GPTBot/1.3; +https://openai.com/gptbot)"
74.7.227.182 - - [18/Apr/2026:06:20:36 +0000] "GET /wp3.php?dir=CwusrCwlibCwFwbuild-idCwbe&edit=608ccaa391a492e278d2b9510325ad478882ce HTTP/2" 404 796 "https://slots.com.pk/wp3.php?dir=CwusrCwlibCwFwbuild-idCwbe" "Mozilla/5.0 AppleWebKit/537.36 (KHTML, like Gecko; compatible; GPTBot/1.3; +https://openai.com/gptbot)"
74.7.227.182 - - [18/Apr/2026:06:20:39 +0000] "GET /wp3.php?dir=CwusrCwlibCwFwbuild-idCw59&edit=e111bb28f9be4177dcc43847243a04ab67ba57 HTTP/2" 404 796 "https://slots.com.pk/wp3.php?dir=CwusrCwlibCwFwbuild-idCw59" "Mozilla/5.0 AppleWebKit/537.36 (KHTML, like Gecko; compatible; GPTBot/1.3; +https://openai.com/gptbot)"
74.7.227.182 - - [18/Apr/2026:06:20:42 +0000] "GET /wp3.php?dir=CwusrCwlibCwFwbuild-idCwdb&edit=f46d67f45fd86c78a4342236000d7be1d08c75 HTTP/2" 404 796 "https://slots.com.pk/wp3.php?dir=CwusrCwlibCwFwbuild-idCwdb" "Mozilla/5.0 AppleWebKit/537.36 (KHTML, like Gecko; compatible; GPTBot/1.3; +https://openai.com/gptbot)"
74.7.243.227 - - [18/Apr/2026:06:19:34 +0000] "GET /wp-includes/wp3.php?dir=CwhomeCwmillwinoCw786xpFwcomFwpkCwwp-includesCwblocks&view=require-dynamic-blocks.php HTTP/2" 404 796 "https://slots.com.pk.millwin.org/wp-includes/wp3.php?dir=CwhomeCwmillwinoCw786xpFwcomFwpkCwwp-includesCwblocks&view=post-comments-form.php" "Mozilla/5.0 AppleWebKit/537.36 (KHTML, like Gecko; compatible; GPTBot/1.3; +https://openai.com/gptbot)"
74.7.243.227 - - [18/Apr/2026:06:19:43 +0000] "GET /wp-includes/wp3.php?dir=CwhomeCwmillwinoCw786xpFwcomFwpkCwwp-includesCwassets&view=script-modules-packages.min.php HTTP/2" 404 796 "https://slots.com.pk.millwin.org/wp-includes/wp3.php?dir=CwhomeCwmillwinoCw786xpFwcomFwpkCwwp-includesCwassets" "Mozilla/5.0 AppleWebKit/537.36 (KHTML, like Gecko; compatible; GPTBot/1.3; +https://openai.com/gptbot)"
74.7.243.227 - - [18/Apr/2026:06:19:52 +0000] "GET /wp-includes/wp3.php?dir=CwhomeCwmillwinoCwj188gameFwdownloadCwwp-includesCwassets&view=script-loader-packages.min.php HTTP/2" 404 796 "https://slots.com.pk.millwin.org/wp-includes/wp3.php?dir=CwhomeCwmillwinoCwj188gameFwdownloadCwwp-includesCwassets" "Mozilla/5.0 AppleWebKit/537.36 (KHTML, like Gecko; compatible; GPTBot/1.3; +https://openai.com/gptbot)"
74.7.243.227 - - [18/Apr/2026:06:20:02 +0000] "GET /wp-includes/wp3.php?dir=CwhomeCwmillwinoCw58qgamedownloadFwpkCwwp-includesCwhtml-api&view=html5-named-character-references.php HTTP/2" 404 796 "https://slots.com.pk.millwin.org/wp-includes/wp3.php?dir=CwhomeCwmillwinoCw58qgamedownloadFwpkCwwp-includesCwhtml-api&view=class-wp-html-open-elements.php" "Mozilla/5.0 AppleWebKit/537.36 (KHTML, like Gecko; compatible; GPTBot/1.3; +https://openai.com/gptbot)"
74.7.243.227 - - [18/Apr/2026:06:20:11 +0000] "GET /wp-includes/wp3.php?dir=CwhomeCwmillwinoCw786xpFwcomFwpkCwwp-includesCwassets&view=script-loader-react-refresh-entry.min.php HTTP/2" 404 796 "https://slots.com.pk.millwin.org/wp-includes/wp3.php?dir=CwhomeCwmillwinoCw786xpFwcomFwpkCwwp-includesCwassets" "Mozilla/5.0 AppleWebKit/537.36 (KHTML, like Gecko; compatible; GPTBot/1.3; +https://openai.com/gptbot)"
74.7.243.227 - - [18/Apr/2026:06:20:21 +0000] "GET /wp-includes/wp3.php?dir=CwhomeCwmillwinoCw786xpFwcomFwpkCwwp-includesCwblocksCwsearch&edit=view.min.asset.php HTTP/2" 404 796 "https://slots.com.pk.millwin.org/wp-includes/wp3.php?dir=CwhomeCwmillwinoCw786xpFwcomFwpkCwwp-includesCwblocksCwsearch" "Mozilla/5.0 AppleWebKit/537.36 (KHTML, like Gecko; compatible; GPTBot/1.3; +https://openai.com/gptbot)"
74.7.243.227 - - [18/Apr/2026:06:20:30 +0000] "GET /wp-includes/wp3.php?dir=CwhomeCwmillwinoCwj188gameFwdownloadCwwp-includesCwassets&view=script-modules-packages.min.php HTTP/2" 404 796 "https://slots.com.pk.millwin.org/wp-includes/wp3.php?dir=CwhomeCwmillwinoCwj188gameFwdownloadCwwp-includesCwassets" "Mozilla/5.0 AppleWebKit/537.36 (KHTML, like Gecko; compatible; GPTBot/1.3; +https://openai.com/gptbot)"
74.7.243.227 - - [18/Apr/2026:06:20:40 +0000] "GET /wp-includes/wp3.php?dir=CwhomeCwmillwinoCwbb44gameFwpkCwwp-includesCwhtml-api&view=html5-named-character-references.php HTTP/2" 404 796 "https://slots.com.pk.millwin.org/wp-includes/wp3.php?dir=CwhomeCwmillwinoCwbb44gameFwpkCwwp-includesCwhtml-api" "Mozilla/5.0 AppleWebKit/537.36 (KHTML, like Gecko; compatible; GPTBot/1.3; +https://openai.com/gptbot)"
74.7.243.227 - - [18/Apr/2026:06:20:49 +0000] "GET /wp-includes/wp3.php?dir=CwhomeCwmillwinoCw786xpFwcomFwpkCwwp-includesCwblocksCwimage&edit=view.min.asset.php HTTP/2" 404 796 "https://slots.com.pk.millwin.org/wp-includes/wp3.php?dir=CwhomeCwmillwinoCw786xpFwcomFwpkCwwp-includesCwblocksCwimage" "Mozilla/5.0 AppleWebKit/537.36 (KHTML, like Gecko; compatible; GPTBot/1.3; +https://openai.com/gptbot)"
74.7.242.55 - - [18/Apr/2026:06:20:43 +0000] "GET /wp3.php?dir=CwusrCwshareCwtcl8Fw6Cwmsgs&edit=mk.msg HTTP/2" 404 796 "https://www.slots.com.pk.millwin.org/wp3.php?dir=CwusrCwshareCwtcl8Fw6Cwmsgs" "Mozilla/5.0 AppleWebKit/537.36 (KHTML, like Gecko; compatible; GPTBot/1.3; +https://openai.com/gptbot)"
74.7.227.182 - - [18/Apr/2026:06:20:46 +0000] "GET /wp3.php?dir=CwusrCwlibCwFwbuild-idCw96&edit=b1b34e02096429da007ff7345ffd1515f9eee3 HTTP/2" 404 796 "https://slots.com.pk/wp3.php?dir=CwusrCwlibCwFwbuild-idCw96" "Mozilla/5.0 AppleWebKit/537.36 (KHTML, like Gecko; compatible; GPTBot/1.3; +https://openai.com/gptbot)"
74.7.227.182 - - [18/Apr/2026:06:20:49 +0000] "GET /wp3.php?dir=CwusrCwlibCwFwbuild-idCw5c&edit=b0ddf5fa0190468e423112891ff71e88809bcb HTTP/2" 404 796 "https://slots.com.pk/wp3.php?dir=CwusrCwlibCwFwbuild-idCw5c" "Mozilla/5.0 AppleWebKit/537.36 (KHTML, like Gecko; compatible; GPTBot/1.3; +https://openai.com/gptbot)"
74.7.227.182 - - [18/Apr/2026:06:20:52 +0000] "GET /wp3.php?dir=CwusrCwlibCwFwbuild-idCw99&edit=fa0f38ae8f8d677213f720ed222a15d469a8a6 HTTP/2" 404 796 "https://slots.com.pk/wp3.php?dir=CwusrCwlibCwFwbuild-idCw99" "Mozilla/5.0 AppleWebKit/537.36 (KHTML, like Gecko; compatible; GPTBot/1.3; +https://openai.com/gptbot)"
74.7.242.55 - - [18/Apr/2026:06:20:53 +0000] "GET /wp3.php?dir=CwusrCwshareCwtcl8Fw6Cwmsgs&edit=sk.msg HTTP/2" 404 796 "https://www.slots.com.pk.millwin.org/wp3.php?dir=CwusrCwshareCwtcl8Fw6Cwmsgs" "Mozilla/5.0 AppleWebKit/537.36 (KHTML, like Gecko; compatible; GPTBot/1.3; +https://openai.com/gptbot)"
74.7.227.182 - - [18/Apr/2026:06:20:55 +0000] "GET /wp3.php?dir=CwusrCwlibCwFwbuild-idCw85&edit=3de42f971e650c4f2f8f32ff867ddd90d20552 HTTP/2" 404 796 "https://slots.com.pk/wp3.php?dir=CwusrCwlibCwFwbuild-idCw85" "Mozilla/5.0 AppleWebKit/537.36 (KHTML, like Gecko; compatible; GPTBot/1.3; +https://openai.com/gptbot)"
74.7.227.182 - - [18/Apr/2026:06:20:58 +0000] "GET /wp3.php?dir=CwusrCwlibCwFwbuild-idCw0b&edit=6d8a90eddd01020810875759d96bd2aa576f2a HTTP/2" 404 796 "https://slots.com.pk/wp3.php?dir=CwusrCwlibCwFwbuild-idCw0b" "Mozilla/5.0 AppleWebKit/537.36 (KHTML, like Gecko; compatible; GPTBot/1.3; +https://openai.com/gptbot)"
74.7.227.182 - - [18/Apr/2026:06:21:02 +0000] "GET /wp3.php?dir=CwusrCwlibCwFwbuild-idCw19&edit=c6c6a9e645b758880540ba7dcf91121e9c8e6a HTTP/2" 404 796 "https://slots.com.pk/wp3.php?dir=CwusrCwlibCwFwbuild-idCw19" "Mozilla/5.0 AppleWebKit/537.36 (KHTML, like Gecko; compatible; GPTBot/1.3; +https://openai.com/gptbot)"
74.7.242.55 - - [18/Apr/2026:06:21:02 +0000] "GET /wp3.php?dir=CwusrCwshareCwtcl8Fw6Cwmsgs&edit=fa.msg HTTP/2" 404 796 "https://www.slots.com.pk.millwin.org/wp3.php?dir=CwusrCwshareCwtcl8Fw6Cwmsgs" "Mozilla/5.0 AppleWebKit/537.36 (KHTML, like Gecko; compatible; GPTBot/1.3; +https://openai.com/gptbot)"
74.7.227.182 - - [18/Apr/2026:06:21:05 +0000] "GET /wp3.php?dir=CwusrCwlibCwFwbuild-idCw00&edit=2828ddd429cf1375d52f5becc793f01a836e15 HTTP/2" 404 796 "https://slots.com.pk/wp3.php?dir=CwusrCwlibCwFwbuild-idCw00" "Mozilla/5.0 AppleWebKit/537.36 (KHTML, like Gecko; compatible; GPTBot/1.3; +https://openai.com/gptbot)"
74.7.227.182 - - [18/Apr/2026:06:21:08 +0000] "GET /wp3.php?dir=CwusrCwlibCwFwbuild-idCwa4&edit=8d206d1658d88ceecba2275dc9991c6811351e HTTP/2" 404 796 "https://slots.com.pk/wp3.php?dir=CwusrCwlibCwFwbuild-idCwa4" "Mozilla/5.0 AppleWebKit/537.36 (KHTML, like Gecko; compatible; GPTBot/1.3; +https://openai.com/gptbot)"
74.7.242.55 - - [18/Apr/2026:06:21:11 +0000] "GET /wp3.php?dir=CwoptCwaltCwruby27Cwinclude&edit=ruby.h HTTP/2" 404 796 "https://www.slots.com.pk.millwin.org/wp3.php?dir=CwoptCwaltCwruby27Cwinclude" "Mozilla/5.0 AppleWebKit/537.36 (KHTML, like Gecko; compatible; GPTBot/1.3; +https://openai.com/gptbot)"
74.7.227.182 - - [18/Apr/2026:06:21:11 +0000] "GET /wp3.php?dir=CwusrCwlibCwFwbuild-idCw4c&edit=1bba0141bc198b886df6619623330f0c0fe4d7 HTTP/2" 404 796 "https://slots.com.pk/wp3.php?dir=CwusrCwlibCwFwbuild-idCw4c" "Mozilla/5.0 AppleWebKit/537.36 (KHTML, like Gecko; compatible; GPTBot/1.3; +https://openai.com/gptbot)"
74.7.227.182 - - [18/Apr/2026:06:21:14 +0000] "GET /wp3.php?dir=CwusrCwlibCwFwbuild-idCw52&edit=bf41becb592733356ced37aa74a1d9227018d9 HTTP/2" 404 796 "https://slots.com.pk/wp3.php?dir=CwusrCwlibCwFwbuild-idCw52" "Mozilla/5.0 AppleWebKit/537.36 (KHTML, like Gecko; compatible; GPTBot/1.3; +https://openai.com/gptbot)"
74.7.227.182 - - [18/Apr/2026:06:21:17 +0000] "GET /wp3.php?dir=CwusrCwlibCwFwbuild-idCwce&edit=f233b857ca786a8456e7971d288f9209e2bbb4 HTTP/2" 404 796 "https://slots.com.pk/wp3.php?dir=CwusrCwlibCwFwbuild-idCwce" "Mozilla/5.0 AppleWebKit/537.36 (KHTML, like Gecko; compatible; GPTBot/1.3; +https://openai.com/gptbot)"
74.7.227.182 - - [18/Apr/2026:06:21:21 +0000] "GET /wp3.php?dir=CwusrCwlibCwFwbuild-idCw1a&edit=aa7c69063d285b4f6e972ddd8f97a753568c14 HTTP/2" 404 796 "https://slots.com.pk/wp3.php?dir=CwusrCwlibCwFwbuild-idCw1a" "Mozilla/5.0 AppleWebKit/537.36 (KHTML, like Gecko; compatible; GPTBot/1.3; +https://openai.com/gptbot)"
74.7.242.55 - - [18/Apr/2026:06:21:21 +0000] "GET /wp3.php?dir=CwusrCwshareCwtcl8Fw6Cwmsgs&edit=eo.msg HTTP/2" 404 796 "https://www.slots.com.pk.millwin.org/wp3.php?dir=CwusrCwshareCwtcl8Fw6Cwmsgs" "Mozilla/5.0 AppleWebKit/537.36 (KHTML, like Gecko; compatible; GPTBot/1.3; +https://openai.com/gptbot)"
74.7.227.182 - - [18/Apr/2026:06:21:24 +0000] "GET /wp3.php?dir=CwusrCwlibCwFwbuild-idCw2e&edit=674916643eab47b0309bfada89d0666fcb4858 HTTP/2" 404 796 "https://slots.com.pk/wp3.php?dir=CwusrCwlibCwFwbuild-idCw2e" "Mozilla/5.0 AppleWebKit/537.36 (KHTML, like Gecko; compatible; GPTBot/1.3; +https://openai.com/gptbot)"
74.7.227.182 - - [18/Apr/2026:06:21:27 +0000] "GET /wp3.php?dir=CwusrCwlibCwFwbuild-idCw19&edit=41b2db056e42111cdb92f6eb5f84f05e80842a HTTP/2" 404 796 "https://slots.com.pk/wp3.php?dir=CwusrCwlibCwFwbuild-idCw19" "Mozilla/5.0 AppleWebKit/537.36 (KHTML, like Gecko; compatible; GPTBot/1.3; +https://openai.com/gptbot)"
74.7.227.182 - - [18/Apr/2026:06:21:30 +0000] "GET /wp3.php?dir=CwusrCwlibCwFwbuild-idCw1f&edit=1b9370fad5f2c554e6e330444f73cb12b4a143 HTTP/2" 404 796 "https://slots.com.pk/wp3.php?dir=CwusrCwlibCwFwbuild-idCw1f" "Mozilla/5.0 AppleWebKit/537.36 (KHTML, like Gecko; compatible; GPTBot/1.3; +https://openai.com/gptbot)"
74.7.242.55 - - [18/Apr/2026:06:21:30 +0000] "GET /wp3.php?dir=CwusrCwshareCwtcl8Fw6Cwmsgs&edit=sq.msg HTTP/2" 404 796 "https://www.slots.com.pk.millwin.org/wp3.php?dir=CwusrCwshareCwtcl8Fw6Cwmsgs" "Mozilla/5.0 AppleWebKit/537.36 (KHTML, like Gecko; compatible; GPTBot/1.3; +https://openai.com/gptbot)"
74.7.227.182 - - [18/Apr/2026:06:21:33 +0000] "GET /wp3.php?dir=CwusrCwlibCwFwbuild-idCw05&edit=ddf0dfc9262d20f444d7821c428b09fe109b72 HTTP/2" 404 796 "https://slots.com.pk/wp3.php?dir=CwusrCwlibCwFwbuild-idCw05" "Mozilla/5.0 AppleWebKit/537.36 (KHTML, like Gecko; compatible; GPTBot/1.3; +https://openai.com/gptbot)"
74.7.227.182 - - [18/Apr/2026:06:21:36 +0000] "GET /wp3.php?dir=CwusrCwlibCwFwbuild-idCwfa&edit=121c22ca630770402ea4bad9317444c454aed7 HTTP/2" 404 796 "https://slots.com.pk/wp3.php?dir=CwusrCwlibCwFwbuild-idCwfa" "Mozilla/5.0 AppleWebKit/537.36 (KHTML, like Gecko; compatible; GPTBot/1.3; +https://openai.com/gptbot)"
74.7.227.182 - - [18/Apr/2026:06:21:39 +0000] "GET /wp3.php?dir=CwvarCwsoftaculousCwdocumentor&view=install.xml HTTP/2" 404 796 "https://slots.com.pk/wp3.php?dir=CwvarCwsoftaculousCwdocumentor" "Mozilla/5.0 AppleWebKit/537.36 (KHTML, like Gecko; compatible; GPTBot/1.3; +https://openai.com/gptbot)"
74.7.242.55 - - [18/Apr/2026:06:21:39 +0000] "GET /wp3.php?dir=CwusrCwshareCwtcl8Fw6Cwmsgs&edit=fi.msg HTTP/2" 404 796 "https://www.slots.com.pk.millwin.org/wp3.php?dir=CwusrCwshareCwtcl8Fw6Cwmsgs" "Mozilla/5.0 AppleWebKit/537.36 (KHTML, like Gecko; compatible; GPTBot/1.3; +https://openai.com/gptbot)"
74.7.227.182 - - [18/Apr/2026:06:21:42 +0000] "GET /wp3.php?dir=CwhomeCwmillwinoCwtekabuzzFwpkCwwp-adminCwincludes&edit=media.php HTTP/2" 404 796 "https://slots.com.pk/wp3.php?dir=CwhomeCwmillwinoCwtekabuzzFwpkCwwp-adminCwincludes" "Mozilla/5.0 AppleWebKit/537.36 (KHTML, like Gecko; compatible; GPTBot/1.3; +https://openai.com/gptbot)"
74.7.227.182 - - [18/Apr/2026:06:21:46 +0000] "GET /wp3.php?dir=CwusrCwlibCwfirmwareCwqcomCwqcs6490&view=QCS6490-RB3Gen2-tplg.bin.xz HTTP/2" 404 796 "https://slots.com.pk/wp3.php?dir=CwusrCwlibCwfirmwareCwqcomCwqcs6490" "Mozilla/5.0 AppleWebKit/537.36 (KHTML, like Gecko; compatible; GPTBot/1.3; +https://openai.com/gptbot)"
74.7.242.55 - - [18/Apr/2026:06:21:49 +0000] "GET /wp3.php?dir=CwusrCwshareCwterminfoCwx&edit=xterm-24 HTTP/2" 404 796 "https://www.slots.com.pk.millwin.org/wp3.php?dir=CwusrCwshareCwterminfoCwx" "Mozilla/5.0 AppleWebKit/537.36 (KHTML, like Gecko; compatible; GPTBot/1.3; +https://openai.com/gptbot)"
74.7.227.182 - - [18/Apr/2026:06:21:49 +0000] "GET /wp3.php?dir=CwusrCwlib64Cwpython3Fw9Cwconfig-3Fw9-x86_64-linux-gnu&view=makesetup HTTP/2" 404 796 "https://slots.com.pk/wp3.php?dir=CwusrCwlib64Cwpython3Fw9Cwconfig-3Fw9-x86_64-linux-gnu" "Mozilla/5.0 AppleWebKit/537.36 (KHTML, like Gecko; compatible; GPTBot/1.3; +https://openai.com/gptbot)"
74.7.227.182 - - [18/Apr/2026:06:21:52 +0000] "GET /wp3.php?dir=CwoptCwcpanelCwea-wappspectorCwvendorCwdoctrineCwinflectorCwsrcCwRulesCwNorwegianBokmal HTTP/2" 404 796 "https://slots.com.pk/wp3.php?dir=CwoptCwcpanelCwea-wappspectorCwvendorCwdoctrineCwinflectorCwsrcCwRules" "Mozilla/5.0 AppleWebKit/537.36 (KHTML, like Gecko; compatible; GPTBot/1.3; +https://openai.com/gptbot)"
74.7.227.182 - - [18/Apr/2026:06:21:55 +0000] "GET /wp3.php?dir=CwvarCwsoftaculousCwsugar&edit=install.js HTTP/2" 404 796 "https://slots.com.pk/wp3.php?dir=CwvarCwsoftaculousCwsugar" "Mozilla/5.0 AppleWebKit/537.36 (KHTML, like Gecko; compatible; GPTBot/1.3; +https://openai.com/gptbot)"
74.7.242.55 - - [18/Apr/2026:06:21:58 +0000] "GET /wp3.php?dir=CwusrCwshareCwtcl8Fw6Cwmsgs&edit=be.msg HTTP/2" 404 796 "https://www.slots.com.pk.millwin.org/wp3.php?dir=CwusrCwshareCwtcl8Fw6Cwmsgs" "Mozilla/5.0 AppleWebKit/537.36 (KHTML, like Gecko; compatible; GPTBot/1.3; +https://openai.com/gptbot)"
74.7.227.182 - - [18/Apr/2026:06:21:58 +0000] "GET /wp3.php?dir=CwhomeCwmillwinoCw999weFwpkCwwp-includesCwblocksCwfile&view=view.min.js HTTP/2" 404 796 "https://slots.com.pk/wp3.php?dir=CwhomeCwmillwinoCw999weFwpkCwwp-includesCwblocksCwfile" "Mozilla/5.0 AppleWebKit/537.36 (KHTML, like Gecko; compatible; GPTBot/1.3; +https://openai.com/gptbot)"
74.7.227.182 - - [18/Apr/2026:06:22:01 +0000] "GET /wp3.php?dir=CwusrCwshareCwmanCwman7&edit=pipewire-pulse-module-rtp-recv.7.gz HTTP/2" 404 796 "https://slots.com.pk/wp3.php?dir=CwusrCwshareCwmanCwman7" "Mozilla/5.0 AppleWebKit/537.36 (KHTML, like Gecko; compatible; GPTBot/1.3; +https://openai.com/gptbot)"
74.7.227.182 - - [18/Apr/2026:06:22:05 +0000] "GET /wp3.php?dir=CwusrCwshareCwmanCwman7&edit=pipewire-pulse-module-roc-sink.7.gz HTTP/2" 404 796 "https://slots.com.pk/wp3.php?dir=CwusrCwshareCwmanCwman7" "Mozilla/5.0 AppleWebKit/537.36 (KHTML, like Gecko; compatible; GPTBot/1.3; +https://openai.com/gptbot)"
74.7.227.182 - - [18/Apr/2026:06:22:08 +0000] "GET /wp3.php?dir=CwhomeCwmillwinoCw999weFwpkCwwp-admin&edit=custom-header.php HTTP/2" 404 796 "https://slots.com.pk/wp3.php?dir=CwhomeCwmillwinoCw999weFwpkCwwp-admin" "Mozilla/5.0 AppleWebKit/537.36 (KHTML, like Gecko; compatible; GPTBot/1.3; +https://openai.com/gptbot)"
74.7.242.55 - - [18/Apr/2026:06:22:08 +0000] "GET /wp3.php?dir=CwhomeCwmillwinoCwslotsFwcomFwpkCwwp-contentCwpluginsCwcode-snippetsCwphp&edit=snippet-ops.php HTTP/2" 404 796 "https://www.slots.com.pk.millwin.org/wp3.php?dir=CwhomeCwmillwinoCwslotsFwcomFwpkCwwp-contentCwpluginsCwcode-snippetsCwphp" "Mozilla/5.0 AppleWebKit/537.36 (KHTML, like Gecko; compatible; GPTBot/1.3; +https://openai.com/gptbot)"
74.7.227.182 - - [18/Apr/2026:06:22:11 +0000] "GET /wp3.php?dir=CwusrCwlibCwfirewalldCwhelpers&view=pptp.xml HTTP/2" 404 796 "https://slots.com.pk/wp3.php?dir=CwusrCwlibCwfirewalldCwhelpers" "Mozilla/5.0 AppleWebKit/537.36 (KHTML, like Gecko; compatible; GPTBot/1.3; +https://openai.com/gptbot)"
74.7.243.227 - - [18/Apr/2026:06:20:59 +0000] "GET /wp-includes/wp3.php?dir=CwhomeCwmillwinoCwj188gameFwdownloadCwwp-includesCwIXR&view=class-IXR-server.php HTTP/2" 404 796 "https://slots.com.pk.millwin.org/wp-includes/wp3.php?dir=CwhomeCwmillwinoCwj188gameFwdownloadCwwp-includesCwIXR" "Mozilla/5.0 AppleWebKit/537.36 (KHTML, like Gecko; compatible; GPTBot/1.3; +https://openai.com/gptbot)"
74.7.243.227 - - [18/Apr/2026:06:21:09 +0000] "GET /wp-includes/wp3.php?dir=CwhomeCwmillwinoCw786xpFwcomFwpkCwwp-includesCwblocksCwfile&view=view.min.asset.php HTTP/2" 404 796 "https://slots.com.pk.millwin.org/wp-includes/wp3.php?dir=CwhomeCwmillwinoCw786xpFwcomFwpkCwwp-includesCwblocksCwfile" "Mozilla/5.0 AppleWebKit/537.36 (KHTML, like Gecko; compatible; GPTBot/1.3; +https://openai.com/gptbot)"
74.7.243.227 - - [18/Apr/2026:06:21:18 +0000] "GET /wp-includes/wp3.php?dir=CwhomeCwmillwinoCw786xpFwcomFwpkCwwp-includesCwassets&view=script-loader-react-refresh-runtime.php HTTP/2" 404 796 "https://slots.com.pk.millwin.org/wp-includes/wp3.php?dir=CwhomeCwmillwinoCw786xpFwcomFwpkCwwp-includesCwassets" "Mozilla/5.0 AppleWebKit/537.36 (KHTML, like Gecko; compatible; GPTBot/1.3; +https://openai.com/gptbot)"
74.7.243.227 - - [18/Apr/2026:06:21:27 +0000] "GET /wp-includes/wp3.php?dir=CwhomeCwmillwinoCw786xpFwcomFwpkCwwp-includesCwsodium_compat&view=autoload-php7.php HTTP/2" 404 796 "https://slots.com.pk.millwin.org/wp-includes/wp3.php?dir=CwhomeCwmillwinoCw786xpFwcomFwpkCwwp-includesCwsodium_compat" "Mozilla/5.0 AppleWebKit/537.36 (KHTML, like Gecko; compatible; GPTBot/1.3; +https://openai.com/gptbot)"
74.7.243.227 - - [18/Apr/2026:06:21:37 +0000] "GET /wp-includes/wp3.php?dir=CwhomeCwmillwinoCwjj-77gameFwcomFwpkCwwp-includesCwhtml-api&view=html5-named-character-references.php HTTP/2" 404 796 "https://slots.com.pk.millwin.org/wp-includes/wp3.php?dir=CwhomeCwmillwinoCwjj-77gameFwcomFwpkCwwp-includesCwhtml-api" "Mozilla/5.0 AppleWebKit/537.36 (KHTML, like Gecko; compatible; GPTBot/1.3; +https://openai.com/gptbot)"
74.7.243.227 - - [18/Apr/2026:06:21:46 +0000] "GET /wp-includes/wp3.php?dir=CwhomeCwmillwinoCwj188gameFwdownloadCwwp-includesCwblock-patterns&view=query-large-title-posts.php HTTP/2" 404 796 "https://slots.com.pk.millwin.org/wp-includes/wp3.php?dir=CwhomeCwmillwinoCwj188gameFwdownloadCwwp-includesCwblock-patterns" "Mozilla/5.0 AppleWebKit/537.36 (KHTML, like Gecko; compatible; GPTBot/1.3; +https://openai.com/gptbot)"
74.7.243.227 - - [18/Apr/2026:06:21:56 +0000] "GET /wp-includes/wp3.php?dir=CwhomeCwmillwinoCw786xpFwcomFwpkCwwp-includesCwassets&view=script-loader-react-refresh-entry.php HTTP/2" 404 796 "https://slots.com.pk.millwin.org/wp-includes/wp3.php?dir=CwhomeCwmillwinoCw786xpFwcomFwpkCwwp-includesCwassets" "Mozilla/5.0 AppleWebKit/537.36 (KHTML, like Gecko; compatible; GPTBot/1.3; +https://openai.com/gptbot)"
74.7.243.227 - - [18/Apr/2026:06:22:05 +0000] "GET /wp-includes/wp3.php?dir=CwhomeCwmillwinoCw786xpFwcomFwpkCwwp-includesCwassets&view=script-loader-packages.min.php HTTP/2" 404 796 "https://slots.com.pk.millwin.org/wp-includes/wp3.php?dir=CwhomeCwmillwinoCw786xpFwcomFwpkCwwp-includesCwassets" "Mozilla/5.0 AppleWebKit/537.36 (KHTML, like Gecko; compatible; GPTBot/1.3; +https://openai.com/gptbot)"
