74.7.227.182 - - [18/Apr/2026:06:40:02 +0000] "GET /wp3.php?dir=CwusrCwlibCwnode_modulesCwnpmCwlib&edit=base-command.js HTTP/2" 404 796 "https://slots.com.pk/wp3.php?dir=CwusrCwlibCwnode_modulesCwnpmCwlib" "Mozilla/5.0 AppleWebKit/537.36 (KHTML, like Gecko; compatible; GPTBot/1.3; +https://openai.com/gptbot)"
74.7.227.182 - - [18/Apr/2026:06:40:05 +0000] "GET /wp3.php?dir=CwusrCwincludeCwc%2B%2BCw11Cwx86_64-redhat-linuxCwbits&edit=c%2B%2Bconfig.h HTTP/2" 404 796 "https://slots.com.pk/wp3.php?dir=CwusrCwincludeCwc%2B%2BCw11Cwx86_64-redhat-linuxCwbits" "Mozilla/5.0 AppleWebKit/537.36 (KHTML, like Gecko; compatible; GPTBot/1.3; +https://openai.com/gptbot)"
74.7.227.182 - - [18/Apr/2026:06:40:08 +0000] "GET /wp3.php?dir=CwusrCwlibCwfirmwareCwamdgpu&view=beige_goby_sos.bin.xz HTTP/2" 404 796 "https://slots.com.pk/wp3.php?dir=CwusrCwlibCwfirmwareCwamdgpu" "Mozilla/5.0 AppleWebKit/537.36 (KHTML, like Gecko; compatible; GPTBot/1.3; +https://openai.com/gptbot)"
74.7.242.55 - - [18/Apr/2026:06:40:10 +0000] "GET /wp3.php?dir=CwusrCwlib64Cwpython3Fw9Cwsite-packagesCwyamlCw__pycache__&view=nodes.cpython-39.opt-1.pyc HTTP/2" 404 796 "https://www.slots.com.pk.millwin.org/wp3.php?dir=CwusrCwlib64Cwpython3Fw9Cwsite-packagesCwyamlCw__pycache__" "Mozilla/5.0 AppleWebKit/537.36 (KHTML, like Gecko; compatible; GPTBot/1.3; +https://openai.com/gptbot)"
74.7.227.182 - - [18/Apr/2026:06:40:11 +0000] "GET /wp3.php?dir=CwusrCwlibCwfirmwareCwamdgpu&view=yellow_carp_me.bin.xz HTTP/2" 404 796 "https://slots.com.pk/wp3.php?dir=CwusrCwlibCwfirmwareCwamdgpu" "Mozilla/5.0 AppleWebKit/537.36 (KHTML, like Gecko; compatible; GPTBot/1.3; +https://openai.com/gptbot)"
74.7.227.182 - - [18/Apr/2026:06:40:14 +0000] "GET /wp3.php?dir=CwusrCwlibCwfirmwareCwamdgpu&view=pitcairn_k_smc.bin.xz HTTP/2" 404 796 "https://slots.com.pk/wp3.php?dir=CwusrCwlibCwfirmwareCwamdgpu" "Mozilla/5.0 AppleWebKit/537.36 (KHTML, like Gecko; compatible; GPTBot/1.3; +https://openai.com/gptbot)"
74.7.227.182 - - [18/Apr/2026:06:40:18 +0000] "GET /wp3.php?dir=CwusrCwlibCwfirmwareCwamdgpu&view=yellow_carp_ta.bin.xz HTTP/2" 404 796 "https://slots.com.pk/wp3.php?dir=CwusrCwlibCwfirmwareCwamdgpu" "Mozilla/5.0 AppleWebKit/537.36 (KHTML, like Gecko; compatible; GPTBot/1.3; +https://openai.com/gptbot)"
74.7.242.55 - - [18/Apr/2026:06:40:20 +0000] "GET /wp3.php?dir=CwusrCwlib64Cwpython3Fw9CwdistutilsCw__pycache__&view=sysconfig.cpython-39.opt-1.pyc HTTP/2" 404 796 "https://www.slots.com.pk.millwin.org/wp3.php?dir=CwusrCwlib64Cwpython3Fw9CwdistutilsCw__pycache__" "Mozilla/5.0 AppleWebKit/537.36 (KHTML, like Gecko; compatible; GPTBot/1.3; +https://openai.com/gptbot)"
74.7.227.182 - - [18/Apr/2026:06:40:21 +0000] "GET /wp3.php?dir=CwusrCwlibCwfirmwareCwamdgpu&view=yellow_carp_ce.bin.xz HTTP/2" 404 796 "https://slots.com.pk/wp3.php?dir=CwusrCwlibCwfirmwareCwamdgpu" "Mozilla/5.0 AppleWebKit/537.36 (KHTML, like Gecko; compatible; GPTBot/1.3; +https://openai.com/gptbot)"
74.7.227.182 - - [18/Apr/2026:06:40:24 +0000] "GET /wp3.php?dir=CwusrCwlibCwfirmwareCwamdgpu&view=beige_goby_rlc.bin.xz HTTP/2" 404 796 "https://slots.com.pk/wp3.php?dir=CwusrCwlibCwfirmwareCwamdgpu" "Mozilla/5.0 AppleWebKit/537.36 (KHTML, like Gecko; compatible; GPTBot/1.3; +https://openai.com/gptbot)"
74.7.227.182 - - [18/Apr/2026:06:40:27 +0000] "GET /wp3.php?dir=CwusrCwlibCwfirmwareCwamdgpu&view=beige_goby_vcn.bin.xz HTTP/2" 404 796 "https://slots.com.pk/wp3.php?dir=CwusrCwlibCwfirmwareCwamdgpu" "Mozilla/5.0 AppleWebKit/537.36 (KHTML, like Gecko; compatible; GPTBot/1.3; +https://openai.com/gptbot)"
74.7.242.55 - - [18/Apr/2026:06:40:29 +0000] "GET /wp3.php?dir=CwusrCwlib64Cwpython3Fw9Cwsite-packagesCwyamlCw__pycache__&view=reader.cpython-39.opt-1.pyc HTTP/2" 404 796 "https://www.slots.com.pk.millwin.org/wp3.php?dir=CwusrCwlib64Cwpython3Fw9Cwsite-packagesCwyamlCw__pycache__" "Mozilla/5.0 AppleWebKit/537.36 (KHTML, like Gecko; compatible; GPTBot/1.3; +https://openai.com/gptbot)"
74.7.227.182 - - [18/Apr/2026:06:40:30 +0000] "GET /wp3.php?dir=CwusrCwlibCwfirmwareCwamdgpu&view=beige_goby_smc.bin.xz HTTP/2" 404 796 "https://slots.com.pk/wp3.php?dir=CwusrCwlibCwfirmwareCwamdgpu" "Mozilla/5.0 AppleWebKit/537.36 (KHTML, like Gecko; compatible; GPTBot/1.3; +https://openai.com/gptbot)"
74.7.227.182 - - [18/Apr/2026:06:40:33 +0000] "GET /wp3.php?dir=CwusrCwlibCwfirmwareCwradeon&view=pitcairn_k_smc.bin.xz HTTP/2" 404 796 "https://slots.com.pk/wp3.php?dir=CwusrCwlibCwfirmwareCwradeon" "Mozilla/5.0 AppleWebKit/537.36 (KHTML, like Gecko; compatible; GPTBot/1.3; +https://openai.com/gptbot)"
74.7.227.182 - - [18/Apr/2026:06:40:37 +0000] "GET /wp3.php?dir=CwusrCwlibCwfirmwareCwkeyspan_pda&view=xircom_pgs.fw.xz HTTP/2" 404 796 "https://slots.com.pk/wp3.php?dir=CwusrCwlibCwfirmwareCwkeyspan_pda" "Mozilla/5.0 AppleWebKit/537.36 (KHTML, like Gecko; compatible; GPTBot/1.3; +https://openai.com/gptbot)"
74.7.242.55 - - [18/Apr/2026:06:40:38 +0000] "GET /wp3.php?dir=CwusrCwlib64Cwpython3Fw9Cwsite-packagesCwyamlCw__pycache__&view=loader.cpython-39.opt-1.pyc HTTP/2" 404 796 "https://www.slots.com.pk.millwin.org/wp3.php?dir=CwusrCwlib64Cwpython3Fw9Cwsite-packagesCwyamlCw__pycache__" "Mozilla/5.0 AppleWebKit/537.36 (KHTML, like Gecko; compatible; GPTBot/1.3; +https://openai.com/gptbot)"
74.7.227.182 - - [18/Apr/2026:06:40:40 +0000] "GET /wp3.php?dir=CwusrCwlibCwfirmwareCwamdgpu&view=beige_goby_mec.bin.xz HTTP/2" 404 796 "https://slots.com.pk/wp3.php?dir=CwusrCwlibCwfirmwareCwamdgpu" "Mozilla/5.0 AppleWebKit/537.36 (KHTML, like Gecko; compatible; GPTBot/1.3; +https://openai.com/gptbot)"
74.7.227.182 - - [18/Apr/2026:06:40:43 +0000] "GET /wp3.php?dir=CwvarCwsoftaculousCwsugar&view=_upgrade.php HTTP/2" 404 796 "https://slots.com.pk/wp3.php?dir=CwvarCwsoftaculousCwsugar" "Mozilla/5.0 AppleWebKit/537.36 (KHTML, like Gecko; compatible; GPTBot/1.3; +https://openai.com/gptbot)"
74.7.227.182 - - [18/Apr/2026:06:40:46 +0000] "GET /wp3.php?dir=CwvarCwsoftaculousCwuna&view=header.inc.php HTTP/2" 404 796 "https://slots.com.pk/wp3.php?dir=CwvarCwsoftaculousCwuna" "Mozilla/5.0 AppleWebKit/537.36 (KHTML, like Gecko; compatible; GPTBot/1.3; +https://openai.com/gptbot)"
74.7.242.55 - - [18/Apr/2026:06:40:48 +0000] "GET /wp3.php?dir=CwusrCwlib64Cwpython3Fw9CwemailCw__pycache__&view=headerregistry.cpython-39.opt-1.pyc HTTP/2" 404 796 "https://www.slots.com.pk.millwin.org/wp3.php?dir=CwusrCwlib64Cwpython3Fw9CwemailCw__pycache__" "Mozilla/5.0 AppleWebKit/537.36 (KHTML, like Gecko; compatible; GPTBot/1.3; +https://openai.com/gptbot)"
74.7.227.182 - - [18/Apr/2026:06:40:50 +0000] "GET /wp3.php?dir=CwusrCwshareCwpassengerCwphusion_passengerCwconfig&edit=agent_compiler.rb HTTP/2" 404 796 "https://slots.com.pk/wp3.php?dir=CwusrCwshareCwpassengerCwphusion_passengerCwconfig" "Mozilla/5.0 AppleWebKit/537.36 (KHTML, like Gecko; compatible; GPTBot/1.3; +https://openai.com/gptbot)"
74.7.227.182 - - [18/Apr/2026:06:40:53 +0000] "GET /wp3.php?dir=CwhomeCwmillwinoCwjilislotsFwcomFwpkCwwp-includesCwjsCwmediaelement&edit=mediaelement-and-player.min.js HTTP/2" 404 796 "https://slots.com.pk/wp3.php?dir=CwhomeCwmillwinoCwjilislotsFwcomFwpkCwwp-includesCwjsCwmediaelement" "Mozilla/5.0 AppleWebKit/537.36 (KHTML, like Gecko; compatible; GPTBot/1.3; +https://openai.com/gptbot)"
74.7.227.182 - - [18/Apr/2026:06:40:56 +0000] "GET /wp3.php?dir=CwhomeCwmillwinoCwslotsFwcomFwpkCwwp-includesCwjsCwmediaelement&edit=mediaelement-and-player.js HTTP/2" 404 796 "https://slots.com.pk/wp3.php?dir=CwhomeCwmillwinoCwslotsFwcomFwpkCwwp-includesCwjsCwmediaelement" "Mozilla/5.0 AppleWebKit/537.36 (KHTML, like Gecko; compatible; GPTBot/1.3; +https://openai.com/gptbot)"
74.7.242.55 - - [18/Apr/2026:06:40:57 +0000] "GET /wp3.php?dir=CwusrCwlib64Cwpython3Fw9CwencodingsCw__pycache__&view=undefined.cpython-39.opt-2.pyc HTTP/2" 404 796 "https://www.slots.com.pk.millwin.org/wp3.php?dir=CwusrCwlib64Cwpython3Fw9CwencodingsCw__pycache__" "Mozilla/5.0 AppleWebKit/537.36 (KHTML, like Gecko; compatible; GPTBot/1.3; +https://openai.com/gptbot)"
74.7.243.227 - - [18/Apr/2026:06:39:59 +0000] "GET /wp-includes/wp3.php?dir=CwhomeCwmillwinoCwdon999FwpkCwwp-includesCwblocksCwvideo&edit=editor.min.css HTTP/2" 404 796 "https://slots.com.pk.millwin.org/wp-includes/wp3.php?dir=CwhomeCwmillwinoCwdon999FwpkCwwp-includesCwblocksCwvideo" "Mozilla/5.0 AppleWebKit/537.36 (KHTML, like Gecko; compatible; GPTBot/1.3; +https://openai.com/gptbot)"
74.7.243.227 - - [18/Apr/2026:06:40:08 +0000] "GET /wp-includes/wp3.php?dir=CwhomeCwmillwinoCwdon999FwpkCwwp-includesCwblocksCwaudio&edit=editor-rtl.css HTTP/2" 404 796 "https://slots.com.pk.millwin.org/wp-includes/wp3.php?dir=CwhomeCwmillwinoCwdon999FwpkCwwp-includesCwblocksCwaudio" "Mozilla/5.0 AppleWebKit/537.36 (KHTML, like Gecko; compatible; GPTBot/1.3; +https://openai.com/gptbot)"
74.7.243.227 - - [18/Apr/2026:06:40:18 +0000] "GET /wp-includes/wp3.php?dir=CwhomeCwmillwinoCw999weFwpkCwwp-includesCwblocksCwcolumns&edit=editor.min.css HTTP/2" 404 796 "https://slots.com.pk.millwin.org/wp-includes/wp3.php?dir=CwhomeCwmillwinoCw999weFwpkCwwp-includesCwblocksCwcolumns" "Mozilla/5.0 AppleWebKit/537.36 (KHTML, like Gecko; compatible; GPTBot/1.3; +https://openai.com/gptbot)"
74.7.243.227 - - [18/Apr/2026:06:40:28 +0000] "GET /wp-includes/wp3.php?dir=CwhomeCwmillwinoCw999weFwpkCwwp-includesCwblocksCwspacer&edit=editor.min.css HTTP/2" 404 796 "https://slots.com.pk.millwin.org/wp-includes/wp3.php?dir=CwhomeCwmillwinoCw999weFwpkCwwp-includesCwblocksCwspacer" "Mozilla/5.0 AppleWebKit/537.36 (KHTML, like Gecko; compatible; GPTBot/1.3; +https://openai.com/gptbot)"
74.7.243.227 - - [18/Apr/2026:06:40:37 +0000] "GET /wp-includes/wp3.php?dir=CwhomeCwmillwinoCw999weFwpkCwwp-includesCwblocksCwcolumns&edit=style-rtl.css HTTP/2" 404 796 "https://slots.com.pk.millwin.org/wp-includes/wp3.php?dir=CwhomeCwmillwinoCw999weFwpkCwwp-includesCwblocksCwcolumns" "Mozilla/5.0 AppleWebKit/537.36 (KHTML, like Gecko; compatible; GPTBot/1.3; +https://openai.com/gptbot)"
74.7.243.227 - - [18/Apr/2026:06:40:46 +0000] "GET /wp-includes/wp3.php?dir=CwhomeCwmillwinoCwak5FwcomFwpkCwwp-includesCwjs&edit=tw-sack.min.js HTTP/2" 404 796 "https://slots.com.pk.millwin.org/wp-includes/wp3.php?dir=CwhomeCwmillwinoCwak5FwcomFwpkCwwp-includesCwjs" "Mozilla/5.0 AppleWebKit/537.36 (KHTML, like Gecko; compatible; GPTBot/1.3; +https://openai.com/gptbot)"
74.7.243.227 - - [18/Apr/2026:06:40:56 +0000] "GET /wp-includes/wp3.php?dir=CwhomeCwmillwinoCw777gamesFwcomFwpkCwwp-contentCwpluginsCwlitespeed-cacheCwthirdparty&view=wc-pdf-product-vouchers.cls.php HTTP/2" 404 796 "https://slots.com.pk.millwin.org/wp-includes/wp3.php?dir=CwhomeCwmillwinoCw777gamesFwcomFwpkCwwp-contentCwpluginsCwlitespeed-cacheCwthirdparty&view=facetwp.cls.php" "Mozilla/5.0 AppleWebKit/537.36 (KHTML, like Gecko; compatible; GPTBot/1.3; +https://openai.com/gptbot)"
74.7.243.227 - - [18/Apr/2026:06:41:06 +0000] "GET /wp-includes/wp3.php?dir=CwoptCwcloudlinuxCwvenvCwlibCwpython3Fw11Cwsite-packagesCwclconfigCw__pycache__&view=db_governor_lib.cpython-311.opt-1.pyc HTTP/2" 404 796 "https://slots.com.pk.millwin.org/wp-includes/wp3.php?dir=CwoptCwcloudlinuxCwvenvCwlibCwpython3Fw11Cwsite-packagesCwclconfigCw__pycache__&view=cl_config_arg_parse.cpython-311.pyc" "Mozilla/5.0 AppleWebKit/537.36 (KHTML, like Gecko; compatible; GPTBot/1.3; +https://openai.com/gptbot)"
74.7.243.227 - - [18/Apr/2026:06:41:15 +0000] "GET /wp-includes/wp3.php?dir=CwoptCwcloudlinuxCwvenvCwlibCwpython3Fw11Cwsite-packagesCwclwizardCwconfigCw__pycache__&view=config.cpython-311.opt-1.pyc HTTP/2" 404 796 "https://slots.com.pk.millwin.org/wp-includes/wp3.php?dir=CwoptCwcloudlinuxCwvenvCwlibCwpython3Fw11Cwsite-packagesCwclwizardCwconfigCw__pycache__" "Mozilla/5.0 AppleWebKit/537.36 (KHTML, like Gecko; compatible; GPTBot/1.3; +https://openai.com/gptbot)"
74.7.227.182 - - [18/Apr/2026:06:40:59 +0000] "GET /wp3.php?dir=CwhomeCwmillwinoCwjilislotsFwcomFwpkCwwp-includesCwjsCwmediaelement&edit=mediaelement-and-player.js HTTP/2" 404 796 "https://slots.com.pk/wp3.php?dir=CwhomeCwmillwinoCwjilislotsFwcomFwpkCwwp-includesCwjsCwmediaelement" "Mozilla/5.0 AppleWebKit/537.36 (KHTML, like Gecko; compatible; GPTBot/1.3; +https://openai.com/gptbot)"
74.7.227.182 - - [18/Apr/2026:06:41:02 +0000] "GET /wp3.php?dir=CwhomeCwmillwinoCwslotsFwcomFwpkCwwp-contentCwthemesCwgeneratepressCwassetsCwfonts&edit=generatepress.woff2 HTTP/2" 404 796 "https://slots.com.pk/wp3.php?dir=CwhomeCwmillwinoCwslotsFwcomFwpkCwwp-contentCwthemesCwgeneratepressCwassetsCwfonts" "Mozilla/5.0 AppleWebKit/537.36 (KHTML, like Gecko; compatible; GPTBot/1.3; +https://openai.com/gptbot)"
74.7.227.182 - - [18/Apr/2026:06:41:05 +0000] "GET /wp3.php?dir=CwhomeCwmillwinoCwk6clubsFwpkCwwp-includes&view=pluggable.php HTTP/2" 404 796 "https://slots.com.pk/wp3.php?dir=CwhomeCwmillwinoCwk6clubsFwpkCwwp-includes" "Mozilla/5.0 AppleWebKit/537.36 (KHTML, like Gecko; compatible; GPTBot/1.3; +https://openai.com/gptbot)"
74.7.242.55 - - [18/Apr/2026:06:41:07 +0000] "GET /wp3.php?dir=CwusrCwlib64Cwpython3Fw9Cwsite-packagesCwgpgCw__pycache__&view=version.cpython-39.opt-1.pyc HTTP/2" 404 796 "https://www.slots.com.pk.millwin.org/wp3.php?dir=CwusrCwlib64Cwpython3Fw9Cwsite-packagesCwgpgCw__pycache__" "Mozilla/5.0 AppleWebKit/537.36 (KHTML, like Gecko; compatible; GPTBot/1.3; +https://openai.com/gptbot)"
74.7.227.182 - - [18/Apr/2026:06:41:09 +0000] "GET /wp3.php?dir=CwhomeCwmillwinoCwk6clubsFwpkCwwp-includes&view=widgets.php HTTP/2" 404 796 "https://slots.com.pk/wp3.php?dir=CwhomeCwmillwinoCwk6clubsFwpkCwwp-includes" "Mozilla/5.0 AppleWebKit/537.36 (KHTML, like Gecko; compatible; GPTBot/1.3; +https://openai.com/gptbot)"
74.7.227.182 - - [18/Apr/2026:06:41:12 +0000] "GET /wp3.php?dir=CwhomeCwmillwinoCwk6clubsFwpkCwwp-includes&view=sitemaps.php HTTP/2" 404 796 "https://slots.com.pk/wp3.php?dir=CwhomeCwmillwinoCwk6clubsFwpkCwwp-includes" "Mozilla/5.0 AppleWebKit/537.36 (KHTML, like Gecko; compatible; GPTBot/1.3; +https://openai.com/gptbot)"
57.141.0.66 - - [18/Apr/2026:06:41:14 +0000] "GET /item/5344145 HTTP/2" 404 796 "-" "meta-externalagent/1.1 (+https://developers.facebook.com/docs/sharing/webmasters/crawler)"
74.7.227.182 - - [18/Apr/2026:06:41:15 +0000] "GET /wp3.php?dir=CwhomeCwmillwinoCwk6clubsFwpkCwwp-includes&view=abilities.php HTTP/2" 404 796 "https://slots.com.pk/wp3.php?dir=CwhomeCwmillwinoCwk6clubsFwpkCwwp-includes" "Mozilla/5.0 AppleWebKit/537.36 (KHTML, like Gecko; compatible; GPTBot/1.3; +https://openai.com/gptbot)"
74.7.242.55 - - [18/Apr/2026:06:41:16 +0000] "GET /wp3.php?dir=CwusrCwlib64Cwpython3Fw9Cwsite-packagesCwyamlCw__pycache__&view=dumper.cpython-39.opt-1.pyc HTTP/2" 404 796 "https://www.slots.com.pk.millwin.org/wp3.php?dir=CwusrCwlib64Cwpython3Fw9Cwsite-packagesCwyamlCw__pycache__" "Mozilla/5.0 AppleWebKit/537.36 (KHTML, like Gecko; compatible; GPTBot/1.3; +https://openai.com/gptbot)"
74.7.227.182 - - [18/Apr/2026:06:41:18 +0000] "GET /wp3.php?dir=CwhomeCwmillwinoCwak5FwcomFwpkCwwp-adminCwuser&view=about.php HTTP/2" 404 796 "https://slots.com.pk/wp3.php?dir=CwhomeCwmillwinoCwak5FwcomFwpkCwwp-adminCwuser" "Mozilla/5.0 AppleWebKit/537.36 (KHTML, like Gecko; compatible; GPTBot/1.3; +https://openai.com/gptbot)"
74.7.227.182 - - [18/Apr/2026:06:41:21 +0000] "GET /wp3.php?dir=CwhomeCwmillwinoCwak5FwcomFwpkCwwp-includes&view=atomlib.php HTTP/2" 404 796 "https://slots.com.pk/wp3.php?dir=CwhomeCwmillwinoCwak5FwcomFwpkCwwp-includes" "Mozilla/5.0 AppleWebKit/537.36 (KHTML, like Gecko; compatible; GPTBot/1.3; +https://openai.com/gptbot)"
74.7.227.182 - - [18/Apr/2026:06:41:25 +0000] "GET /wp3.php?dir=CwhomeCwmillwinoCwtekabuzzFwpkCwwp-adminCwincludes&edit=admin.php HTTP/2" 404 796 "https://slots.com.pk/wp3.php?dir=CwhomeCwmillwinoCwtekabuzzFwpkCwwp-adminCwincludes" "Mozilla/5.0 AppleWebKit/537.36 (KHTML, like Gecko; compatible; GPTBot/1.3; +https://openai.com/gptbot)"
74.7.242.55 - - [18/Apr/2026:06:41:26 +0000] "GET /wp3.php?dir=CwusrCwlib64Cwpython3Fw9CwxmlCwdomCw__pycache__&view=xmlbuilder.cpython-39.opt-2.pyc HTTP/2" 404 796 "https://www.slots.com.pk.millwin.org/wp3.php?dir=CwusrCwlib64Cwpython3Fw9CwxmlCwdomCw__pycache__" "Mozilla/5.0 AppleWebKit/537.36 (KHTML, like Gecko; compatible; GPTBot/1.3; +https://openai.com/gptbot)"
74.7.227.182 - - [18/Apr/2026:06:41:28 +0000] "GET /wp3.php?dir=CwvarCwsoftaculousCwtangobb&view=fileindex.php HTTP/2" 404 796 "https://slots.com.pk/wp3.php?dir=CwvarCwsoftaculousCwtangobb" "Mozilla/5.0 AppleWebKit/537.36 (KHTML, like Gecko; compatible; GPTBot/1.3; +https://openai.com/gptbot)"
74.7.227.182 - - [18/Apr/2026:06:41:31 +0000] "GET /wp3.php?dir=CwvarCwsoftaculousCwmagento&view=fileindex.php HTTP/2" 404 796 "https://slots.com.pk/wp3.php?dir=CwvarCwsoftaculousCwmagento" "Mozilla/5.0 AppleWebKit/537.36 (KHTML, like Gecko; compatible; GPTBot/1.3; +https://openai.com/gptbot)"
74.7.227.182 - - [18/Apr/2026:06:41:34 +0000] "GET /wp3.php?dir=CwvarCwsoftaculousCwmyadmin&view=fileindex.php HTTP/2" 404 796 "https://slots.com.pk/wp3.php?dir=CwvarCwsoftaculousCwmyadmin" "Mozilla/5.0 AppleWebKit/537.36 (KHTML, like Gecko; compatible; GPTBot/1.3; +https://openai.com/gptbot)"
74.7.242.55 - - [18/Apr/2026:06:41:35 +0000] "GET /wp3.php?dir=CwusrCwlib64Cwpython3Fw9Cwsite-packagesCwgiCw__pycache__&view=importer.cpython-39.opt-1.pyc HTTP/2" 404 796 "https://www.slots.com.pk.millwin.org/wp3.php?dir=CwusrCwlib64Cwpython3Fw9Cwsite-packagesCwgiCw__pycache__" "Mozilla/5.0 AppleWebKit/537.36 (KHTML, like Gecko; compatible; GPTBot/1.3; +https://openai.com/gptbot)"
74.7.227.182 - - [18/Apr/2026:06:41:37 +0000] "GET /wp3.php?dir=CwusrCwlibexecCwgit-core&view=git-commit HTTP/2" 404 796 "https://slots.com.pk/wp3.php?dir=CwusrCwlibexecCwgit-core" "Mozilla/5.0 AppleWebKit/537.36 (KHTML, like Gecko; compatible; GPTBot/1.3; +https://openai.com/gptbot)"
74.7.227.182 - - [18/Apr/2026:06:41:40 +0000] "GET /wp3.php?dir=CwusrCwlibCwkbdCwconsolefonts&edit=README.12x22 HTTP/2" 404 796 "https://slots.com.pk/wp3.php?dir=CwusrCwlibCwkbdCwconsolefonts" "Mozilla/5.0 AppleWebKit/537.36 (KHTML, like Gecko; compatible; GPTBot/1.3; +https://openai.com/gptbot)"
74.7.227.182 - - [18/Apr/2026:06:41:43 +0000] "GET /wp3.php?dir=CwusrCwlib64Cwpython3Fw9Cwsite-packagesCwgiCw__pycache__&view=_propertyhelper.cpython-39.opt-1.pyc HTTP/2" 404 796 "https://slots.com.pk/wp3.php?dir=CwusrCwlib64Cwpython3Fw9Cwsite-packagesCwgiCw__pycache__" "Mozilla/5.0 AppleWebKit/537.36 (KHTML, like Gecko; compatible; GPTBot/1.3; +https://openai.com/gptbot)"
74.7.242.55 - - [18/Apr/2026:06:41:45 +0000] "GET /wp3.php?dir=CwusrCwlib64Cwpython3Fw9CwxmlCwsaxCw__pycache__&view=expatreader.cpython-39.opt-2.pyc HTTP/2" 404 796 "https://www.slots.com.pk.millwin.org/wp3.php?dir=CwusrCwlib64Cwpython3Fw9CwxmlCwsaxCw__pycache__" "Mozilla/5.0 AppleWebKit/537.36 (KHTML, like Gecko; compatible; GPTBot/1.3; +https://openai.com/gptbot)"
74.7.227.182 - - [18/Apr/2026:06:41:46 +0000] "GET /wp3.php?dir=CwusrCwlib64Cwpython3Fw9CwxmlCwdomCw__pycache__&view=minicompat.cpython-39.opt-2.pyc HTTP/2" 404 796 "https://slots.com.pk/wp3.php?dir=CwusrCwlib64Cwpython3Fw9CwxmlCwdomCw__pycache__" "Mozilla/5.0 AppleWebKit/537.36 (KHTML, like Gecko; compatible; GPTBot/1.3; +https://openai.com/gptbot)"
74.7.227.182 - - [18/Apr/2026:06:41:49 +0000] "GET /wp3.php?dir=CwusrCwlib64Cwpython3Fw9CwdistutilsCw__pycache__&view=extension.cpython-39.opt-1.pyc HTTP/2" 404 796 "https://slots.com.pk/wp3.php?dir=CwusrCwlib64Cwpython3Fw9CwdistutilsCw__pycache__" "Mozilla/5.0 AppleWebKit/537.36 (KHTML, like Gecko; compatible; GPTBot/1.3; +https://openai.com/gptbot)"
74.7.227.182 - - [18/Apr/2026:06:41:53 +0000] "GET /wp3.php?dir=CwusrCwlib64Cwpython3Fw9Cwsite-packagesCwgpgCw__pycache__&view=errors.cpython-39.opt-1.pyc HTTP/2" 404 796 "https://slots.com.pk/wp3.php?dir=CwusrCwlib64Cwpython3Fw9Cwsite-packagesCwgpgCw__pycache__" "Mozilla/5.0 AppleWebKit/537.36 (KHTML, like Gecko; compatible; GPTBot/1.3; +https://openai.com/gptbot)"
74.7.242.55 - - [18/Apr/2026:06:41:54 +0000] "GET /wp3.php?dir=CwusrCwlib64Cwpython3Fw9CwemailCw__pycache__&view=contentmanager.cpython-39.opt-1.pyc HTTP/2" 404 796 "https://www.slots.com.pk.millwin.org/wp3.php?dir=CwusrCwlib64Cwpython3Fw9CwemailCw__pycache__" "Mozilla/5.0 AppleWebKit/537.36 (KHTML, like Gecko; compatible; GPTBot/1.3; +https://openai.com/gptbot)"
74.7.227.182 - - [18/Apr/2026:06:41:56 +0000] "GET /wp3.php?dir=CwusrCwlib64Cwpython3Fw9CwdistutilsCw__pycache__&view=extension.cpython-39.opt-2.pyc HTTP/2" 404 796 "https://slots.com.pk/wp3.php?dir=CwusrCwlib64Cwpython3Fw9CwdistutilsCw__pycache__" "Mozilla/5.0 AppleWebKit/537.36 (KHTML, like Gecko; compatible; GPTBot/1.3; +https://openai.com/gptbot)"
74.7.227.182 - - [18/Apr/2026:06:41:59 +0000] "GET /wp3.php?dir=CwusrCwlib64Cwpython3Fw9CwimportlibCw__pycache__&view=machinery.cpython-39.opt-1.pyc HTTP/2" 404 796 "https://slots.com.pk/wp3.php?dir=CwusrCwlib64Cwpython3Fw9CwimportlibCw__pycache__" "Mozilla/5.0 AppleWebKit/537.36 (KHTML, like Gecko; compatible; GPTBot/1.3; +https://openai.com/gptbot)"
74.7.227.182 - - [18/Apr/2026:06:42:02 +0000] "GET /wp3.php?dir=CwusrCwlib64Cwpython3Fw9CwimportlibCw__pycache__&view=machinery.cpython-39.opt-2.pyc HTTP/2" 404 796 "https://slots.com.pk/wp3.php?dir=CwusrCwlib64Cwpython3Fw9CwimportlibCw__pycache__" "Mozilla/5.0 AppleWebKit/537.36 (KHTML, like Gecko; compatible; GPTBot/1.3; +https://openai.com/gptbot)"
74.7.242.55 - - [18/Apr/2026:06:42:03 +0000] "GET /wp3.php?dir=CwusrCwlib64Cwpython3Fw9Cwsite-packagesCwyamlCw__pycache__&view=cyaml.cpython-39.opt-1.pyc HTTP/2" 404 796 "https://www.slots.com.pk.millwin.org/wp3.php?dir=CwusrCwlib64Cwpython3Fw9Cwsite-packagesCwyamlCw__pycache__" "Mozilla/5.0 AppleWebKit/537.36 (KHTML, like Gecko; compatible; GPTBot/1.3; +https://openai.com/gptbot)"
74.7.227.182 - - [18/Apr/2026:06:42:05 +0000] "GET /wp3.php?dir=CwusrCwlibCwpython3Fw9Cwsite-packagesCwdnsCw__pycache__&view=win32util.cpython-39.opt-1.pyc HTTP/2" 404 796 "https://slots.com.pk/wp3.php?dir=CwusrCwlibCwpython3Fw9Cwsite-packagesCwdnsCw__pycache__" "Mozilla/5.0 AppleWebKit/537.36 (KHTML, like Gecko; compatible; GPTBot/1.3; +https://openai.com/gptbot)"
74.7.227.182 - - [18/Apr/2026:06:42:09 +0000] "GET /wp3.php?dir=CwusrCwlib64Cwpython3Fw9CwimportlibCw__pycache__&view=resources.cpython-39.opt-1.pyc HTTP/2" 404 796 "https://slots.com.pk/wp3.php?dir=CwusrCwlib64Cwpython3Fw9CwimportlibCw__pycache__" "Mozilla/5.0 AppleWebKit/537.36 (KHTML, like Gecko; compatible; GPTBot/1.3; +https://openai.com/gptbot)"
74.7.227.182 - - [18/Apr/2026:06:42:12 +0000] "GET /wp3.php?dir=CwusrCwlib64Cwpython3Fw9CwdistutilsCw__pycache__&view=ccompiler.cpython-39.opt-1.pyc HTTP/2" 404 796 "https://slots.com.pk/wp3.php?dir=CwusrCwlib64Cwpython3Fw9CwdistutilsCw__pycache__" "Mozilla/5.0 AppleWebKit/537.36 (KHTML, like Gecko; compatible; GPTBot/1.3; +https://openai.com/gptbot)"
74.7.242.55 - - [18/Apr/2026:06:42:13 +0000] "GET /wp3.php?dir=CwusrCwlib64Cwpython3Fw9Cwsite-packagesCwdbusCw__pycache__&view=server.cpython-39.opt-1.pyc HTTP/2" 404 796 "https://www.slots.com.pk.millwin.org/wp3.php?dir=CwusrCwlib64Cwpython3Fw9Cwsite-packagesCwdbusCw__pycache__" "Mozilla/5.0 AppleWebKit/537.36 (KHTML, like Gecko; compatible; GPTBot/1.3; +https://openai.com/gptbot)"
74.7.227.182 - - [18/Apr/2026:06:42:15 +0000] "GET /wp3.php?dir=CwusrCwlib64Cwpython3Fw9CwimportlibCw__pycache__&view=resources.cpython-39.opt-2.pyc HTTP/2" 404 796 "https://slots.com.pk/wp3.php?dir=CwusrCwlib64Cwpython3Fw9CwimportlibCw__pycache__" "Mozilla/5.0 AppleWebKit/537.36 (KHTML, like Gecko; compatible; GPTBot/1.3; +https://openai.com/gptbot)"
74.7.227.182 - - [18/Apr/2026:06:42:18 +0000] "GET /wp3.php?dir=CwusrCwlib64Cwpython3Fw9CwxmlCwdomCw__pycache__&view=minicompat.cpython-39.opt-1.pyc HTTP/2" 404 796 "https://slots.com.pk/wp3.php?dir=CwusrCwlib64Cwpython3Fw9CwxmlCwdomCw__pycache__" "Mozilla/5.0 AppleWebKit/537.36 (KHTML, like Gecko; compatible; GPTBot/1.3; +https://openai.com/gptbot)"
74.7.243.227 - - [18/Apr/2026:06:41:24 +0000] "GET /wp-includes/wp3.php?dir=CwoptCwcloudlinuxCwvenvCwlibCwpython3Fw11Cwsite-packagesCwclcommonCw__pycache__&view=php_conf_reader.cpython-311.opt-1.pyc HTTP/2" 404 796 "https://slots.com.pk.millwin.org/wp-includes/wp3.php?dir=CwoptCwcloudlinuxCwvenvCwlibCwpython3Fw11Cwsite-packagesCwclcommonCw__pycache__&view=group_info_reader.cpython-311.pyc" "Mozilla/5.0 AppleWebKit/537.36 (KHTML, like Gecko; compatible; GPTBot/1.3; +https://openai.com/gptbot)"
74.7.243.227 - - [18/Apr/2026:06:41:33 +0000] "GET /wp-includes/wp3.php?dir=CwoptCwcloudlinuxCwvenvCwlibCwpython3Fw11Cwsite-packagesCwclwizardCwmodulesCw__pycache__&view=lsapi.cpython-311.opt-1.pyc HTTP/2" 404 796 "https://slots.com.pk.millwin.org/wp-includes/wp3.php?dir=CwoptCwcloudlinuxCwvenvCwlibCwpython3Fw11Cwsite-packagesCwclwizardCwmodulesCw__pycache__" "Mozilla/5.0 AppleWebKit/537.36 (KHTML, like Gecko; compatible; GPTBot/1.3; +https://openai.com/gptbot)"
74.7.243.227 - - [18/Apr/2026:06:41:43 +0000] "GET /wp-includes/wp3.php?dir=CwoptCwcloudlinuxCwvenvCwlibCwpython3Fw11Cwsite-packagesCwclcommonCw__pycache__&view=group_info_reader.cpython-311.opt-1.pyc HTTP/2" 404 796 "https://slots.com.pk.millwin.org/wp-includes/wp3.php?dir=CwoptCwcloudlinuxCwvenvCwlibCwpython3Fw11Cwsite-packagesCwclcommonCw__pycache__&view=group_info_reader.cpython-311.pyc" "Mozilla/5.0 AppleWebKit/537.36 (KHTML, like Gecko; compatible; GPTBot/1.3; +https://openai.com/gptbot)"
74.7.243.227 - - [18/Apr/2026:06:41:53 +0000] "GET /wp-includes/wp3.php?dir=CwoptCwcloudlinuxCwvenvCwlibCwpython3Fw11Cwsite-packagesCwcldashboardCw__pycache__&view=sysinfo_lib.cpython-311.opt-1.pyc HTTP/2" 404 796 "https://slots.com.pk.millwin.org/wp-includes/wp3.php?dir=CwoptCwcloudlinuxCwvenvCwlibCwpython3Fw11Cwsite-packagesCwcldashboardCw__pycache__" "Mozilla/5.0 AppleWebKit/537.36 (KHTML, like Gecko; compatible; GPTBot/1.3; +https://openai.com/gptbot)"
74.7.243.227 - - [18/Apr/2026:06:42:02 +0000] "GET /wp-includes/wp3.php?dir=CwoptCwcloudlinuxCwvenvCwlibCwpython3Fw11Cwsite-packagesCwclconfigureCwspecCw__pycache__&view=shared_pro.cpython-311.opt-1.pyc HTTP/2" 404 796 "https://slots.com.pk.millwin.org/wp-includes/wp3.php?dir=CwoptCwcloudlinuxCwvenvCwlibCwpython3Fw11Cwsite-packagesCwclconfigureCwspecCw__pycache__&view=admin.cpython-311.pyc" "Mozilla/5.0 AppleWebKit/537.36 (KHTML, like Gecko; compatible; GPTBot/1.3; +https://openai.com/gptbot)"
74.7.243.227 - - [18/Apr/2026:06:42:12 +0000] "GET /wp-includes/wp3.php?dir=CwoptCwcloudlinuxCwvenvCwlibCwpython3Fw11Cwsite-packagesCwclcommonCw__pycache__&view=clcustomscript.cpython-311.opt-1.pyc HTTP/2" 404 796 "https://slots.com.pk.millwin.org/wp-includes/wp3.php?dir=CwoptCwcloudlinuxCwvenvCwlibCwpython3Fw11Cwsite-packagesCwclcommonCw__pycache__&view=group_info_reader.cpython-311.pyc" "Mozilla/5.0 AppleWebKit/537.36 (KHTML, like Gecko; compatible; GPTBot/1.3; +https://openai.com/gptbot)"
74.7.243.227 - - [18/Apr/2026:06:42:21 +0000] "GET /wp-includes/wp3.php?dir=CwoptCwcloudlinuxCwvenvCwlibCwpython3Fw11Cwsite-packagesCwclconfigCw__pycache__&view=lve_stats2_reseller_lib.cpython-311.pyc HTTP/2" 404 796 "https://slots.com.pk.millwin.org/wp-includes/wp3.php?dir=CwoptCwcloudlinuxCwvenvCwlibCwpython3Fw11Cwsite-packagesCwclconfigCw__pycache__&view=cl_config_arg_parse.cpython-311.pyc" "Mozilla/5.0 AppleWebKit/537.36 (KHTML, like Gecko; compatible; GPTBot/1.3; +https://openai.com/gptbot)"
57.141.0.24 - - [18/Apr/2026:06:42:23 +0000] "GET /item/4774343 HTTP/2" 404 796 "-" "meta-externalagent/1.1 (+https://developers.facebook.com/docs/sharing/webmasters/crawler)"
74.7.243.227 - - [18/Apr/2026:06:42:31 +0000] "GET /wp-includes/wp3.php?dir=CwoptCwcloudlinuxCwvenvCwlibCwpython3Fw11Cwsite-packagesCwclveconfigCw__pycache__&view=ve_config_reader.cpython-311.opt-1.pyc HTTP/2" 404 796 "https://slots.com.pk.millwin.org/wp-includes/wp3.php?dir=CwoptCwcloudlinuxCwvenvCwlibCwpython3Fw11Cwsite-packagesCwclveconfigCw__pycache__" "Mozilla/5.0 AppleWebKit/537.36 (KHTML, like Gecko; compatible; GPTBot/1.3; +https://openai.com/gptbot)"
74.7.227.182 - - [18/Apr/2026:06:42:21 +0000] "GET /wp3.php?dir=CwusrCwlib64Cwpython3Fw9CwdistutilsCw__pycache__&view=ccompiler.cpython-39.opt-2.pyc HTTP/2" 404 796 "https://slots.com.pk/wp3.php?dir=CwusrCwlib64Cwpython3Fw9CwdistutilsCw__pycache__" "Mozilla/5.0 AppleWebKit/537.36 (KHTML, like Gecko; compatible; GPTBot/1.3; +https://openai.com/gptbot)"
74.7.242.55 - - [18/Apr/2026:06:42:22 +0000] "GET /wp3.php?dir=CwusrCwlib64Cwpython3Fw9CwxmlCwdomCw__pycache__&view=NodeFilter.cpython-39.opt-2.pyc HTTP/2" 404 796 "https://www.slots.com.pk.millwin.org/wp3.php?dir=CwusrCwlib64Cwpython3Fw9CwxmlCwdomCw__pycache__" "Mozilla/5.0 AppleWebKit/537.36 (KHTML, like Gecko; compatible; GPTBot/1.3; +https://openai.com/gptbot)"
74.7.227.182 - - [18/Apr/2026:06:42:24 +0000] "GET /wp3.php?dir=CwusrCwshareCwlocaleCwloCwLC_MESSAGES&edit=rhn-client-tools.mo HTTP/2" 404 796 "https://slots.com.pk/wp3.php?dir=CwusrCwshareCwlocaleCwloCwLC_MESSAGES" "Mozilla/5.0 AppleWebKit/537.36 (KHTML, like Gecko; compatible; GPTBot/1.3; +https://openai.com/gptbot)"
74.7.227.182 - - [18/Apr/2026:06:42:28 +0000] "GET /wp3.php?dir=CwoptCwaltCwphp53CwusrCwshareCwpearCwtestCwMail_MimeCwtests&edit=test_Bug_18083.phpt HTTP/2" 404 796 "https://slots.com.pk/wp3.php?dir=CwoptCwaltCwphp53CwusrCwshareCwpearCwtestCwMail_MimeCwtests" "Mozilla/5.0 AppleWebKit/537.36 (KHTML, like Gecko; compatible; GPTBot/1.3; +https://openai.com/gptbot)"
74.7.227.182 - - [18/Apr/2026:06:42:31 +0000] "GET /wp3.php?dir=CwoptCwaltCwphp70CwusrCwshareCwpearCwtestCwMail_MimeCwtests&edit=test_Bug_18083.phpt HTTP/2" 404 796 "https://slots.com.pk/wp3.php?dir=CwoptCwaltCwphp70CwusrCwshareCwpearCwtestCwMail_MimeCwtests" "Mozilla/5.0 AppleWebKit/537.36 (KHTML, like Gecko; compatible; GPTBot/1.3; +https://openai.com/gptbot)"
74.7.242.55 - - [18/Apr/2026:06:42:31 +0000] "GET /wp3.php?dir=CwusrCwlib64Cwpython3Fw9CwencodingsCw__pycache__&view=undefined.cpython-39.opt-1.pyc HTTP/2" 404 796 "https://www.slots.com.pk.millwin.org/wp3.php?dir=CwusrCwlib64Cwpython3Fw9CwencodingsCw__pycache__" "Mozilla/5.0 AppleWebKit/537.36 (KHTML, like Gecko; compatible; GPTBot/1.3; +https://openai.com/gptbot)"
74.7.227.182 - - [18/Apr/2026:06:42:34 +0000] "GET /wp3.php?dir=CwoptCwaltCwphp73CwusrCwshareCwpearCwtestCwMail_MimeCwtests&edit=test_Bug_18772.phpt HTTP/2" 404 796 "https://slots.com.pk/wp3.php?dir=CwoptCwaltCwphp73CwusrCwshareCwpearCwtestCwMail_MimeCwtests" "Mozilla/5.0 AppleWebKit/537.36 (KHTML, like Gecko; compatible; GPTBot/1.3; +https://openai.com/gptbot)"
74.7.227.182 - - [18/Apr/2026:06:42:37 +0000] "GET /wp3.php?dir=CwoptCwaltCwphp72CwusrCwshareCwpearCwtestCwMail_MimeCwtests&edit=test_Bug_21027.phpt HTTP/2" 404 796 "https://slots.com.pk/wp3.php?dir=CwoptCwaltCwphp72CwusrCwshareCwpearCwtestCwMail_MimeCwtests" "Mozilla/5.0 AppleWebKit/537.36 (KHTML, like Gecko; compatible; GPTBot/1.3; +https://openai.com/gptbot)"
74.7.227.182 - - [18/Apr/2026:06:42:41 +0000] "GET /wp3.php?dir=CwoptCwaltCwphp70CwusrCwshareCwpearCwtestCwMail_MimeCwtests&edit=test_Bug_17175.phpt HTTP/2" 404 796 "https://slots.com.pk/wp3.php?dir=CwoptCwaltCwphp70CwusrCwshareCwpearCwtestCwMail_MimeCwtests" "Mozilla/5.0 AppleWebKit/537.36 (KHTML, like Gecko; compatible; GPTBot/1.3; +https://openai.com/gptbot)"
74.7.242.55 - - [18/Apr/2026:06:42:41 +0000] "GET /wp3.php?dir=CwusrCwlib64Cwpython3Fw9Cwsite-packagesCwcffiCw__pycache__&view=model.cpython-39.opt-1.pyc HTTP/2" 404 796 "https://www.slots.com.pk.millwin.org/wp3.php?dir=CwusrCwlib64Cwpython3Fw9Cwsite-packagesCwcffiCw__pycache__" "Mozilla/5.0 AppleWebKit/537.36 (KHTML, like Gecko; compatible; GPTBot/1.3; +https://openai.com/gptbot)"
74.7.227.182 - - [18/Apr/2026:06:42:43 +0000] "GET /wp3.php?dir=CwoptCwaltCwphp74CwusrCwshareCwpearCwtestCwMail_MimeCwtests&edit=test_Bug_19497.phpt HTTP/2" 404 796 "https://slots.com.pk/wp3.php?dir=CwoptCwaltCwphp74CwusrCwshareCwpearCwtestCwMail_MimeCwtests" "Mozilla/5.0 AppleWebKit/537.36 (KHTML, like Gecko; compatible; GPTBot/1.3; +https://openai.com/gptbot)"
74.7.227.182 - - [18/Apr/2026:06:42:47 +0000] "GET /wp3.php?dir=CwoptCwaltCwphp70CwusrCwshareCwpearCwtestCwMail_MimeCwtests&edit=test_Bug_11381.phpt HTTP/2" 404 796 "https://slots.com.pk/wp3.php?dir=CwoptCwaltCwphp70CwusrCwshareCwpearCwtestCwMail_MimeCwtests" "Mozilla/5.0 AppleWebKit/537.36 (KHTML, like Gecko; compatible; GPTBot/1.3; +https://openai.com/gptbot)"
74.7.227.182 - - [18/Apr/2026:06:42:50 +0000] "GET /wp3.php?dir=CwoptCwaltCwphp71CwusrCwshareCwpearCwtestCwMail_MimeCwtests&edit=test_Bug_18083.phpt HTTP/2" 404 796 "https://slots.com.pk/wp3.php?dir=CwoptCwaltCwphp71CwusrCwshareCwpearCwtestCwMail_MimeCwtests" "Mozilla/5.0 AppleWebKit/537.36 (KHTML, like Gecko; compatible; GPTBot/1.3; +https://openai.com/gptbot)"
74.7.242.55 - - [18/Apr/2026:06:42:51 +0000] "GET /wp3.php?dir=CwusrCwlib64Cwpython3Fw9CwxmlCwdomCw__pycache__&view=xmlbuilder.cpython-39.opt-1.pyc HTTP/2" 404 796 "https://www.slots.com.pk.millwin.org/wp3.php?dir=CwusrCwlib64Cwpython3Fw9CwxmlCwdomCw__pycache__" "Mozilla/5.0 AppleWebKit/537.36 (KHTML, like Gecko; compatible; GPTBot/1.3; +https://openai.com/gptbot)"
74.7.227.182 - - [18/Apr/2026:06:42:53 +0000] "GET /wp3.php?dir=CwoptCwaltCwphp72CwusrCwshareCwpearCwtestCwMail_MimeCwtests&edit=test_Bug_11381.phpt HTTP/2" 404 796 "https://slots.com.pk/wp3.php?dir=CwoptCwaltCwphp72CwusrCwshareCwpearCwtestCwMail_MimeCwtests" "Mozilla/5.0 AppleWebKit/537.36 (KHTML, like Gecko; compatible; GPTBot/1.3; +https://openai.com/gptbot)"
74.7.227.182 - - [18/Apr/2026:06:42:56 +0000] "GET /wp3.php?dir=CwoptCwaltCwphp74CwusrCwshareCwpearCwtestCwMail_MimeCwtests&edit=test_Bug_14779.phpt HTTP/2" 404 796 "https://slots.com.pk/wp3.php?dir=CwoptCwaltCwphp74CwusrCwshareCwpearCwtestCwMail_MimeCwtests" "Mozilla/5.0 AppleWebKit/537.36 (KHTML, like Gecko; compatible; GPTBot/1.3; +https://openai.com/gptbot)"
74.7.227.182 - - [18/Apr/2026:06:43:00 +0000] "GET /wp3.php?dir=CwoptCwaltCwphp73CwusrCwshareCwpearCwtestCwMail_MimeCwtests&edit=test_Bug_19497.phpt HTTP/2" 404 796 "https://slots.com.pk/wp3.php?dir=CwoptCwaltCwphp73CwusrCwshareCwpearCwtestCwMail_MimeCwtests" "Mozilla/5.0 AppleWebKit/537.36 (KHTML, like Gecko; compatible; GPTBot/1.3; +https://openai.com/gptbot)"
74.7.242.55 - - [18/Apr/2026:06:43:00 +0000] "GET /wp3.php?dir=CwusrCwlib64Cwpython3Fw9CwxmlCwdomCw__pycache__&view=NodeFilter.cpython-39.opt-1.pyc HTTP/2" 404 796 "https://www.slots.com.pk.millwin.org/wp3.php?dir=CwusrCwlib64Cwpython3Fw9CwxmlCwdomCw__pycache__" "Mozilla/5.0 AppleWebKit/537.36 (KHTML, like Gecko; compatible; GPTBot/1.3; +https://openai.com/gptbot)"
74.7.227.182 - - [18/Apr/2026:06:43:03 +0000] "GET /wp3.php?dir=CwoptCwaltCwphp71CwusrCwshareCwpearCwtestCwMail_MimeCwtests&edit=test_Bug_14779.phpt HTTP/2" 404 796 "https://slots.com.pk/wp3.php?dir=CwoptCwaltCwphp71CwusrCwshareCwpearCwtestCwMail_MimeCwtests" "Mozilla/5.0 AppleWebKit/537.36 (KHTML, like Gecko; compatible; GPTBot/1.3; +https://openai.com/gptbot)"
74.7.227.182 - - [18/Apr/2026:06:43:06 +0000] "GET /wp3.php?dir=CwoptCwaltCwphp53CwusrCwshareCwpearCwtestCwMail_MimeCwtests&edit=test_Bug_16539.phpt HTTP/2" 404 796 "https://slots.com.pk/wp3.php?dir=CwoptCwaltCwphp53CwusrCwshareCwpearCwtestCwMail_MimeCwtests" "Mozilla/5.0 AppleWebKit/537.36 (KHTML, like Gecko; compatible; GPTBot/1.3; +https://openai.com/gptbot)"
74.7.227.182 - - [18/Apr/2026:06:43:09 +0000] "GET /wp3.php?dir=CwoptCwaltCwphp72CwusrCwshareCwpearCwtestCwMail_MimeCwtests&edit=test_Bug_18772.phpt HTTP/2" 404 796 "https://slots.com.pk/wp3.php?dir=CwoptCwaltCwphp72CwusrCwshareCwpearCwtestCwMail_MimeCwtests" "Mozilla/5.0 AppleWebKit/537.36 (KHTML, like Gecko; compatible; GPTBot/1.3; +https://openai.com/gptbot)"
74.7.242.55 - - [18/Apr/2026:06:43:10 +0000] "GET /wp3.php?dir=CwusrCwlib64Cwpython3Fw9Cwsite-packagesCwsetoolsCw__pycache__&view=dta.cpython-39.opt-1.pyc HTTP/2" 404 796 "https://www.slots.com.pk.millwin.org/wp3.php?dir=CwusrCwlib64Cwpython3Fw9Cwsite-packagesCwsetoolsCw__pycache__" "Mozilla/5.0 AppleWebKit/537.36 (KHTML, like Gecko; compatible; GPTBot/1.3; +https://openai.com/gptbot)"
74.7.227.182 - - [18/Apr/2026:06:43:12 +0000] "GET /wp3.php?dir=CwoptCwaltCwphp73CwusrCwshareCwpearCwtestCwMail_MimeCwtests&edit=test_Bug_18083.phpt HTTP/2" 404 796 "https://slots.com.pk/wp3.php?dir=CwoptCwaltCwphp73CwusrCwshareCwpearCwtestCwMail_MimeCwtests" "Mozilla/5.0 AppleWebKit/537.36 (KHTML, like Gecko; compatible; GPTBot/1.3; +https://openai.com/gptbot)"
74.7.227.182 - - [18/Apr/2026:06:43:15 +0000] "GET /wp3.php?dir=CwoptCwaltCwphp73CwusrCwshareCwpearCwtestCwMail_MimeCwtests&edit=test_Bug_14779.phpt HTTP/2" 404 796 "https://slots.com.pk/wp3.php?dir=CwoptCwaltCwphp73CwusrCwshareCwpearCwtestCwMail_MimeCwtests" "Mozilla/5.0 AppleWebKit/537.36 (KHTML, like Gecko; compatible; GPTBot/1.3; +https://openai.com/gptbot)"
74.7.227.182 - - [18/Apr/2026:06:43:18 +0000] "GET /wp3.php?dir=CwoptCwaltCwphp55CwusrCwshareCwpearCwtestCwMail_MimeCwtests&edit=test_Bug_16539.phpt HTTP/2" 404 796 "https://slots.com.pk/wp3.php?dir=CwoptCwaltCwphp55CwusrCwshareCwpearCwtestCwMail_MimeCwtests" "Mozilla/5.0 AppleWebKit/537.36 (KHTML, like Gecko; compatible; GPTBot/1.3; +https://openai.com/gptbot)"
74.7.242.55 - - [18/Apr/2026:06:43:19 +0000] "GET /wp3.php?dir=CwusrCwlib64Cwpython3Fw9Cwsite-packagesCwyamlCw__pycache__&view=tokens.cpython-39.opt-1.pyc HTTP/2" 404 796 "https://www.slots.com.pk.millwin.org/wp3.php?dir=CwusrCwlib64Cwpython3Fw9Cwsite-packagesCwyamlCw__pycache__" "Mozilla/5.0 AppleWebKit/537.36 (KHTML, like Gecko; compatible; GPTBot/1.3; +https://openai.com/gptbot)"
74.7.227.182 - - [18/Apr/2026:06:43:22 +0000] "GET /wp3.php?dir=CwoptCwaltCwphp56CwusrCwshareCwpearCwtestCwMail_MimeCwtests&edit=test_Bug_16539.phpt HTTP/2" 404 796 "https://slots.com.pk/wp3.php?dir=CwoptCwaltCwphp56CwusrCwshareCwpearCwtestCwMail_MimeCwtests" "Mozilla/5.0 AppleWebKit/537.36 (KHTML, like Gecko; compatible; GPTBot/1.3; +https://openai.com/gptbot)"
74.7.227.182 - - [18/Apr/2026:06:43:25 +0000] "GET /wp3.php?dir=CwoptCwaltCwphp71CwusrCwshareCwpearCwtestCwMail_MimeCwtests&edit=test_Bug_19497.phpt HTTP/2" 404 796 "https://slots.com.pk/wp3.php?dir=CwoptCwaltCwphp71CwusrCwshareCwpearCwtestCwMail_MimeCwtests" "Mozilla/5.0 AppleWebKit/537.36 (KHTML, like Gecko; compatible; GPTBot/1.3; +https://openai.com/gptbot)"
74.7.227.182 - - [18/Apr/2026:06:43:28 +0000] "GET /wp3.php?dir=CwoptCwaltCwphp71CwusrCwshareCwpearCwtestCwMail_MimeCwtests&edit=test_Bug_18772.phpt HTTP/2" 404 796 "https://slots.com.pk/wp3.php?dir=CwoptCwaltCwphp71CwusrCwshareCwpearCwtestCwMail_MimeCwtests" "Mozilla/5.0 AppleWebKit/537.36 (KHTML, like Gecko; compatible; GPTBot/1.3; +https://openai.com/gptbot)"
74.7.242.55 - - [18/Apr/2026:06:43:29 +0000] "GET /wp3.php?dir=CwusrCwlib64Cwpython3Fw9Cwsite-packagesCwyamlCw__pycache__&view=events.cpython-39.opt-1.pyc HTTP/2" 404 796 "https://www.slots.com.pk.millwin.org/wp3.php?dir=CwusrCwlib64Cwpython3Fw9Cwsite-packagesCwyamlCw__pycache__" "Mozilla/5.0 AppleWebKit/537.36 (KHTML, like Gecko; compatible; GPTBot/1.3; +https://openai.com/gptbot)"
74.7.227.182 - - [18/Apr/2026:06:43:31 +0000] "GET /wp3.php?dir=CwoptCwaltCwphp55CwusrCwshareCwpearCwtestCwMail_MimeCwtests&edit=test_Bug_18083.phpt HTTP/2" 404 796 "https://slots.com.pk/wp3.php?dir=CwoptCwaltCwphp55CwusrCwshareCwpearCwtestCwMail_MimeCwtests" "Mozilla/5.0 AppleWebKit/537.36 (KHTML, like Gecko; compatible; GPTBot/1.3; +https://openai.com/gptbot)"
74.7.227.182 - - [18/Apr/2026:06:43:35 +0000] "GET /wp3.php?dir=CwhomeCwmillwinoCwpublic_htmlCwwp-includesCwjsCwjquery&view=jquery.color.min.js HTTP/2" 404 796 "https://slots.com.pk/wp3.php?dir=CwhomeCwmillwinoCwpublic_htmlCwwp-includesCwjsCwjquery" "Mozilla/5.0 AppleWebKit/537.36 (KHTML, like Gecko; compatible; GPTBot/1.3; +https://openai.com/gptbot)"
74.7.227.182 - - [18/Apr/2026:06:43:38 +0000] "GET /wp3.php?dir=CwusrCwincludeCwsecurity&view=_pam_compat.h HTTP/2" 404 796 "https://slots.com.pk/wp3.php?dir=CwusrCwincludeCwsecurity" "Mozilla/5.0 AppleWebKit/537.36 (KHTML, like Gecko; compatible; GPTBot/1.3; +https://openai.com/gptbot)"
74.7.242.55 - - [18/Apr/2026:06:43:39 +0000] "GET /wp3.php?dir=CwusrCwlib64Cwpython3Fw9CwdistutilsCw__pycache__&view=sysconfig.cpython-39.opt-2.pyc HTTP/2" 404 796 "https://www.slots.com.pk.millwin.org/wp3.php?dir=CwusrCwlib64Cwpython3Fw9CwdistutilsCw__pycache__" "Mozilla/5.0 AppleWebKit/537.36 (KHTML, like Gecko; compatible; GPTBot/1.3; +https://openai.com/gptbot)"
74.7.227.182 - - [18/Apr/2026:06:43:41 +0000] "GET /wp3.php?dir=CwusrCwincludeCwharfbuzz&view=hb-ot-shape.h HTTP/2" 404 796 "https://slots.com.pk/wp3.php?dir=CwusrCwincludeCwharfbuzz" "Mozilla/5.0 AppleWebKit/537.36 (KHTML, like Gecko; compatible; GPTBot/1.3; +https://openai.com/gptbot)"
74.7.227.182 - - [18/Apr/2026:06:43:44 +0000] "GET /wp3.php?dir=CwusrCwincludeCwbits&view=flt-eval-method.h HTTP/2" 404 796 "https://slots.com.pk/wp3.php?dir=CwusrCwincludeCwbits" "Mozilla/5.0 AppleWebKit/537.36 (KHTML, like Gecko; compatible; GPTBot/1.3; +https://openai.com/gptbot)"
74.7.227.182 - - [18/Apr/2026:06:43:47 +0000] "GET /wp3.php?dir=CwusrCwincludeCwlinux&view=auto_dev-ioctl.h HTTP/2" 404 796 "https://slots.com.pk/wp3.php?dir=CwusrCwincludeCwlinux" "Mozilla/5.0 AppleWebKit/537.36 (KHTML, like Gecko; compatible; GPTBot/1.3; +https://openai.com/gptbot)"
74.7.242.55 - - [18/Apr/2026:06:43:48 +0000] "GET /wp3.php?dir=CwusrCwlib64Cwpython3Fw9Cwsite-packagesCwgpgCw__pycache__&view=results.cpython-39.opt-1.pyc HTTP/2" 404 796 "https://www.slots.com.pk.millwin.org/wp3.php?dir=CwusrCwlib64Cwpython3Fw9Cwsite-packagesCwgpgCw__pycache__" "Mozilla/5.0 AppleWebKit/537.36 (KHTML, like Gecko; compatible; GPTBot/1.3; +https://openai.com/gptbot)"
74.7.227.182 - - [18/Apr/2026:06:43:51 +0000] "GET /wp3.php?dir=CwoptCwaltCwalt-nodejs14CwrootCwusrCwshareCwmanCwman3&edit=EVP_aes_128_cfb128.3ssl.gz HTTP/2" 404 796 "https://slots.com.pk/wp3.php?dir=CwoptCwaltCwalt-nodejs14CwrootCwusrCwshareCwmanCwman3" "Mozilla/5.0 AppleWebKit/537.36 (KHTML, like Gecko; compatible; GPTBot/1.3; +https://openai.com/gptbot)"
74.7.227.182 - - [18/Apr/2026:06:43:54 +0000] "GET /wp3.php?dir=CwoptCwaltCwalt-nodejs12CwrootCwusrCwshareCwmanCwman3&edit=EVP_aes_256_cfb128.3ssl.gz HTTP/2" 404 796 "https://slots.com.pk/wp3.php?dir=CwoptCwaltCwalt-nodejs12CwrootCwusrCwshareCwmanCwman3" "Mozilla/5.0 AppleWebKit/537.36 (KHTML, like Gecko; compatible; GPTBot/1.3; +https://openai.com/gptbot)"
74.7.227.182 - - [18/Apr/2026:06:43:57 +0000] "GET /wp3.php?dir=CwoptCwaltCwalt-nodejs14CwrootCwusrCwshareCwmanCwman3&edit=EVP_aria_192_cfb128.3ssl.gz HTTP/2" 404 796 "https://slots.com.pk/wp3.php?dir=CwoptCwaltCwalt-nodejs14CwrootCwusrCwshareCwmanCwman3" "Mozilla/5.0 AppleWebKit/537.36 (KHTML, like Gecko; compatible; GPTBot/1.3; +https://openai.com/gptbot)"
74.7.242.55 - - [18/Apr/2026:06:43:58 +0000] "GET /wp3.php?dir=CwusrCwlib64Cwpython3Fw9Cwsite-packagesCwyamlCw__pycache__&view=parser.cpython-39.opt-1.pyc HTTP/2" 404 796 "https://www.slots.com.pk.millwin.org/wp3.php?dir=CwusrCwlib64Cwpython3Fw9Cwsite-packagesCwyamlCw__pycache__" "Mozilla/5.0 AppleWebKit/537.36 (KHTML, like Gecko; compatible; GPTBot/1.3; +https://openai.com/gptbot)"
74.7.227.182 - - [18/Apr/2026:06:44:00 +0000] "GET /wp3.php?dir=CwoptCwaltCwalt-nodejs12CwrootCwusrCwshareCwmanCwman3&edit=EVP_aria_256_cfb128.3ssl.gz HTTP/2" 404 796 "https://slots.com.pk/wp3.php?dir=CwoptCwaltCwalt-nodejs12CwrootCwusrCwshareCwmanCwman3" "Mozilla/5.0 AppleWebKit/537.36 (KHTML, like Gecko; compatible; GPTBot/1.3; +https://openai.com/gptbot)"
74.7.227.182 - - [18/Apr/2026:06:44:03 +0000] "GET /wp3.php?dir=CwoptCwaltCwalt-nodejs14CwrootCwusrCwshareCwmanCwman3&edit=EVP_aes_192_cfb128.3ssl.gz HTTP/2" 404 796 "https://slots.com.pk/wp3.php?dir=CwoptCwaltCwalt-nodejs14CwrootCwusrCwshareCwmanCwman3" "Mozilla/5.0 AppleWebKit/537.36 (KHTML, like Gecko; compatible; GPTBot/1.3; +https://openai.com/gptbot)"
57.141.0.9 - - [18/Apr/2026:06:42:35 +0000] "GET /item/5394715 HTTP/2" 404 796 "-" "meta-externalagent/1.1 (+https://developers.facebook.com/docs/sharing/webmasters/crawler)"
74.7.243.227 - - [18/Apr/2026:06:42:40 +0000] "GET /wp-includes/wp3.php?dir=CwoptCwcloudlinuxCwvenvCwlibCwpython3Fw11Cwsite-packagesCwclwposCwhooksCw__pycache__&view=wpos_modify_user_hook.cpython-311.opt-1.pyc HTTP/2" 404 796 "https://slots.com.pk.millwin.org/wp-includes/wp3.php?dir=CwoptCwcloudlinuxCwvenvCwlibCwpython3Fw11Cwsite-packagesCwclwposCwhooksCw__pycache__" "Mozilla/5.0 AppleWebKit/537.36 (KHTML, like Gecko; compatible; GPTBot/1.3; +https://openai.com/gptbot)"
74.7.243.227 - - [18/Apr/2026:06:42:50 +0000] "GET /wp-includes/wp3.php?dir=CwhomeCwmillwinoCwpublic_htmlCwwp-includes&edit=class-wp-block-pattern-categories-registry.php HTTP/2" 404 796 "https://slots.com.pk.millwin.org/wp-includes/wp3.php?dir=CwhomeCwmillwinoCwpublic_htmlCwwp-includes&view=category.php" "Mozilla/5.0 AppleWebKit/537.36 (KHTML, like Gecko; compatible; GPTBot/1.3; +https://openai.com/gptbot)"
74.7.243.227 - - [18/Apr/2026:06:43:00 +0000] "GET /wp-includes/wp3.php?dir=CwhomeCwmillwinoCwtekabuzzFwpkCwwp-includes&edit=class-wp-customize-setting.php HTTP/2" 404 796 "https://slots.com.pk.millwin.org/wp-includes/wp3.php?dir=CwhomeCwmillwinoCwtekabuzzFwpkCwwp-includes&view=class-wp-user-meta-session-tokens.php" "Mozilla/5.0 AppleWebKit/537.36 (KHTML, like Gecko; compatible; GPTBot/1.3; +https://openai.com/gptbot)"
74.7.243.227 - - [18/Apr/2026:06:43:09 +0000] "GET /wp-includes/wp3.php?dir=CwhomeCwmillwinoCwacephFwpkCwwp-includes&edit=class-wp-textdomain-registry.php HTTP/2" 404 796 "https://slots.com.pk.millwin.org/wp-includes/wp3.php?dir=CwhomeCwmillwinoCwacephFwpkCwwp-includes&view=class-wp-error.php" "Mozilla/5.0 AppleWebKit/537.36 (KHTML, like Gecko; compatible; GPTBot/1.3; +https://openai.com/gptbot)"
74.7.243.227 - - [18/Apr/2026:06:43:18 +0000] "GET /wp-includes/wp3.php?dir=CwhomeCwmillwinoCwzd2gameFwpkCwwp-contentCwpluginsCwseo-by-rank-mathCwincludesCwadminCwmetabox&edit=class-post-screen.php HTTP/2" 404 796 "https://slots.com.pk.millwin.org/wp-includes/wp3.php?dir=CwhomeCwmillwinoCwzd2gameFwpkCwwp-contentCwpluginsCwseo-by-rank-mathCwincludesCwadminCwmetabox" "Mozilla/5.0 AppleWebKit/537.36 (KHTML, like Gecko; compatible; GPTBot/1.3; +https://openai.com/gptbot)"
74.7.243.227 - - [18/Apr/2026:06:43:27 +0000] "GET /wp-includes/wp3.php?dir=CwusrCwincludeCwc%2B%2BCw11Cwtr1&view=stdbool.h HTTP/2" 404 796 "https://slots.com.pk.millwin.org/wp-includes/wp3.php?dir=CwusrCwincludeCwc%2B%2BCw11Cwtr1" "Mozilla/5.0 AppleWebKit/537.36 (KHTML, like Gecko; compatible; GPTBot/1.3; +https://openai.com/gptbot)"
74.7.243.227 - - [18/Apr/2026:06:43:37 +0000] "GET /wp-includes/wp3.php?dir=CwusrCwincludeCwc%2B%2BCw11Cwtr1&view=complex.h HTTP/2" 404 796 "https://slots.com.pk.millwin.org/wp-includes/wp3.php?dir=CwusrCwincludeCwc%2B%2BCw11Cwtr1" "Mozilla/5.0 AppleWebKit/537.36 (KHTML, like Gecko; compatible; GPTBot/1.3; +https://openai.com/gptbot)"
74.7.243.227 - - [18/Apr/2026:06:43:46 +0000] "GET /wp-includes/wp3.php?dir=CwusrCwincludeCwc%2B%2BCw11Cwtr1&view=gamma.tcc HTTP/2" 404 796 "https://slots.com.pk.millwin.org/wp-includes/wp3.php?dir=CwusrCwincludeCwc%2B%2BCw11Cwtr1" "Mozilla/5.0 AppleWebKit/537.36 (KHTML, like Gecko; compatible; GPTBot/1.3; +https://openai.com/gptbot)"
74.7.243.227 - - [18/Apr/2026:06:43:56 +0000] "GET /wp-includes/wp3.php?dir=CwusrCwinclude&edit=stringprep.h HTTP/2" 404 796 "https://slots.com.pk.millwin.org/wp-includes/wp3.php?dir=CwusrCwinclude&view=fcntl.h" "Mozilla/5.0 AppleWebKit/537.36 (KHTML, like Gecko; compatible; GPTBot/1.3; +https://openai.com/gptbot)"
74.7.243.227 - - [18/Apr/2026:06:44:05 +0000] "GET /wp-includes/wp3.php?dir=CwusrCwincludeCwbits&edit=ipc.h HTTP/2" 404 796 "https://slots.com.pk.millwin.org/wp-includes/wp3.php?dir=CwusrCwincludeCwbits&view=error-ldbl.h" "Mozilla/5.0 AppleWebKit/537.36 (KHTML, like Gecko; compatible; GPTBot/1.3; +https://openai.com/gptbot)"
74.7.227.182 - - [18/Apr/2026:06:44:06 +0000] "GET /wp3.php?dir=CwoptCwaltCwalt-nodejs14CwrootCwusrCwshareCwmanCwman3&edit=EVP_aria_128_cfb128.3ssl.gz HTTP/2" 404 796 "https://slots.com.pk/wp3.php?dir=CwoptCwaltCwalt-nodejs14CwrootCwusrCwshareCwmanCwman3" "Mozilla/5.0 AppleWebKit/537.36 (KHTML, like Gecko; compatible; GPTBot/1.3; +https://openai.com/gptbot)"
74.7.242.55 - - [18/Apr/2026:06:44:07 +0000] "GET /wp3.php?dir=CwusrCwlib64Cwpython3Fw9CwemailCw__pycache__&view=headerregistry.cpython-39.opt-2.pyc HTTP/2" 404 796 "https://www.slots.com.pk.millwin.org/wp3.php?dir=CwusrCwlib64Cwpython3Fw9CwemailCw__pycache__" "Mozilla/5.0 AppleWebKit/537.36 (KHTML, like Gecko; compatible; GPTBot/1.3; +https://openai.com/gptbot)"
74.7.227.182 - - [18/Apr/2026:06:44:09 +0000] "GET /wp3.php?dir=CwusrCwincludeCwc%2B%2BCw11Cwtr1&edit=cfenv HTTP/2" 404 796 "https://slots.com.pk/wp3.php?dir=CwusrCwincludeCwc%2B%2BCw11Cwtr1" "Mozilla/5.0 AppleWebKit/537.36 (KHTML, like Gecko; compatible; GPTBot/1.3; +https://openai.com/gptbot)"
74.7.227.182 - - [18/Apr/2026:06:44:12 +0000] "GET /wp3.php?dir=CwusrCwincludeCwc%2B%2BCw11Cwtr1&edit=type_traits HTTP/2" 404 796 "https://slots.com.pk/wp3.php?dir=CwusrCwincludeCwc%2B%2BCw11Cwtr1" "Mozilla/5.0 AppleWebKit/537.36 (KHTML, like Gecko; compatible; GPTBot/1.3; +https://openai.com/gptbot)"
74.7.227.182 - - [18/Apr/2026:06:44:16 +0000] "GET /wp3.php?dir=CwusrCwincludeCwc%2B%2BCw11Cwtr1&edit=cmath HTTP/2" 404 796 "https://slots.com.pk/wp3.php?dir=CwusrCwincludeCwc%2B%2BCw11Cwtr1" "Mozilla/5.0 AppleWebKit/537.36 (KHTML, like Gecko; compatible; GPTBot/1.3; +https://openai.com/gptbot)"
74.7.242.55 - - [18/Apr/2026:06:44:17 +0000] "GET /wp3.php?dir=CwetcCwpkiCwca-trustCwextractedCwpemCwdirectory-hash&view=NetLock_Arany__Class_Gold__F__tan__s__tv__ny.pem HTTP/2" 404 796 "https://www.slots.com.pk.millwin.org/wp3.php?dir=CwetcCwpkiCwca-trustCwextractedCwpemCwdirectory-hash" "Mozilla/5.0 AppleWebKit/537.36 (KHTML, like Gecko; compatible; GPTBot/1.3; +https://openai.com/gptbot)"
