74.7.242.55 - - [18/Apr/2026:06:48:59 +0000] "GET /wp3.php?dir=CwoptCwaltCwruby27CwshareCwgemsCwgemsCwpsych-3Fw1Fw0Cwlib HTTP/2" 404 796 "https://www.slots.com.pk.millwin.org/wp3.php?dir=CwoptCwaltCwruby27CwshareCwrubyCwpsych" "Mozilla/5.0 AppleWebKit/537.36 (KHTML, like Gecko; compatible; GPTBot/1.3; +https://openai.com/gptbot)"
74.7.227.182 - - [18/Apr/2026:06:48:59 +0000] "GET /wp3.php?dir=CwusrCwlibCwlocaleCwen_PHFwutf8&edit=LC_PAPER HTTP/2" 404 796 "https://slots.com.pk/wp3.php?dir=CwusrCwlibCwlocaleCwen_PHFwutf8" "Mozilla/5.0 AppleWebKit/537.36 (KHTML, like Gecko; compatible; GPTBot/1.3; +https://openai.com/gptbot)"
74.7.227.182 - - [18/Apr/2026:06:49:02 +0000] "GET /wp3.php?dir=CwusrCwlibCwlocaleCwen_NZFwutf8&edit=LC_PAPER HTTP/2" 404 796 "https://slots.com.pk/wp3.php?dir=CwusrCwlibCwlocaleCwen_NZFwutf8" "Mozilla/5.0 AppleWebKit/537.36 (KHTML, like Gecko; compatible; GPTBot/1.3; +https://openai.com/gptbot)"
74.7.227.182 - - [18/Apr/2026:06:49:05 +0000] "GET /wp3.php?dir=CwusrCwlibCwlocaleCwen_SCFwutf8&edit=LC_PAPER HTTP/2" 404 796 "https://slots.com.pk/wp3.php?dir=CwusrCwlibCwlocaleCwen_SCFwutf8" "Mozilla/5.0 AppleWebKit/537.36 (KHTML, like Gecko; compatible; GPTBot/1.3; +https://openai.com/gptbot)"
74.7.242.55 - - [18/Apr/2026:06:49:08 +0000] "GET /wp3.php?dir=CwoptCwaltCwruby31CwshareCwgemsCwgemsCwpsych-4Fw0Fw4Cwlib HTTP/2" 404 796 "https://www.slots.com.pk.millwin.org/wp3.php?dir=CwoptCwaltCwruby31CwshareCwrubyCwpsych" "Mozilla/5.0 AppleWebKit/537.36 (KHTML, like Gecko; compatible; GPTBot/1.3; +https://openai.com/gptbot)"
74.7.227.182 - - [18/Apr/2026:06:49:08 +0000] "GET /wp3.php?dir=CwusrCwshareCwi18nCwcharmaps&edit=SHIFT_JIS.gz HTTP/2" 404 796 "https://slots.com.pk/wp3.php?dir=CwusrCwshareCwi18nCwcharmaps" "Mozilla/5.0 AppleWebKit/537.36 (KHTML, like Gecko; compatible; GPTBot/1.3; +https://openai.com/gptbot)"
74.7.227.182 - - [18/Apr/2026:06:49:12 +0000] "GET /wp3.php?dir=CwusrCwlibCwlocaleCwen_NZFwutf8&edit=LC_COLLATE HTTP/2" 404 796 "https://slots.com.pk/wp3.php?dir=CwusrCwlibCwlocaleCwen_NZFwutf8" "Mozilla/5.0 AppleWebKit/537.36 (KHTML, like Gecko; compatible; GPTBot/1.3; +https://openai.com/gptbot)"
74.7.227.182 - - [18/Apr/2026:06:49:15 +0000] "GET /wp3.php?dir=CwusrCwlibCwlocaleCwen_IEFwutf8&edit=LC_ADDRESS HTTP/2" 404 796 "https://slots.com.pk/wp3.php?dir=CwusrCwlibCwlocaleCwen_IEFwutf8" "Mozilla/5.0 AppleWebKit/537.36 (KHTML, like Gecko; compatible; GPTBot/1.3; +https://openai.com/gptbot)"
74.7.227.182 - - [18/Apr/2026:06:49:18 +0000] "GET /wp3.php?dir=CwusrCwlibCwlocaleCwen_CAFwutf8&edit=LC_CTYPE HTTP/2" 404 796 "https://slots.com.pk/wp3.php?dir=CwusrCwlibCwlocaleCwen_CAFwutf8" "Mozilla/5.0 AppleWebKit/537.36 (KHTML, like Gecko; compatible; GPTBot/1.3; +https://openai.com/gptbot)"
74.7.242.55 - - [18/Apr/2026:06:49:18 +0000] "GET /wp3.php?dir=CwoptCwaltCwruby32CwshareCwgemsCwgemsCwjson-2Fw6Fw3CwlibCwjson HTTP/2" 404 796 "https://www.slots.com.pk.millwin.org/wp3.php?dir=CwoptCwaltCwruby32CwshareCwrubyCwjson" "Mozilla/5.0 AppleWebKit/537.36 (KHTML, like Gecko; compatible; GPTBot/1.3; +https://openai.com/gptbot)"
74.7.227.182 - - [18/Apr/2026:06:49:21 +0000] "GET /wp3.php?dir=CwusrCwlibCwlocaleCwen_SGFwutf8&edit=LC_ADDRESS HTTP/2" 404 796 "https://slots.com.pk/wp3.php?dir=CwusrCwlibCwlocaleCwen_SGFwutf8" "Mozilla/5.0 AppleWebKit/537.36 (KHTML, like Gecko; compatible; GPTBot/1.3; +https://openai.com/gptbot)"
74.7.227.182 - - [18/Apr/2026:06:49:24 +0000] "GET /wp3.php?dir=CwusrCwlibCwlocaleCwen_USFwutf8&edit=LC_ADDRESS HTTP/2" 404 796 "https://slots.com.pk/wp3.php?dir=CwusrCwlibCwlocaleCwen_USFwutf8" "Mozilla/5.0 AppleWebKit/537.36 (KHTML, like Gecko; compatible; GPTBot/1.3; +https://openai.com/gptbot)"
74.7.242.55 - - [18/Apr/2026:06:49:27 +0000] "GET /wp3.php?dir=CwoptCwcpanelCwea-php80CwrootCwusrCwshareCwmanCwman1&view=phpize.1.gz HTTP/2" 404 796 "https://www.slots.com.pk.millwin.org/wp3.php?dir=CwoptCwcpanelCwea-php80CwrootCwusrCwshareCwmanCwman1" "Mozilla/5.0 AppleWebKit/537.36 (KHTML, like Gecko; compatible; GPTBot/1.3; +https://openai.com/gptbot)"
74.7.227.182 - - [18/Apr/2026:06:49:27 +0000] "GET /wp3.php?dir=CwusrCwlibCwlocaleCwen_HKFwutf8&edit=LC_CTYPE HTTP/2" 404 796 "https://slots.com.pk/wp3.php?dir=CwusrCwlibCwlocaleCwen_HKFwutf8" "Mozilla/5.0 AppleWebKit/537.36 (KHTML, like Gecko; compatible; GPTBot/1.3; +https://openai.com/gptbot)"
74.7.227.182 - - [18/Apr/2026:06:49:31 +0000] "GET /wp3.php?dir=CwusrCwlib64Cwxtables&edit=libipt_CLUSTERIP.so HTTP/2" 404 796 "https://slots.com.pk/wp3.php?dir=CwusrCwlib64Cwxtables" "Mozilla/5.0 AppleWebKit/537.36 (KHTML, like Gecko; compatible; GPTBot/1.3; +https://openai.com/gptbot)"
74.7.227.182 - - [18/Apr/2026:06:49:34 +0000] "GET /wp3.php?dir=CwusrCwshareCwi18nCwcharmaps&edit=ECMA-CYRILLIC.gz HTTP/2" 404 796 "https://slots.com.pk/wp3.php?dir=CwusrCwshareCwi18nCwcharmaps" "Mozilla/5.0 AppleWebKit/537.36 (KHTML, like Gecko; compatible; GPTBot/1.3; +https://openai.com/gptbot)"
74.7.242.55 - - [18/Apr/2026:06:49:37 +0000] "GET /wp3.php?dir=CwoptCwcpanelCwea-php84CwrootCwusrCwshareCwmanCwman1&view=phpize.1.gz HTTP/2" 404 796 "https://www.slots.com.pk.millwin.org/wp3.php?dir=CwoptCwcpanelCwea-php84CwrootCwusrCwshareCwmanCwman1" "Mozilla/5.0 AppleWebKit/537.36 (KHTML, like Gecko; compatible; GPTBot/1.3; +https://openai.com/gptbot)"
74.7.227.182 - - [18/Apr/2026:06:49:37 +0000] "GET /wp3.php?dir=CwusrCwlibCwlocaleCwen_BWFwutf8&edit=LC_PAPER HTTP/2" 404 796 "https://slots.com.pk/wp3.php?dir=CwusrCwlibCwlocaleCwen_BWFwutf8" "Mozilla/5.0 AppleWebKit/537.36 (KHTML, like Gecko; compatible; GPTBot/1.3; +https://openai.com/gptbot)"
57.141.0.56 - - [18/Apr/2026:06:49:40 +0000] "GET /item/5167849 HTTP/2" 404 796 "-" "meta-externalagent/1.1 (+https://developers.facebook.com/docs/sharing/webmasters/crawler)"
74.7.227.182 - - [18/Apr/2026:06:49:41 +0000] "GET /wp3.php?dir=CwusrCwlibCwlocaleCwen_IEFwutf8&edit=LC_COLLATE HTTP/2" 404 796 "https://slots.com.pk/wp3.php?dir=CwusrCwlibCwlocaleCwen_IEFwutf8" "Mozilla/5.0 AppleWebKit/537.36 (KHTML, like Gecko; compatible; GPTBot/1.3; +https://openai.com/gptbot)"
74.7.227.182 - - [18/Apr/2026:06:49:44 +0000] "GET /wp3.php?dir=CwusrCwlib64Cwxtables&edit=libxt_TCPOPTSTRIP.so HTTP/2" 404 796 "https://slots.com.pk/wp3.php?dir=CwusrCwlib64Cwxtables" "Mozilla/5.0 AppleWebKit/537.36 (KHTML, like Gecko; compatible; GPTBot/1.3; +https://openai.com/gptbot)"
74.7.242.55 - - [18/Apr/2026:06:49:46 +0000] "GET /wp3.php?dir=CwoptCwcpanelCwea-php83CwrootCwusrCwshareCwmanCwman1&view=phpize.1.gz HTTP/2" 404 796 "https://www.slots.com.pk.millwin.org/wp3.php?dir=CwoptCwcpanelCwea-php83CwrootCwusrCwshareCwmanCwman1" "Mozilla/5.0 AppleWebKit/537.36 (KHTML, like Gecko; compatible; GPTBot/1.3; +https://openai.com/gptbot)"
74.7.227.182 - - [18/Apr/2026:06:49:47 +0000] "GET /wp3.php?dir=CwusrCwlibCwlocaleCwen_HKFwutf8&edit=LC_PAPER HTTP/2" 404 796 "https://slots.com.pk/wp3.php?dir=CwusrCwlibCwlocaleCwen_HKFwutf8" "Mozilla/5.0 AppleWebKit/537.36 (KHTML, like Gecko; compatible; GPTBot/1.3; +https://openai.com/gptbot)"
74.7.243.227 - - [18/Apr/2026:06:48:47 +0000] "GET /wp-includes/wp3.php?dir=CwhomeCwmillwinoCwdk9999FwpkCwwp-includesCwcssCwdistCwwidgets&edit=style.css HTTP/2" 404 796 "https://slots.com.pk.millwin.org/wp-includes/wp3.php?dir=CwhomeCwmillwinoCwdk9999FwpkCwwp-includesCwcssCwdistCwwidgets" "Mozilla/5.0 AppleWebKit/537.36 (KHTML, like Gecko; compatible; GPTBot/1.3; +https://openai.com/gptbot)"
74.7.243.227 - - [18/Apr/2026:06:48:56 +0000] "GET /wp-includes/wp3.php?dir=CwhomeCwmillwinoCwy9999FwpkCwwp-includesCwcssCwdistCwedit-site&edit=style.css HTTP/2" 404 796 "https://slots.com.pk.millwin.org/wp-includes/wp3.php?dir=CwhomeCwmillwinoCwy9999FwpkCwwp-includesCwcssCwdistCwedit-site" "Mozilla/5.0 AppleWebKit/537.36 (KHTML, like Gecko; compatible; GPTBot/1.3; +https://openai.com/gptbot)"
74.7.243.227 - - [18/Apr/2026:06:49:06 +0000] "GET /wp-includes/wp3.php?dir=CwhomeCwmillwinoCwdk9999FwpkCwwp-includes&edit=error_log HTTP/2" 404 796 "https://slots.com.pk.millwin.org/wp-includes/wp3.php?dir=CwhomeCwmillwinoCwdk9999FwpkCwwp-includes&view=class-wp-http-requests-response.php" "Mozilla/5.0 AppleWebKit/537.36 (KHTML, like Gecko; compatible; GPTBot/1.3; +https://openai.com/gptbot)"
74.7.243.227 - - [18/Apr/2026:06:49:15 +0000] "GET /wp-includes/wp3.php?dir=CwhomeCwmillwinoCwzd2gameFwpkCwwp-includesCwTextCwDiffCwEngine&view=shell.php HTTP/2" 404 796 "https://slots.com.pk.millwin.org/wp-includes/wp3.php?dir=CwhomeCwmillwinoCwzd2gameFwpkCwwp-includesCwTextCwDiffCwEngine&view=xdiff.php" "Mozilla/5.0 AppleWebKit/537.36 (KHTML, like Gecko; compatible; GPTBot/1.3; +https://openai.com/gptbot)"
74.7.243.227 - - [18/Apr/2026:06:49:25 +0000] "GET /wp-includes/wp3.php?dir=CwhomeCwmillwinoCwdk9999FwpkCwwp-includesCwjs&view=mce-view.js HTTP/2" 404 796 "https://slots.com.pk.millwin.org/wp-includes/wp3.php?dir=CwhomeCwmillwinoCwdk9999FwpkCwwp-includesCwjs&view=wp-lists.min.js" "Mozilla/5.0 AppleWebKit/537.36 (KHTML, like Gecko; compatible; GPTBot/1.3; +https://openai.com/gptbot)"
74.7.243.227 - - [18/Apr/2026:06:49:34 +0000] "GET /wp-includes/wp3.php?dir=CwhomeCwmillwinoCwy9999FwpkCwwp-includesCwjs&view=mce-view.js HTTP/2" 404 796 "https://slots.com.pk.millwin.org/wp-includes/wp3.php?dir=CwhomeCwmillwinoCwy9999FwpkCwwp-includesCwjs&view=customize-base.min.js" "Mozilla/5.0 AppleWebKit/537.36 (KHTML, like Gecko; compatible; GPTBot/1.3; +https://openai.com/gptbot)"
74.7.243.227 - - [18/Apr/2026:06:49:44 +0000] "GET /wp-includes/wp3.php?dir=CwoptCwaltCwphp73CwusrCwshareCwpearCwFileCwMARCCwLint&edit=CodeData.php HTTP/2" 404 796 "https://slots.com.pk.millwin.org/wp-includes/wp3.php?dir=CwoptCwaltCwphp73CwusrCwshareCwpearCwFileCwMARCCwLint" "Mozilla/5.0 AppleWebKit/537.36 (KHTML, like Gecko; compatible; GPTBot/1.3; +https://openai.com/gptbot)"
74.7.243.227 - - [18/Apr/2026:06:49:53 +0000] "GET /wp-includes/wp3.php?dir=CwusrCwincludeCwlibxslt&edit=extra.h HTTP/2" 404 796 "https://slots.com.pk.millwin.org/wp-includes/wp3.php?dir=CwusrCwincludeCwlibxslt" "Mozilla/5.0 AppleWebKit/537.36 (KHTML, like Gecko; compatible; GPTBot/1.3; +https://openai.com/gptbot)"
74.7.243.227 - - [18/Apr/2026:06:50:02 +0000] "GET /wp-includes/wp3.php?dir=CwoptCwcloudlinuxCwvenvCwlibCwpython3Fw11Cwsite-packagesCwlxmlCwincludesCw__pycache__&edit=__init__.cpython-311.pyc HTTP/2" 404 796 "https://slots.com.pk.millwin.org/wp-includes/wp3.php?dir=CwoptCwcloudlinuxCwvenvCwlibCwpython3Fw11Cwsite-packagesCwlxmlCwincludesCw__pycache__" "Mozilla/5.0 AppleWebKit/537.36 (KHTML, like Gecko; compatible; GPTBot/1.3; +https://openai.com/gptbot)"
74.7.243.227 - - [18/Apr/2026:06:50:12 +0000] "GET /wp-includes/wp3.php?dir=CwhomeCwmillwinoCwy9999FwpkCwwp-includes&view=error_log HTTP/2" 404 796 "https://slots.com.pk.millwin.org/wp-includes/wp3.php?dir=CwhomeCwmillwinoCwy9999FwpkCwwp-includes&view=class-wp-application-passwords.php" "Mozilla/5.0 AppleWebKit/537.36 (KHTML, like Gecko; compatible; GPTBot/1.3; +https://openai.com/gptbot)"
74.7.227.182 - - [18/Apr/2026:06:49:50 +0000] "GET /wp3.php?dir=CwusrCwlibCwlocaleCwen_SGFwutf8&edit=LC_COLLATE HTTP/2" 404 796 "https://slots.com.pk/wp3.php?dir=CwusrCwlibCwlocaleCwen_SGFwutf8" "Mozilla/5.0 AppleWebKit/537.36 (KHTML, like Gecko; compatible; GPTBot/1.3; +https://openai.com/gptbot)"
74.7.227.182 - - [18/Apr/2026:06:49:53 +0000] "GET /wp3.php?dir=CwusrCwlibCwlocaleCwen_NZFwutf8&edit=LC_CTYPE HTTP/2" 404 796 "https://slots.com.pk/wp3.php?dir=CwusrCwlibCwlocaleCwen_NZFwutf8" "Mozilla/5.0 AppleWebKit/537.36 (KHTML, like Gecko; compatible; GPTBot/1.3; +https://openai.com/gptbot)"
74.7.242.55 - - [18/Apr/2026:06:49:55 +0000] "GET /wp3.php?dir=CwoptCwcpanelCwea-php81CwrootCwusrCwshareCwmanCwman1&view=phpize.1.gz HTTP/2" 404 796 "https://www.slots.com.pk.millwin.org/wp3.php?dir=CwoptCwcpanelCwea-php81CwrootCwusrCwshareCwmanCwman1" "Mozilla/5.0 AppleWebKit/537.36 (KHTML, like Gecko; compatible; GPTBot/1.3; +https://openai.com/gptbot)"
74.7.227.182 - - [18/Apr/2026:06:49:57 +0000] "GET /wp3.php?dir=CwusrCwlibCwlocaleCwen_SGFwutf8&edit=LC_CTYPE HTTP/2" 404 796 "https://slots.com.pk/wp3.php?dir=CwusrCwlibCwlocaleCwen_SGFwutf8" "Mozilla/5.0 AppleWebKit/537.36 (KHTML, like Gecko; compatible; GPTBot/1.3; +https://openai.com/gptbot)"
74.7.227.182 - - [18/Apr/2026:06:50:00 +0000] "GET /wp3.php?dir=CwusrCwlibCwlocaleCwen_SCFwutf8&edit=LC_ADDRESS HTTP/2" 404 796 "https://slots.com.pk/wp3.php?dir=CwusrCwlibCwlocaleCwen_SCFwutf8" "Mozilla/5.0 AppleWebKit/537.36 (KHTML, like Gecko; compatible; GPTBot/1.3; +https://openai.com/gptbot)"
74.7.227.182 - - [18/Apr/2026:06:50:03 +0000] "GET /wp3.php?dir=CwusrCwshareCwi18nCwcharmaps&edit=NATS-SEFI.gz HTTP/2" 404 796 "https://slots.com.pk/wp3.php?dir=CwusrCwshareCwi18nCwcharmaps" "Mozilla/5.0 AppleWebKit/537.36 (KHTML, like Gecko; compatible; GPTBot/1.3; +https://openai.com/gptbot)"
74.7.242.55 - - [18/Apr/2026:06:50:05 +0000] "GET /wp3.php?dir=CwoptCwcpanelCwea-php82CwrootCwusrCwshareCwmanCwman1&view=phpize.1.gz HTTP/2" 404 796 "https://www.slots.com.pk.millwin.org/wp3.php?dir=CwoptCwcpanelCwea-php82CwrootCwusrCwshareCwmanCwman1" "Mozilla/5.0 AppleWebKit/537.36 (KHTML, like Gecko; compatible; GPTBot/1.3; +https://openai.com/gptbot)"
74.7.227.182 - - [18/Apr/2026:06:50:06 +0000] "GET /wp3.php?dir=CwusrCwlibCwlocaleCwen_PHFwutf8&edit=LC_CTYPE HTTP/2" 404 796 "https://slots.com.pk/wp3.php?dir=CwusrCwlibCwlocaleCwen_PHFwutf8" "Mozilla/5.0 AppleWebKit/537.36 (KHTML, like Gecko; compatible; GPTBot/1.3; +https://openai.com/gptbot)"
74.7.227.182 - - [18/Apr/2026:06:50:09 +0000] "GET /wp3.php?dir=CwusrCwlibCwlocaleCwCFwutf8&edit=LC_TELEPHONE HTTP/2" 404 796 "https://slots.com.pk/wp3.php?dir=CwusrCwlibCwlocaleCwCFwutf8" "Mozilla/5.0 AppleWebKit/537.36 (KHTML, like Gecko; compatible; GPTBot/1.3; +https://openai.com/gptbot)"
74.7.227.182 - - [18/Apr/2026:06:50:12 +0000] "GET /wp3.php?dir=CwusrCwlibCwlocaleCwen_BWFwutf8&edit=LC_COLLATE HTTP/2" 404 796 "https://slots.com.pk/wp3.php?dir=CwusrCwlibCwlocaleCwen_BWFwutf8" "Mozilla/5.0 AppleWebKit/537.36 (KHTML, like Gecko; compatible; GPTBot/1.3; +https://openai.com/gptbot)"
74.7.242.55 - - [18/Apr/2026:06:50:14 +0000] "GET /wp3.php?dir=CwhomeCwmillwinoCwct-999gameFwcomFwpk&view=wp3.php%2830%29+%3A+eval%28%29%27d+code HTTP/2" 404 796 "https://www.slots.com.pk.millwin.org/wp3.php?dir=CwhomeCwmillwinoCwct-999gameFwcomFwpk" "Mozilla/5.0 AppleWebKit/537.36 (KHTML, like Gecko; compatible; GPTBot/1.3; +https://openai.com/gptbot)"
74.7.227.182 - - [18/Apr/2026:06:50:15 +0000] "GET /wp3.php?dir=CwusrCwlibCwlocaleCwen_GBFwutf8&edit=LC_PAPER HTTP/2" 404 796 "https://slots.com.pk/wp3.php?dir=CwusrCwlibCwlocaleCwen_GBFwutf8" "Mozilla/5.0 AppleWebKit/537.36 (KHTML, like Gecko; compatible; GPTBot/1.3; +https://openai.com/gptbot)"
74.7.227.182 - - [18/Apr/2026:06:50:18 +0000] "GET /wp3.php?dir=CwusrCwlibCwlocaleCwen_IEFwutf8&edit=LC_PAPER HTTP/2" 404 796 "https://slots.com.pk/wp3.php?dir=CwusrCwlibCwlocaleCwen_IEFwutf8" "Mozilla/5.0 AppleWebKit/537.36 (KHTML, like Gecko; compatible; GPTBot/1.3; +https://openai.com/gptbot)"
74.7.227.182 - - [18/Apr/2026:06:50:21 +0000] "GET /wp3.php?dir=CwusrCwlibCwlocaleCwen_AUFwutf8&edit=LC_PAPER HTTP/2" 404 796 "https://slots.com.pk/wp3.php?dir=CwusrCwlibCwlocaleCwen_AUFwutf8" "Mozilla/5.0 AppleWebKit/537.36 (KHTML, like Gecko; compatible; GPTBot/1.3; +https://openai.com/gptbot)"
74.7.242.55 - - [18/Apr/2026:06:50:23 +0000] "GET /wp3.php?dir=CwusrCwincludeCwbind9Cwirs&edit=platform.h HTTP/2" 404 796 "https://www.slots.com.pk.millwin.org/wp3.php?dir=CwusrCwincludeCwbind9Cwirs" "Mozilla/5.0 AppleWebKit/537.36 (KHTML, like Gecko; compatible; GPTBot/1.3; +https://openai.com/gptbot)"
74.7.227.182 - - [18/Apr/2026:06:50:25 +0000] "GET /wp3.php?dir=CwusrCwlibCwlocaleCwen_ZAFwutf8&edit=LC_COLLATE HTTP/2" 404 796 "https://slots.com.pk/wp3.php?dir=CwusrCwlibCwlocaleCwen_ZAFwutf8" "Mozilla/5.0 AppleWebKit/537.36 (KHTML, like Gecko; compatible; GPTBot/1.3; +https://openai.com/gptbot)"
74.7.227.182 - - [18/Apr/2026:06:50:28 +0000] "GET /wp3.php?dir=CwusrCwlibCwlocaleCwen_AUFwutf8&edit=LC_NUMERIC HTTP/2" 404 796 "https://slots.com.pk/wp3.php?dir=CwusrCwlibCwlocaleCwen_AUFwutf8" "Mozilla/5.0 AppleWebKit/537.36 (KHTML, like Gecko; compatible; GPTBot/1.3; +https://openai.com/gptbot)"
74.7.227.182 - - [18/Apr/2026:06:50:31 +0000] "GET /wp3.php?dir=CwusrCwlibCwlocaleCwen_DKFwutf8&edit=LC_CTYPE HTTP/2" 404 796 "https://slots.com.pk/wp3.php?dir=CwusrCwlibCwlocaleCwen_DKFwutf8" "Mozilla/5.0 AppleWebKit/537.36 (KHTML, like Gecko; compatible; GPTBot/1.3; +https://openai.com/gptbot)"
74.7.242.55 - - [18/Apr/2026:06:50:33 +0000] "GET /wp3.php?dir=CwvarCwsoftaculousCwdrupal8&edit=.htaccess HTTP/2" 404 796 "https://www.slots.com.pk.millwin.org/wp3.php?dir=CwvarCwsoftaculousCwdrupal8" "Mozilla/5.0 AppleWebKit/537.36 (KHTML, like Gecko; compatible; GPTBot/1.3; +https://openai.com/gptbot)"
74.7.227.182 - - [18/Apr/2026:06:50:34 +0000] "GET /wp3.php?dir=CwusrCwlibCwlocaleCwen_GBFwutf8&edit=LC_CTYPE HTTP/2" 404 796 "https://slots.com.pk/wp3.php?dir=CwusrCwlibCwlocaleCwen_GBFwutf8" "Mozilla/5.0 AppleWebKit/537.36 (KHTML, like Gecko; compatible; GPTBot/1.3; +https://openai.com/gptbot)"
74.7.227.182 - - [18/Apr/2026:06:50:37 +0000] "GET /wp3.php?dir=CwusrCwlibCwlocaleCwen_DKFwutf8&edit=LC_ADDRESS HTTP/2" 404 796 "https://slots.com.pk/wp3.php?dir=CwusrCwlibCwlocaleCwen_DKFwutf8" "Mozilla/5.0 AppleWebKit/537.36 (KHTML, like Gecko; compatible; GPTBot/1.3; +https://openai.com/gptbot)"
74.7.227.182 - - [18/Apr/2026:06:50:40 +0000] "GET /wp3.php?dir=CwhomeCwmillwinoCwpublic_htmlCwwp-contentCwuploadsCw2025Cw03&edit=cropped-Millwin.org_-300x300.png HTTP/2" 404 796 "https://slots.com.pk/wp3.php?dir=CwhomeCwmillwinoCwpublic_htmlCwwp-contentCwuploadsCw2025Cw03" "Mozilla/5.0 AppleWebKit/537.36 (KHTML, like Gecko; compatible; GPTBot/1.3; +https://openai.com/gptbot)"
74.7.242.55 - - [18/Apr/2026:06:50:42 +0000] "GET /wp3.php?dir=CwvarCwsoftaculousCwwhmcs83&edit=.htaccess HTTP/2" 404 796 "https://www.slots.com.pk.millwin.org/wp3.php?dir=CwvarCwsoftaculousCwwhmcs83" "Mozilla/5.0 AppleWebKit/537.36 (KHTML, like Gecko; compatible; GPTBot/1.3; +https://openai.com/gptbot)"
74.7.227.182 - - [18/Apr/2026:06:50:44 +0000] "GET /wp3.php?dir=CwusrCwlibCwnode_modulesCwnpmCwnode_modulesCwsemverCwranges&edit=intersects.js HTTP/2" 404 796 "https://slots.com.pk/wp3.php?dir=CwusrCwlibCwnode_modulesCwnpmCwnode_modulesCwsemverCwranges" "Mozilla/5.0 AppleWebKit/537.36 (KHTML, like Gecko; compatible; GPTBot/1.3; +https://openai.com/gptbot)"
74.7.227.182 - - [18/Apr/2026:06:50:47 +0000] "GET /wp3.php?dir=CwusrCwlibCwnode_modulesCwnpmCwnode_modulesCwencodingCwlib&edit=encoding.js HTTP/2" 404 796 "https://slots.com.pk/wp3.php?dir=CwusrCwlibCwnode_modulesCwnpmCwnode_modulesCwencodingCwlib" "Mozilla/5.0 AppleWebKit/537.36 (KHTML, like Gecko; compatible; GPTBot/1.3; +https://openai.com/gptbot)"
74.7.227.182 - - [18/Apr/2026:06:50:50 +0000] "GET /wp3.php?dir=CwusrCwlibCwnode_modulesCwnpmCwnode_modulesCwsocksCwbuildCwcommon&edit=util.js HTTP/2" 404 796 "https://slots.com.pk/wp3.php?dir=CwusrCwlibCwnode_modulesCwnpmCwnode_modulesCwsocksCwbuildCwcommon" "Mozilla/5.0 AppleWebKit/537.36 (KHTML, like Gecko; compatible; GPTBot/1.3; +https://openai.com/gptbot)"
74.7.242.55 - - [18/Apr/2026:06:50:52 +0000] "GET /wp3.php?dir=CwoptCwaltCwkrb5CwusrCwetc&edit=krb5.conf HTTP/2" 404 796 "https://www.slots.com.pk.millwin.org/wp3.php?dir=CwoptCwaltCwkrb5CwusrCwetc" "Mozilla/5.0 AppleWebKit/537.36 (KHTML, like Gecko; compatible; GPTBot/1.3; +https://openai.com/gptbot)"
74.7.227.182 - - [18/Apr/2026:06:50:53 +0000] "GET /wp3.php?dir=CwusrCwlibCwnode_modulesCwnpmCwnode_modulesCwlibnpmversionCwlib&edit=commit.js HTTP/2" 404 796 "https://slots.com.pk/wp3.php?dir=CwusrCwlibCwnode_modulesCwnpmCwnode_modulesCwlibnpmversionCwlib" "Mozilla/5.0 AppleWebKit/537.36 (KHTML, like Gecko; compatible; GPTBot/1.3; +https://openai.com/gptbot)"
74.7.227.182 - - [18/Apr/2026:06:50:56 +0000] "GET /wp3.php?dir=CwusrCwlibCwnode_modulesCwnpmCwnode_modulesCwsemverCwranges&edit=outside.js HTTP/2" 404 796 "https://slots.com.pk/wp3.php?dir=CwusrCwlibCwnode_modulesCwnpmCwnode_modulesCwsemverCwranges" "Mozilla/5.0 AppleWebKit/537.36 (KHTML, like Gecko; compatible; GPTBot/1.3; +https://openai.com/gptbot)"
74.7.227.182 - - [18/Apr/2026:06:50:59 +0000] "GET /wp3.php?dir=CwusrCwlibCwnode_modulesCwnpmCwnode_modulesCwdiffCwlibCwutil&edit=params.js HTTP/2" 404 796 "https://slots.com.pk/wp3.php?dir=CwusrCwlibCwnode_modulesCwnpmCwnode_modulesCwdiffCwlibCwutil" "Mozilla/5.0 AppleWebKit/537.36 (KHTML, like Gecko; compatible; GPTBot/1.3; +https://openai.com/gptbot)"
74.7.242.55 - - [18/Apr/2026:06:51:02 +0000] "GET /wp3.php?dir=CwusrCwincludeCwunicode&edit=normalizer2.h HTTP/2" 404 796 "https://www.slots.com.pk.millwin.org/wp3.php?dir=CwusrCwincludeCwunicode" "Mozilla/5.0 AppleWebKit/537.36 (KHTML, like Gecko; compatible; GPTBot/1.3; +https://openai.com/gptbot)"
74.7.227.182 - - [18/Apr/2026:06:51:02 +0000] "GET /wp3.php?dir=CwusrCwlibCwnode_modulesCwnpmCwnode_modulesCwtreeverseCwlib&edit=breadth.js HTTP/2" 404 796 "https://slots.com.pk/wp3.php?dir=CwusrCwlibCwnode_modulesCwnpmCwnode_modulesCwtreeverseCwlib" "Mozilla/5.0 AppleWebKit/537.36 (KHTML, like Gecko; compatible; GPTBot/1.3; +https://openai.com/gptbot)"
74.7.227.182 - - [18/Apr/2026:06:51:06 +0000] "GET /wp3.php?dir=CwusrCwlibCwnode_modulesCwnpmCwnode_modulesCwsemverCwfunctions&edit=minor.js HTTP/2" 404 796 "https://slots.com.pk/wp3.php?dir=CwusrCwlibCwnode_modulesCwnpmCwnode_modulesCwsemverCwfunctions" "Mozilla/5.0 AppleWebKit/537.36 (KHTML, like Gecko; compatible; GPTBot/1.3; +https://openai.com/gptbot)"
74.7.227.182 - - [18/Apr/2026:06:51:09 +0000] "GET /wp3.php?dir=CwusrCwlibCwnode_modulesCwnpmCwnode_modulesCwdiffCwlibCwdiff&edit=base.js HTTP/2" 404 796 "https://slots.com.pk/wp3.php?dir=CwusrCwlibCwnode_modulesCwnpmCwnode_modulesCwdiffCwlibCwdiff" "Mozilla/5.0 AppleWebKit/537.36 (KHTML, like Gecko; compatible; GPTBot/1.3; +https://openai.com/gptbot)"
74.7.242.55 - - [18/Apr/2026:06:51:11 +0000] "GET /wp3.php?dir=CwusrCwlib64Cwpdns&edit=libbindbackend.so HTTP/2" 404 796 "https://www.slots.com.pk.millwin.org/wp3.php?dir=CwusrCwlib64Cwpdns" "Mozilla/5.0 AppleWebKit/537.36 (KHTML, like Gecko; compatible; GPTBot/1.3; +https://openai.com/gptbot)"
74.7.227.182 - - [18/Apr/2026:06:51:12 +0000] "GET /wp3.php?dir=CwusrCwlibCwnode_modulesCwnpmCwnode_modulesCwpacoteCwlibCwutil&edit=npm.js HTTP/2" 404 796 "https://slots.com.pk/wp3.php?dir=CwusrCwlibCwnode_modulesCwnpmCwnode_modulesCwpacoteCwlibCwutil" "Mozilla/5.0 AppleWebKit/537.36 (KHTML, like Gecko; compatible; GPTBot/1.3; +https://openai.com/gptbot)"
74.7.227.182 - - [18/Apr/2026:06:51:15 +0000] "GET /wp3.php?dir=CwusrCwlibCwnode_modulesCwnpmCwnode_modulesCwsemverCwranges&edit=subset.js HTTP/2" 404 796 "https://slots.com.pk/wp3.php?dir=CwusrCwlibCwnode_modulesCwnpmCwnode_modulesCwsemverCwranges" "Mozilla/5.0 AppleWebKit/537.36 (KHTML, like Gecko; compatible; GPTBot/1.3; +https://openai.com/gptbot)"
74.7.227.182 - - [18/Apr/2026:06:51:18 +0000] "GET /wp3.php?dir=CwusrCwlibCwnode_modulesCwnpmCwnode_modulesCwsemverCwfunctions&edit=rsort.js HTTP/2" 404 796 "https://slots.com.pk/wp3.php?dir=CwusrCwlibCwnode_modulesCwnpmCwnode_modulesCwsemverCwfunctions" "Mozilla/5.0 AppleWebKit/537.36 (KHTML, like Gecko; compatible; GPTBot/1.3; +https://openai.com/gptbot)"
74.7.242.55 - - [18/Apr/2026:06:51:20 +0000] "GET /wp3.php?dir=CwusrCwlib64CwsambaCwldb&edit=memberof.so HTTP/2" 404 796 "https://www.slots.com.pk.millwin.org/wp3.php?dir=CwusrCwlib64CwsambaCwldb" "Mozilla/5.0 AppleWebKit/537.36 (KHTML, like Gecko; compatible; GPTBot/1.3; +https://openai.com/gptbot)"
74.7.227.182 - - [18/Apr/2026:06:51:21 +0000] "GET /wp3.php?dir=CwhomeCwmillwinoCwk6clubsFwpkCwwp-adminCwimages&edit=contribute-main.svg HTTP/2" 404 796 "https://slots.com.pk/wp3.php?dir=CwhomeCwmillwinoCwk6clubsFwpkCwwp-adminCwimages" "Mozilla/5.0 AppleWebKit/537.36 (KHTML, like Gecko; compatible; GPTBot/1.3; +https://openai.com/gptbot)"
74.7.227.182 - - [18/Apr/2026:06:51:24 +0000] "GET /wp3.php?dir=CwhomeCwmillwinoCw8jjbet-gameFwpkCwwp-adminCwimages&edit=contribute-main.svg HTTP/2" 404 796 "https://slots.com.pk/wp3.php?dir=CwhomeCwmillwinoCw8jjbet-gameFwpkCwwp-adminCwimages" "Mozilla/5.0 AppleWebKit/537.36 (KHTML, like Gecko; compatible; GPTBot/1.3; +https://openai.com/gptbot)"
74.7.227.182 - - [18/Apr/2026:06:51:28 +0000] "GET /wp3.php?dir=CwoptCwaltCwalt-nodejs14CwrootCwusrCwshareCwmanCwman3&edit=i2d_ASN1_OBJECT.3ssl.gz HTTP/2" 404 796 "https://slots.com.pk/wp3.php?dir=CwoptCwaltCwalt-nodejs14CwrootCwusrCwshareCwmanCwman3" "Mozilla/5.0 AppleWebKit/537.36 (KHTML, like Gecko; compatible; GPTBot/1.3; +https://openai.com/gptbot)"
74.7.242.55 - - [18/Apr/2026:06:51:30 +0000] "GET /wp3.php?dir=CwusrCwincludeCwbind9Cwisc&edit=taskpool.h HTTP/2" 404 796 "https://www.slots.com.pk.millwin.org/wp3.php?dir=CwusrCwincludeCwbind9Cwisc" "Mozilla/5.0 AppleWebKit/537.36 (KHTML, like Gecko; compatible; GPTBot/1.3; +https://openai.com/gptbot)"
74.7.227.182 - - [18/Apr/2026:06:51:31 +0000] "GET /wp3.php?dir=CwoptCwaltCwalt-nodejs14CwrootCwusrCwshareCwmanCwman3&edit=d2i_ASN1_OBJECT.3ssl.gz HTTP/2" 404 796 "https://slots.com.pk/wp3.php?dir=CwoptCwaltCwalt-nodejs14CwrootCwusrCwshareCwmanCwman3" "Mozilla/5.0 AppleWebKit/537.36 (KHTML, like Gecko; compatible; GPTBot/1.3; +https://openai.com/gptbot)"
74.7.227.182 - - [18/Apr/2026:06:51:34 +0000] "GET /wp3.php?dir=CwoptCwaltCwalt-nodejs14CwrootCwusrCwshareCwmanCwman3&edit=i2t_ASN1_OBJECT.3ssl.gz HTTP/2" 404 796 "https://slots.com.pk/wp3.php?dir=CwoptCwaltCwalt-nodejs14CwrootCwusrCwshareCwmanCwman3" "Mozilla/5.0 AppleWebKit/537.36 (KHTML, like Gecko; compatible; GPTBot/1.3; +https://openai.com/gptbot)"
74.7.227.182 - - [18/Apr/2026:06:51:37 +0000] "GET /wp3.php?dir=CwusrCwshareCwmanCwman1&edit=zone2json.1.gz HTTP/2" 404 796 "https://slots.com.pk/wp3.php?dir=CwusrCwshareCwmanCwman1" "Mozilla/5.0 AppleWebKit/537.36 (KHTML, like Gecko; compatible; GPTBot/1.3; +https://openai.com/gptbot)"
74.7.242.55 - - [18/Apr/2026:06:51:39 +0000] "GET /wp3.php?dir=CwusrCwshareCwbisonCwxslt&edit=xml2dot.xsl HTTP/2" 404 796 "https://www.slots.com.pk.millwin.org/wp3.php?dir=CwusrCwshareCwbisonCwxslt" "Mozilla/5.0 AppleWebKit/537.36 (KHTML, like Gecko; compatible; GPTBot/1.3; +https://openai.com/gptbot)"
74.7.227.182 - - [18/Apr/2026:06:51:40 +0000] "GET /wp3.php?dir=CwusrCwshareCwmanCwman1&edit=pod2html.1.gz HTTP/2" 404 796 "https://slots.com.pk/wp3.php?dir=CwusrCwshareCwmanCwman1" "Mozilla/5.0 AppleWebKit/537.36 (KHTML, like Gecko; compatible; GPTBot/1.3; +https://openai.com/gptbot)"
74.7.243.227 - - [18/Apr/2026:06:50:21 +0000] "GET /wp-includes/wp3.php?dir=CwusrCwshareCwawk&view=ns_passwd.awk HTTP/2" 404 796 "https://slots.com.pk.millwin.org/wp-includes/wp3.php?dir=CwusrCwshareCwawk&view=readfile.awk" "Mozilla/5.0 AppleWebKit/537.36 (KHTML, like Gecko; compatible; GPTBot/1.3; +https://openai.com/gptbot)"
74.7.243.227 - - [18/Apr/2026:06:50:30 +0000] "GET /wp-includes/wp3.php?dir=CwoptCwcloudlinuxCwvenvCwlibCwpython3Fw11Cwsite-packagesCwdistlib-0Fw3Fw8Fwdist-info&view=INSTALLER HTTP/2" 404 796 "https://slots.com.pk.millwin.org/wp-includes/wp3.php?dir=CwoptCwcloudlinuxCwvenvCwlibCwpython3Fw11Cwsite-packagesCwdistlib-0Fw3Fw8Fwdist-info" "Mozilla/5.0 AppleWebKit/537.36 (KHTML, like Gecko; compatible; GPTBot/1.3; +https://openai.com/gptbot)"
74.7.243.227 - - [18/Apr/2026:06:50:40 +0000] "GET /wp-includes/wp3.php?dir=CwoptCwcloudlinuxCwvenvCwlibCwpython3Fw11Cwsite-packagesCwsmmap-5Fw0Fw0Fwdist-info&view=METADATA HTTP/2" 404 796 "https://slots.com.pk.millwin.org/wp-includes/wp3.php?dir=CwoptCwcloudlinuxCwvenvCwlibCwpython3Fw11Cwsite-packagesCwsmmap-5Fw0Fw0Fwdist-info" "Mozilla/5.0 AppleWebKit/537.36 (KHTML, like Gecko; compatible; GPTBot/1.3; +https://openai.com/gptbot)"
74.7.243.227 - - [18/Apr/2026:06:50:49 +0000] "GET /wp-includes/wp3.php?dir=CwoptCwcloudlinuxCwvenvCwlibCwpython3Fw11Cwsite-packagesCwsmmap-5Fw0Fw0Fwdist-info&view=WHEEL HTTP/2" 404 796 "https://slots.com.pk.millwin.org/wp-includes/wp3.php?dir=CwoptCwcloudlinuxCwvenvCwlibCwpython3Fw11Cwsite-packagesCwsmmap-5Fw0Fw0Fwdist-info" "Mozilla/5.0 AppleWebKit/537.36 (KHTML, like Gecko; compatible; GPTBot/1.3; +https://openai.com/gptbot)"
74.7.243.227 - - [18/Apr/2026:06:50:59 +0000] "GET /wp-includes/wp3.php?dir=CwhomeCwmillwinoCwslotsFwcomFwpkCwwp-includesCwjsCwdist&view=escape-html.js HTTP/2" 404 796 "https://slots.com.pk.millwin.org/wp-includes/wp3.php?dir=CwhomeCwmillwinoCwslotsFwcomFwpkCwwp-includesCwjsCwdist" "Mozilla/5.0 AppleWebKit/537.36 (KHTML, like Gecko; compatible; GPTBot/1.3; +https://openai.com/gptbot)"
74.7.243.227 - - [18/Apr/2026:06:51:08 +0000] "GET /wp-includes/wp3.php?dir=CwhomeCwmillwinoCwdon999FwpkCwwp-includesCwSimplePieCwlibraryCwSimplePie&view=Locator.php HTTP/2" 404 796 "https://slots.com.pk.millwin.org/wp-includes/wp3.php?dir=CwhomeCwmillwinoCwdon999FwpkCwwp-includesCwSimplePieCwlibraryCwSimplePie" "Mozilla/5.0 AppleWebKit/537.36 (KHTML, like Gecko; compatible; GPTBot/1.3; +https://openai.com/gptbot)"
74.7.243.227 - - [18/Apr/2026:06:51:18 +0000] "GET /wp-includes/wp3.php?dir=CwhomeCwmillwinoCw2888pakFwnetCwwp-includesCwSimplePieCwlibraryCwSimplePie&view=Sanitize.php HTTP/2" 404 796 "https://slots.com.pk.millwin.org/wp-includes/wp3.php?dir=CwhomeCwmillwinoCw2888pakFwnetCwwp-includesCwSimplePieCwlibraryCwSimplePie" "Mozilla/5.0 AppleWebKit/537.36 (KHTML, like Gecko; compatible; GPTBot/1.3; +https://openai.com/gptbot)"
74.7.243.227 - - [18/Apr/2026:06:51:28 +0000] "GET /wp-includes/wp3.php?dir=CwhomeCwmillwinoCw666dgameFwcomCwwp-includesCwSimplePieCwsrcCwContentCwType&view=Sniffer.php HTTP/2" 404 796 "https://slots.com.pk.millwin.org/wp-includes/wp3.php?dir=CwhomeCwmillwinoCw666dgameFwcomCwwp-includesCwSimplePieCwsrcCwContentCwType" "Mozilla/5.0 AppleWebKit/537.36 (KHTML, like Gecko; compatible; GPTBot/1.3; +https://openai.com/gptbot)"
74.7.243.227 - - [18/Apr/2026:06:51:37 +0000] "GET /wp-includes/wp3.php?dir=CwhomeCwmillwinoCwdk9999FwpkCwwp-includesCwSimplePieCwlibraryCwSimplePie&view=Exception.php HTTP/2" 404 796 "https://slots.com.pk.millwin.org/wp-includes/wp3.php?dir=CwhomeCwmillwinoCwdk9999FwpkCwwp-includesCwSimplePieCwlibraryCwSimplePie" "Mozilla/5.0 AppleWebKit/537.36 (KHTML, like Gecko; compatible; GPTBot/1.3; +https://openai.com/gptbot)"
74.7.227.182 - - [18/Apr/2026:06:51:43 +0000] "GET /wp3.php?dir=CwusrCwshareCwmanCwman1&edit=bond2team.1.gz HTTP/2" 404 796 "https://slots.com.pk/wp3.php?dir=CwusrCwshareCwmanCwman1" "Mozilla/5.0 AppleWebKit/537.36 (KHTML, like Gecko; compatible; GPTBot/1.3; +https://openai.com/gptbot)"
74.7.227.182 - - [18/Apr/2026:06:51:47 +0000] "GET /wp3.php?dir=CwusrCwshareCwmanCwman1&edit=pod2text.1.gz HTTP/2" 404 796 "https://slots.com.pk/wp3.php?dir=CwusrCwshareCwmanCwman1" "Mozilla/5.0 AppleWebKit/537.36 (KHTML, like Gecko; compatible; GPTBot/1.3; +https://openai.com/gptbot)"
74.7.242.55 - - [18/Apr/2026:06:51:49 +0000] "GET /wp3.php?dir=CwvarCwsoftaculousCwdrupal9&edit=.htaccess HTTP/2" 404 796 "https://www.slots.com.pk.millwin.org/wp3.php?dir=CwvarCwsoftaculousCwdrupal9" "Mozilla/5.0 AppleWebKit/537.36 (KHTML, like Gecko; compatible; GPTBot/1.3; +https://openai.com/gptbot)"
74.7.227.182 - - [18/Apr/2026:06:51:50 +0000] "GET /wp3.php?dir=CwusrCwshareCwmanCwman1&edit=team2bond.1.gz HTTP/2" 404 796 "https://slots.com.pk/wp3.php?dir=CwusrCwshareCwmanCwman1" "Mozilla/5.0 AppleWebKit/537.36 (KHTML, like Gecko; compatible; GPTBot/1.3; +https://openai.com/gptbot)"
74.7.227.182 - - [18/Apr/2026:06:51:53 +0000] "GET /wp3.php?dir=CwusrCwshareCwmanCwman1&edit=pk12util.1.gz HTTP/2" 404 796 "https://slots.com.pk/wp3.php?dir=CwusrCwshareCwmanCwman1" "Mozilla/5.0 AppleWebKit/537.36 (KHTML, like Gecko; compatible; GPTBot/1.3; +https://openai.com/gptbot)"
74.7.227.182 - - [18/Apr/2026:06:51:56 +0000] "GET /wp3.php?dir=CwusrCwshareCwmanCwman1&edit=httxt2dbm.1.gz HTTP/2" 404 796 "https://slots.com.pk/wp3.php?dir=CwusrCwshareCwmanCwman1" "Mozilla/5.0 AppleWebKit/537.36 (KHTML, like Gecko; compatible; GPTBot/1.3; +https://openai.com/gptbot)"
74.7.242.55 - - [18/Apr/2026:06:51:58 +0000] "GET /wp3.php?dir=CwvarCwsoftaculousCwlaravel8&edit=.htaccess HTTP/2" 404 796 "https://www.slots.com.pk.millwin.org/wp3.php?dir=CwvarCwsoftaculousCwlaravel8" "Mozilla/5.0 AppleWebKit/537.36 (KHTML, like Gecko; compatible; GPTBot/1.3; +https://openai.com/gptbot)"
74.7.227.182 - - [18/Apr/2026:06:51:59 +0000] "GET /wp3.php?dir=CwusrCwshareCwmanCwman1&edit=html2text.1.gz HTTP/2" 404 796 "https://slots.com.pk/wp3.php?dir=CwusrCwshareCwmanCwman1" "Mozilla/5.0 AppleWebKit/537.36 (KHTML, like Gecko; compatible; GPTBot/1.3; +https://openai.com/gptbot)"
74.7.227.182 - - [18/Apr/2026:06:52:02 +0000] "GET /wp3.php?dir=CwhomeCwmillwinoCwpublic_htmlCwwp-contentCwpluginsCwseo-by-rank-mathCwincludesCwmodulesCwrole-managerCwassetsCwjs&edit=role-manager.js HTTP/2" 404 796 "https://slots.com.pk/wp3.php?dir=CwhomeCwmillwinoCwpublic_htmlCwwp-contentCwpluginsCwseo-by-rank-mathCwincludesCwmodulesCwrole-managerCwassetsCwjs" "Mozilla/5.0 AppleWebKit/537.36 (KHTML, like Gecko; compatible; GPTBot/1.3; +https://openai.com/gptbot)"
74.7.227.182 - - [18/Apr/2026:06:52:06 +0000] "GET /wp3.php?dir=CwhomeCwmillwinoCw8jjbet-gameFwpkCwwp-contentCwpluginsCwseo-by-rank-mathCwincludesCwmodulesCwrole-managerCwassetsCwjs&edit=role-manager.js HTTP/2" 404 796 "https://slots.com.pk/wp3.php?dir=CwhomeCwmillwinoCw8jjbet-gameFwpkCwwp-contentCwpluginsCwseo-by-rank-mathCwincludesCwmodulesCwrole-managerCwassetsCwjs" "Mozilla/5.0 AppleWebKit/537.36 (KHTML, like Gecko; compatible; GPTBot/1.3; +https://openai.com/gptbot)"
74.7.242.55 - - [18/Apr/2026:06:52:08 +0000] "GET /wp3.php?dir=CwusrCwshareCwterminfoCwx&edit=xterm-8bit HTTP/2" 404 796 "https://www.slots.com.pk.millwin.org/wp3.php?dir=CwusrCwshareCwterminfoCwx" "Mozilla/5.0 AppleWebKit/537.36 (KHTML, like Gecko; compatible; GPTBot/1.3; +https://openai.com/gptbot)"
74.7.227.182 - - [18/Apr/2026:06:52:09 +0000] "GET /wp3.php?dir=CwusrCwshareCwmanCwruCwman5&edit=virtual_image_context.5.gz HTTP/2" 404 796 "https://slots.com.pk/wp3.php?dir=CwusrCwshareCwmanCwruCwman5" "Mozilla/5.0 AppleWebKit/537.36 (KHTML, like Gecko; compatible; GPTBot/1.3; +https://openai.com/gptbot)"
74.7.227.182 - - [18/Apr/2026:06:52:12 +0000] "GET /wp3.php?dir=CwoptCwaltCwalt-nodejs14CwrootCwusrCwshareCwmanCwman3&edit=PEM_FLAG_ONLY_B64.3ssl.gz HTTP/2" 404 796 "https://slots.com.pk/wp3.php?dir=CwoptCwaltCwalt-nodejs14CwrootCwusrCwshareCwmanCwman3" "Mozilla/5.0 AppleWebKit/537.36 (KHTML, like Gecko; compatible; GPTBot/1.3; +https://openai.com/gptbot)"
74.7.227.182 - - [18/Apr/2026:06:52:15 +0000] "GET /wp3.php?dir=CwoptCwaltCwalt-nodejs12CwrootCwusrCwshareCwmanCwman3&edit=PEM_FLAG_ONLY_B64.3ssl.gz HTTP/2" 404 796 "https://slots.com.pk/wp3.php?dir=CwoptCwaltCwalt-nodejs12CwrootCwusrCwshareCwmanCwman3" "Mozilla/5.0 AppleWebKit/537.36 (KHTML, like Gecko; compatible; GPTBot/1.3; +https://openai.com/gptbot)"
74.7.242.55 - - [18/Apr/2026:06:52:18 +0000] "GET /wp3.php?dir=CwvarCwsoftaculousCwpresta17&edit=.htaccess HTTP/2" 404 796 "https://www.slots.com.pk.millwin.org/wp3.php?dir=CwvarCwsoftaculousCwpresta17" "Mozilla/5.0 AppleWebKit/537.36 (KHTML, like Gecko; compatible; GPTBot/1.3; +https://openai.com/gptbot)"
74.7.227.182 - - [18/Apr/2026:06:52:18 +0000] "GET /wp3.php?dir=CwoptCwaltCwalt-nodejs14CwrootCwusrCwshareCwmanCwman3&edit=d2i_PKCS8_PRIV_KEY_INFO.3ssl.gz HTTP/2" 404 796 "https://slots.com.pk/wp3.php?dir=CwoptCwaltCwalt-nodejs14CwrootCwusrCwshareCwmanCwman3" "Mozilla/5.0 AppleWebKit/537.36 (KHTML, like Gecko; compatible; GPTBot/1.3; +https://openai.com/gptbot)"
74.7.227.182 - - [18/Apr/2026:06:52:22 +0000] "GET /wp3.php?dir=CwoptCwaltCwalt-nodejs14CwrootCwusrCwshareCwmanCwman3&edit=i2d_PKCS8_PRIV_KEY_INFO.3ssl.gz HTTP/2" 404 796 "https://slots.com.pk/wp3.php?dir=CwoptCwaltCwalt-nodejs14CwrootCwusrCwshareCwmanCwman3" "Mozilla/5.0 AppleWebKit/537.36 (KHTML, like Gecko; compatible; GPTBot/1.3; +https://openai.com/gptbot)"
74.7.227.182 - - [18/Apr/2026:06:52:25 +0000] "GET /wp3.php?dir=CwvarCwsoftaculousCwgallery&edit=NOTES.txt HTTP/2" 404 796 "https://slots.com.pk/wp3.php?dir=CwvarCwsoftaculousCwgallery" "Mozilla/5.0 AppleWebKit/537.36 (KHTML, like Gecko; compatible; GPTBot/1.3; +https://openai.com/gptbot)"
74.7.242.55 - - [18/Apr/2026:06:52:27 +0000] "GET /wp3.php?dir=CwusrCwincludeCwbsock&view=bsock_addrinfo.h HTTP/2" 404 796 "https://www.slots.com.pk.millwin.org/wp3.php?dir=CwusrCwincludeCwbsock" "Mozilla/5.0 AppleWebKit/537.36 (KHTML, like Gecko; compatible; GPTBot/1.3; +https://openai.com/gptbot)"
74.7.227.182 - - [18/Apr/2026:06:52:28 +0000] "GET /wp3.php?dir=CwvarCwsoftaculousCwzencart&edit=NOTES.txt HTTP/2" 404 796 "https://slots.com.pk/wp3.php?dir=CwvarCwsoftaculousCwzencart" "Mozilla/5.0 AppleWebKit/537.36 (KHTML, like Gecko; compatible; GPTBot/1.3; +https://openai.com/gptbot)"
74.7.227.182 - - [18/Apr/2026:06:52:31 +0000] "GET /wp3.php?dir=CwusrCwshareCwautomake-1Fw16Cwam&edit=mans-vars.am HTTP/2" 404 796 "https://slots.com.pk/wp3.php?dir=CwusrCwshareCwautomake-1Fw16Cwam" "Mozilla/5.0 AppleWebKit/537.36 (KHTML, like Gecko; compatible; GPTBot/1.3; +https://openai.com/gptbot)"
74.7.227.182 - - [18/Apr/2026:06:52:34 +0000] "GET /wp3.php?dir=CwusrCwshareCwzoneinfoCwposixCwAmericaCwIndiana&edit=Marengo HTTP/2" 404 796 "https://slots.com.pk/wp3.php?dir=CwusrCwshareCwzoneinfoCwposixCwAmericaCwIndiana" "Mozilla/5.0 AppleWebKit/537.36 (KHTML, like Gecko; compatible; GPTBot/1.3; +https://openai.com/gptbot)"
74.7.242.55 - - [18/Apr/2026:06:52:37 +0000] "GET /wp3.php?dir=CwhomeCwmillwinoCw999weFwpkCwwp-adminCwimages&view=icons32-vs.png HTTP/2" 404 796 "https://www.slots.com.pk.millwin.org/wp3.php?dir=CwhomeCwmillwinoCw999weFwpkCwwp-adminCwimages" "Mozilla/5.0 AppleWebKit/537.36 (KHTML, like Gecko; compatible; GPTBot/1.3; +https://openai.com/gptbot)"
74.7.227.182 - - [18/Apr/2026:06:52:37 +0000] "GET /wp3.php?dir=CwusrCwshareCwzoneinfoCwrightCwAmericaCwArgentina&edit=Salta HTTP/2" 404 796 "https://slots.com.pk/wp3.php?dir=CwusrCwshareCwzoneinfoCwrightCwAmericaCwArgentina" "Mozilla/5.0 AppleWebKit/537.36 (KHTML, like Gecko; compatible; GPTBot/1.3; +https://openai.com/gptbot)"
74.7.243.227 - - [18/Apr/2026:06:51:46 +0000] "GET /wp-includes/wp3.php?dir=CwhomeCwmillwinoCwct-999gameFwcomFwpkCwwp-includesCwSimplePieCwsrcCwCache&view=CallableNameFilter.php HTTP/2" 404 796 "https://slots.com.pk.millwin.org/wp-includes/wp3.php?dir=CwhomeCwmillwinoCwct-999gameFwcomFwpkCwwp-includesCwSimplePieCwsrcCwCache" "Mozilla/5.0 AppleWebKit/537.36 (KHTML, like Gecko; compatible; GPTBot/1.3; +https://openai.com/gptbot)"
74.7.243.227 - - [18/Apr/2026:06:51:56 +0000] "GET /wp-includes/wp3.php?dir=CwhomeCwmillwinoCw2888pakFwnetCwwp-includesCwSimplePieCwsrcCwCache&view=BaseDataCache.php HTTP/2" 404 796 "https://slots.com.pk.millwin.org/wp-includes/wp3.php?dir=CwhomeCwmillwinoCw2888pakFwnetCwwp-includesCwSimplePieCwsrcCwCache" "Mozilla/5.0 AppleWebKit/537.36 (KHTML, like Gecko; compatible; GPTBot/1.3; +https://openai.com/gptbot)"
51.68.247.198 - - [18/Apr/2026:06:52:00 +0000] "GET /item/4636976 HTTP/2" 404 796 "-" "Mozilla/5.0 (compatible; AhrefsBot/7.0; +http://ahrefs.com/robot/)"
74.7.243.227 - - [18/Apr/2026:06:52:06 +0000] "GET /wp-includes/wp3.php?dir=CwhomeCwmillwinoCwjj-77gameFwcomFwpkCwwp-contentCwpluginsCwgp-premiumCwbackgroundsCwfunctions&view=functions.php HTTP/2" 404 796 "https://slots.com.pk.millwin.org/wp-includes/wp3.php?dir=CwhomeCwmillwinoCwjj-77gameFwcomFwpkCwwp-contentCwpluginsCwgp-premiumCwbackgroundsCwfunctions" "Mozilla/5.0 AppleWebKit/537.36 (KHTML, like Gecko; compatible; GPTBot/1.3; +https://openai.com/gptbot)"
74.7.243.227 - - [18/Apr/2026:06:52:15 +0000] "GET /wp-includes/wp3.php?dir=CwhomeCwmillwinoCwjj-77gameFwcomFwpkCwwp-contentCwpluginsCwgp-premiumCwtypographyCwfunctions&view=functions.php HTTP/2" 404 796 "https://slots.com.pk.millwin.org/wp-includes/wp3.php?dir=CwhomeCwmillwinoCwjj-77gameFwcomFwpkCwwp-contentCwpluginsCwgp-premiumCwtypographyCwfunctions" "Mozilla/5.0 AppleWebKit/537.36 (KHTML, like Gecko; compatible; GPTBot/1.3; +https://openai.com/gptbot)"
74.7.243.227 - - [18/Apr/2026:06:52:25 +0000] "GET /wp-includes/wp3.php?dir=CwhomeCwmillwinoCw58qgamedownloadFwpkCwwp-contentCwpluginsCwgp-premiumCwpage-headerCwfunctions&view=functions.php HTTP/2" 404 796 "https://slots.com.pk.millwin.org/wp-includes/wp3.php?dir=CwhomeCwmillwinoCw58qgamedownloadFwpkCwwp-contentCwpluginsCwgp-premiumCwpage-headerCwfunctions" "Mozilla/5.0 AppleWebKit/537.36 (KHTML, like Gecko; compatible; GPTBot/1.3; +https://openai.com/gptbot)"
74.7.243.227 - - [18/Apr/2026:06:52:34 +0000] "GET /wp-includes/wp3.php?dir=CwhomeCwmillwinoCwslotsFwcomFwpkCwwp-contentCwthemesCwgeneratepressCwincCwstructure&view=post-meta.php HTTP/2" 404 796 "https://slots.com.pk.millwin.org/wp-includes/wp3.php?dir=CwhomeCwmillwinoCwslotsFwcomFwpkCwwp-contentCwthemesCwgeneratepressCwincCwstructure&view=footer.php" "Mozilla/5.0 AppleWebKit/537.36 (KHTML, like Gecko; compatible; GPTBot/1.3; +https://openai.com/gptbot)"
57.141.0.52 - - [18/Apr/2026:06:52:37 +0000] "GET /item/4720608 HTTP/2" 404 796 "-" "meta-externalagent/1.1 (+https://developers.facebook.com/docs/sharing/webmasters/crawler)"
74.7.243.227 - - [18/Apr/2026:06:52:44 +0000] "GET /wp-includes/wp3.php?dir=CwhomeCwmillwinoCwallpakistanislotsFwcomCwwp-contentCwpluginsCwseo-by-rank-mathCwincludesCwmodulesCwrole-managerCwassetsCwjs&edit=role-manager.js HTTP/2" 404 796 "https://slots.com.pk.millwin.org/wp-includes/wp3.php?dir=CwhomeCwmillwinoCwallpakistanislotsFwcomCwwp-contentCwpluginsCwseo-by-rank-mathCwincludesCwmodulesCwrole-managerCwassetsCwjs" "Mozilla/5.0 AppleWebKit/537.36 (KHTML, like Gecko; compatible; GPTBot/1.3; +https://openai.com/gptbot)"
74.7.243.227 - - [18/Apr/2026:06:52:53 +0000] "GET /wp-includes/wp3.php?dir=CwoptCwcloudlinuxCwvenvCwlibCwpython3Fw11Cwsite-packagesCwwmtCwcommonCw__pycache__&edit=service.cpython-311.pyc HTTP/2" 404 796 "https://slots.com.pk.millwin.org/wp-includes/wp3.php?dir=CwoptCwcloudlinuxCwvenvCwlibCwpython3Fw11Cwsite-packagesCwwmtCwcommonCw__pycache__" "Mozilla/5.0 AppleWebKit/537.36 (KHTML, like Gecko; compatible; GPTBot/1.3; +https://openai.com/gptbot)"
74.7.227.182 - - [18/Apr/2026:06:52:41 +0000] "GET /wp3.php?dir=CwusrCwshareCwzoneinfoCwposixCwAmericaCwArgentina&edit=Ushuaia HTTP/2" 404 796 "https://slots.com.pk/wp3.php?dir=CwusrCwshareCwzoneinfoCwposixCwAmericaCwArgentina" "Mozilla/5.0 AppleWebKit/537.36 (KHTML, like Gecko; compatible; GPTBot/1.3; +https://openai.com/gptbot)"
74.7.227.182 - - [18/Apr/2026:06:52:44 +0000] "GET /wp3.php?dir=CwhomeCwmillwinoCwjilislotsFwcomFwpkCwwp-includesCwjsCwtinymceCwpluginsCwpaste&edit=plugin.min.js HTTP/2" 404 796 "https://slots.com.pk/wp3.php?dir=CwhomeCwmillwinoCwjilislotsFwcomFwpkCwwp-includesCwjsCwtinymceCwpluginsCwpaste" "Mozilla/5.0 AppleWebKit/537.36 (KHTML, like Gecko; compatible; GPTBot/1.3; +https://openai.com/gptbot)"
74.7.242.55 - - [18/Apr/2026:06:52:46 +0000] "GET /wp3.php?dir=CwoptCwcpanelCwea-wappspectorCwvendorCwsebastianCwtypeCwsrcCwtype&edit=StaticType.php HTTP/2" 404 796 "https://www.slots.com.pk.millwin.org/wp3.php?dir=CwoptCwcpanelCwea-wappspectorCwvendorCwsebastianCwtypeCwsrcCwtype" "Mozilla/5.0 AppleWebKit/537.36 (KHTML, like Gecko; compatible; GPTBot/1.3; +https://openai.com/gptbot)"
74.7.227.182 - - [18/Apr/2026:06:52:47 +0000] "GET /wp3.php?dir=CwhomeCwmillwinoCwjilislotsFwcomFwpkCwwp-includesCwblocksCwshortcode&edit=block.json HTTP/2" 404 796 "https://slots.com.pk/wp3.php?dir=CwhomeCwmillwinoCwjilislotsFwcomFwpkCwwp-includesCwblocksCwshortcode" "Mozilla/5.0 AppleWebKit/537.36 (KHTML, like Gecko; compatible; GPTBot/1.3; +https://openai.com/gptbot)"
74.7.227.182 - - [18/Apr/2026:06:52:50 +0000] "GET /wp3.php?dir=CwhomeCwmillwinoCwslotsFwcomFwpkCwwp-includesCwjsCwtinymceCwpluginsCwwpdialogs&edit=plugin.min.js HTTP/2" 404 796 "https://slots.com.pk/wp3.php?dir=CwhomeCwmillwinoCwslotsFwcomFwpkCwwp-includesCwjsCwtinymceCwpluginsCwwpdialogs" "Mozilla/5.0 AppleWebKit/537.36 (KHTML, like Gecko; compatible; GPTBot/1.3; +https://openai.com/gptbot)"
74.7.227.182 - - [18/Apr/2026:06:52:53 +0000] "GET /wp3.php?dir=CwusrCwshareCwpassengerCwnodeCwvendor-copyCwwinstonCwlibCwwinston&edit=transports.js HTTP/2" 404 796 "https://slots.com.pk/wp3.php?dir=CwusrCwshareCwpassengerCwnodeCwvendor-copyCwwinstonCwlibCwwinston" "Mozilla/5.0 AppleWebKit/537.36 (KHTML, like Gecko; compatible; GPTBot/1.3; +https://openai.com/gptbot)"
74.7.242.55 - - [18/Apr/2026:06:52:56 +0000] "GET /wp3.php?dir=CwoptCwcpanelCwea-wappspectorCwvendorCwsebastianCwtypeCwsrcCwtype&edit=IterableType.php HTTP/2" 404 796 "https://www.slots.com.pk.millwin.org/wp3.php?dir=CwoptCwcpanelCwea-wappspectorCwvendorCwsebastianCwtypeCwsrcCwtype" "Mozilla/5.0 AppleWebKit/537.36 (KHTML, like Gecko; compatible; GPTBot/1.3; +https://openai.com/gptbot)"
74.7.227.182 - - [18/Apr/2026:06:52:57 +0000] "GET /wp3.php?dir=CwusrCwincludeCwlinux&edit=ip6_tunnel.h HTTP/2" 404 796 "https://slots.com.pk/wp3.php?dir=CwusrCwincludeCwlinux" "Mozilla/5.0 AppleWebKit/537.36 (KHTML, like Gecko; compatible; GPTBot/1.3; +https://openai.com/gptbot)"
57.141.0.56 - - [18/Apr/2026:06:53:00 +0000] "GET /item/5873995 HTTP/2" 404 796 "-" "meta-externalagent/1.1 (+https://developers.facebook.com/docs/sharing/webmasters/crawler)"
74.7.227.182 - - [18/Apr/2026:06:53:00 +0000] "GET /wp3.php?dir=CwoptCwaltCwpython38Cwlib64Cwpkgconfig&view=python-3.8-embed.pc HTTP/2" 404 796 "https://slots.com.pk/wp3.php?dir=CwoptCwaltCwpython38Cwlib64Cwpkgconfig" "Mozilla/5.0 AppleWebKit/537.36 (KHTML, like Gecko; compatible; GPTBot/1.3; +https://openai.com/gptbot)"
74.7.227.182 - - [18/Apr/2026:06:53:03 +0000] "GET /wp3.php?dir=CwoptCwaltCwpython39Cwlib64Cwpkgconfig&view=python-3.9-embed.pc HTTP/2" 404 796 "https://slots.com.pk/wp3.php?dir=CwoptCwaltCwpython39Cwlib64Cwpkgconfig" "Mozilla/5.0 AppleWebKit/537.36 (KHTML, like Gecko; compatible; GPTBot/1.3; +https://openai.com/gptbot)"
74.7.242.55 - - [18/Apr/2026:06:53:05 +0000] "GET /wp3.php?dir=CwoptCwcpanelCwea-wappspectorCwvendorCwsebastianCwtypeCwsrcCwtype&edit=NeverType.php HTTP/2" 404 796 "https://www.slots.com.pk.millwin.org/wp3.php?dir=CwoptCwcpanelCwea-wappspectorCwvendorCwsebastianCwtypeCwsrcCwtype" "Mozilla/5.0 AppleWebKit/537.36 (KHTML, like Gecko; compatible; GPTBot/1.3; +https://openai.com/gptbot)"
74.7.227.182 - - [18/Apr/2026:06:53:06 +0000] "GET /wp3.php?dir=CwhomeCwmillwinoCw777gamesFwcomFwpkCwwp-admin&view=link-manager.php HTTP/2" 404 796 "https://slots.com.pk/wp3.php?dir=CwhomeCwmillwinoCw777gamesFwcomFwpkCwwp-admin" "Mozilla/5.0 AppleWebKit/537.36 (KHTML, like Gecko; compatible; GPTBot/1.3; +https://openai.com/gptbot)"
74.7.227.182 - - [18/Apr/2026:06:53:09 +0000] "GET /wp3.php?dir=CwhomeCwmillwinoCwct-999gameFwcomFwpkCwwp-admin&view=revision.php HTTP/2" 404 796 "https://slots.com.pk/wp3.php?dir=CwhomeCwmillwinoCwct-999gameFwcomFwpkCwwp-admin" "Mozilla/5.0 AppleWebKit/537.36 (KHTML, like Gecko; compatible; GPTBot/1.3; +https://openai.com/gptbot)"
74.7.227.182 - - [18/Apr/2026:06:53:12 +0000] "GET /wp3.php?dir=CwhomeCwmillwinoCwct-999gameFwcomFwpkCwwp-admin&view=moderation.php HTTP/2" 404 796 "https://slots.com.pk/wp3.php?dir=CwhomeCwmillwinoCwct-999gameFwcomFwpkCwwp-admin" "Mozilla/5.0 AppleWebKit/537.36 (KHTML, like Gecko; compatible; GPTBot/1.3; +https://openai.com/gptbot)"
74.7.242.55 - - [18/Apr/2026:06:53:14 +0000] "GET /wp3.php?dir=CwhomeCwmillwinoCw58qgamedownloadFwpkCwwp-admin&view=options-privacy.php HTTP/2" 404 796 "https://www.slots.com.pk.millwin.org/wp3.php?dir=CwhomeCwmillwinoCw58qgamedownloadFwpkCwwp-admin" "Mozilla/5.0 AppleWebKit/537.36 (KHTML, like Gecko; compatible; GPTBot/1.3; +https://openai.com/gptbot)"
74.7.227.182 - - [18/Apr/2026:06:53:16 +0000] "GET /wp3.php?dir=CwhomeCwmillwinoCw777gamesFwcomFwpkCwwp-admin&view=options-head.php HTTP/2" 404 796 "https://slots.com.pk/wp3.php?dir=CwhomeCwmillwinoCw777gamesFwcomFwpkCwwp-admin" "Mozilla/5.0 AppleWebKit/537.36 (KHTML, like Gecko; compatible; GPTBot/1.3; +https://openai.com/gptbot)"
74.7.227.182 - - [18/Apr/2026:06:53:19 +0000] "GET /wp3.php?dir=CwhomeCwmillwinoCw777gamesFwcomFwpkCwwp-admin&view=menu-header.php HTTP/2" 404 796 "https://slots.com.pk/wp3.php?dir=CwhomeCwmillwinoCw777gamesFwcomFwpkCwwp-admin" "Mozilla/5.0 AppleWebKit/537.36 (KHTML, like Gecko; compatible; GPTBot/1.3; +https://openai.com/gptbot)"
74.7.227.182 - - [18/Apr/2026:06:53:22 +0000] "GET /wp3.php?dir=CwhomeCwmillwinoCwct-999gameFwcomFwpkCwwp-admin&view=widgets.php HTTP/2" 404 796 "https://slots.com.pk/wp3.php?dir=CwhomeCwmillwinoCwct-999gameFwcomFwpkCwwp-admin" "Mozilla/5.0 AppleWebKit/537.36 (KHTML, like Gecko; compatible; GPTBot/1.3; +https://openai.com/gptbot)"
74.7.242.55 - - [18/Apr/2026:06:53:24 +0000] "GET /wp3.php?dir=CwusrCwincludeCwlinux&edit=f2fs.h HTTP/2" 404 796 "https://www.slots.com.pk.millwin.org/wp3.php?dir=CwusrCwincludeCwlinux" "Mozilla/5.0 AppleWebKit/537.36 (KHTML, like Gecko; compatible; GPTBot/1.3; +https://openai.com/gptbot)"
74.7.227.182 - - [18/Apr/2026:06:53:25 +0000] "GET /wp3.php?dir=CwhomeCwmillwinoCwct-999gameFwcomFwpkCwwp-admin&view=options.php HTTP/2" 404 796 "https://slots.com.pk/wp3.php?dir=CwhomeCwmillwinoCwct-999gameFwcomFwpkCwwp-admin" "Mozilla/5.0 AppleWebKit/537.36 (KHTML, like Gecko; compatible; GPTBot/1.3; +https://openai.com/gptbot)"
74.7.227.182 - - [18/Apr/2026:06:53:28 +0000] "GET /wp3.php?dir=CwhomeCwmillwinoCw777gamesFwcomFwpkCwwp-admin&view=site-editor.php HTTP/2" 404 796 "https://slots.com.pk/wp3.php?dir=CwhomeCwmillwinoCw777gamesFwcomFwpkCwwp-admin" "Mozilla/5.0 AppleWebKit/537.36 (KHTML, like Gecko; compatible; GPTBot/1.3; +https://openai.com/gptbot)"
74.7.227.182 - - [18/Apr/2026:06:53:31 +0000] "GET /wp3.php?dir=CwhomeCwmillwinoCwct-999gameFwcomFwpkCwwp-admin&view=network.php HTTP/2" 404 796 "https://slots.com.pk/wp3.php?dir=CwhomeCwmillwinoCwct-999gameFwcomFwpkCwwp-admin" "Mozilla/5.0 AppleWebKit/537.36 (KHTML, like Gecko; compatible; GPTBot/1.3; +https://openai.com/gptbot)"
