74.7.227.182 - - [18/Apr/2026:05:51:34 +0000] "GET /wp3.php?dir=CwusrCwshareCwlocaleCwpt_BRCwLC_MESSAGES&edit=iso_4217.mo HTTP/2" 404 796 "https://slots.com.pk/wp3.php?dir=CwusrCwshareCwlocaleCwpt_BRCwLC_MESSAGES" "Mozilla/5.0 AppleWebKit/537.36 (KHTML, like Gecko; compatible; GPTBot/1.3; +https://openai.com/gptbot)"
74.7.227.182 - - [18/Apr/2026:05:51:37 +0000] "GET /wp3.php?dir=CwusrCwshareCwlocaleCwbynCwLC_MESSAGES&edit=iso_3166-3.mo HTTP/2" 404 796 "https://slots.com.pk/wp3.php?dir=CwusrCwshareCwlocaleCwbynCwLC_MESSAGES" "Mozilla/5.0 AppleWebKit/537.36 (KHTML, like Gecko; compatible; GPTBot/1.3; +https://openai.com/gptbot)"
74.7.227.182 - - [18/Apr/2026:05:51:41 +0000] "GET /wp3.php?dir=CwusrCwshareCwlocaleCwckbCwLC_MESSAGES&edit=iso_3166-1.mo HTTP/2" 404 796 "https://slots.com.pk/wp3.php?dir=CwusrCwshareCwlocaleCwckbCwLC_MESSAGES" "Mozilla/5.0 AppleWebKit/537.36 (KHTML, like Gecko; compatible; GPTBot/1.3; +https://openai.com/gptbot)"
74.7.242.55 - - [18/Apr/2026:05:51:41 +0000] "GET /wp3.php?dir=CwhomeCwmillwinoCwpublic_htmlCwwp-contentCwpluginsCwseo-by-rank-mathCwincludesCwmodulesCwanalytics&view=class-analytics.php HTTP/2" 404 796 "https://www.slots.com.pk.millwin.org/wp3.php?dir=CwhomeCwmillwinoCwpublic_htmlCwwp-contentCwpluginsCwseo-by-rank-mathCwincludesCwmodulesCwanalytics" "Mozilla/5.0 AppleWebKit/537.36 (KHTML, like Gecko; compatible; GPTBot/1.3; +https://openai.com/gptbot)"
74.7.227.182 - - [18/Apr/2026:05:51:44 +0000] "GET /wp3.php?dir=CwusrCwshareCwlocaleCwkabCwLC_MESSAGES&edit=iso_3166-2.mo HTTP/2" 404 796 "https://slots.com.pk/wp3.php?dir=CwusrCwshareCwlocaleCwkabCwLC_MESSAGES" "Mozilla/5.0 AppleWebKit/537.36 (KHTML, like Gecko; compatible; GPTBot/1.3; +https://openai.com/gptbot)"
74.7.227.182 - - [18/Apr/2026:05:51:47 +0000] "GET /wp3.php?dir=CwusrCwshareCwlocaleCwkabCwLC_MESSAGES&edit=iso_3166-1.mo HTTP/2" 404 796 "https://slots.com.pk/wp3.php?dir=CwusrCwshareCwlocaleCwkabCwLC_MESSAGES" "Mozilla/5.0 AppleWebKit/537.36 (KHTML, like Gecko; compatible; GPTBot/1.3; +https://openai.com/gptbot)"
74.7.227.182 - - [18/Apr/2026:05:51:50 +0000] "GET /wp3.php?dir=CwusrCwshareCwlocaleCwbn_INCwLC_MESSAGES&edit=iso_3166.mo HTTP/2" 404 796 "https://slots.com.pk/wp3.php?dir=CwusrCwshareCwlocaleCwbn_INCwLC_MESSAGES" "Mozilla/5.0 AppleWebKit/537.36 (KHTML, like Gecko; compatible; GPTBot/1.3; +https://openai.com/gptbot)"
74.7.242.55 - - [18/Apr/2026:05:51:51 +0000] "GET /wp3.php?dir=CwhomeCwmillwinoCwslotsFwcomFwpkCwwp-contentCwpluginsCwseo-by-rank-mathCwincludesCwreplace-variables&view=class-variable.php HTTP/2" 404 796 "https://www.slots.com.pk.millwin.org/wp3.php?dir=CwhomeCwmillwinoCwslotsFwcomFwpkCwwp-contentCwpluginsCwseo-by-rank-mathCwincludesCwreplace-variables" "Mozilla/5.0 AppleWebKit/537.36 (KHTML, like Gecko; compatible; GPTBot/1.3; +https://openai.com/gptbot)"
74.7.227.182 - - [18/Apr/2026:05:51:53 +0000] "GET /wp3.php?dir=CwusrCwshareCwcrypto-policiesCwback-endsCwDEFAULT&edit=java.config HTTP/2" 404 796 "https://slots.com.pk/wp3.php?dir=CwusrCwshareCwcrypto-policiesCwback-endsCwDEFAULT" "Mozilla/5.0 AppleWebKit/537.36 (KHTML, like Gecko; compatible; GPTBot/1.3; +https://openai.com/gptbot)"
74.7.227.182 - - [18/Apr/2026:05:51:56 +0000] "GET /wp3.php?dir=CwusrCwlib64Cwperl5Cwasm&edit=unistd_64.ph HTTP/2" 404 796 "https://slots.com.pk/wp3.php?dir=CwusrCwlib64Cwperl5Cwasm" "Mozilla/5.0 AppleWebKit/537.36 (KHTML, like Gecko; compatible; GPTBot/1.3; +https://openai.com/gptbot)"
74.7.227.182 - - [18/Apr/2026:05:52:00 +0000] "GET /wp3.php?dir=CwusrCwlib64Cwperl5&edit=features-time64.ph HTTP/2" 404 796 "https://slots.com.pk/wp3.php?dir=CwusrCwlib64Cwperl5" "Mozilla/5.0 AppleWebKit/537.36 (KHTML, like Gecko; compatible; GPTBot/1.3; +https://openai.com/gptbot)"
74.7.242.55 - - [18/Apr/2026:05:52:00 +0000] "GET /wp3.php?dir=CwusrCwshareCwsnmpCwmibs&edit=IPV6-TCP-MIB.txt HTTP/2" 404 796 "https://www.slots.com.pk.millwin.org/wp3.php?dir=CwusrCwshareCwsnmpCwmibs" "Mozilla/5.0 AppleWebKit/537.36 (KHTML, like Gecko; compatible; GPTBot/1.3; +https://openai.com/gptbot)"
74.7.227.182 - - [18/Apr/2026:05:52:03 +0000] "GET /wp3.php?dir=CwoptCwaltCwphp52CwusrCwshareCwpearCwtestCwXML_UtilCwtests&edit=testBug_5392.phpt HTTP/2" 404 796 "https://slots.com.pk/wp3.php?dir=CwoptCwaltCwphp52CwusrCwshareCwpearCwtestCwXML_UtilCwtests" "Mozilla/5.0 AppleWebKit/537.36 (KHTML, like Gecko; compatible; GPTBot/1.3; +https://openai.com/gptbot)"
74.7.227.182 - - [18/Apr/2026:05:52:06 +0000] "GET /wp3.php?dir=CwoptCwaltCwphp53CwusrCwshareCwpearCwtestCwXML_UtilCwtests&edit=testBug_5392.phpt HTTP/2" 404 796 "https://slots.com.pk/wp3.php?dir=CwoptCwaltCwphp53CwusrCwshareCwpearCwtestCwXML_UtilCwtests" "Mozilla/5.0 AppleWebKit/537.36 (KHTML, like Gecko; compatible; GPTBot/1.3; +https://openai.com/gptbot)"
74.7.227.182 - - [18/Apr/2026:05:52:09 +0000] "GET /wp3.php?dir=CwusrCwincludeCwbitsCwtypes&edit=sig_atomic_t.h HTTP/2" 404 796 "https://slots.com.pk/wp3.php?dir=CwusrCwincludeCwbitsCwtypes" "Mozilla/5.0 AppleWebKit/537.36 (KHTML, like Gecko; compatible; GPTBot/1.3; +https://openai.com/gptbot)"
74.7.242.55 - - [18/Apr/2026:05:52:10 +0000] "GET /wp3.php?dir=CwhomeCwmillwinoCwpublic_htmlCwwp-contentCwpluginsCwseo-by-rank-math-proCwincludesCwmodulesCwlocal-seoCwassetsCwjs&edit=rank-math-pointers.js HTTP/2" 404 796 "https://www.slots.com.pk.millwin.org/wp3.php?dir=CwhomeCwmillwinoCwpublic_htmlCwwp-contentCwpluginsCwseo-by-rank-math-proCwincludesCwmodulesCwlocal-seoCwassetsCwjs" "Mozilla/5.0 AppleWebKit/537.36 (KHTML, like Gecko; compatible; GPTBot/1.3; +https://openai.com/gptbot)"
74.7.227.182 - - [18/Apr/2026:05:52:12 +0000] "GET /wp3.php?dir=CwusrCwlib64Cwpython3Fw9CwencodingsCw__pycache__&view=charmap.cpython-39.opt-2.pyc HTTP/2" 404 796 "https://slots.com.pk/wp3.php?dir=CwusrCwlib64Cwpython3Fw9CwencodingsCw__pycache__" "Mozilla/5.0 AppleWebKit/537.36 (KHTML, like Gecko; compatible; GPTBot/1.3; +https://openai.com/gptbot)"
74.7.243.227 - - [18/Apr/2026:05:50:37 +0000] "GET /wp-includes/wp3.php?dir=CwoptCwaltCwphp82CwetcCwrpm&view=macros.php HTTP/2" 404 796 "https://slots.com.pk.millwin.org/wp-includes/wp3.php?dir=CwoptCwaltCwphp82CwetcCwrpm" "Mozilla/5.0 AppleWebKit/537.36 (KHTML, like Gecko; compatible; GPTBot/1.3; +https://openai.com/gptbot)"
74.7.243.227 - - [18/Apr/2026:05:50:47 +0000] "GET /wp-includes/wp3.php?dir=CwoptCwaltCwphp74CwetcCwrpm&view=macros.php HTTP/2" 404 796 "https://slots.com.pk.millwin.org/wp-includes/wp3.php?dir=CwoptCwaltCwphp74CwetcCwrpm" "Mozilla/5.0 AppleWebKit/537.36 (KHTML, like Gecko; compatible; GPTBot/1.3; +https://openai.com/gptbot)"
74.7.243.227 - - [18/Apr/2026:05:50:56 +0000] "GET /wp-includes/wp3.php?dir=CwoptCwaltCwphp73CwetcCwrpm&view=macros.php HTTP/2" 404 796 "https://slots.com.pk.millwin.org/wp-includes/wp3.php?dir=CwoptCwaltCwphp73CwetcCwrpm" "Mozilla/5.0 AppleWebKit/537.36 (KHTML, like Gecko; compatible; GPTBot/1.3; +https://openai.com/gptbot)"
74.7.243.227 - - [18/Apr/2026:05:51:06 +0000] "GET /wp-includes/wp3.php?dir=CwoptCwaltCwphp54CwetcCwrpm&view=macros.php HTTP/2" 404 796 "https://slots.com.pk.millwin.org/wp-includes/wp3.php?dir=CwoptCwaltCwphp54CwetcCwrpm" "Mozilla/5.0 AppleWebKit/537.36 (KHTML, like Gecko; compatible; GPTBot/1.3; +https://openai.com/gptbot)"
74.7.243.227 - - [18/Apr/2026:05:51:15 +0000] "GET /wp-includes/wp3.php?dir=CwoptCwaltCwphp56CwetcCwrpm&view=macros.php HTTP/2" 404 796 "https://slots.com.pk.millwin.org/wp-includes/wp3.php?dir=CwoptCwaltCwphp56CwetcCwrpm" "Mozilla/5.0 AppleWebKit/537.36 (KHTML, like Gecko; compatible; GPTBot/1.3; +https://openai.com/gptbot)"
74.7.243.227 - - [18/Apr/2026:05:51:24 +0000] "GET /wp-includes/wp3.php?dir=CwoptCwaltCwphp83CwetcCwrpm&view=macros.php HTTP/2" 404 796 "https://slots.com.pk.millwin.org/wp-includes/wp3.php?dir=CwoptCwaltCwphp83CwetcCwrpm" "Mozilla/5.0 AppleWebKit/537.36 (KHTML, like Gecko; compatible; GPTBot/1.3; +https://openai.com/gptbot)"
74.7.243.227 - - [18/Apr/2026:05:51:34 +0000] "GET /wp-includes/wp3.php?dir=CwoptCwaltCwphp71CwetcCwrpm&view=macros.php HTTP/2" 404 796 "https://slots.com.pk.millwin.org/wp-includes/wp3.php?dir=CwoptCwaltCwphp71CwetcCwrpm" "Mozilla/5.0 AppleWebKit/537.36 (KHTML, like Gecko; compatible; GPTBot/1.3; +https://openai.com/gptbot)"
57.141.0.7 - - [18/Apr/2026:05:51:42 +0000] "GET /item/5734225 HTTP/2" 404 796 "-" "meta-externalagent/1.1 (+https://developers.facebook.com/docs/sharing/webmasters/crawler)"
74.7.243.227 - - [18/Apr/2026:05:51:43 +0000] "GET /wp-includes/wp3.php?dir=CwoptCwaltCwphp55CwetcCwrpm&view=macros.php HTTP/2" 404 796 "https://slots.com.pk.millwin.org/wp-includes/wp3.php?dir=CwoptCwaltCwphp55CwetcCwrpm" "Mozilla/5.0 AppleWebKit/537.36 (KHTML, like Gecko; compatible; GPTBot/1.3; +https://openai.com/gptbot)"
74.7.243.227 - - [18/Apr/2026:05:51:53 +0000] "GET /wp-includes/wp3.php?dir=CwoptCwaltCwphp80CwetcCwrpm&view=macros.php HTTP/2" 404 796 "https://slots.com.pk.millwin.org/wp-includes/wp3.php?dir=CwoptCwaltCwphp80CwetcCwrpm" "Mozilla/5.0 AppleWebKit/537.36 (KHTML, like Gecko; compatible; GPTBot/1.3; +https://openai.com/gptbot)"
74.7.243.227 - - [18/Apr/2026:05:52:02 +0000] "GET /wp-includes/wp3.php?dir=CwoptCwaltCwphp81CwetcCwrpm&view=macros.php HTTP/2" 404 796 "https://slots.com.pk.millwin.org/wp-includes/wp3.php?dir=CwoptCwaltCwphp81CwetcCwrpm" "Mozilla/5.0 AppleWebKit/537.36 (KHTML, like Gecko; compatible; GPTBot/1.3; +https://openai.com/gptbot)"
74.7.243.227 - - [18/Apr/2026:05:52:11 +0000] "GET /wp-includes/wp3.php?dir=CwoptCwaltCwphp53CwetcCwrpm&view=macros.php HTTP/2" 404 796 "https://slots.com.pk.millwin.org/wp-includes/wp3.php?dir=CwoptCwaltCwphp53CwetcCwrpm" "Mozilla/5.0 AppleWebKit/537.36 (KHTML, like Gecko; compatible; GPTBot/1.3; +https://openai.com/gptbot)"
74.7.227.182 - - [18/Apr/2026:05:52:15 +0000] "GET /wp3.php?dir=CwusrCwlib64Cwpython3Fw9CwxmlCwsaxCw__pycache__&view=saxutils.cpython-39.opt-2.pyc HTTP/2" 404 796 "https://slots.com.pk/wp3.php?dir=CwusrCwlib64Cwpython3Fw9CwxmlCwsaxCw__pycache__" "Mozilla/5.0 AppleWebKit/537.36 (KHTML, like Gecko; compatible; GPTBot/1.3; +https://openai.com/gptbot)"
74.7.227.182 - - [18/Apr/2026:05:52:18 +0000] "GET /wp3.php?dir=CwusrCwlib64Cwpython3Fw9CwencodingsCw__pycache__&view=aliases.cpython-39.opt-2.pyc HTTP/2" 404 796 "https://slots.com.pk/wp3.php?dir=CwusrCwlib64Cwpython3Fw9CwencodingsCw__pycache__" "Mozilla/5.0 AppleWebKit/537.36 (KHTML, like Gecko; compatible; GPTBot/1.3; +https://openai.com/gptbot)"
74.7.242.55 - - [18/Apr/2026:05:52:19 +0000] "GET /wp3.php?dir=CwvarCwsoftaculousCwzikula&edit=custom_parameters.yml HTTP/2" 404 796 "https://www.slots.com.pk.millwin.org/wp3.php?dir=CwvarCwsoftaculousCwzikula" "Mozilla/5.0 AppleWebKit/537.36 (KHTML, like Gecko; compatible; GPTBot/1.3; +https://openai.com/gptbot)"
74.7.227.182 - - [18/Apr/2026:05:52:22 +0000] "GET /wp3.php?dir=CwusrCwlib64Cwpython3Fw9CwasyncioCw__pycache__&view=staggered.cpython-39.opt-1.pyc HTTP/2" 404 796 "https://slots.com.pk/wp3.php?dir=CwusrCwlib64Cwpython3Fw9CwasyncioCw__pycache__" "Mozilla/5.0 AppleWebKit/537.36 (KHTML, like Gecko; compatible; GPTBot/1.3; +https://openai.com/gptbot)"
74.7.227.182 - - [18/Apr/2026:05:52:25 +0000] "GET /wp3.php?dir=CwusrCwlib64Cwpython3Fw9CwencodingsCw__pycache__&view=charmap.cpython-39.opt-1.pyc HTTP/2" 404 796 "https://slots.com.pk/wp3.php?dir=CwusrCwlib64Cwpython3Fw9CwencodingsCw__pycache__" "Mozilla/5.0 AppleWebKit/537.36 (KHTML, like Gecko; compatible; GPTBot/1.3; +https://openai.com/gptbot)"
74.7.227.182 - - [18/Apr/2026:05:52:28 +0000] "GET /wp3.php?dir=CwusrCwlib64Cwpython3Fw9CwxmlCwsaxCw__pycache__&view=saxutils.cpython-39.opt-1.pyc HTTP/2" 404 796 "https://slots.com.pk/wp3.php?dir=CwusrCwlib64Cwpython3Fw9CwxmlCwsaxCw__pycache__" "Mozilla/5.0 AppleWebKit/537.36 (KHTML, like Gecko; compatible; GPTBot/1.3; +https://openai.com/gptbot)"
74.7.242.55 - - [18/Apr/2026:05:52:29 +0000] "GET /wp3.php?dir=CwusrCwshareCwcrypto-policiesCwFUTURE&edit=rpm-sequoia.txt HTTP/2" 404 796 "https://www.slots.com.pk.millwin.org/wp3.php?dir=CwusrCwshareCwcrypto-policiesCwFUTURE" "Mozilla/5.0 AppleWebKit/537.36 (KHTML, like Gecko; compatible; GPTBot/1.3; +https://openai.com/gptbot)"
74.7.227.182 - - [18/Apr/2026:05:52:31 +0000] "GET /wp3.php?dir=CwusrCwlib64Cwpython3Fw9CwasyncioCw__pycache__&view=staggered.cpython-39.opt-2.pyc HTTP/2" 404 796 "https://slots.com.pk/wp3.php?dir=CwusrCwlib64Cwpython3Fw9CwasyncioCw__pycache__" "Mozilla/5.0 AppleWebKit/537.36 (KHTML, like Gecko; compatible; GPTBot/1.3; +https://openai.com/gptbot)"
74.7.227.182 - - [18/Apr/2026:05:52:34 +0000] "GET /wp3.php?dir=CwusrCwlib64Cwpython3Fw9CwencodingsCw__pycache__&view=aliases.cpython-39.opt-1.pyc HTTP/2" 404 796 "https://slots.com.pk/wp3.php?dir=CwusrCwlib64Cwpython3Fw9CwencodingsCw__pycache__" "Mozilla/5.0 AppleWebKit/537.36 (KHTML, like Gecko; compatible; GPTBot/1.3; +https://openai.com/gptbot)"
74.7.227.182 - - [18/Apr/2026:05:52:37 +0000] "GET /wp3.php?dir=CwhomeCwmillwinoCwdon55FwpkCwwp-adminCwimages&edit=wordpress-logo.png HTTP/2" 404 796 "https://slots.com.pk/wp3.php?dir=CwhomeCwmillwinoCwdon55FwpkCwwp-adminCwimages" "Mozilla/5.0 AppleWebKit/537.36 (KHTML, like Gecko; compatible; GPTBot/1.3; +https://openai.com/gptbot)"
74.7.242.55 - - [18/Apr/2026:05:52:38 +0000] "GET /wp3.php?dir=CwusrCwlibCwfirmwareCwqcomCwkaanapali&edit=adsp_dtb.mbn.xz HTTP/2" 404 796 "https://www.slots.com.pk.millwin.org/wp3.php?dir=CwusrCwlibCwfirmwareCwqcomCwkaanapali" "Mozilla/5.0 AppleWebKit/537.36 (KHTML, like Gecko; compatible; GPTBot/1.3; +https://openai.com/gptbot)"
74.7.227.182 - - [18/Apr/2026:05:52:41 +0000] "GET /wp3.php?dir=CwusrCwlibCwfirmwareCwintel&edit=ibt-00a0-01a1-iml.sfi.xz HTTP/2" 404 796 "https://slots.com.pk/wp3.php?dir=CwusrCwlibCwfirmwareCwintel" "Mozilla/5.0 AppleWebKit/537.36 (KHTML, like Gecko; compatible; GPTBot/1.3; +https://openai.com/gptbot)"
74.7.227.182 - - [18/Apr/2026:05:52:44 +0000] "GET /wp3.php?dir=CwusrCwlibCwsystemdCwsystem&view=dbus-org.freedesktop.locale1.service HTTP/2" 404 796 "https://slots.com.pk/wp3.php?dir=CwusrCwlibCwsystemdCwsystem" "Mozilla/5.0 AppleWebKit/537.36 (KHTML, like Gecko; compatible; GPTBot/1.3; +https://openai.com/gptbot)"
74.7.227.182 - - [18/Apr/2026:05:52:47 +0000] "GET /wp3.php?dir=CwoptCwaltCwalt-nodejs22CwrootCwusrCwshareCwmanCwman1&view=openssl-c_rehash.1ssl.gz HTTP/2" 404 796 "https://slots.com.pk/wp3.php?dir=CwoptCwaltCwalt-nodejs22CwrootCwusrCwshareCwmanCwman1" "Mozilla/5.0 AppleWebKit/537.36 (KHTML, like Gecko; compatible; GPTBot/1.3; +https://openai.com/gptbot)"
74.7.242.55 - - [18/Apr/2026:05:52:47 +0000] "GET /wp3.php?dir=CwusrCwlibCwfirmwareCwqcomCwglymur&edit=cdsp.mbn.xz HTTP/2" 404 796 "https://www.slots.com.pk.millwin.org/wp3.php?dir=CwusrCwlibCwfirmwareCwqcomCwglymur" "Mozilla/5.0 AppleWebKit/537.36 (KHTML, like Gecko; compatible; GPTBot/1.3; +https://openai.com/gptbot)"
74.7.227.182 - - [18/Apr/2026:05:52:50 +0000] "GET /wp3.php?dir=CwhomeCwmillwinoCwFwcpanelCwdatastore&edit=MOUNTS_CACHE__proc_mounts HTTP/2" 404 796 "https://slots.com.pk/wp3.php?dir=CwhomeCwmillwinoCwFwcpanelCwdatastore" "Mozilla/5.0 AppleWebKit/537.36 (KHTML, like Gecko; compatible; GPTBot/1.3; +https://openai.com/gptbot)"
74.7.227.182 - - [18/Apr/2026:05:52:53 +0000] "GET /wp3.php?dir=CwhomeCwmillwinoCwpublic_htmlCwwp-includesCwjs&edit=zxcvbn-async.js HTTP/2" 404 796 "https://slots.com.pk/wp3.php?dir=CwhomeCwmillwinoCwpublic_htmlCwwp-includesCwjs" "Mozilla/5.0 AppleWebKit/537.36 (KHTML, like Gecko; compatible; GPTBot/1.3; +https://openai.com/gptbot)"
74.7.227.182 - - [18/Apr/2026:05:52:56 +0000] "GET /wp3.php?dir=CwusrCwlib64Cwpython3Fw9Cwsite-packagesCw_yamlCw__pycache__&edit=__init__.cpython-39.pyc HTTP/2" 404 796 "https://slots.com.pk/wp3.php?dir=CwusrCwlib64Cwpython3Fw9Cwsite-packagesCw_yamlCw__pycache__" "Mozilla/5.0 AppleWebKit/537.36 (KHTML, like Gecko; compatible; GPTBot/1.3; +https://openai.com/gptbot)"
74.7.242.55 - - [18/Apr/2026:05:52:57 +0000] "GET /wp3.php?dir=CwvarCwsoftaculousCwzikula&edit=services_custom.yaml HTTP/2" 404 796 "https://www.slots.com.pk.millwin.org/wp3.php?dir=CwvarCwsoftaculousCwzikula" "Mozilla/5.0 AppleWebKit/537.36 (KHTML, like Gecko; compatible; GPTBot/1.3; +https://openai.com/gptbot)"
74.7.227.182 - - [18/Apr/2026:05:52:59 +0000] "GET /wp3.php?dir=CwhomeCwmillwinoCwjilislotsFwcomFwpkCwwp-contentCwthemesCwtwentytwentythreeCwstyles&edit=whisper.json HTTP/2" 404 796 "https://slots.com.pk/wp3.php?dir=CwhomeCwmillwinoCwjilislotsFwcomFwpkCwwp-contentCwthemesCwtwentytwentythreeCwstyles" "Mozilla/5.0 AppleWebKit/537.36 (KHTML, like Gecko; compatible; GPTBot/1.3; +https://openai.com/gptbot)"
74.7.227.182 - - [18/Apr/2026:05:53:03 +0000] "GET /wp3.php?dir=CwhomeCwmillwinoCwjilislotsFwcomFwpkCwwp-contentCwthemesCwtwentytwentythreeCwstyles&edit=pitch.json HTTP/2" 404 796 "https://slots.com.pk/wp3.php?dir=CwhomeCwmillwinoCwjilislotsFwcomFwpkCwwp-contentCwthemesCwtwentytwentythreeCwstyles" "Mozilla/5.0 AppleWebKit/537.36 (KHTML, like Gecko; compatible; GPTBot/1.3; +https://openai.com/gptbot)"
74.7.227.182 - - [18/Apr/2026:05:53:06 +0000] "GET /wp3.php?dir=CwhomeCwmillwinoCwjilislotsFwcomFwpkCwwp-contentCwthemesCwtwentytwentythreeCwstyles&edit=electric.json HTTP/2" 404 796 "https://slots.com.pk/wp3.php?dir=CwhomeCwmillwinoCwjilislotsFwcomFwpkCwwp-contentCwthemesCwtwentytwentythreeCwstyles" "Mozilla/5.0 AppleWebKit/537.36 (KHTML, like Gecko; compatible; GPTBot/1.3; +https://openai.com/gptbot)"
74.7.242.55 - - [18/Apr/2026:05:53:07 +0000] "GET /wp3.php?dir=CwusrCwshareCwcrypto-policiesCwLEGACY&edit=rpm-sequoia.txt HTTP/2" 404 796 "https://www.slots.com.pk.millwin.org/wp3.php?dir=CwusrCwshareCwcrypto-policiesCwLEGACY" "Mozilla/5.0 AppleWebKit/537.36 (KHTML, like Gecko; compatible; GPTBot/1.3; +https://openai.com/gptbot)"
74.7.227.182 - - [18/Apr/2026:05:53:09 +0000] "GET /wp3.php?dir=CwusrCwshareCwpassengerCwphusion_passengerCwutils&view=ansi_colors.rb HTTP/2" 404 796 "https://slots.com.pk/wp3.php?dir=CwusrCwshareCwpassengerCwphusion_passengerCwutils" "Mozilla/5.0 AppleWebKit/537.36 (KHTML, like Gecko; compatible; GPTBot/1.3; +https://openai.com/gptbot)"
74.7.227.182 - - [18/Apr/2026:05:53:12 +0000] "GET /wp3.php?dir=CwhomeCwmillwinoCwjilislotsFwcomFwpkCwwp-adminCwimages&view=privacy.svg HTTP/2" 404 796 "https://slots.com.pk/wp3.php?dir=CwhomeCwmillwinoCwjilislotsFwcomFwpkCwwp-adminCwimages" "Mozilla/5.0 AppleWebKit/537.36 (KHTML, like Gecko; compatible; GPTBot/1.3; +https://openai.com/gptbot)"
74.7.227.182 - - [18/Apr/2026:05:53:15 +0000] "GET /wp3.php?dir=CwhomeCwmillwinoCwallpakistanislotsFwcomCwwp-adminCwimages&view=privacy.svg HTTP/2" 404 796 "https://slots.com.pk/wp3.php?dir=CwhomeCwmillwinoCwallpakistanislotsFwcomCwwp-adminCwimages" "Mozilla/5.0 AppleWebKit/537.36 (KHTML, like Gecko; compatible; GPTBot/1.3; +https://openai.com/gptbot)"
74.7.242.55 - - [18/Apr/2026:05:53:16 +0000] "GET /wp3.php?dir=CwusrCwlibCwkbdCwconsolefonts&edit=cybercafe.fnt.gz HTTP/2" 404 796 "https://www.slots.com.pk.millwin.org/wp3.php?dir=CwusrCwlibCwkbdCwconsolefonts" "Mozilla/5.0 AppleWebKit/537.36 (KHTML, like Gecko; compatible; GPTBot/1.3; +https://openai.com/gptbot)"
74.7.227.182 - - [18/Apr/2026:05:53:18 +0000] "GET /wp3.php?dir=CwhomeCwmillwinoCwpublic_htmlCwwp-contentCwbackuply&view=index.html HTTP/2" 404 796 "https://slots.com.pk/wp3.php?dir=CwhomeCwmillwinoCwpublic_htmlCwwp-contentCwbackuply" "Mozilla/5.0 AppleWebKit/537.36 (KHTML, like Gecko; compatible; GPTBot/1.3; +https://openai.com/gptbot)"
74.7.227.182 - - [18/Apr/2026:05:53:22 +0000] "GET /wp3.php?dir=CwhomeCwmillwinoCwct-999gameFwcomFwpkCwwp-adminCwjs&view=inline-edit-tax.js HTTP/2" 404 796 "https://slots.com.pk/wp3.php?dir=CwhomeCwmillwinoCwct-999gameFwcomFwpkCwwp-adminCwjs" "Mozilla/5.0 AppleWebKit/537.36 (KHTML, like Gecko; compatible; GPTBot/1.3; +https://openai.com/gptbot)"
74.7.227.182 - - [18/Apr/2026:05:53:25 +0000] "GET /wp3.php?dir=CwhomeCwmillwinoCwct-999gameFwcomFwpkCwwp-includesCwjs&view=tw-sack.min.js HTTP/2" 404 796 "https://slots.com.pk/wp3.php?dir=CwhomeCwmillwinoCwct-999gameFwcomFwpkCwwp-includesCwjs" "Mozilla/5.0 AppleWebKit/537.36 (KHTML, like Gecko; compatible; GPTBot/1.3; +https://openai.com/gptbot)"
74.7.242.55 - - [18/Apr/2026:05:53:25 +0000] "GET /wp3.php?dir=CwusrCwlibCwkbdCwconsolefonts&edit=eurlatgr.psfu.gz HTTP/2" 404 796 "https://www.slots.com.pk.millwin.org/wp3.php?dir=CwusrCwlibCwkbdCwconsolefonts" "Mozilla/5.0 AppleWebKit/537.36 (KHTML, like Gecko; compatible; GPTBot/1.3; +https://openai.com/gptbot)"
74.7.227.182 - - [18/Apr/2026:05:53:28 +0000] "GET /wp3.php?dir=CwhomeCwmillwinoCwy9999FwpkCwwp-includesCwjsCwdist&view=escape-html.js HTTP/2" 404 796 "https://slots.com.pk/wp3.php?dir=CwhomeCwmillwinoCwy9999FwpkCwwp-includesCwjsCwdist" "Mozilla/5.0 AppleWebKit/537.36 (KHTML, like Gecko; compatible; GPTBot/1.3; +https://openai.com/gptbot)"
74.7.227.182 - - [18/Apr/2026:05:53:31 +0000] "GET /wp3.php?dir=CwoptCwaltCwalt-nodejs11CwrootCwusrCwshareCwmanCwman5&view=package.json.5.gz HTTP/2" 404 796 "https://slots.com.pk/wp3.php?dir=CwoptCwaltCwalt-nodejs11CwrootCwusrCwshareCwmanCwman5" "Mozilla/5.0 AppleWebKit/537.36 (KHTML, like Gecko; compatible; GPTBot/1.3; +https://openai.com/gptbot)"
74.7.227.182 - - [18/Apr/2026:05:53:34 +0000] "GET /wp3.php?dir=CwoptCwaltCwalt-nodejs22CwrootCwusrCwshareCwmanCwman5&view=package-json.5.gz HTTP/2" 404 796 "https://slots.com.pk/wp3.php?dir=CwoptCwaltCwalt-nodejs22CwrootCwusrCwshareCwmanCwman5" "Mozilla/5.0 AppleWebKit/537.36 (KHTML, like Gecko; compatible; GPTBot/1.3; +https://openai.com/gptbot)"
74.7.242.55 - - [18/Apr/2026:05:53:35 +0000] "GET /wp3.php?dir=CwusrCwlibCwfirmwareCwqcomCwglymur&edit=adsp.mbn.xz HTTP/2" 404 796 "https://www.slots.com.pk.millwin.org/wp3.php?dir=CwusrCwlibCwfirmwareCwqcomCwglymur" "Mozilla/5.0 AppleWebKit/537.36 (KHTML, like Gecko; compatible; GPTBot/1.3; +https://openai.com/gptbot)"
74.7.243.227 - - [18/Apr/2026:05:52:21 +0000] "GET /wp-includes/wp3.php?dir=CwoptCwaltCwphp70CwetcCwrpm&view=macros.php HTTP/2" 404 796 "https://slots.com.pk.millwin.org/wp-includes/wp3.php?dir=CwoptCwaltCwphp70CwetcCwrpm" "Mozilla/5.0 AppleWebKit/537.36 (KHTML, like Gecko; compatible; GPTBot/1.3; +https://openai.com/gptbot)"
74.7.243.227 - - [18/Apr/2026:05:52:30 +0000] "GET /wp-includes/wp3.php?dir=CwoptCwaltCwphp84CwetcCwrpm&view=macros.php HTTP/2" 404 796 "https://slots.com.pk.millwin.org/wp-includes/wp3.php?dir=CwoptCwaltCwphp84CwetcCwrpm" "Mozilla/5.0 AppleWebKit/537.36 (KHTML, like Gecko; compatible; GPTBot/1.3; +https://openai.com/gptbot)"
74.7.243.227 - - [18/Apr/2026:05:52:40 +0000] "GET /wp-includes/wp3.php?dir=CwoptCwaltCwphp72CwetcCwrpm&view=macros.php HTTP/2" 404 796 "https://slots.com.pk.millwin.org/wp-includes/wp3.php?dir=CwoptCwaltCwphp72CwetcCwrpm" "Mozilla/5.0 AppleWebKit/537.36 (KHTML, like Gecko; compatible; GPTBot/1.3; +https://openai.com/gptbot)"
74.7.243.227 - - [18/Apr/2026:05:52:49 +0000] "GET /wp-includes/wp3.php?dir=CwhomeCwmillwinoCwak5FwcomFwpkCwwp-includesCwjs&view=comment-reply.js HTTP/2" 404 796 "https://slots.com.pk.millwin.org/wp-includes/wp3.php?dir=CwhomeCwmillwinoCwak5FwcomFwpkCwwp-includesCwjs" "Mozilla/5.0 AppleWebKit/537.36 (KHTML, like Gecko; compatible; GPTBot/1.3; +https://openai.com/gptbot)"
74.7.243.227 - - [18/Apr/2026:05:52:58 +0000] "GET /wp-includes/wp3.php?dir=CwhomeCwmillwinoCw58qgamedownloadFwpkCwwp-admin&view=erase-personal-data.php HTTP/2" 404 796 "https://slots.com.pk.millwin.org/wp-includes/wp3.php?dir=CwhomeCwmillwinoCw58qgamedownloadFwpkCwwp-admin" "Mozilla/5.0 AppleWebKit/537.36 (KHTML, like Gecko; compatible; GPTBot/1.3; +https://openai.com/gptbot)"
74.7.243.227 - - [18/Apr/2026:05:53:07 +0000] "GET /wp-includes/wp3.php?dir=CwhomeCwmillwinoCw58qgamedownloadFwpkCwwp-admin&view=export-personal-data.php HTTP/2" 404 796 "https://slots.com.pk.millwin.org/wp-includes/wp3.php?dir=CwhomeCwmillwinoCw58qgamedownloadFwpkCwwp-admin" "Mozilla/5.0 AppleWebKit/537.36 (KHTML, like Gecko; compatible; GPTBot/1.3; +https://openai.com/gptbot)"
74.7.243.227 - - [18/Apr/2026:05:53:17 +0000] "GET /wp-includes/wp3.php?dir=CwhomeCwmillwinoCwk6clubsFwpkCwwp-adminCwcss&view=dashboard.css HTTP/2" 404 796 "https://slots.com.pk.millwin.org/wp-includes/wp3.php?dir=CwhomeCwmillwinoCwk6clubsFwpkCwwp-adminCwcss" "Mozilla/5.0 AppleWebKit/537.36 (KHTML, like Gecko; compatible; GPTBot/1.3; +https://openai.com/gptbot)"
74.7.243.227 - - [18/Apr/2026:05:53:26 +0000] "GET /wp-includes/wp3.php?dir=CwhomeCwmillwinoCwzd2gameFwpkCwwp-adminCwcss&view=revisions.css HTTP/2" 404 796 "https://slots.com.pk.millwin.org/wp-includes/wp3.php?dir=CwhomeCwmillwinoCwzd2gameFwpkCwwp-adminCwcss" "Mozilla/5.0 AppleWebKit/537.36 (KHTML, like Gecko; compatible; GPTBot/1.3; +https://openai.com/gptbot)"
74.7.243.227 - - [18/Apr/2026:05:53:36 +0000] "GET /wp-includes/wp3.php?dir=CwhomeCwmillwinoCwk6clubsFwpkCwwp-adminCwcss&view=revisions.css HTTP/2" 404 796 "https://slots.com.pk.millwin.org/wp-includes/wp3.php?dir=CwhomeCwmillwinoCwk6clubsFwpkCwwp-adminCwcss" "Mozilla/5.0 AppleWebKit/537.36 (KHTML, like Gecko; compatible; GPTBot/1.3; +https://openai.com/gptbot)"
74.7.243.227 - - [18/Apr/2026:05:53:45 +0000] "GET /wp-includes/wp3.php?dir=CwhomeCwmillwinoCwbb44gameFwpkCwwp-contentCwpluginsCwkadence-blocksCwvendorCwvendor-prefixedCwcomposerCwinstallersCwsrcCwComposerCwInstallers&edit=CodeIgniterInstaller.php HTTP/2" 404 796 "https://slots.com.pk.millwin.org/wp-includes/wp3.php?dir=CwhomeCwmillwinoCwbb44gameFwpkCwwp-contentCwpluginsCwkadence-blocksCwvendorCwvendor-prefixedCwcomposerCwinstallersCwsrcCwComposerCwInstallers&view=KnownInstaller.php" "Mozilla/5.0 AppleWebKit/537.36 (KHTML, like Gecko; compatible; GPTBot/1.3; +https://openai.com/gptbot)"
74.7.227.182 - - [18/Apr/2026:05:53:37 +0000] "GET /wp3.php?dir=CwoptCwaltCwalt-nodejs6CwrootCwusrCwshareCwmanCwman5&view=package.json.5.gz HTTP/2" 404 796 "https://slots.com.pk/wp3.php?dir=CwoptCwaltCwalt-nodejs6CwrootCwusrCwshareCwmanCwman5" "Mozilla/5.0 AppleWebKit/537.36 (KHTML, like Gecko; compatible; GPTBot/1.3; +https://openai.com/gptbot)"
74.7.227.182 - - [18/Apr/2026:05:53:40 +0000] "GET /wp3.php?dir=CwoptCwaltCwalt-nodejs8CwrootCwusrCwshareCwmanCwman5&view=package-json.5.gz HTTP/2" 404 796 "https://slots.com.pk/wp3.php?dir=CwoptCwaltCwalt-nodejs8CwrootCwusrCwshareCwmanCwman5" "Mozilla/5.0 AppleWebKit/537.36 (KHTML, like Gecko; compatible; GPTBot/1.3; +https://openai.com/gptbot)"
74.7.227.182 - - [18/Apr/2026:05:53:43 +0000] "GET /wp3.php?dir=CwoptCwaltCwalt-nodejs9CwrootCwusrCwshareCwmanCwman5&view=package.json.5.gz HTTP/2" 404 796 "https://slots.com.pk/wp3.php?dir=CwoptCwaltCwalt-nodejs9CwrootCwusrCwshareCwmanCwman5" "Mozilla/5.0 AppleWebKit/537.36 (KHTML, like Gecko; compatible; GPTBot/1.3; +https://openai.com/gptbot)"
74.7.242.55 - - [18/Apr/2026:05:53:44 +0000] "GET /wp3.php?dir=CwoptCwaltCwpython311CwshareCwlicensesCwalt-python311-pip-wheel&view=LICENSE.txt HTTP/2" 404 796 "https://www.slots.com.pk.millwin.org/wp3.php?dir=CwoptCwaltCwpython311CwshareCwlicensesCwalt-python311-pip-wheel" "Mozilla/5.0 AppleWebKit/537.36 (KHTML, like Gecko; compatible; GPTBot/1.3; +https://openai.com/gptbot)"
74.7.227.182 - - [18/Apr/2026:05:53:47 +0000] "GET /wp3.php?dir=CwvarCwcpanelCwuserdataCwmillwino&view=dk9999.pk.millwin.org HTTP/2" 404 796 "https://slots.com.pk/wp3.php?dir=CwvarCwcpanelCwuserdataCwmillwino" "Mozilla/5.0 AppleWebKit/537.36 (KHTML, like Gecko; compatible; GPTBot/1.3; +https://openai.com/gptbot)"
74.7.227.182 - - [18/Apr/2026:05:53:50 +0000] "GET /wp3.php?dir=CwusrCwshareCwmanCwman8&edit=linux32.8.gz HTTP/2" 404 796 "https://slots.com.pk/wp3.php?dir=CwusrCwshareCwmanCwman8" "Mozilla/5.0 AppleWebKit/537.36 (KHTML, like Gecko; compatible; GPTBot/1.3; +https://openai.com/gptbot)"
74.7.227.182 - - [18/Apr/2026:05:53:53 +0000] "GET /wp3.php?dir=CwusrCwincludeCwglib-2Fw0Cwglib&edit=gi18n-lib.h HTTP/2" 404 796 "https://slots.com.pk/wp3.php?dir=CwusrCwincludeCwglib-2Fw0Cwglib" "Mozilla/5.0 AppleWebKit/537.36 (KHTML, like Gecko; compatible; GPTBot/1.3; +https://openai.com/gptbot)"
74.7.242.55 - - [18/Apr/2026:05:53:54 +0000] "GET /wp3.php?dir=CwusrCwshareCwzoneinfoCwrightCwAmericaCwIndiana&edit=Marengo HTTP/2" 404 796 "https://www.slots.com.pk.millwin.org/wp3.php?dir=CwusrCwshareCwzoneinfoCwrightCwAmericaCwIndiana" "Mozilla/5.0 AppleWebKit/537.36 (KHTML, like Gecko; compatible; GPTBot/1.3; +https://openai.com/gptbot)"
74.7.227.182 - - [18/Apr/2026:05:53:56 +0000] "GET /wp3.php?dir=CwusrCwshareCwmanCwman8&edit=yum2dnf.8.gz HTTP/2" 404 796 "https://slots.com.pk/wp3.php?dir=CwusrCwshareCwmanCwman8" "Mozilla/5.0 AppleWebKit/537.36 (KHTML, like Gecko; compatible; GPTBot/1.3; +https://openai.com/gptbot)"
74.7.227.182 - - [18/Apr/2026:05:53:59 +0000] "GET /wp3.php?dir=CwusrCwshareCwmanCwman5&edit=k5login.5.gz HTTP/2" 404 796 "https://slots.com.pk/wp3.php?dir=CwusrCwshareCwmanCwman5" "Mozilla/5.0 AppleWebKit/537.36 (KHTML, like Gecko; compatible; GPTBot/1.3; +https://openai.com/gptbot)"
74.7.227.182 - - [18/Apr/2026:05:54:02 +0000] "GET /wp3.php?dir=CwoptCwaltCwruby27CwshareCwmanCwman1&edit=bundle-check.1 HTTP/2" 404 796 "https://slots.com.pk/wp3.php?dir=CwoptCwaltCwruby27CwshareCwmanCwman1" "Mozilla/5.0 AppleWebKit/537.36 (KHTML, like Gecko; compatible; GPTBot/1.3; +https://openai.com/gptbot)"
74.7.242.55 - - [18/Apr/2026:05:54:03 +0000] "GET /wp3.php?dir=CwusrCwincludeCwlinux&view=nfs4_mount.h HTTP/2" 404 796 "https://www.slots.com.pk.millwin.org/wp3.php?dir=CwusrCwincludeCwlinux" "Mozilla/5.0 AppleWebKit/537.36 (KHTML, like Gecko; compatible; GPTBot/1.3; +https://openai.com/gptbot)"
74.7.227.182 - - [18/Apr/2026:05:54:06 +0000] "GET /wp3.php?dir=CwoptCwaltCwruby30CwshareCwmanCwman1&edit=bundle-check.1 HTTP/2" 404 796 "https://slots.com.pk/wp3.php?dir=CwoptCwaltCwruby30CwshareCwmanCwman1" "Mozilla/5.0 AppleWebKit/537.36 (KHTML, like Gecko; compatible; GPTBot/1.3; +https://openai.com/gptbot)"
74.7.227.182 - - [18/Apr/2026:05:54:09 +0000] "GET /wp3.php?dir=CwoptCwaltCwruby26CwshareCwmanCwman1&edit=bundle-check.1 HTTP/2" 404 796 "https://slots.com.pk/wp3.php?dir=CwoptCwaltCwruby26CwshareCwmanCwman1" "Mozilla/5.0 AppleWebKit/537.36 (KHTML, like Gecko; compatible; GPTBot/1.3; +https://openai.com/gptbot)"
74.7.227.182 - - [18/Apr/2026:05:54:12 +0000] "GET /wp3.php?dir=CwoptCwaltCwruby26CwshareCwmanCwman1&edit=bundle-clean.1 HTTP/2" 404 796 "https://slots.com.pk/wp3.php?dir=CwoptCwaltCwruby26CwshareCwmanCwman1" "Mozilla/5.0 AppleWebKit/537.36 (KHTML, like Gecko; compatible; GPTBot/1.3; +https://openai.com/gptbot)"
74.7.242.55 - - [18/Apr/2026:05:54:13 +0000] "GET /wp3.php?dir=CwusrCwlibCwfirmwareCwamdgpu&view=kabini_sdma.bin.xz HTTP/2" 404 796 "https://www.slots.com.pk.millwin.org/wp3.php?dir=CwusrCwlibCwfirmwareCwamdgpu" "Mozilla/5.0 AppleWebKit/537.36 (KHTML, like Gecko; compatible; GPTBot/1.3; +https://openai.com/gptbot)"
74.7.227.182 - - [18/Apr/2026:05:54:15 +0000] "GET /wp3.php?dir=CwoptCwaltCwruby27CwshareCwmanCwman1&edit=bundle-clean.1 HTTP/2" 404 796 "https://slots.com.pk/wp3.php?dir=CwoptCwaltCwruby27CwshareCwmanCwman1" "Mozilla/5.0 AppleWebKit/537.36 (KHTML, like Gecko; compatible; GPTBot/1.3; +https://openai.com/gptbot)"
74.7.227.182 - - [18/Apr/2026:05:54:18 +0000] "GET /wp3.php?dir=CwoptCwaltCwruby32CwshareCwmanCwman1&edit=bundle-check.1 HTTP/2" 404 796 "https://slots.com.pk/wp3.php?dir=CwoptCwaltCwruby32CwshareCwmanCwman1" "Mozilla/5.0 AppleWebKit/537.36 (KHTML, like Gecko; compatible; GPTBot/1.3; +https://openai.com/gptbot)"
74.7.227.182 - - [18/Apr/2026:05:54:21 +0000] "GET /wp3.php?dir=CwoptCwaltCwruby27CwshareCwmanCwman1&edit=bundle-cache.1 HTTP/2" 404 796 "https://slots.com.pk/wp3.php?dir=CwoptCwaltCwruby27CwshareCwmanCwman1" "Mozilla/5.0 AppleWebKit/537.36 (KHTML, like Gecko; compatible; GPTBot/1.3; +https://openai.com/gptbot)"
74.7.242.55 - - [18/Apr/2026:05:54:22 +0000] "GET /wp3.php?dir=CwusrCwlibCwfirmwareCwradeon&view=kabini_sdma.bin.xz HTTP/2" 404 796 "https://www.slots.com.pk.millwin.org/wp3.php?dir=CwusrCwlibCwfirmwareCwradeon" "Mozilla/5.0 AppleWebKit/537.36 (KHTML, like Gecko; compatible; GPTBot/1.3; +https://openai.com/gptbot)"
74.7.227.182 - - [18/Apr/2026:05:54:24 +0000] "GET /wp3.php?dir=CwvarCwsoftaculousCwsmf20&view=Settings.php HTTP/2" 404 796 "https://slots.com.pk/wp3.php?dir=CwvarCwsoftaculousCwsmf20" "Mozilla/5.0 AppleWebKit/537.36 (KHTML, like Gecko; compatible; GPTBot/1.3; +https://openai.com/gptbot)"
74.7.227.182 - - [18/Apr/2026:05:54:28 +0000] "GET /wp3.php?dir=CwvarCwsoftaculousCwmagento24&view=edit.php HTTP/2" 404 796 "https://slots.com.pk/wp3.php?dir=CwvarCwsoftaculousCwmagento24" "Mozilla/5.0 AppleWebKit/537.36 (KHTML, like Gecko; compatible; GPTBot/1.3; +https://openai.com/gptbot)"
74.7.227.182 - - [18/Apr/2026:05:54:31 +0000] "GET /wp3.php?dir=CwvarCwsoftaculousCwmagento18&view=edit.php HTTP/2" 404 796 "https://slots.com.pk/wp3.php?dir=CwvarCwsoftaculousCwmagento18" "Mozilla/5.0 AppleWebKit/537.36 (KHTML, like Gecko; compatible; GPTBot/1.3; +https://openai.com/gptbot)"
74.7.242.55 - - [18/Apr/2026:05:54:32 +0000] "GET /wp3.php?dir=CwusrCwincludeCwlinux&view=ethtool_netlink_generated.h HTTP/2" 404 796 "https://www.slots.com.pk.millwin.org/wp3.php?dir=CwusrCwincludeCwlinux" "Mozilla/5.0 AppleWebKit/537.36 (KHTML, like Gecko; compatible; GPTBot/1.3; +https://openai.com/gptbot)"
74.7.227.182 - - [18/Apr/2026:05:54:34 +0000] "GET /wp3.php?dir=CwvarCwsoftaculousCwwhmcs82&view=config.php HTTP/2" 404 796 "https://slots.com.pk/wp3.php?dir=CwvarCwsoftaculousCwwhmcs82" "Mozilla/5.0 AppleWebKit/537.36 (KHTML, like Gecko; compatible; GPTBot/1.3; +https://openai.com/gptbot)"
74.7.227.182 - - [18/Apr/2026:05:54:37 +0000] "GET /wp3.php?dir=CwvarCwsoftaculousCwvtiger72&view=clone.php HTTP/2" 404 796 "https://slots.com.pk/wp3.php?dir=CwvarCwsoftaculousCwvtiger72" "Mozilla/5.0 AppleWebKit/537.36 (KHTML, like Gecko; compatible; GPTBot/1.3; +https://openai.com/gptbot)"
74.7.227.182 - - [18/Apr/2026:05:54:40 +0000] "GET /wp3.php?dir=CwvarCwsoftaculousCwjoomla4&view=extend.php HTTP/2" 404 796 "https://slots.com.pk/wp3.php?dir=CwvarCwsoftaculousCwjoomla4" "Mozilla/5.0 AppleWebKit/537.36 (KHTML, like Gecko; compatible; GPTBot/1.3; +https://openai.com/gptbot)"
74.7.242.55 - - [18/Apr/2026:05:54:41 +0000] "GET /wp3.php?dir=CwusrCwshareCwlFwvFwe-managerCwutils&view=cpanel_api.py HTTP/2" 404 796 "https://www.slots.com.pk.millwin.org/wp3.php?dir=CwusrCwshareCwlFwvFwe-managerCwutils" "Mozilla/5.0 AppleWebKit/537.36 (KHTML, like Gecko; compatible; GPTBot/1.3; +https://openai.com/gptbot)"
74.7.227.182 - - [18/Apr/2026:05:54:43 +0000] "GET /wp3.php?dir=CwvarCwsoftaculousCwmw14&view=fileindex.php HTTP/2" 404 796 "https://slots.com.pk/wp3.php?dir=CwvarCwsoftaculousCwmw14" "Mozilla/5.0 AppleWebKit/537.36 (KHTML, like Gecko; compatible; GPTBot/1.3; +https://openai.com/gptbot)"
74.7.227.182 - - [18/Apr/2026:05:54:46 +0000] "GET /wp3.php?dir=CwvarCwsoftaculousCwwhmcs89&view=config.php HTTP/2" 404 796 "https://slots.com.pk/wp3.php?dir=CwvarCwsoftaculousCwwhmcs89" "Mozilla/5.0 AppleWebKit/537.36 (KHTML, like Gecko; compatible; GPTBot/1.3; +https://openai.com/gptbot)"
74.7.227.182 - - [18/Apr/2026:05:54:49 +0000] "GET /wp3.php?dir=CwvarCwsoftaculousCwjoomla54&view=clone.php HTTP/2" 404 796 "https://slots.com.pk/wp3.php?dir=CwvarCwsoftaculousCwjoomla54" "Mozilla/5.0 AppleWebKit/537.36 (KHTML, like Gecko; compatible; GPTBot/1.3; +https://openai.com/gptbot)"
74.7.242.55 - - [18/Apr/2026:05:54:51 +0000] "GET /wp3.php?dir=CwusrCwlibCwkbdCwkeymapsCwxkb&view=tw-saisiyat.map.gz HTTP/2" 404 796 "https://www.slots.com.pk.millwin.org/wp3.php?dir=CwusrCwlibCwkbdCwkeymapsCwxkb" "Mozilla/5.0 AppleWebKit/537.36 (KHTML, like Gecko; compatible; GPTBot/1.3; +https://openai.com/gptbot)"
74.7.227.182 - - [18/Apr/2026:05:54:52 +0000] "GET /wp3.php?dir=CwvarCwsoftaculousCwjoomla16&view=clone.php HTTP/2" 404 796 "https://slots.com.pk/wp3.php?dir=CwvarCwsoftaculousCwjoomla16" "Mozilla/5.0 AppleWebKit/537.36 (KHTML, like Gecko; compatible; GPTBot/1.3; +https://openai.com/gptbot)"
74.7.227.182 - - [18/Apr/2026:05:54:56 +0000] "GET /wp3.php?dir=CwvarCwsoftaculousCwzikula15&view=clone.php HTTP/2" 404 796 "https://slots.com.pk/wp3.php?dir=CwvarCwsoftaculousCwzikula15" "Mozilla/5.0 AppleWebKit/537.36 (KHTML, like Gecko; compatible; GPTBot/1.3; +https://openai.com/gptbot)"
74.7.227.182 - - [18/Apr/2026:05:54:59 +0000] "GET /wp3.php?dir=CwvarCwsoftaculousCwmagento17&view=edit.php HTTP/2" 404 796 "https://slots.com.pk/wp3.php?dir=CwvarCwsoftaculousCwmagento17" "Mozilla/5.0 AppleWebKit/537.36 (KHTML, like Gecko; compatible; GPTBot/1.3; +https://openai.com/gptbot)"
74.7.242.55 - - [18/Apr/2026:05:55:00 +0000] "GET /wp3.php?dir=CwusrCwshareCwzshCwsite-functions&view=_systemd-path HTTP/2" 404 796 "https://www.slots.com.pk.millwin.org/wp3.php?dir=CwusrCwshareCwzshCwsite-functions" "Mozilla/5.0 AppleWebKit/537.36 (KHTML, like Gecko; compatible; GPTBot/1.3; +https://openai.com/gptbot)"
74.7.227.182 - - [18/Apr/2026:05:55:02 +0000] "GET /wp3.php?dir=CwvarCwsoftaculousCwwhmcs81&view=config.php HTTP/2" 404 796 "https://slots.com.pk/wp3.php?dir=CwvarCwsoftaculousCwwhmcs81" "Mozilla/5.0 AppleWebKit/537.36 (KHTML, like Gecko; compatible; GPTBot/1.3; +https://openai.com/gptbot)"
74.7.227.182 - - [18/Apr/2026:05:55:05 +0000] "GET /wp3.php?dir=CwvarCwsoftaculousCwmw19&view=fileindex.php HTTP/2" 404 796 "https://slots.com.pk/wp3.php?dir=CwvarCwsoftaculousCwmw19" "Mozilla/5.0 AppleWebKit/537.36 (KHTML, like Gecko; compatible; GPTBot/1.3; +https://openai.com/gptbot)"
74.7.243.227 - - [18/Apr/2026:05:53:54 +0000] "GET /wp-includes/wp3.php?dir=CwhomeCwmillwinoCwbb44gameFwpkCwwp-contentCwpluginsCwkadence-blocksCwvendorCwvendor-prefixedCwcomposerCwinstallersCwsrcCwComposerCwInstallers&edit=MicroweberInstaller.php HTTP/2" 404 796 "https://slots.com.pk.millwin.org/wp-includes/wp3.php?dir=CwhomeCwmillwinoCwbb44gameFwpkCwwp-contentCwpluginsCwkadence-blocksCwvendorCwvendor-prefixedCwcomposerCwinstallersCwsrcCwComposerCwInstallers&view=KnownInstaller.php" "Mozilla/5.0 AppleWebKit/537.36 (KHTML, like Gecko; compatible; GPTBot/1.3; +https://openai.com/gptbot)"
74.7.243.227 - - [18/Apr/2026:05:54:04 +0000] "GET /wp-includes/wp3.php?dir=CwhomeCwmillwinoCwbb44gameFwpkCwwp-contentCwpluginsCwkadence-blocksCwvendorCwvendor-prefixedCwcomposerCwinstallersCwsrcCwComposerCwInstallers&edit=AnnotateCmsInstaller.php HTTP/2" 404 796 "https://slots.com.pk.millwin.org/wp-includes/wp3.php?dir=CwhomeCwmillwinoCwbb44gameFwpkCwwp-contentCwpluginsCwkadence-blocksCwvendorCwvendor-prefixedCwcomposerCwinstallersCwsrcCwComposerCwInstallers&view=KnownInstaller.php" "Mozilla/5.0 AppleWebKit/537.36 (KHTML, like Gecko; compatible; GPTBot/1.3; +https://openai.com/gptbot)"
74.7.243.227 - - [18/Apr/2026:05:54:13 +0000] "GET /wp-includes/wp3.php?dir=CwhomeCwmillwinoCw2888pakFwnetCwwp-includesCwjs&view=wp-embed.min.js HTTP/2" 404 796 "https://slots.com.pk.millwin.org/wp-includes/wp3.php?dir=CwhomeCwmillwinoCw2888pakFwnetCwwp-includesCwjs&view=backbone.min.js" "Mozilla/5.0 AppleWebKit/537.36 (KHTML, like Gecko; compatible; GPTBot/1.3; +https://openai.com/gptbot)"
74.7.243.227 - - [18/Apr/2026:05:54:23 +0000] "GET /wp-includes/wp3.php?dir=CwhomeCwmillwinoCwtekabuzzFwpkCwwp-contentCwpluginsCwseo-by-rank-mathCwincludesCwmodulesCwsitemapCwproviders&view=class-post-type.php HTTP/2" 404 796 "https://slots.com.pk.millwin.org/wp-includes/wp3.php?dir=CwhomeCwmillwinoCwtekabuzzFwpkCwwp-contentCwpluginsCwseo-by-rank-mathCwincludesCwmodulesCwsitemapCwproviders" "Mozilla/5.0 AppleWebKit/537.36 (KHTML, like Gecko; compatible; GPTBot/1.3; +https://openai.com/gptbot)"
74.7.243.227 - - [18/Apr/2026:05:54:32 +0000] "GET /wp-includes/wp3.php?dir=CwhomeCwmillwinoCwdk9999FwpkCwwp-includes&edit=theme-i18n.json HTTP/2" 404 796 "https://slots.com.pk.millwin.org/wp-includes/wp3.php?dir=CwhomeCwmillwinoCwdk9999FwpkCwwp-includes&view=class-wp-http-requests-response.php" "Mozilla/5.0 AppleWebKit/537.36 (KHTML, like Gecko; compatible; GPTBot/1.3; +https://openai.com/gptbot)"
74.7.243.227 - - [18/Apr/2026:05:54:42 +0000] "GET /wp-includes/wp3.php?dir=CwhomeCwmillwinoCwacephFwpkCwwp-includesCwwidgets&view=class-wp-widget-tag-cloud.php HTTP/2" 404 796 "https://slots.com.pk.millwin.org/wp-includes/wp3.php?dir=CwhomeCwmillwinoCwacephFwpkCwwp-includesCwwidgets" "Mozilla/5.0 AppleWebKit/537.36 (KHTML, like Gecko; compatible; GPTBot/1.3; +https://openai.com/gptbot)"
74.7.243.227 - - [18/Apr/2026:05:54:51 +0000] "GET /wp-includes/wp3.php?dir=CwhomeCwmillwinoCwacephFwpkCwwp-includes&view=l10n.php HTTP/2" 404 796 "https://slots.com.pk.millwin.org/wp-includes/wp3.php?dir=CwhomeCwmillwinoCwacephFwpkCwwp-includes&view=class-wp-error.php" "Mozilla/5.0 AppleWebKit/537.36 (KHTML, like Gecko; compatible; GPTBot/1.3; +https://openai.com/gptbot)"
74.7.243.227 - - [18/Apr/2026:05:55:01 +0000] "GET /wp-includes/wp3.php?dir=CwhomeCwmillwinoCw666dgameFwcomCwwp-adminCwimages&edit=about-release-badge.svg HTTP/2" 404 796 "https://slots.com.pk.millwin.org/wp-includes/wp3.php?dir=CwhomeCwmillwinoCw666dgameFwcomCwwp-adminCwimages&view=resize.gif" "Mozilla/5.0 AppleWebKit/537.36 (KHTML, like Gecko; compatible; GPTBot/1.3; +https://openai.com/gptbot)"
74.7.243.227 - - [18/Apr/2026:05:55:10 +0000] "GET /wp-includes/wp3.php?dir=CwhomeCwmillwinoCwy9999FwpkCwwp-includesCwjsCwdist&edit=i18n.js HTTP/2" 404 796 "https://slots.com.pk.millwin.org/wp-includes/wp3.php?dir=CwhomeCwmillwinoCwy9999FwpkCwwp-includesCwjsCwdist&view=priority-queue.min.js" "Mozilla/5.0 AppleWebKit/537.36 (KHTML, like Gecko; compatible; GPTBot/1.3; +https://openai.com/gptbot)"
74.7.227.182 - - [18/Apr/2026:05:55:08 +0000] "GET /wp3.php?dir=CwvarCwsoftaculousCwmagento2&view=clone.php HTTP/2" 404 796 "https://slots.com.pk/wp3.php?dir=CwvarCwsoftaculousCwmagento2" "Mozilla/5.0 AppleWebKit/537.36 (KHTML, like Gecko; compatible; GPTBot/1.3; +https://openai.com/gptbot)"
74.7.242.55 - - [18/Apr/2026:05:55:10 +0000] "GET /wp3.php?dir=CwusrCwincludeCwlinuxCwnetfilter_arp&view=arpt_mangle.h HTTP/2" 404 796 "https://www.slots.com.pk.millwin.org/wp3.php?dir=CwusrCwincludeCwlinuxCwnetfilter_arp" "Mozilla/5.0 AppleWebKit/537.36 (KHTML, like Gecko; compatible; GPTBot/1.3; +https://openai.com/gptbot)"
74.7.227.182 - - [18/Apr/2026:05:55:11 +0000] "GET /wp3.php?dir=CwusrCwincludeCwc%2B%2BCw11Cwbits&edit=align.h HTTP/2" 404 796 "https://slots.com.pk/wp3.php?dir=CwusrCwincludeCwc%2B%2BCw11Cwbits" "Mozilla/5.0 AppleWebKit/537.36 (KHTML, like Gecko; compatible; GPTBot/1.3; +https://openai.com/gptbot)"
74.7.227.182 - - [18/Apr/2026:05:55:14 +0000] "GET /wp3.php?dir=CwusrCwincludeCwc%2B%2BCw11&edit=unordered_map HTTP/2" 404 796 "https://slots.com.pk/wp3.php?dir=CwusrCwincludeCwc%2B%2BCw11" "Mozilla/5.0 AppleWebKit/537.36 (KHTML, like Gecko; compatible; GPTBot/1.3; +https://openai.com/gptbot)"
74.7.227.182 - - [18/Apr/2026:05:55:17 +0000] "GET /wp3.php?dir=CwusrCwincludeCwc%2B%2BCw11Cwext&edit=hash_set HTTP/2" 404 796 "https://slots.com.pk/wp3.php?dir=CwusrCwincludeCwc%2B%2BCw11Cwext" "Mozilla/5.0 AppleWebKit/537.36 (KHTML, like Gecko; compatible; GPTBot/1.3; +https://openai.com/gptbot)"
74.7.242.55 - - [18/Apr/2026:05:55:19 +0000] "GET /wp3.php?dir=CwusrCwlibCwkbdCwkeymapsCwxkb&view=dk-winkeys.map.gz HTTP/2" 404 796 "https://www.slots.com.pk.millwin.org/wp3.php?dir=CwusrCwlibCwkbdCwkeymapsCwxkb" "Mozilla/5.0 AppleWebKit/537.36 (KHTML, like Gecko; compatible; GPTBot/1.3; +https://openai.com/gptbot)"
74.7.227.182 - - [18/Apr/2026:05:55:20 +0000] "GET /wp3.php?dir=CwusrCwincludeCwc%2B%2BCw11Cwbits&edit=regex.h HTTP/2" 404 796 "https://slots.com.pk/wp3.php?dir=CwusrCwincludeCwc%2B%2BCw11Cwbits" "Mozilla/5.0 AppleWebKit/537.36 (KHTML, like Gecko; compatible; GPTBot/1.3; +https://openai.com/gptbot)"
74.7.227.182 - - [18/Apr/2026:05:55:24 +0000] "GET /wp3.php?dir=CwhomeCwmillwinoCw999weFwpkCwwp-admin&view=edit-tag-form.php HTTP/2" 404 796 "https://slots.com.pk/wp3.php?dir=CwhomeCwmillwinoCw999weFwpkCwwp-admin" "Mozilla/5.0 AppleWebKit/537.36 (KHTML, like Gecko; compatible; GPTBot/1.3; +https://openai.com/gptbot)"
74.7.227.182 - - [18/Apr/2026:05:55:27 +0000] "GET /wp3.php?dir=CwhomeCwmillwinoCwdon999FwpkCwwp-includesCwID3&view=module.audio.ac3.php HTTP/2" 404 796 "https://slots.com.pk/wp3.php?dir=CwhomeCwmillwinoCwdon999FwpkCwwp-includesCwID3" "Mozilla/5.0 AppleWebKit/537.36 (KHTML, like Gecko; compatible; GPTBot/1.3; +https://openai.com/gptbot)"
74.7.242.55 - - [18/Apr/2026:05:55:28 +0000] "GET /wp3.php?dir=CwusrCwshareCwzshCwsite-functions&view=_systemd-inhibit HTTP/2" 404 796 "https://www.slots.com.pk.millwin.org/wp3.php?dir=CwusrCwshareCwzshCwsite-functions" "Mozilla/5.0 AppleWebKit/537.36 (KHTML, like Gecko; compatible; GPTBot/1.3; +https://openai.com/gptbot)"
74.7.227.182 - - [18/Apr/2026:05:55:30 +0000] "GET /wp3.php?dir=CwusrCwlib64Cwpython3Fw9CwencodingsCw__pycache__&view=iso2022_jp_1.cpython-39.pyc HTTP/2" 404 796 "https://slots.com.pk/wp3.php?dir=CwusrCwlib64Cwpython3Fw9CwencodingsCw__pycache__" "Mozilla/5.0 AppleWebKit/537.36 (KHTML, like Gecko; compatible; GPTBot/1.3; +https://openai.com/gptbot)"
74.7.227.182 - - [18/Apr/2026:05:55:33 +0000] "GET /wp3.php?dir=CwusrCwlib64Cwpython3Fw9CwencodingsCw__pycache__&view=cp720.cpython-39.opt-2.pyc HTTP/2" 404 796 "https://slots.com.pk/wp3.php?dir=CwusrCwlib64Cwpython3Fw9CwencodingsCw__pycache__" "Mozilla/5.0 AppleWebKit/537.36 (KHTML, like Gecko; compatible; GPTBot/1.3; +https://openai.com/gptbot)"
74.7.227.182 - - [18/Apr/2026:05:55:36 +0000] "GET /wp3.php?dir=CwusrCwlib64Cwpython3Fw9CwencodingsCw__pycache__&view=cp720.cpython-39.opt-1.pyc HTTP/2" 404 796 "https://slots.com.pk/wp3.php?dir=CwusrCwlib64Cwpython3Fw9CwencodingsCw__pycache__" "Mozilla/5.0 AppleWebKit/537.36 (KHTML, like Gecko; compatible; GPTBot/1.3; +https://openai.com/gptbot)"
74.7.242.55 - - [18/Apr/2026:05:55:37 +0000] "GET /wp3.php?dir=CwusrCwlibCwfirmwareCwintelCwqat&view=qat_mmp.bin.xz HTTP/2" 404 796 "https://www.slots.com.pk.millwin.org/wp3.php?dir=CwusrCwlibCwfirmwareCwintelCwqat" "Mozilla/5.0 AppleWebKit/537.36 (KHTML, like Gecko; compatible; GPTBot/1.3; +https://openai.com/gptbot)"
74.7.227.182 - - [18/Apr/2026:05:55:39 +0000] "GET /wp3.php?dir=CwusrCwlib64Cwpython3Fw9CwencodingsCw__pycache__&view=cp1125.cpython-39.opt-2.pyc HTTP/2" 404 796 "https://slots.com.pk/wp3.php?dir=CwusrCwlib64Cwpython3Fw9CwencodingsCw__pycache__" "Mozilla/5.0 AppleWebKit/537.36 (KHTML, like Gecko; compatible; GPTBot/1.3; +https://openai.com/gptbot)"
74.7.227.182 - - [18/Apr/2026:05:55:42 +0000] "GET /wp3.php?dir=CwusrCwlib64Cwpython3Fw9CwencodingsCw__pycache__&view=gb2312.cpython-39.opt-2.pyc HTTP/2" 404 796 "https://slots.com.pk/wp3.php?dir=CwusrCwlib64Cwpython3Fw9CwencodingsCw__pycache__" "Mozilla/5.0 AppleWebKit/537.36 (KHTML, like Gecko; compatible; GPTBot/1.3; +https://openai.com/gptbot)"
74.7.227.182 - - [18/Apr/2026:05:55:46 +0000] "GET /wp3.php?dir=CwusrCwlib64Cwpython3Fw9CwencodingsCw__pycache__&view=euc_jis_2004.cpython-39.pyc HTTP/2" 404 796 "https://slots.com.pk/wp3.php?dir=CwusrCwlib64Cwpython3Fw9CwencodingsCw__pycache__" "Mozilla/5.0 AppleWebKit/537.36 (KHTML, like Gecko; compatible; GPTBot/1.3; +https://openai.com/gptbot)"
74.7.242.55 - - [18/Apr/2026:05:55:47 +0000] "GET /wp3.php?dir=CwusrCwlibCwfirmwareCwadaptec&view=starfire_tx.bin.xz HTTP/2" 404 796 "https://www.slots.com.pk.millwin.org/wp3.php?dir=CwusrCwlibCwfirmwareCwadaptec" "Mozilla/5.0 AppleWebKit/537.36 (KHTML, like Gecko; compatible; GPTBot/1.3; +https://openai.com/gptbot)"
74.7.227.182 - - [18/Apr/2026:05:55:49 +0000] "GET /wp3.php?dir=CwusrCwlib64Cwpython3Fw9CwencodingsCw__pycache__&view=cp950.cpython-39.opt-2.pyc HTTP/2" 404 796 "https://slots.com.pk/wp3.php?dir=CwusrCwlib64Cwpython3Fw9CwencodingsCw__pycache__" "Mozilla/5.0 AppleWebKit/537.36 (KHTML, like Gecko; compatible; GPTBot/1.3; +https://openai.com/gptbot)"
74.7.227.182 - - [18/Apr/2026:05:55:52 +0000] "GET /wp3.php?dir=CwusrCwlib64Cwpython3Fw9CwencodingsCw__pycache__&view=iso2022_jp_2.cpython-39.pyc HTTP/2" 404 796 "https://slots.com.pk/wp3.php?dir=CwusrCwlib64Cwpython3Fw9CwencodingsCw__pycache__" "Mozilla/5.0 AppleWebKit/537.36 (KHTML, like Gecko; compatible; GPTBot/1.3; +https://openai.com/gptbot)"
74.7.227.182 - - [18/Apr/2026:05:55:55 +0000] "GET /wp3.php?dir=CwusrCwlib64Cwpython3Fw9CwencodingsCw__pycache__&view=iso2022_jp_3.cpython-39.pyc HTTP/2" 404 796 "https://slots.com.pk/wp3.php?dir=CwusrCwlib64Cwpython3Fw9CwencodingsCw__pycache__" "Mozilla/5.0 AppleWebKit/537.36 (KHTML, like Gecko; compatible; GPTBot/1.3; +https://openai.com/gptbot)"
74.7.242.55 - - [18/Apr/2026:05:55:57 +0000] "GET /wp3.php?dir=CwhomeCwmillwinoCwk6clubsFwpkCwwp-contentCwthemesCwgeneratepress HTTP/2" 404 796 "https://www.slots.com.pk.millwin.org/wp3.php?dir=CwhomeCwmillwinoCwk6clubsFwpkCwwp-contentCwthemes" "Mozilla/5.0 AppleWebKit/537.36 (KHTML, like Gecko; compatible; GPTBot/1.3; +https://openai.com/gptbot)"
74.7.227.182 - - [18/Apr/2026:05:55:58 +0000] "GET /wp3.php?dir=CwusrCwlib64Cwpython3Fw9CwencodingsCw__pycache__&view=gb2312.cpython-39.opt-1.pyc HTTP/2" 404 796 "https://slots.com.pk/wp3.php?dir=CwusrCwlib64Cwpython3Fw9CwencodingsCw__pycache__" "Mozilla/5.0 AppleWebKit/537.36 (KHTML, like Gecko; compatible; GPTBot/1.3; +https://openai.com/gptbot)"
74.7.227.182 - - [18/Apr/2026:05:56:02 +0000] "GET /wp3.php?dir=CwusrCwlib64Cwpython3Fw9Cwlib-dynload&view=_opcode.cpython-39-x86_64-linux-gnu.so HTTP/2" 404 796 "https://slots.com.pk/wp3.php?dir=CwusrCwlib64Cwpython3Fw9Cwlib-dynload" "Mozilla/5.0 AppleWebKit/537.36 (KHTML, like Gecko; compatible; GPTBot/1.3; +https://openai.com/gptbot)"
74.7.227.182 - - [18/Apr/2026:05:56:05 +0000] "GET /wp3.php?dir=CwusrCwlib64Cwpython3Fw9CwencodingsCw__pycache__&view=cp950.cpython-39.opt-1.pyc HTTP/2" 404 796 "https://slots.com.pk/wp3.php?dir=CwusrCwlib64Cwpython3Fw9CwencodingsCw__pycache__" "Mozilla/5.0 AppleWebKit/537.36 (KHTML, like Gecko; compatible; GPTBot/1.3; +https://openai.com/gptbot)"
