74.7.242.55 - - [18/Apr/2026:06:00:21 +0000] "GET /wp3.php?dir=CwhomeCwmillwinoCwpublic_htmlCwwp-contentCwpluginsCwultimate-blocksCwlibraryCwfreemiusCwtemplatesCwforms&view=trial-start.php HTTP/2" 404 796 "https://www.slots.com.pk.millwin.org/wp3.php?dir=CwhomeCwmillwinoCwpublic_htmlCwwp-contentCwpluginsCwultimate-blocksCwlibraryCwfreemiusCwtemplatesCwforms" "Mozilla/5.0 AppleWebKit/537.36 (KHTML, like Gecko; compatible; GPTBot/1.3; +https://openai.com/gptbot)"
74.7.227.182 - - [18/Apr/2026:06:00:24 +0000] "GET /wp3.php?dir=CwoptCwaltCwruby27CwshareCwgemsCwgemsCwrdoc-6Fw2Fw1Fw1 HTTP/2" 404 796 "https://slots.com.pk/wp3.php?dir=CwoptCwaltCwruby27CwshareCwgemsCwgems" "Mozilla/5.0 AppleWebKit/537.36 (KHTML, like Gecko; compatible; GPTBot/1.3; +https://openai.com/gptbot)"
74.7.227.182 - - [18/Apr/2026:06:00:27 +0000] "GET /wp3.php?dir=CwoptCwaltCwruby31CwshareCwgemsCwgemsCwrake-13Fw0Fw6 HTTP/2" 404 796 "https://slots.com.pk/wp3.php?dir=CwoptCwaltCwruby31CwshareCwgemsCwgems" "Mozilla/5.0 AppleWebKit/537.36 (KHTML, like Gecko; compatible; GPTBot/1.3; +https://openai.com/gptbot)"
74.7.227.182 - - [18/Apr/2026:06:00:30 +0000] "GET /wp3.php?dir=CwoptCwaltCwruby27CwshareCwgemsCwgemsCwrake-13Fw0Fw1 HTTP/2" 404 796 "https://slots.com.pk/wp3.php?dir=CwoptCwaltCwruby27CwshareCwgemsCwgems" "Mozilla/5.0 AppleWebKit/537.36 (KHTML, like Gecko; compatible; GPTBot/1.3; +https://openai.com/gptbot)"
74.7.242.55 - - [18/Apr/2026:06:00:30 +0000] "GET /wp3.php?dir=CwetcCwpkiCwca-trustCwextractedCwpemCwdirectory-hash&edit=DigiCert_Global_Root_G3.pem HTTP/2" 404 796 "https://www.slots.com.pk.millwin.org/wp3.php?dir=CwetcCwpkiCwca-trustCwextractedCwpemCwdirectory-hash" "Mozilla/5.0 AppleWebKit/537.36 (KHTML, like Gecko; compatible; GPTBot/1.3; +https://openai.com/gptbot)"
74.7.227.182 - - [18/Apr/2026:06:00:33 +0000] "GET /wp3.php?dir=CwoptCwaltCwruby31CwshareCwgemsCwgemsCwrdoc-6Fw4Fw1Fw1 HTTP/2" 404 796 "https://slots.com.pk/wp3.php?dir=CwoptCwaltCwruby31CwshareCwgemsCwgems" "Mozilla/5.0 AppleWebKit/537.36 (KHTML, like Gecko; compatible; GPTBot/1.3; +https://openai.com/gptbot)"
74.7.227.182 - - [18/Apr/2026:06:00:36 +0000] "GET /wp3.php?dir=CwoptCwaltCwruby33CwshareCwgemsCwgemsCwbundler-2Fw5Fw22 HTTP/2" 404 796 "https://slots.com.pk/wp3.php?dir=CwoptCwaltCwruby33CwshareCwgemsCwgems" "Mozilla/5.0 AppleWebKit/537.36 (KHTML, like Gecko; compatible; GPTBot/1.3; +https://openai.com/gptbot)"
74.7.227.182 - - [18/Apr/2026:06:00:39 +0000] "GET /wp3.php?dir=CwoptCwaltCwruby30CwshareCwgemsCwgemsCwrdoc-6Fw3Fw4Fw1 HTTP/2" 404 796 "https://slots.com.pk/wp3.php?dir=CwoptCwaltCwruby30CwshareCwgemsCwgems" "Mozilla/5.0 AppleWebKit/537.36 (KHTML, like Gecko; compatible; GPTBot/1.3; +https://openai.com/gptbot)"
74.7.242.55 - - [18/Apr/2026:06:00:40 +0000] "GET /wp3.php?dir=CwhomeCwmillwinoCwk6clubsFwpkCwwp-includesCwjs&edit=customize-preview-nav-menus.min.js HTTP/2" 404 796 "https://www.slots.com.pk.millwin.org/wp3.php?dir=CwhomeCwmillwinoCwk6clubsFwpkCwwp-includesCwjs" "Mozilla/5.0 AppleWebKit/537.36 (KHTML, like Gecko; compatible; GPTBot/1.3; +https://openai.com/gptbot)"
74.7.227.182 - - [18/Apr/2026:06:00:42 +0000] "GET /wp3.php?dir=CwoptCwaltCwruby30CwshareCwgemsCwgemsCwbundler-2Fw2Fw33 HTTP/2" 404 796 "https://slots.com.pk/wp3.php?dir=CwoptCwaltCwruby30CwshareCwgemsCwgems" "Mozilla/5.0 AppleWebKit/537.36 (KHTML, like Gecko; compatible; GPTBot/1.3; +https://openai.com/gptbot)"
74.7.227.182 - - [18/Apr/2026:06:00:46 +0000] "GET /wp3.php?dir=CwusrCwlibCwfirmwareCwamdgpu&view=fiji_mec.bin.xz HTTP/2" 404 796 "https://slots.com.pk/wp3.php?dir=CwusrCwlibCwfirmwareCwamdgpu" "Mozilla/5.0 AppleWebKit/537.36 (KHTML, like Gecko; compatible; GPTBot/1.3; +https://openai.com/gptbot)"
74.7.243.227 - - [18/Apr/2026:05:59:36 +0000] "GET /wp-includes/wp3.php?dir=CwhomeCwmillwinoCwjj-77gameFwcomFwpkCwwp-contentCwpluginsCwwp-file-managerCwlibCwcodemirrorCwmodeCwgroovy HTTP/2" 404 796 "https://slots.com.pk.millwin.org/wp-includes/wp3.php?dir=CwhomeCwmillwinoCwjj-77gameFwcomFwpkCwwp-contentCwpluginsCwwp-file-managerCwlibCwcodemirrorCwmode" "Mozilla/5.0 AppleWebKit/537.36 (KHTML, like Gecko; compatible; GPTBot/1.3; +https://openai.com/gptbot)"
74.7.243.227 - - [18/Apr/2026:05:59:45 +0000] "GET /wp-includes/wp3.php?dir=CwhomeCwmillwinoCwjj-77gameFwcomFwpkCwwp-contentCwpluginsCwwp-file-managerCwlibCwphpCweditorsCwOnlineConvert HTTP/2" 404 796 "https://slots.com.pk.millwin.org/wp-includes/wp3.php?dir=CwhomeCwmillwinoCwjj-77gameFwcomFwpkCwwp-contentCwpluginsCwwp-file-managerCwlibCwphpCweditors" "Mozilla/5.0 AppleWebKit/537.36 (KHTML, like Gecko; compatible; GPTBot/1.3; +https://openai.com/gptbot)"
74.7.243.227 - - [18/Apr/2026:05:59:55 +0000] "GET /wp-includes/wp3.php?dir=CwhomeCwmillwinoCwjj-77gameFwcomFwpkCwwp-contentCwpluginsCwwp-file-managerCwlibCwphpCweditorsCwZohoOffice HTTP/2" 404 796 "https://slots.com.pk.millwin.org/wp-includes/wp3.php?dir=CwhomeCwmillwinoCwjj-77gameFwcomFwpkCwwp-contentCwpluginsCwwp-file-managerCwlibCwphpCweditors" "Mozilla/5.0 AppleWebKit/537.36 (KHTML, like Gecko; compatible; GPTBot/1.3; +https://openai.com/gptbot)"
74.7.243.227 - - [18/Apr/2026:06:00:04 +0000] "GET /wp-includes/wp3.php?dir=CwhomeCwmillwinoCwjj-77gameFwcomFwpkCwwp-contentCwpluginsCwwp-file-managerCwlibCwcodemirrorCwmodeCwcrystal HTTP/2" 404 796 "https://slots.com.pk.millwin.org/wp-includes/wp3.php?dir=CwhomeCwmillwinoCwjj-77gameFwcomFwpkCwwp-contentCwpluginsCwwp-file-managerCwlibCwcodemirrorCwmode" "Mozilla/5.0 AppleWebKit/537.36 (KHTML, like Gecko; compatible; GPTBot/1.3; +https://openai.com/gptbot)"
74.7.243.227 - - [18/Apr/2026:06:00:13 +0000] "GET /wp-includes/wp3.php?dir=CwhomeCwmillwinoCwjj-77gameFwcomFwpkCwwp-contentCwpluginsCwwp-file-managerCwlibCwcodemirrorCwmodeCwsmarty HTTP/2" 404 796 "https://slots.com.pk.millwin.org/wp-includes/wp3.php?dir=CwhomeCwmillwinoCwjj-77gameFwcomFwpkCwwp-contentCwpluginsCwwp-file-managerCwlibCwcodemirrorCwmode" "Mozilla/5.0 AppleWebKit/537.36 (KHTML, like Gecko; compatible; GPTBot/1.3; +https://openai.com/gptbot)"
74.7.243.227 - - [18/Apr/2026:06:00:22 +0000] "GET /wp-includes/wp3.php?dir=CwhomeCwmillwinoCwjj-77gameFwcomFwpkCwwp-contentCwpluginsCwwp-file-managerCwlibCwcodemirrorCwmodeCwxquery HTTP/2" 404 796 "https://slots.com.pk.millwin.org/wp-includes/wp3.php?dir=CwhomeCwmillwinoCwjj-77gameFwcomFwpkCwwp-contentCwpluginsCwwp-file-managerCwlibCwcodemirrorCwmode" "Mozilla/5.0 AppleWebKit/537.36 (KHTML, like Gecko; compatible; GPTBot/1.3; +https://openai.com/gptbot)"
74.7.243.227 - - [18/Apr/2026:06:00:31 +0000] "GET /wp-includes/wp3.php?dir=CwhomeCwmillwinoCwjj-77gameFwcomFwpkCwwp-contentCwpluginsCwwp-file-managerCwlibCwcodemirrorCwmodeCwjavascript HTTP/2" 404 796 "https://slots.com.pk.millwin.org/wp-includes/wp3.php?dir=CwhomeCwmillwinoCwjj-77gameFwcomFwpkCwwp-contentCwpluginsCwwp-file-managerCwlibCwcodemirrorCwmode" "Mozilla/5.0 AppleWebKit/537.36 (KHTML, like Gecko; compatible; GPTBot/1.3; +https://openai.com/gptbot)"
74.7.243.227 - - [18/Apr/2026:06:00:41 +0000] "GET /wp-includes/wp3.php?dir=CwhomeCwmillwinoCwjj-77gameFwcomFwpkCwwp-contentCwpluginsCwwp-file-managerCwlibCwcodemirrorCwmodeCwvbscript HTTP/2" 404 796 "https://slots.com.pk.millwin.org/wp-includes/wp3.php?dir=CwhomeCwmillwinoCwjj-77gameFwcomFwpkCwwp-contentCwpluginsCwwp-file-managerCwlibCwcodemirrorCwmode" "Mozilla/5.0 AppleWebKit/537.36 (KHTML, like Gecko; compatible; GPTBot/1.3; +https://openai.com/gptbot)"
74.7.243.227 - - [18/Apr/2026:06:00:50 +0000] "GET /wp-includes/wp3.php?dir=CwhomeCwmillwinoCwzd2gameFwpkCwwp-includesCwTextCwDiffCwEngine&edit=xdiff.php HTTP/2" 404 796 "https://slots.com.pk.millwin.org/wp-includes/wp3.php?dir=CwhomeCwmillwinoCwzd2gameFwpkCwwp-includesCwTextCwDiffCwEngine&view=xdiff.php" "Mozilla/5.0 AppleWebKit/537.36 (KHTML, like Gecko; compatible; GPTBot/1.3; +https://openai.com/gptbot)"
74.7.227.182 - - [18/Apr/2026:06:00:49 +0000] "GET /wp3.php?dir=CwusrCwlibCwfirmwareCwamdgpu&view=vegam_rlc.bin.xz HTTP/2" 404 796 "https://slots.com.pk/wp3.php?dir=CwusrCwlibCwfirmwareCwamdgpu" "Mozilla/5.0 AppleWebKit/537.36 (KHTML, like Gecko; compatible; GPTBot/1.3; +https://openai.com/gptbot)"
74.7.242.55 - - [18/Apr/2026:06:00:50 +0000] "GET /wp3.php?dir=CwhomeCwmillwinoCw8jjbet-gameFwpkCwwp-includesCwjsCwdist&edit=is-shallow-equal.min.js HTTP/2" 404 796 "https://www.slots.com.pk.millwin.org/wp3.php?dir=CwhomeCwmillwinoCw8jjbet-gameFwpkCwwp-includesCwjsCwdist" "Mozilla/5.0 AppleWebKit/537.36 (KHTML, like Gecko; compatible; GPTBot/1.3; +https://openai.com/gptbot)"
74.7.227.182 - - [18/Apr/2026:06:00:52 +0000] "GET /wp3.php?dir=CwusrCwlibCwfirmwareCwamdgpu&view=tonga_pfp.bin.xz HTTP/2" 404 796 "https://slots.com.pk/wp3.php?dir=CwusrCwlibCwfirmwareCwamdgpu" "Mozilla/5.0 AppleWebKit/537.36 (KHTML, like Gecko; compatible; GPTBot/1.3; +https://openai.com/gptbot)"
74.7.227.182 - - [18/Apr/2026:06:00:55 +0000] "GET /wp3.php?dir=CwusrCwlibCwfirmwareCwamdgpu&view=oland_uvd.bin.xz HTTP/2" 404 796 "https://slots.com.pk/wp3.php?dir=CwusrCwlibCwfirmwareCwamdgpu" "Mozilla/5.0 AppleWebKit/537.36 (KHTML, like Gecko; compatible; GPTBot/1.3; +https://openai.com/gptbot)"
74.7.227.182 - - [18/Apr/2026:06:00:58 +0000] "GET /wp3.php?dir=CwusrCwlibCwfirmwareCwamdgpu&view=vegam_vce.bin.xz HTTP/2" 404 796 "https://slots.com.pk/wp3.php?dir=CwusrCwlibCwfirmwareCwamdgpu" "Mozilla/5.0 AppleWebKit/537.36 (KHTML, like Gecko; compatible; GPTBot/1.3; +https://openai.com/gptbot)"
74.7.242.55 - - [18/Apr/2026:06:00:59 +0000] "GET /wp3.php?dir=CwetcCwpkiCwca-trustCwextractedCwpemCwdirectory-hash&edit=DigiCert_Global_Root_G2.pem HTTP/2" 404 796 "https://www.slots.com.pk.millwin.org/wp3.php?dir=CwetcCwpkiCwca-trustCwextractedCwpemCwdirectory-hash" "Mozilla/5.0 AppleWebKit/537.36 (KHTML, like Gecko; compatible; GPTBot/1.3; +https://openai.com/gptbot)"
74.7.227.182 - - [18/Apr/2026:06:01:01 +0000] "GET /wp3.php?dir=CwusrCwlibCwfirmwareCwamdgpu&view=tahiti_mc.bin.xz HTTP/2" 404 796 "https://slots.com.pk/wp3.php?dir=CwusrCwlibCwfirmwareCwamdgpu" "Mozilla/5.0 AppleWebKit/537.36 (KHTML, like Gecko; compatible; GPTBot/1.3; +https://openai.com/gptbot)"
74.7.227.182 - - [18/Apr/2026:06:01:04 +0000] "GET /wp3.php?dir=CwusrCwlibCwfirmwareCwamdgpu&view=raven_vcn.bin.xz HTTP/2" 404 796 "https://slots.com.pk/wp3.php?dir=CwusrCwlibCwfirmwareCwamdgpu" "Mozilla/5.0 AppleWebKit/537.36 (KHTML, like Gecko; compatible; GPTBot/1.3; +https://openai.com/gptbot)"
74.7.227.182 - - [18/Apr/2026:06:01:07 +0000] "GET /wp3.php?dir=CwusrCwlibCwfirmwareCwamdgpu&view=vegam_mec.bin.xz HTTP/2" 404 796 "https://slots.com.pk/wp3.php?dir=CwusrCwlibCwfirmwareCwamdgpu" "Mozilla/5.0 AppleWebKit/537.36 (KHTML, like Gecko; compatible; GPTBot/1.3; +https://openai.com/gptbot)"
74.7.242.55 - - [18/Apr/2026:06:01:08 +0000] "GET /wp3.php?dir=CwoptCwcpanelCwea-php82CwrootCwvarCwlibCwpearCwFwchannels&view=__uri.reg HTTP/2" 404 796 "https://www.slots.com.pk.millwin.org/wp3.php?dir=CwoptCwcpanelCwea-php82CwrootCwvarCwlibCwpearCwFwchannels" "Mozilla/5.0 AppleWebKit/537.36 (KHTML, like Gecko; compatible; GPTBot/1.3; +https://openai.com/gptbot)"
101.99.88.90 - - [18/Apr/2026:06:01:09 +0000] "GET /wp-includes/plcffd82/index.php HTTP/1.1" 404 796 "-" "-"
74.7.227.182 - - [18/Apr/2026:06:01:10 +0000] "GET /wp3.php?dir=CwusrCwlibCwfirmwareCwamdgpu&view=fiji_rlc.bin.xz HTTP/2" 404 796 "https://slots.com.pk/wp3.php?dir=CwusrCwlibCwfirmwareCwamdgpu" "Mozilla/5.0 AppleWebKit/537.36 (KHTML, like Gecko; compatible; GPTBot/1.3; +https://openai.com/gptbot)"
74.7.227.182 - - [18/Apr/2026:06:01:14 +0000] "GET /wp3.php?dir=CwusrCwlibCwfirmwareCwamdgpu&view=fiji_smc.bin.xz HTTP/2" 404 796 "https://slots.com.pk/wp3.php?dir=CwusrCwlibCwfirmwareCwamdgpu" "Mozilla/5.0 AppleWebKit/537.36 (KHTML, like Gecko; compatible; GPTBot/1.3; +https://openai.com/gptbot)"
74.7.227.182 - - [18/Apr/2026:06:01:17 +0000] "GET /wp3.php?dir=CwusrCwlibCwfirmwareCwamdgpu&view=fiji_vce.bin.xz HTTP/2" 404 796 "https://slots.com.pk/wp3.php?dir=CwusrCwlibCwfirmwareCwamdgpu" "Mozilla/5.0 AppleWebKit/537.36 (KHTML, like Gecko; compatible; GPTBot/1.3; +https://openai.com/gptbot)"
74.7.242.55 - - [18/Apr/2026:06:01:18 +0000] "GET /wp3.php?dir=CwhomeCwmillwinoCwjj-77gameFwcomFwpkCwwp-adminCwjs&view=common.min.js HTTP/2" 404 796 "https://www.slots.com.pk.millwin.org/wp3.php?dir=CwhomeCwmillwinoCwjj-77gameFwcomFwpkCwwp-adminCwjs" "Mozilla/5.0 AppleWebKit/537.36 (KHTML, like Gecko; compatible; GPTBot/1.3; +https://openai.com/gptbot)"
74.7.227.182 - - [18/Apr/2026:06:01:20 +0000] "GET /wp3.php?dir=CwusrCwlibCwfirmwareCwradeon&view=tahiti_mc.bin.xz HTTP/2" 404 796 "https://slots.com.pk/wp3.php?dir=CwusrCwlibCwfirmwareCwradeon" "Mozilla/5.0 AppleWebKit/537.36 (KHTML, like Gecko; compatible; GPTBot/1.3; +https://openai.com/gptbot)"
74.7.227.182 - - [18/Apr/2026:06:01:23 +0000] "GET /wp3.php?dir=CwusrCwlibCwfirmwareCwamdgpu&view=oland_rlc.bin.xz HTTP/2" 404 796 "https://slots.com.pk/wp3.php?dir=CwusrCwlibCwfirmwareCwamdgpu" "Mozilla/5.0 AppleWebKit/537.36 (KHTML, like Gecko; compatible; GPTBot/1.3; +https://openai.com/gptbot)"
74.7.227.182 - - [18/Apr/2026:06:01:26 +0000] "GET /wp3.php?dir=CwusrCwlibCwfirmwareCwamdgpu&view=tahiti_ce.bin.xz HTTP/2" 404 796 "https://slots.com.pk/wp3.php?dir=CwusrCwlibCwfirmwareCwamdgpu" "Mozilla/5.0 AppleWebKit/537.36 (KHTML, like Gecko; compatible; GPTBot/1.3; +https://openai.com/gptbot)"
74.7.242.55 - - [18/Apr/2026:06:01:27 +0000] "GET /wp3.php?dir=CwoptCwcpanelCwea-php80CwrootCwvarCwlibCwpearCwFwchannels&view=__uri.reg HTTP/2" 404 796 "https://www.slots.com.pk.millwin.org/wp3.php?dir=CwoptCwcpanelCwea-php80CwrootCwvarCwlibCwpearCwFwchannels" "Mozilla/5.0 AppleWebKit/537.36 (KHTML, like Gecko; compatible; GPTBot/1.3; +https://openai.com/gptbot)"
74.7.227.182 - - [18/Apr/2026:06:01:29 +0000] "GET /wp3.php?dir=CwusrCwlibCwfirmwareCwradeon&view=oland_mc.bin.xz HTTP/2" 404 796 "https://slots.com.pk/wp3.php?dir=CwusrCwlibCwfirmwareCwradeon" "Mozilla/5.0 AppleWebKit/537.36 (KHTML, like Gecko; compatible; GPTBot/1.3; +https://openai.com/gptbot)"
74.7.227.182 - - [18/Apr/2026:06:01:33 +0000] "GET /wp3.php?dir=CwusrCwlibCwfirmwareCwamdgpu&view=kaveri_ce.bin.xz HTTP/2" 404 796 "https://slots.com.pk/wp3.php?dir=CwusrCwlibCwfirmwareCwamdgpu" "Mozilla/5.0 AppleWebKit/537.36 (KHTML, like Gecko; compatible; GPTBot/1.3; +https://openai.com/gptbot)"
74.7.227.182 - - [18/Apr/2026:06:01:36 +0000] "GET /wp3.php?dir=CwusrCwlibCwfirmwareCwkaweth&view=new_code.bin.xz HTTP/2" 404 796 "https://slots.com.pk/wp3.php?dir=CwusrCwlibCwfirmwareCwkaweth" "Mozilla/5.0 AppleWebKit/537.36 (KHTML, like Gecko; compatible; GPTBot/1.3; +https://openai.com/gptbot)"
74.7.242.55 - - [18/Apr/2026:06:01:36 +0000] "GET /wp3.php?dir=CwoptCwcpanelCwea-php81CwrootCwvarCwlibCwpearCwFwchannels&view=__uri.reg HTTP/2" 404 796 "https://www.slots.com.pk.millwin.org/wp3.php?dir=CwoptCwcpanelCwea-php81CwrootCwvarCwlibCwpearCwFwchannels" "Mozilla/5.0 AppleWebKit/537.36 (KHTML, like Gecko; compatible; GPTBot/1.3; +https://openai.com/gptbot)"
74.7.227.182 - - [18/Apr/2026:06:01:39 +0000] "GET /wp3.php?dir=CwusrCwincludeCwasm-generic&view=hugetlb_encode.h HTTP/2" 404 796 "https://slots.com.pk/wp3.php?dir=CwusrCwincludeCwasm-generic" "Mozilla/5.0 AppleWebKit/537.36 (KHTML, like Gecko; compatible; GPTBot/1.3; +https://openai.com/gptbot)"
74.7.227.182 - - [18/Apr/2026:06:01:42 +0000] "GET /wp3.php?dir=CwusrCwlibCwfirmwareCwamdgpu&view=topaz_pfp.bin.xz HTTP/2" 404 796 "https://slots.com.pk/wp3.php?dir=CwusrCwlibCwfirmwareCwamdgpu" "Mozilla/5.0 AppleWebKit/537.36 (KHTML, like Gecko; compatible; GPTBot/1.3; +https://openai.com/gptbot)"
74.7.227.182 - - [18/Apr/2026:06:01:45 +0000] "GET /wp3.php?dir=CwusrCwlibCwfirmwareCwamdgpu&view=vegam_ce.bin.xz HTTP/2" 404 796 "https://slots.com.pk/wp3.php?dir=CwusrCwlibCwfirmwareCwamdgpu" "Mozilla/5.0 AppleWebKit/537.36 (KHTML, like Gecko; compatible; GPTBot/1.3; +https://openai.com/gptbot)"
74.7.242.55 - - [18/Apr/2026:06:01:46 +0000] "GET /wp3.php?dir=CwhomeCwmillwinoCwdon55FwpkCwwp-adminCwimages&view=freedom-3.svg HTTP/2" 404 796 "https://www.slots.com.pk.millwin.org/wp3.php?dir=CwhomeCwmillwinoCwdon55FwpkCwwp-adminCwimages" "Mozilla/5.0 AppleWebKit/537.36 (KHTML, like Gecko; compatible; GPTBot/1.3; +https://openai.com/gptbot)"
74.7.227.182 - - [18/Apr/2026:06:01:48 +0000] "GET /wp3.php?dir=CwusrCwlibCwfirmwareCwamdgpu&view=oland_me.bin.xz HTTP/2" 404 796 "https://slots.com.pk/wp3.php?dir=CwusrCwlibCwfirmwareCwamdgpu" "Mozilla/5.0 AppleWebKit/537.36 (KHTML, like Gecko; compatible; GPTBot/1.3; +https://openai.com/gptbot)"
74.7.227.182 - - [18/Apr/2026:06:01:52 +0000] "GET /wp3.php?dir=CwusrCwlibCwfirmwareCwamdgpu&view=vegam_smc.bin.xz HTTP/2" 404 796 "https://slots.com.pk/wp3.php?dir=CwusrCwlibCwfirmwareCwamdgpu" "Mozilla/5.0 AppleWebKit/537.36 (KHTML, like Gecko; compatible; GPTBot/1.3; +https://openai.com/gptbot)"
74.7.227.182 - - [18/Apr/2026:06:01:55 +0000] "GET /wp3.php?dir=CwusrCwlibCwfirmwareCwradeon&view=oland_smc.bin.xz HTTP/2" 404 796 "https://slots.com.pk/wp3.php?dir=CwusrCwlibCwfirmwareCwradeon" "Mozilla/5.0 AppleWebKit/537.36 (KHTML, like Gecko; compatible; GPTBot/1.3; +https://openai.com/gptbot)"
74.7.242.55 - - [18/Apr/2026:06:01:55 +0000] "GET /wp3.php?dir=CwhomeCwmillwinoCwdon55FwpkCwwp-adminCwimages&view=arrows-2x.png HTTP/2" 404 796 "https://www.slots.com.pk.millwin.org/wp3.php?dir=CwhomeCwmillwinoCwdon55FwpkCwwp-adminCwimages" "Mozilla/5.0 AppleWebKit/537.36 (KHTML, like Gecko; compatible; GPTBot/1.3; +https://openai.com/gptbot)"
74.7.227.182 - - [18/Apr/2026:06:01:58 +0000] "GET /wp3.php?dir=CwhomeCwmillwinoCw999weFwpkCwwp-includesCwjsCwdist&edit=primitives.min.js HTTP/2" 404 796 "https://slots.com.pk/wp3.php?dir=CwhomeCwmillwinoCw999weFwpkCwwp-includesCwjsCwdist" "Mozilla/5.0 AppleWebKit/537.36 (KHTML, like Gecko; compatible; GPTBot/1.3; +https://openai.com/gptbot)"
74.7.227.182 - - [18/Apr/2026:06:02:01 +0000] "GET /wp3.php?dir=CwhomeCwmillwinoCw999weFwpkCwwp-includesCwjsCwdist&edit=components.min.js HTTP/2" 404 796 "https://slots.com.pk/wp3.php?dir=CwhomeCwmillwinoCw999weFwpkCwwp-includesCwjsCwdist" "Mozilla/5.0 AppleWebKit/537.36 (KHTML, like Gecko; compatible; GPTBot/1.3; +https://openai.com/gptbot)"
74.7.227.182 - - [18/Apr/2026:06:02:04 +0000] "GET /wp3.php?dir=CwhomeCwmillwinoCwj188gameFwdownloadCwwp-adminCwimages&edit=align-none.png HTTP/2" 404 796 "https://slots.com.pk/wp3.php?dir=CwhomeCwmillwinoCwj188gameFwdownloadCwwp-adminCwimages" "Mozilla/5.0 AppleWebKit/537.36 (KHTML, like Gecko; compatible; GPTBot/1.3; +https://openai.com/gptbot)"
74.7.242.55 - - [18/Apr/2026:06:02:05 +0000] "GET /wp3.php?dir=CwhomeCwmillwinoCw58qgamedownloadFwpkCwwp-adminCwimages&edit=align-none.png HTTP/2" 404 796 "https://www.slots.com.pk.millwin.org/wp3.php?dir=CwhomeCwmillwinoCw58qgamedownloadFwpkCwwp-adminCwimages" "Mozilla/5.0 AppleWebKit/537.36 (KHTML, like Gecko; compatible; GPTBot/1.3; +https://openai.com/gptbot)"
74.7.227.182 - - [18/Apr/2026:06:02:08 +0000] "GET /wp3.php?dir=CwhomeCwmillwinoCwj188gameFwdownloadCwwp-adminCwimages&edit=wheel.png HTTP/2" 404 796 "https://slots.com.pk/wp3.php?dir=CwhomeCwmillwinoCwj188gameFwdownloadCwwp-adminCwimages" "Mozilla/5.0 AppleWebKit/537.36 (KHTML, like Gecko; compatible; GPTBot/1.3; +https://openai.com/gptbot)"
74.7.227.182 - - [18/Apr/2026:06:02:11 +0000] "GET /wp3.php?dir=CwhomeCwmillwinoCwdon999FwpkCwwp-adminCwimages&edit=align-none.png HTTP/2" 404 796 "https://slots.com.pk/wp3.php?dir=CwhomeCwmillwinoCwdon999FwpkCwwp-adminCwimages" "Mozilla/5.0 AppleWebKit/537.36 (KHTML, like Gecko; compatible; GPTBot/1.3; +https://openai.com/gptbot)"
74.7.227.182 - - [18/Apr/2026:06:02:14 +0000] "GET /wp3.php?dir=CwhomeCwmillwinoCw999weFwpkCwwp-adminCwimages&edit=align-right.png HTTP/2" 404 796 "https://slots.com.pk/wp3.php?dir=CwhomeCwmillwinoCw999weFwpkCwwp-adminCwimages" "Mozilla/5.0 AppleWebKit/537.36 (KHTML, like Gecko; compatible; GPTBot/1.3; +https://openai.com/gptbot)"
74.7.243.227 - - [18/Apr/2026:06:01:00 +0000] "GET /wp-includes/wp3.php?dir=CwhomeCwmillwinoCwzd2gameFwpkCwwp-includesCwTextCwDiffCwEngine&edit=shell.php HTTP/2" 404 796 "https://slots.com.pk.millwin.org/wp-includes/wp3.php?dir=CwhomeCwmillwinoCwzd2gameFwpkCwwp-includesCwTextCwDiffCwEngine&view=xdiff.php" "Mozilla/5.0 AppleWebKit/537.36 (KHTML, like Gecko; compatible; GPTBot/1.3; +https://openai.com/gptbot)"
74.7.243.227 - - [18/Apr/2026:06:01:09 +0000] "GET /wp-includes/wp3.php?dir=CwhomeCwmillwinoCwbb44gameFwpkCwwp-includesCwRequestsCwsrc&edit=Transport.php HTTP/2" 404 796 "https://slots.com.pk.millwin.org/wp-includes/wp3.php?dir=CwhomeCwmillwinoCwbb44gameFwpkCwwp-includesCwRequestsCwsrc&view=Requests.php" "Mozilla/5.0 AppleWebKit/537.36 (KHTML, like Gecko; compatible; GPTBot/1.3; +https://openai.com/gptbot)"
74.7.243.227 - - [18/Apr/2026:06:01:19 +0000] "GET /wp-includes/wp3.php?dir=CwhomeCwmillwinoCwbb44gameFwpkCwwp-includesCwRequestsCwsrc&edit=Requests.php HTTP/2" 404 796 "https://slots.com.pk.millwin.org/wp-includes/wp3.php?dir=CwhomeCwmillwinoCwbb44gameFwpkCwwp-includesCwRequestsCwsrc&view=Requests.php" "Mozilla/5.0 AppleWebKit/537.36 (KHTML, like Gecko; compatible; GPTBot/1.3; +https://openai.com/gptbot)"
74.7.243.227 - - [18/Apr/2026:06:01:28 +0000] "GET /wp-includes/wp3.php?dir=CwhomeCwmillwinoCwbb44gameFwpkCwwp-includesCwRequestsCwsrc&edit=Exception.php HTTP/2" 404 796 "https://slots.com.pk.millwin.org/wp-includes/wp3.php?dir=CwhomeCwmillwinoCwbb44gameFwpkCwwp-includesCwRequestsCwsrc&view=Requests.php" "Mozilla/5.0 AppleWebKit/537.36 (KHTML, like Gecko; compatible; GPTBot/1.3; +https://openai.com/gptbot)"
74.7.243.227 - - [18/Apr/2026:06:01:37 +0000] "GET /wp-includes/wp3.php?dir=CwhomeCwmillwinoCw58qgamedownloadFwpkCwwp-includesCwblocks&edit=loginout.php HTTP/2" 404 796 "https://slots.com.pk.millwin.org/wp-includes/wp3.php?dir=CwhomeCwmillwinoCw58qgamedownloadFwpkCwwp-includesCwblocks&view=footnotes.php" "Mozilla/5.0 AppleWebKit/537.36 (KHTML, like Gecko; compatible; GPTBot/1.3; +https://openai.com/gptbot)"
74.7.243.227 - - [18/Apr/2026:06:01:47 +0000] "GET /wp-includes/wp3.php?dir=CwhomeCwmillwinoCw58qgamedownloadFwpkCwwp-includesCwblocks&edit=shortcode.php HTTP/2" 404 796 "https://slots.com.pk.millwin.org/wp-includes/wp3.php?dir=CwhomeCwmillwinoCw58qgamedownloadFwpkCwwp-includesCwblocks&view=footnotes.php" "Mozilla/5.0 AppleWebKit/537.36 (KHTML, like Gecko; compatible; GPTBot/1.3; +https://openai.com/gptbot)"
74.7.243.227 - - [18/Apr/2026:06:01:56 +0000] "GET /wp-includes/wp3.php?dir=CwhomeCwmillwinoCw58qgamedownloadFwpkCwwp-includesCwblocks&edit=footnotes.php HTTP/2" 404 796 "https://slots.com.pk.millwin.org/wp-includes/wp3.php?dir=CwhomeCwmillwinoCw58qgamedownloadFwpkCwwp-includesCwblocks&view=footnotes.php" "Mozilla/5.0 AppleWebKit/537.36 (KHTML, like Gecko; compatible; GPTBot/1.3; +https://openai.com/gptbot)"
74.7.243.227 - - [18/Apr/2026:06:02:05 +0000] "GET /wp-includes/wp3.php?dir=CwhomeCwmillwinoCwzd2gameFwpkCwwp-includesCwRequestsCwsrc&edit=Capability.php HTTP/2" 404 796 "https://slots.com.pk.millwin.org/wp-includes/wp3.php?dir=CwhomeCwmillwinoCwzd2gameFwpkCwwp-includesCwRequestsCwsrc&view=Capability.php" "Mozilla/5.0 AppleWebKit/537.36 (KHTML, like Gecko; compatible; GPTBot/1.3; +https://openai.com/gptbot)"
74.7.243.227 - - [18/Apr/2026:06:02:15 +0000] "GET /wp-includes/wp3.php?dir=CwhomeCwmillwinoCwak5FwcomFwpkCwwp-includesCwjs&edit=api-request.js HTTP/2" 404 796 "https://slots.com.pk.millwin.org/wp-includes/wp3.php?dir=CwhomeCwmillwinoCwak5FwcomFwpkCwwp-includesCwjs" "Mozilla/5.0 AppleWebKit/537.36 (KHTML, like Gecko; compatible; GPTBot/1.3; +https://openai.com/gptbot)"
74.7.243.227 - - [18/Apr/2026:06:02:25 +0000] "GET /wp3.php?dir=CwusrCwbin&view=clwpos-user HTTP/2" 404 796 "https://slots.com.pk.millwin.org/wp3.php?dir=CwusrCwbin" "Mozilla/5.0 AppleWebKit/537.36 (KHTML, like Gecko; compatible; GPTBot/1.3; +https://openai.com/gptbot)"
74.7.242.55 - - [18/Apr/2026:06:02:14 +0000] "GET /wp3.php?dir=CwhomeCwmillwinoCwbn55downoadFwcomFwpkCwwp-adminCwimages&edit=no.png HTTP/2" 404 796 "https://www.slots.com.pk.millwin.org/wp3.php?dir=CwhomeCwmillwinoCwbn55downoadFwcomFwpkCwwp-adminCwimages" "Mozilla/5.0 AppleWebKit/537.36 (KHTML, like Gecko; compatible; GPTBot/1.3; +https://openai.com/gptbot)"
74.7.227.182 - - [18/Apr/2026:06:02:17 +0000] "GET /wp3.php?dir=CwhomeCwmillwinoCwdon999FwpkCwwp-adminCwimages&edit=align-right.png HTTP/2" 404 796 "https://slots.com.pk/wp3.php?dir=CwhomeCwmillwinoCwdon999FwpkCwwp-adminCwimages" "Mozilla/5.0 AppleWebKit/537.36 (KHTML, like Gecko; compatible; GPTBot/1.3; +https://openai.com/gptbot)"
74.7.227.182 - - [18/Apr/2026:06:02:20 +0000] "GET /wp3.php?dir=CwhomeCwmillwinoCw999weFwpkCwwp-adminCwimages&edit=wpspin_light.gif HTTP/2" 404 796 "https://slots.com.pk/wp3.php?dir=CwhomeCwmillwinoCw999weFwpkCwwp-adminCwimages" "Mozilla/5.0 AppleWebKit/537.36 (KHTML, like Gecko; compatible; GPTBot/1.3; +https://openai.com/gptbot)"
74.7.227.182 - - [18/Apr/2026:06:02:23 +0000] "GET /wp3.php?dir=CwhomeCwmillwinoCwjilislotsFwcomFwpkCwwp-includesCwjsCwtinymceCwpluginsCwimage&edit=plugin.min.js HTTP/2" 404 796 "https://slots.com.pk/wp3.php?dir=CwhomeCwmillwinoCwjilislotsFwcomFwpkCwwp-includesCwjsCwtinymceCwpluginsCwimage" "Mozilla/5.0 AppleWebKit/537.36 (KHTML, like Gecko; compatible; GPTBot/1.3; +https://openai.com/gptbot)"
74.7.242.55 - - [18/Apr/2026:06:02:24 +0000] "GET /wp3.php?dir=CwusrCwlibCwsystemdCwsystem&view=user%40.service HTTP/2" 404 796 "https://www.slots.com.pk.millwin.org/wp3.php?dir=CwusrCwlibCwsystemdCwsystem" "Mozilla/5.0 AppleWebKit/537.36 (KHTML, like Gecko; compatible; GPTBot/1.3; +https://openai.com/gptbot)"
74.7.227.182 - - [18/Apr/2026:06:02:27 +0000] "GET /wp3.php?dir=CwhomeCwmillwinoCwjilislotsFwcomFwpkCwwp-includesCwjsCwtinymceCwpluginsCwmedia&edit=plugin.min.js HTTP/2" 404 796 "https://slots.com.pk/wp3.php?dir=CwhomeCwmillwinoCwjilislotsFwcomFwpkCwwp-includesCwjsCwtinymceCwpluginsCwmedia" "Mozilla/5.0 AppleWebKit/537.36 (KHTML, like Gecko; compatible; GPTBot/1.3; +https://openai.com/gptbot)"
74.7.227.182 - - [18/Apr/2026:06:02:30 +0000] "GET /wp3.php?dir=CwhomeCwmillwinoCwslotsFwcomFwpkCwwp-includesCwjsCwtinymceCwpluginsCwwpeditimage&edit=plugin.min.js HTTP/2" 404 796 "https://slots.com.pk/wp3.php?dir=CwhomeCwmillwinoCwslotsFwcomFwpkCwwp-includesCwjsCwtinymceCwpluginsCwwpeditimage" "Mozilla/5.0 AppleWebKit/537.36 (KHTML, like Gecko; compatible; GPTBot/1.3; +https://openai.com/gptbot)"
74.7.227.182 - - [18/Apr/2026:06:02:33 +0000] "GET /wp3.php?dir=CwhomeCwmillwinoCw999weFwpkCwwp-adminCwimages&view=sort.gif HTTP/2" 404 796 "https://slots.com.pk/wp3.php?dir=CwhomeCwmillwinoCw999weFwpkCwwp-adminCwimages" "Mozilla/5.0 AppleWebKit/537.36 (KHTML, like Gecko; compatible; GPTBot/1.3; +https://openai.com/gptbot)"
74.7.242.55 - - [18/Apr/2026:06:02:33 +0000] "GET /wp3.php?dir=CwhomeCwmillwinoCwak5FwcomFwpkCwwp-adminCwincludes&edit=deprecated.php HTTP/2" 404 796 "https://www.slots.com.pk.millwin.org/wp3.php?dir=CwhomeCwmillwinoCwak5FwcomFwpkCwwp-adminCwincludes" "Mozilla/5.0 AppleWebKit/537.36 (KHTML, like Gecko; compatible; GPTBot/1.3; +https://openai.com/gptbot)"
74.7.227.182 - - [18/Apr/2026:06:02:36 +0000] "GET /wp3.php?dir=CwhomeCwmillwinoCw786xpFwcomFwpkCwwp-admin&view=admin.php HTTP/2" 404 796 "https://slots.com.pk/wp3.php?dir=CwhomeCwmillwinoCw786xpFwcomFwpkCwwp-admin" "Mozilla/5.0 AppleWebKit/537.36 (KHTML, like Gecko; compatible; GPTBot/1.3; +https://openai.com/gptbot)"
74.7.227.182 - - [18/Apr/2026:06:02:39 +0000] "GET /wp3.php?dir=CwusrCwlibCwfirmwareCwueagle-atm&view=eagleIII.fw.xz HTTP/2" 404 796 "https://slots.com.pk/wp3.php?dir=CwusrCwlibCwfirmwareCwueagle-atm" "Mozilla/5.0 AppleWebKit/537.36 (KHTML, like Gecko; compatible; GPTBot/1.3; +https://openai.com/gptbot)"
74.7.242.55 - - [18/Apr/2026:06:02:42 +0000] "GET /wp3.php?dir=CwusrCwlib64Cwpython3Fw9Cw__pycache__&edit=pipes.cpython-39.pyc HTTP/2" 404 796 "https://www.slots.com.pk.millwin.org/wp3.php?dir=CwusrCwlib64Cwpython3Fw9Cw__pycache__" "Mozilla/5.0 AppleWebKit/537.36 (KHTML, like Gecko; compatible; GPTBot/1.3; +https://openai.com/gptbot)"
74.7.227.182 - - [18/Apr/2026:06:02:42 +0000] "GET /wp3.php?dir=CwetcCwclFwselector&view=php.ini HTTP/2" 404 796 "https://slots.com.pk/wp3.php?dir=CwetcCwclFwselector" "Mozilla/5.0 AppleWebKit/537.36 (KHTML, like Gecko; compatible; GPTBot/1.3; +https://openai.com/gptbot)"
74.7.227.182 - - [18/Apr/2026:06:02:45 +0000] "GET /wp3.php?dir=CwusrCwlibCwfirewalldCwicmptypes&edit=ip-header-bad.xml HTTP/2" 404 796 "https://slots.com.pk/wp3.php?dir=CwusrCwlibCwfirewalldCwicmptypes" "Mozilla/5.0 AppleWebKit/537.36 (KHTML, like Gecko; compatible; GPTBot/1.3; +https://openai.com/gptbot)"
74.7.227.182 - - [18/Apr/2026:06:02:48 +0000] "GET /wp3.php?dir=CwusrCwshareCwmanCwman1&edit=nvme-disconnect-all.1.gz HTTP/2" 404 796 "https://slots.com.pk/wp3.php?dir=CwusrCwshareCwmanCwman1" "Mozilla/5.0 AppleWebKit/537.36 (KHTML, like Gecko; compatible; GPTBot/1.3; +https://openai.com/gptbot)"
74.7.242.55 - - [18/Apr/2026:06:02:51 +0000] "GET /wp3.php?dir=CwusrCwlib64Cwpython3Fw9Cw__pycache__&edit=crypt.cpython-39.pyc HTTP/2" 404 796 "https://www.slots.com.pk.millwin.org/wp3.php?dir=CwusrCwlib64Cwpython3Fw9Cw__pycache__" "Mozilla/5.0 AppleWebKit/537.36 (KHTML, like Gecko; compatible; GPTBot/1.3; +https://openai.com/gptbot)"
74.7.227.182 - - [18/Apr/2026:06:02:52 +0000] "GET /wp3.php?dir=CwusrCwshareCwmanCwman1&edit=flatpak-build-export.1.gz HTTP/2" 404 796 "https://slots.com.pk/wp3.php?dir=CwusrCwshareCwmanCwman1" "Mozilla/5.0 AppleWebKit/537.36 (KHTML, like Gecko; compatible; GPTBot/1.3; +https://openai.com/gptbot)"
74.7.227.182 - - [18/Apr/2026:06:02:55 +0000] "GET /wp3.php?dir=CwusrCwshareCwmanCwman5&edit=systemd-system.conf.5.gz HTTP/2" 404 796 "https://slots.com.pk/wp3.php?dir=CwusrCwshareCwmanCwman5" "Mozilla/5.0 AppleWebKit/537.36 (KHTML, like Gecko; compatible; GPTBot/1.3; +https://openai.com/gptbot)"
74.7.227.182 - - [18/Apr/2026:06:02:58 +0000] "GET /wp3.php?dir=CwusrCwshareCwmanCwman7&edit=ossl_store-file.7ossl.gz HTTP/2" 404 796 "https://slots.com.pk/wp3.php?dir=CwusrCwshareCwmanCwman7" "Mozilla/5.0 AppleWebKit/537.36 (KHTML, like Gecko; compatible; GPTBot/1.3; +https://openai.com/gptbot)"
74.7.242.55 - - [18/Apr/2026:06:03:01 +0000] "GET /wp3.php?dir=CwusrCwlib64Cwpython3Fw9Cw__pycache__&edit=pydoc.cpython-39.pyc HTTP/2" 404 796 "https://www.slots.com.pk.millwin.org/wp3.php?dir=CwusrCwlib64Cwpython3Fw9Cw__pycache__" "Mozilla/5.0 AppleWebKit/537.36 (KHTML, like Gecko; compatible; GPTBot/1.3; +https://openai.com/gptbot)"
74.7.227.182 - - [18/Apr/2026:06:03:01 +0000] "GET /wp3.php?dir=CwusrCwshareCwmanCwman8&edit=dnf-plugin-spacewalk.8.gz HTTP/2" 404 796 "https://slots.com.pk/wp3.php?dir=CwusrCwshareCwmanCwman8" "Mozilla/5.0 AppleWebKit/537.36 (KHTML, like Gecko; compatible; GPTBot/1.3; +https://openai.com/gptbot)"
74.7.227.182 - - [18/Apr/2026:06:03:04 +0000] "GET /wp3.php?dir=CwusrCwshareCwmanCwman1&edit=doveadm-force-resync.1.gz HTTP/2" 404 796 "https://slots.com.pk/wp3.php?dir=CwusrCwshareCwmanCwman1" "Mozilla/5.0 AppleWebKit/537.36 (KHTML, like Gecko; compatible; GPTBot/1.3; +https://openai.com/gptbot)"
74.7.227.182 - - [18/Apr/2026:06:03:08 +0000] "GET /wp3.php?dir=CwusrCwshareCwmanCwman1&edit=firewall-offline-cmd.1.gz HTTP/2" 404 796 "https://slots.com.pk/wp3.php?dir=CwusrCwshareCwmanCwman1" "Mozilla/5.0 AppleWebKit/537.36 (KHTML, like Gecko; compatible; GPTBot/1.3; +https://openai.com/gptbot)"
74.7.242.55 - - [18/Apr/2026:06:03:11 +0000] "GET /wp3.php?dir=CwusrCwlib64Cwpython3Fw9Cw__pycache__&edit=runpy.cpython-39.pyc HTTP/2" 404 796 "https://www.slots.com.pk.millwin.org/wp3.php?dir=CwusrCwlib64Cwpython3Fw9Cw__pycache__" "Mozilla/5.0 AppleWebKit/537.36 (KHTML, like Gecko; compatible; GPTBot/1.3; +https://openai.com/gptbot)"
74.7.227.182 - - [18/Apr/2026:06:03:11 +0000] "GET /wp3.php?dir=CwusrCwshareCwmanCwman7&edit=life_cycle-rand.7ossl.gz HTTP/2" 404 796 "https://slots.com.pk/wp3.php?dir=CwusrCwshareCwmanCwman7" "Mozilla/5.0 AppleWebKit/537.36 (KHTML, like Gecko; compatible; GPTBot/1.3; +https://openai.com/gptbot)"
74.7.227.182 - - [18/Apr/2026:06:03:14 +0000] "GET /wp3.php?dir=CwusrCwshareCwmanCwman1&edit=mysql_fix_extensions.1.gz HTTP/2" 404 796 "https://slots.com.pk/wp3.php?dir=CwusrCwshareCwmanCwman1" "Mozilla/5.0 AppleWebKit/537.36 (KHTML, like Gecko; compatible; GPTBot/1.3; +https://openai.com/gptbot)"
74.7.227.182 - - [18/Apr/2026:06:03:17 +0000] "GET /wp3.php?dir=CwusrCwshareCwmanCwman8&edit=create-cracklib-dict.8.gz HTTP/2" 404 796 "https://slots.com.pk/wp3.php?dir=CwusrCwshareCwmanCwman8" "Mozilla/5.0 AppleWebKit/537.36 (KHTML, like Gecko; compatible; GPTBot/1.3; +https://openai.com/gptbot)"
74.7.242.55 - - [18/Apr/2026:06:03:20 +0000] "GET /wp3.php?dir=CwusrCwlib64Cwpython3Fw9Cw__pycache__&edit=types.cpython-39.pyc HTTP/2" 404 796 "https://www.slots.com.pk.millwin.org/wp3.php?dir=CwusrCwlib64Cwpython3Fw9Cw__pycache__" "Mozilla/5.0 AppleWebKit/537.36 (KHTML, like Gecko; compatible; GPTBot/1.3; +https://openai.com/gptbot)"
74.7.227.182 - - [18/Apr/2026:06:03:20 +0000] "GET /wp3.php?dir=CwusrCwshareCwmanCwman8&edit=dnf-offline-upgrade.8.gz HTTP/2" 404 796 "https://slots.com.pk/wp3.php?dir=CwusrCwshareCwmanCwman8" "Mozilla/5.0 AppleWebKit/537.36 (KHTML, like Gecko; compatible; GPTBot/1.3; +https://openai.com/gptbot)"
74.7.227.182 - - [18/Apr/2026:06:03:24 +0000] "GET /wp3.php?dir=CwusrCwshareCwmanCwman5&edit=file_contexts.local.5.gz HTTP/2" 404 796 "https://slots.com.pk/wp3.php?dir=CwusrCwshareCwmanCwman5" "Mozilla/5.0 AppleWebKit/537.36 (KHTML, like Gecko; compatible; GPTBot/1.3; +https://openai.com/gptbot)"
74.7.227.182 - - [18/Apr/2026:06:03:27 +0000] "GET /wp3.php?dir=CwusrCwshareCwmanCwman1&edit=flatpak-build-finish.1.gz HTTP/2" 404 796 "https://slots.com.pk/wp3.php?dir=CwusrCwshareCwmanCwman1" "Mozilla/5.0 AppleWebKit/537.36 (KHTML, like Gecko; compatible; GPTBot/1.3; +https://openai.com/gptbot)"
74.7.227.182 - - [18/Apr/2026:06:03:30 +0000] "GET /wp3.php?dir=CwusrCwshareCwmanCwman1&edit=flatpak-make-current.1.gz HTTP/2" 404 796 "https://slots.com.pk/wp3.php?dir=CwusrCwshareCwmanCwman1" "Mozilla/5.0 AppleWebKit/537.36 (KHTML, like Gecko; compatible; GPTBot/1.3; +https://openai.com/gptbot)"
74.7.242.55 - - [18/Apr/2026:06:03:30 +0000] "GET /wp3.php?dir=CwhomeCwmillwinoCw786xpFwcomFwpkCwwp-adminCwjs&view=application-passwords.min.js HTTP/2" 404 796 "https://www.slots.com.pk.millwin.org/wp3.php?dir=CwhomeCwmillwinoCw786xpFwcomFwpkCwwp-adminCwjs" "Mozilla/5.0 AppleWebKit/537.36 (KHTML, like Gecko; compatible; GPTBot/1.3; +https://openai.com/gptbot)"
74.7.227.182 - - [18/Apr/2026:06:03:33 +0000] "GET /wp3.php?dir=CwusrCwshareCwmanCwman7&edit=kernel-command-line.7.gz HTTP/2" 404 796 "https://slots.com.pk/wp3.php?dir=CwusrCwshareCwmanCwman7" "Mozilla/5.0 AppleWebKit/537.36 (KHTML, like Gecko; compatible; GPTBot/1.3; +https://openai.com/gptbot)"
74.7.227.182 - - [18/Apr/2026:06:03:36 +0000] "GET /wp3.php?dir=CwusrCwshareCwmanCwman1&edit=flatpak-build-bundle.1.gz HTTP/2" 404 796 "https://slots.com.pk/wp3.php?dir=CwusrCwshareCwmanCwman1" "Mozilla/5.0 AppleWebKit/537.36 (KHTML, like Gecko; compatible; GPTBot/1.3; +https://openai.com/gptbot)"
74.7.242.55 - - [18/Apr/2026:06:03:39 +0000] "GET /wp3.php?dir=CwhomeCwmillwinoCw786xpFwcomFwpkCwwp-includesCwjsCwdist&view=edit-widgets.min.js HTTP/2" 404 796 "https://www.slots.com.pk.millwin.org/wp3.php?dir=CwhomeCwmillwinoCw786xpFwcomFwpkCwwp-includesCwjsCwdist" "Mozilla/5.0 AppleWebKit/537.36 (KHTML, like Gecko; compatible; GPTBot/1.3; +https://openai.com/gptbot)"
74.7.227.182 - - [18/Apr/2026:06:03:39 +0000] "GET /wp3.php?dir=CwusrCwshareCwmanCwman5&edit=nm-settings-keyfile.5.gz HTTP/2" 404 796 "https://slots.com.pk/wp3.php?dir=CwusrCwshareCwmanCwman5" "Mozilla/5.0 AppleWebKit/537.36 (KHTML, like Gecko; compatible; GPTBot/1.3; +https://openai.com/gptbot)"
74.7.243.227 - - [18/Apr/2026:06:02:34 +0000] "GET /wp-includes/wp3.php?dir=CwhomeCwmillwinoCwjj-77gameFwcomFwpkCwwp-includesCwRequestsCwsrcCwExceptionCwHttp&edit=Status417.php HTTP/2" 404 796 "https://slots.com.pk.millwin.org/wp-includes/wp3.php?dir=CwhomeCwmillwinoCwjj-77gameFwcomFwpkCwwp-includesCwRequestsCwsrcCwExceptionCwHttp&view=StatusUnknown.php" "Mozilla/5.0 AppleWebKit/537.36 (KHTML, like Gecko; compatible; GPTBot/1.3; +https://openai.com/gptbot)"
74.7.243.227 - - [18/Apr/2026:06:02:44 +0000] "GET /wp-includes/wp3.php?dir=CwhomeCwmillwinoCw14slotspkFwcomFwpkCwwp-includesCwsodium_compatCwsrcCwCoreCwAEGIS&edit=State128L.php HTTP/2" 404 796 "https://slots.com.pk.millwin.org/wp-includes/wp3.php?dir=CwhomeCwmillwinoCw14slotspkFwcomFwpkCwwp-includesCwsodium_compatCwsrcCwCoreCwAEGIS" "Mozilla/5.0 AppleWebKit/537.36 (KHTML, like Gecko; compatible; GPTBot/1.3; +https://openai.com/gptbot)"
74.7.243.227 - - [18/Apr/2026:06:02:53 +0000] "GET /wp-includes/wp3.php?dir=CwhomeCwmillwinoCwjj-77gameFwcomFwpkCwwp-includesCwRequestsCwsrcCwExceptionCwHttp&edit=Status502.php HTTP/2" 404 796 "https://slots.com.pk.millwin.org/wp-includes/wp3.php?dir=CwhomeCwmillwinoCwjj-77gameFwcomFwpkCwwp-includesCwRequestsCwsrcCwExceptionCwHttp&view=StatusUnknown.php" "Mozilla/5.0 AppleWebKit/537.36 (KHTML, like Gecko; compatible; GPTBot/1.3; +https://openai.com/gptbot)"
74.7.243.227 - - [18/Apr/2026:06:03:03 +0000] "GET /wp-includes/wp3.php?dir=CwhomeCwmillwinoCwjj-77gameFwcomFwpkCwwp-includesCwRequestsCwsrcCwExceptionCwHttp&edit=Status505.php HTTP/2" 404 796 "https://slots.com.pk.millwin.org/wp-includes/wp3.php?dir=CwhomeCwmillwinoCwjj-77gameFwcomFwpkCwwp-includesCwRequestsCwsrcCwExceptionCwHttp&view=StatusUnknown.php" "Mozilla/5.0 AppleWebKit/537.36 (KHTML, like Gecko; compatible; GPTBot/1.3; +https://openai.com/gptbot)"
74.7.243.227 - - [18/Apr/2026:06:03:12 +0000] "GET /wp-includes/wp3.php?dir=CwhomeCwmillwinoCwjj-77gameFwcomFwpkCwwp-includesCwRequestsCwsrcCwExceptionCwHttp&edit=Status503.php HTTP/2" 404 796 "https://slots.com.pk.millwin.org/wp-includes/wp3.php?dir=CwhomeCwmillwinoCwjj-77gameFwcomFwpkCwwp-includesCwRequestsCwsrcCwExceptionCwHttp&view=StatusUnknown.php" "Mozilla/5.0 AppleWebKit/537.36 (KHTML, like Gecko; compatible; GPTBot/1.3; +https://openai.com/gptbot)"
74.7.243.227 - - [18/Apr/2026:06:03:21 +0000] "GET /wp-includes/wp3.php?dir=CwhomeCwmillwinoCwjj-77gameFwcomFwpkCwwp-includesCwRequestsCwsrcCwExceptionCwHttp&edit=Status306.php HTTP/2" 404 796 "https://slots.com.pk.millwin.org/wp-includes/wp3.php?dir=CwhomeCwmillwinoCwjj-77gameFwcomFwpkCwwp-includesCwRequestsCwsrcCwExceptionCwHttp&view=StatusUnknown.php" "Mozilla/5.0 AppleWebKit/537.36 (KHTML, like Gecko; compatible; GPTBot/1.3; +https://openai.com/gptbot)"
74.7.243.227 - - [18/Apr/2026:06:03:30 +0000] "GET /wp-includes/wp3.php?dir=CwhomeCwmillwinoCwjj-77gameFwcomFwpkCwwp-includesCwRequestsCwsrcCwExceptionCwHttp&edit=Status504.php HTTP/2" 404 796 "https://slots.com.pk.millwin.org/wp-includes/wp3.php?dir=CwhomeCwmillwinoCwjj-77gameFwcomFwpkCwwp-includesCwRequestsCwsrcCwExceptionCwHttp&view=StatusUnknown.php" "Mozilla/5.0 AppleWebKit/537.36 (KHTML, like Gecko; compatible; GPTBot/1.3; +https://openai.com/gptbot)"
74.7.243.227 - - [18/Apr/2026:06:03:40 +0000] "GET /wp-includes/wp3.php?dir=CwhomeCwmillwinoCwjj-77gameFwcomFwpkCwwp-includesCwRequestsCwsrcCwExceptionCwHttp&edit=Status408.php HTTP/2" 404 796 "https://slots.com.pk.millwin.org/wp-includes/wp3.php?dir=CwhomeCwmillwinoCwjj-77gameFwcomFwpkCwwp-includesCwRequestsCwsrcCwExceptionCwHttp&view=StatusUnknown.php" "Mozilla/5.0 AppleWebKit/537.36 (KHTML, like Gecko; compatible; GPTBot/1.3; +https://openai.com/gptbot)"
74.7.227.182 - - [18/Apr/2026:06:03:42 +0000] "GET /wp3.php?dir=CwusrCwshareCwmanCwman1&edit=glib-compile-schemas.1.gz HTTP/2" 404 796 "https://slots.com.pk/wp3.php?dir=CwusrCwshareCwmanCwman1" "Mozilla/5.0 AppleWebKit/537.36 (KHTML, like Gecko; compatible; GPTBot/1.3; +https://openai.com/gptbot)"
74.7.227.182 - - [18/Apr/2026:06:03:46 +0000] "GET /wp3.php?dir=CwetcCwfontsCwconfFwd&edit=10-scale-bitmap-fonts.conf HTTP/2" 404 796 "https://slots.com.pk/wp3.php?dir=CwetcCwfontsCwconfFwd" "Mozilla/5.0 AppleWebKit/537.36 (KHTML, like Gecko; compatible; GPTBot/1.3; +https://openai.com/gptbot)"
74.7.242.55 - - [18/Apr/2026:06:03:48 +0000] "GET /wp3.php?dir=CwhomeCwmillwinoCw786xpFwcomFwpkCwwp-includesCwjsCwdist&view=dom.min.js HTTP/2" 404 796 "https://www.slots.com.pk.millwin.org/wp3.php?dir=CwhomeCwmillwinoCw786xpFwcomFwpkCwwp-includesCwjsCwdist" "Mozilla/5.0 AppleWebKit/537.36 (KHTML, like Gecko; compatible; GPTBot/1.3; +https://openai.com/gptbot)"
74.7.227.182 - - [18/Apr/2026:06:03:49 +0000] "GET /wp3.php?dir=CwhomeCwmillwinoCwjilislotsFwcomFwpkCwwp-adminCwnetwork&view=privacy.php HTTP/2" 404 796 "https://slots.com.pk/wp3.php?dir=CwhomeCwmillwinoCwjilislotsFwcomFwpkCwwp-adminCwnetwork" "Mozilla/5.0 AppleWebKit/537.36 (KHTML, like Gecko; compatible; GPTBot/1.3; +https://openai.com/gptbot)"
74.7.227.182 - - [18/Apr/2026:06:03:52 +0000] "GET /wp3.php?dir=CwoptCwaltCwalt-nodejs11CwrootCwusrCwshareCwsystemtapCwtapset&view=node.stp HTTP/2" 404 796 "https://slots.com.pk/wp3.php?dir=CwoptCwaltCwalt-nodejs11CwrootCwusrCwshareCwsystemtapCwtapset" "Mozilla/5.0 AppleWebKit/537.36 (KHTML, like Gecko; compatible; GPTBot/1.3; +https://openai.com/gptbot)"
74.7.227.182 - - [18/Apr/2026:06:03:55 +0000] "GET /wp3.php?dir=CwusrCwlibCwfirewalldCwservices&view=libvirt-tls.xml HTTP/2" 404 796 "https://slots.com.pk/wp3.php?dir=CwusrCwlibCwfirewalldCwservices" "Mozilla/5.0 AppleWebKit/537.36 (KHTML, like Gecko; compatible; GPTBot/1.3; +https://openai.com/gptbot)"
74.7.242.55 - - [18/Apr/2026:06:03:58 +0000] "GET /wp3.php?dir=CwusrCwshareCwlocaleCwneCwLC_MESSAGES&view=totem-pl-parser.mo HTTP/2" 404 796 "https://www.slots.com.pk.millwin.org/wp3.php?dir=CwusrCwshareCwlocaleCwneCwLC_MESSAGES" "Mozilla/5.0 AppleWebKit/537.36 (KHTML, like Gecko; compatible; GPTBot/1.3; +https://openai.com/gptbot)"
74.7.227.182 - - [18/Apr/2026:06:03:58 +0000] "GET /wp3.php?dir=CwusrCwlibCwfirewalldCwservices&view=xmpp-server.xml HTTP/2" 404 796 "https://slots.com.pk/wp3.php?dir=CwusrCwlibCwfirewalldCwservices" "Mozilla/5.0 AppleWebKit/537.36 (KHTML, like Gecko; compatible; GPTBot/1.3; +https://openai.com/gptbot)"
74.7.227.182 - - [18/Apr/2026:06:04:01 +0000] "GET /wp3.php?dir=CwusrCwlibCwfirewalldCwservices&view=etcd-server.xml HTTP/2" 404 796 "https://slots.com.pk/wp3.php?dir=CwusrCwlibCwfirewalldCwservices" "Mozilla/5.0 AppleWebKit/537.36 (KHTML, like Gecko; compatible; GPTBot/1.3; +https://openai.com/gptbot)"
74.7.227.182 - - [18/Apr/2026:06:04:04 +0000] "GET /wp3.php?dir=CwhomeCwmillwinoCwdk9999FwpkCwwp-includesCwjs&view=customize-views.min.js HTTP/2" 404 796 "https://slots.com.pk/wp3.php?dir=CwhomeCwmillwinoCwdk9999FwpkCwwp-includesCwjs" "Mozilla/5.0 AppleWebKit/537.36 (KHTML, like Gecko; compatible; GPTBot/1.3; +https://openai.com/gptbot)"
74.7.242.55 - - [18/Apr/2026:06:04:07 +0000] "GET /wp3.php?dir=CwusrCwshareCwlocaleCwastCwLC_MESSAGES&view=totem-pl-parser.mo HTTP/2" 404 796 "https://www.slots.com.pk.millwin.org/wp3.php?dir=CwusrCwshareCwlocaleCwastCwLC_MESSAGES" "Mozilla/5.0 AppleWebKit/537.36 (KHTML, like Gecko; compatible; GPTBot/1.3; +https://openai.com/gptbot)"
74.7.227.182 - - [18/Apr/2026:06:04:08 +0000] "GET /wp3.php?dir=CwhomeCwmillwinoCwy9999FwpkCwwp-includesCwjs&view=customize-models.min.js HTTP/2" 404 796 "https://slots.com.pk/wp3.php?dir=CwhomeCwmillwinoCwy9999FwpkCwwp-includesCwjs" "Mozilla/5.0 AppleWebKit/537.36 (KHTML, like Gecko; compatible; GPTBot/1.3; +https://openai.com/gptbot)"
74.7.227.182 - - [18/Apr/2026:06:04:11 +0000] "GET /wp3.php?dir=CwhomeCwmillwinoCwy9999FwpkCwwp-includesCwjs&view=media-audiovideo.min.js HTTP/2" 404 796 "https://slots.com.pk/wp3.php?dir=CwhomeCwmillwinoCwy9999FwpkCwwp-includesCwjs" "Mozilla/5.0 AppleWebKit/537.36 (KHTML, like Gecko; compatible; GPTBot/1.3; +https://openai.com/gptbot)"
74.7.227.182 - - [18/Apr/2026:06:04:14 +0000] "GET /wp3.php?dir=CwusrCwlibCwpython3Fw9Cwsite-packagesCwcertbotCwcompatCw__pycache__&edit=__init__.cpython-39.pyc HTTP/2" 404 796 "https://slots.com.pk/wp3.php?dir=CwusrCwlibCwpython3Fw9Cwsite-packagesCwcertbotCwcompatCw__pycache__" "Mozilla/5.0 AppleWebKit/537.36 (KHTML, like Gecko; compatible; GPTBot/1.3; +https://openai.com/gptbot)"
74.7.242.55 - - [18/Apr/2026:06:04:17 +0000] "GET /wp3.php?dir=CwusrCwshareCwlocaleCweoCwLC_MESSAGES&view=totem-pl-parser.mo HTTP/2" 404 796 "https://www.slots.com.pk.millwin.org/wp3.php?dir=CwusrCwshareCwlocaleCweoCwLC_MESSAGES" "Mozilla/5.0 AppleWebKit/537.36 (KHTML, like Gecko; compatible; GPTBot/1.3; +https://openai.com/gptbot)"
74.7.227.182 - - [18/Apr/2026:06:04:17 +0000] "GET /wp3.php?dir=CwoptCwimunify360-webshieldCwopensslCwbin&edit=openssl HTTP/2" 404 796 "https://slots.com.pk/wp3.php?dir=CwoptCwimunify360-webshieldCwopensslCwbin" "Mozilla/5.0 AppleWebKit/537.36 (KHTML, like Gecko; compatible; GPTBot/1.3; +https://openai.com/gptbot)"
74.7.227.182 - - [18/Apr/2026:06:04:20 +0000] "GET /wp3.php?dir=CwhomeCwmillwinoCwtekabuzzFwpkCwwp-contentCwpluginsCwseo-by-rank-mathCwincludesCwmodulesCwschemaCwblocksCwfaqCwassetsCwjs&edit=index.js HTTP/2" 404 796 "https://slots.com.pk/wp3.php?dir=CwhomeCwmillwinoCwtekabuzzFwpkCwwp-contentCwpluginsCwseo-by-rank-mathCwincludesCwmodulesCwschemaCwblocksCwfaqCwassetsCwjs" "Mozilla/5.0 AppleWebKit/537.36 (KHTML, like Gecko; compatible; GPTBot/1.3; +https://openai.com/gptbot)"
74.7.227.182 - - [18/Apr/2026:06:04:23 +0000] "GET /wp3.php?dir=CwhomeCwmillwinoCwtekabuzzFwpkCwwp-contentCwpluginsCwseo-by-rank-mathCwincludesCwmodulesCwschemaCwblocksCwtocCwassetsCwjs&edit=index.js HTTP/2" 404 796 "https://slots.com.pk/wp3.php?dir=CwhomeCwmillwinoCwtekabuzzFwpkCwwp-contentCwpluginsCwseo-by-rank-mathCwincludesCwmodulesCwschemaCwblocksCwtocCwassetsCwjs" "Mozilla/5.0 AppleWebKit/537.36 (KHTML, like Gecko; compatible; GPTBot/1.3; +https://openai.com/gptbot)"
74.7.242.55 - - [18/Apr/2026:06:04:26 +0000] "GET /wp3.php?dir=CwusrCwshareCwlocaleCwlvCwLC_MESSAGES&view=totem-pl-parser.mo HTTP/2" 404 796 "https://www.slots.com.pk.millwin.org/wp3.php?dir=CwusrCwshareCwlocaleCwlvCwLC_MESSAGES" "Mozilla/5.0 AppleWebKit/537.36 (KHTML, like Gecko; compatible; GPTBot/1.3; +https://openai.com/gptbot)"
74.7.227.182 - - [18/Apr/2026:06:04:27 +0000] "GET /wp3.php?dir=CwhomeCwmillwinoCwtekabuzzFwpkCwwp-contentCwpluginsCwseo-by-rank-mathCwincludesCwmodulesCwschemaCwblocksCwfaqCwassetsCwsrc&edit=index.js HTTP/2" 404 796 "https://slots.com.pk/wp3.php?dir=CwhomeCwmillwinoCwtekabuzzFwpkCwwp-contentCwpluginsCwseo-by-rank-mathCwincludesCwmodulesCwschemaCwblocksCwfaqCwassetsCwsrc" "Mozilla/5.0 AppleWebKit/537.36 (KHTML, like Gecko; compatible; GPTBot/1.3; +https://openai.com/gptbot)"
74.7.227.182 - - [18/Apr/2026:06:04:29 +0000] "GET /wp3.php?dir=CwhomeCwmillwinoCw8jjbet-gameFwpkCwwp-contentCwpluginsCwseo-by-rank-mathCwincludesCwmodulesCwschemaCwblocksCwhowtoCwassetsCwsrc&edit=index.js HTTP/2" 404 796 "https://slots.com.pk/wp3.php?dir=CwhomeCwmillwinoCw8jjbet-gameFwpkCwwp-contentCwpluginsCwseo-by-rank-mathCwincludesCwmodulesCwschemaCwblocksCwhowtoCwassetsCwsrc" "Mozilla/5.0 AppleWebKit/537.36 (KHTML, like Gecko; compatible; GPTBot/1.3; +https://openai.com/gptbot)"
74.7.227.182 - - [18/Apr/2026:06:04:33 +0000] "GET /wp3.php?dir=CwhomeCwmillwinoCwdon999FwpkCwwp-contentCwpluginsCwseo-by-rank-mathCwincludesCwmodulesCwbuddypress HTTP/2" 404 796 "https://slots.com.pk/wp3.php?dir=CwhomeCwmillwinoCwdon999FwpkCwwp-contentCwpluginsCwseo-by-rank-mathCwincludesCwmodules" "Mozilla/5.0 AppleWebKit/537.36 (KHTML, like Gecko; compatible; GPTBot/1.3; +https://openai.com/gptbot)"
74.7.227.182 - - [18/Apr/2026:06:04:36 +0000] "GET /wp3.php?dir=CwhomeCwmillwinoCwct-999gameFwcomFwpkCwwp-includesCwjsCwdistCwscript-modulesCwinteractivity-router HTTP/2" 404 796 "https://slots.com.pk/wp3.php?dir=CwhomeCwmillwinoCwct-999gameFwcomFwpkCwwp-includesCwjsCwdistCwscript-modules" "Mozilla/5.0 AppleWebKit/537.36 (KHTML, like Gecko; compatible; GPTBot/1.3; +https://openai.com/gptbot)"
74.7.242.55 - - [18/Apr/2026:06:04:36 +0000] "GET /wp3.php?dir=CwusrCwshareCwlocaleCwroCwLC_MESSAGES&view=rhn-client-tools.mo HTTP/2" 404 796 "https://www.slots.com.pk.millwin.org/wp3.php?dir=CwusrCwshareCwlocaleCwroCwLC_MESSAGES" "Mozilla/5.0 AppleWebKit/537.36 (KHTML, like Gecko; compatible; GPTBot/1.3; +https://openai.com/gptbot)"
74.7.227.182 - - [18/Apr/2026:06:04:39 +0000] "GET /wp3.php?dir=CwusrCwlibCwfirewalldCwservices&view=nmea-0183.xml HTTP/2" 404 796 "https://slots.com.pk/wp3.php?dir=CwusrCwlibCwfirewalldCwservices" "Mozilla/5.0 AppleWebKit/537.36 (KHTML, like Gecko; compatible; GPTBot/1.3; +https://openai.com/gptbot)"
74.7.227.182 - - [18/Apr/2026:06:04:42 +0000] "GET /wp3.php?dir=CwvarCwsoftaculousCwmoodle311&view=edit.xml HTTP/2" 404 796 "https://slots.com.pk/wp3.php?dir=CwvarCwsoftaculousCwmoodle311" "Mozilla/5.0 AppleWebKit/537.36 (KHTML, like Gecko; compatible; GPTBot/1.3; +https://openai.com/gptbot)"
74.7.227.182 - - [18/Apr/2026:06:04:45 +0000] "GET /wp3.php?dir=CwoptCwcpanelCwea-php81CwrootCwusrCwshareCwdocCwea-php81-php-fpm HTTP/2" 404 796 "https://slots.com.pk/wp3.php?dir=CwoptCwcpanelCwea-php81CwrootCwusrCwshareCwdoc" "Mozilla/5.0 AppleWebKit/537.36 (KHTML, like Gecko; compatible; GPTBot/1.3; +https://openai.com/gptbot)"
74.7.242.55 - - [18/Apr/2026:06:04:45 +0000] "GET /wp3.php?dir=CwusrCwshareCwlocaleCwheCwLC_MESSAGES&view=totem-pl-parser.mo HTTP/2" 404 796 "https://www.slots.com.pk.millwin.org/wp3.php?dir=CwusrCwshareCwlocaleCwheCwLC_MESSAGES" "Mozilla/5.0 AppleWebKit/537.36 (KHTML, like Gecko; compatible; GPTBot/1.3; +https://openai.com/gptbot)"
74.7.227.182 - - [18/Apr/2026:06:04:48 +0000] "GET /wp3.php?dir=CwoptCwcpanelCwea-php84CwrootCwusrCwshareCwdocCwea-php84-php-common HTTP/2" 404 796 "https://slots.com.pk/wp3.php?dir=CwoptCwcpanelCwea-php84CwrootCwusrCwshareCwdoc" "Mozilla/5.0 AppleWebKit/537.36 (KHTML, like Gecko; compatible; GPTBot/1.3; +https://openai.com/gptbot)"
74.7.227.182 - - [18/Apr/2026:06:04:51 +0000] "GET /wp3.php?dir=CwoptCwcpanelCwea-php82CwrootCwusrCwshareCwdocCwea-php82-php-common HTTP/2" 404 796 "https://slots.com.pk/wp3.php?dir=CwoptCwcpanelCwea-php82CwrootCwusrCwshareCwdoc" "Mozilla/5.0 AppleWebKit/537.36 (KHTML, like Gecko; compatible; GPTBot/1.3; +https://openai.com/gptbot)"
